[INFO] fetching crate ncmc 0.2.6...
[INFO] testing ncmc-0.2.6 against 1.75.0 for beta-1.76-1
[INFO] extracting crate ncmc 0.2.6 into /workspace/builds/worker-2-tc1/source
[INFO] validating manifest of crates.io crate ncmc 0.2.6 on toolchain 1.75.0
[INFO] running `Command { std: CARGO_HOME="/workspace/cargo-home" RUSTUP_HOME="/workspace/rustup-home" "/workspace/cargo-home/bin/cargo" "+1.75.0" "metadata" "--manifest-path" "Cargo.toml" "--no-deps", kill_on_drop: false }`
[INFO] started tweaking crates.io crate ncmc 0.2.6
[INFO] finished tweaking crates.io crate ncmc 0.2.6
[INFO] tweaked toml for crates.io crate ncmc 0.2.6 written to /workspace/builds/worker-2-tc1/source/Cargo.toml
[INFO] crate crates.io crate ncmc 0.2.6 already has a lockfile, it will not be regenerated
[INFO] running `Command { std: CARGO_HOME="/workspace/cargo-home" RUSTUP_HOME="/workspace/rustup-home" "/workspace/cargo-home/bin/cargo" "+1.75.0" "fetch" "--manifest-path" "Cargo.toml", kill_on_drop: false }`
[INFO] [stderr]     Blocking waiting for file lock on package cache
[ERROR] error running command: no output for 300 seconds
[ERROR] this task or one of its parent failed!
[ERROR] no output for 300 seconds
[ERROR] note: run with `RUST_BACKTRACE=1` to display a backtrace.
[INFO] testing ncmc-0.2.6 against beta-2023-12-22 for beta-1.76-1
[INFO] extracting crate ncmc 0.2.6 into /workspace/builds/worker-2-tc2/source
[INFO] validating manifest of crates.io crate ncmc 0.2.6 on toolchain beta-2023-12-22
[INFO] running `Command { std: CARGO_HOME="/workspace/cargo-home" RUSTUP_HOME="/workspace/rustup-home" "/workspace/cargo-home/bin/cargo" "+beta-2023-12-22" "metadata" "--manifest-path" "Cargo.toml" "--no-deps", kill_on_drop: false }`
[INFO] started tweaking crates.io crate ncmc 0.2.6
[INFO] finished tweaking crates.io crate ncmc 0.2.6
[INFO] tweaked toml for crates.io crate ncmc 0.2.6 written to /workspace/builds/worker-2-tc2/source/Cargo.toml
[INFO] crate crates.io crate ncmc 0.2.6 already has a lockfile, it will not be regenerated
[INFO] running `Command { std: CARGO_HOME="/workspace/cargo-home" RUSTUP_HOME="/workspace/rustup-home" "/workspace/cargo-home/bin/cargo" "+beta-2023-12-22" "fetch" "--manifest-path" "Cargo.toml", kill_on_drop: false }`
[INFO] [stderr]     Blocking waiting for file lock on package cache
[INFO] [stderr]     Updating crates.io index
[INFO] [stderr]     Blocking waiting for file lock on package cache
[INFO] [stderr]  Downloading crates ...
[INFO] [stderr]   Downloaded block-padding v0.3.3
[INFO] [stderr]   Downloaded mini-internal v0.1.34
[INFO] [stderr]   Downloaded metaflac v0.2.5
[INFO] [stderr]   Downloaded ncm_meta v0.2.6
[INFO] [stderr]   Downloaded ecb v0.1.2
[INFO] [stderr]   Downloaded bpaf_derive v0.5.5
[INFO] [stderr]   Downloaded miniserde v0.1.34
[INFO] [stderr]   Downloaded id3 v1.8.0
[INFO] [stderr]   Downloaded bpaf v0.9.5
[INFO] [stderr]   Downloaded ncm_core v0.2.6
[INFO] running `Command { std: "docker" "create" "-v" "/var/lib/crater-agent-workspace/builds/worker-2-tc2/target:/opt/rustwide/target:rw,Z" "-v" "/var/lib/crater-agent-workspace/builds/worker-2-tc2/source:/opt/rustwide/workdir:ro,Z" "-v" "/var/lib/crater-agent-workspace/cargo-home:/opt/rustwide/cargo-home:ro,Z" "-v" "/var/lib/crater-agent-workspace/rustup-home:/opt/rustwide/rustup-home:ro,Z" "-e" "SOURCE_DIR=/opt/rustwide/workdir" "-e" "CARGO_TARGET_DIR=/opt/rustwide/target" "-e" "CARGO_HOME=/opt/rustwide/cargo-home" "-e" "RUSTUP_HOME=/opt/rustwide/rustup-home" "-w" "/opt/rustwide/workdir" "-m" "1610612736" "--user" "0:0" "--network" "none" "ghcr.io/rust-lang/crates-build-env/linux@sha256:2788e3201cd34a07e3172128adcd8b3090168a8e3bcc40d7c032b9dda1df7d1c" "/opt/rustwide/cargo-home/bin/cargo" "+beta-2023-12-22" "metadata" "--no-deps" "--format-version=1", kill_on_drop: false }`
[INFO] [stdout] bea6d538e16b948ac4bc40e572af1e803506cae0466ca3ee6757e3d99950cfc6
[INFO] running `Command { std: "docker" "start" "-a" "bea6d538e16b948ac4bc40e572af1e803506cae0466ca3ee6757e3d99950cfc6", kill_on_drop: false }`
[INFO] running `Command { std: "docker" "inspect" "bea6d538e16b948ac4bc40e572af1e803506cae0466ca3ee6757e3d99950cfc6", kill_on_drop: false }`
[INFO] running `Command { std: "docker" "rm" "-f" "bea6d538e16b948ac4bc40e572af1e803506cae0466ca3ee6757e3d99950cfc6", kill_on_drop: false }`
[INFO] [stdout] bea6d538e16b948ac4bc40e572af1e803506cae0466ca3ee6757e3d99950cfc6
[INFO] running `Command { std: "docker" "create" "-v" "/var/lib/crater-agent-workspace/builds/worker-2-tc2/target:/opt/rustwide/target:rw,Z" "-v" "/var/lib/crater-agent-workspace/builds/worker-2-tc2/source:/opt/rustwide/workdir:ro,Z" "-v" "/var/lib/crater-agent-workspace/cargo-home:/opt/rustwide/cargo-home:ro,Z" "-v" "/var/lib/crater-agent-workspace/rustup-home:/opt/rustwide/rustup-home:ro,Z" "-e" "SOURCE_DIR=/opt/rustwide/workdir" "-e" "CARGO_TARGET_DIR=/opt/rustwide/target" "-e" "CARGO_INCREMENTAL=0" "-e" "RUST_BACKTRACE=full" "-e" "RUSTFLAGS=--cap-lints=warn" "-e" "RUSTDOCFLAGS=--cap-lints=warn" "-e" "CARGO_HOME=/opt/rustwide/cargo-home" "-e" "RUSTUP_HOME=/opt/rustwide/rustup-home" "-w" "/opt/rustwide/workdir" "-m" "1610612736" "--user" "0:0" "--network" "none" "ghcr.io/rust-lang/crates-build-env/linux@sha256:2788e3201cd34a07e3172128adcd8b3090168a8e3bcc40d7c032b9dda1df7d1c" "/opt/rustwide/cargo-home/bin/cargo" "+beta-2023-12-22" "build" "--frozen" "--message-format=json", kill_on_drop: false }`
[INFO] [stdout] a2238c8164480705c83e3859d07f6d50d1c2652a62c9ad9f35318ceb35a3e79d
[INFO] running `Command { std: "docker" "start" "-a" "a2238c8164480705c83e3859d07f6d50d1c2652a62c9ad9f35318ceb35a3e79d", kill_on_drop: false }`
[INFO] [stderr]    Compiling generic-array v0.14.7
[INFO] [stderr]    Compiling proc-macro2 v1.0.67
[INFO] [stderr]    Compiling cpufeatures v0.2.9
[INFO] [stderr]    Compiling byteorder v1.4.3
[INFO] [stderr]    Compiling itoa v1.0.9
[INFO] [stderr]    Compiling flate2 v1.0.27
[INFO] [stderr]    Compiling ryu v1.0.15
[INFO] [stderr]    Compiling base64 v0.21.4
[INFO] [stderr]    Compiling bitflags v2.4.0
[INFO] [stderr]    Compiling metaflac v0.2.5
[INFO] [stderr]    Compiling id3 v1.8.0
[INFO] [stderr]    Compiling quote v1.0.33
[INFO] [stderr]    Compiling block-padding v0.3.3
[INFO] [stderr]    Compiling syn v2.0.37
[INFO] [stderr]    Compiling crypto-common v0.1.6
[INFO] [stderr]    Compiling inout v0.1.3
[INFO] [stderr]    Compiling cipher v0.4.4
[INFO] [stderr]    Compiling ecb v0.1.2
[INFO] [stderr]    Compiling aes v0.8.3
[INFO] [stderr]    Compiling ncm_core v0.2.6
[INFO] [stderr]    Compiling mini-internal v0.1.34
[INFO] [stderr]    Compiling bpaf_derive v0.5.5
[INFO] [stderr]    Compiling miniserde v0.1.34
[INFO] [stderr]    Compiling bpaf v0.9.5
[INFO] [stderr]    Compiling ncm_meta v0.2.6
[INFO] [stderr]    Compiling ncmc v0.2.6 (/opt/rustwide/workdir)
[INFO] [stderr]     Finished dev [unoptimized + debuginfo] target(s) in 13.55s
[INFO] running `Command { std: "docker" "inspect" "a2238c8164480705c83e3859d07f6d50d1c2652a62c9ad9f35318ceb35a3e79d", kill_on_drop: false }`
[INFO] running `Command { std: "docker" "rm" "-f" "a2238c8164480705c83e3859d07f6d50d1c2652a62c9ad9f35318ceb35a3e79d", kill_on_drop: false }`
[INFO] [stdout] a2238c8164480705c83e3859d07f6d50d1c2652a62c9ad9f35318ceb35a3e79d
[INFO] running `Command { std: "docker" "create" "-v" "/var/lib/crater-agent-workspace/builds/worker-2-tc2/target:/opt/rustwide/target:rw,Z" "-v" "/var/lib/crater-agent-workspace/builds/worker-2-tc2/source:/opt/rustwide/workdir:ro,Z" "-v" "/var/lib/crater-agent-workspace/cargo-home:/opt/rustwide/cargo-home:ro,Z" "-v" "/var/lib/crater-agent-workspace/rustup-home:/opt/rustwide/rustup-home:ro,Z" "-e" "SOURCE_DIR=/opt/rustwide/workdir" "-e" "CARGO_TARGET_DIR=/opt/rustwide/target" "-e" "CARGO_INCREMENTAL=0" "-e" "RUST_BACKTRACE=full" "-e" "RUSTFLAGS=--cap-lints=warn" "-e" "RUSTDOCFLAGS=--cap-lints=warn" "-e" "CARGO_HOME=/opt/rustwide/cargo-home" "-e" "RUSTUP_HOME=/opt/rustwide/rustup-home" "-w" "/opt/rustwide/workdir" "-m" "1610612736" "--user" "0:0" "--network" "none" "ghcr.io/rust-lang/crates-build-env/linux@sha256:2788e3201cd34a07e3172128adcd8b3090168a8e3bcc40d7c032b9dda1df7d1c" "/opt/rustwide/cargo-home/bin/cargo" "+beta-2023-12-22" "test" "--frozen" "--no-run" "--message-format=json", kill_on_drop: false }`
[INFO] [stdout] 702f78fdd60eac0c1f1f509a34de1dc3df71f835922413adec5b929634b41f78
[INFO] running `Command { std: "docker" "start" "-a" "702f78fdd60eac0c1f1f509a34de1dc3df71f835922413adec5b929634b41f78", kill_on_drop: false }`
[INFO] [stderr]    Compiling ncmc v0.2.6 (/opt/rustwide/workdir)
[INFO] [stderr]     Finished test [unoptimized + debuginfo] target(s) in 0.34s
[INFO] running `Command { std: "docker" "inspect" "702f78fdd60eac0c1f1f509a34de1dc3df71f835922413adec5b929634b41f78", kill_on_drop: false }`
[INFO] running `Command { std: "docker" "rm" "-f" "702f78fdd60eac0c1f1f509a34de1dc3df71f835922413adec5b929634b41f78", kill_on_drop: false }`
[INFO] [stdout] 702f78fdd60eac0c1f1f509a34de1dc3df71f835922413adec5b929634b41f78
[INFO] running `Command { std: "docker" "create" "-v" "/var/lib/crater-agent-workspace/builds/worker-2-tc2/target:/opt/rustwide/target:rw,Z" "-v" "/var/lib/crater-agent-workspace/builds/worker-2-tc2/source:/opt/rustwide/workdir:ro,Z" "-v" "/var/lib/crater-agent-workspace/cargo-home:/opt/rustwide/cargo-home:ro,Z" "-v" "/var/lib/crater-agent-workspace/rustup-home:/opt/rustwide/rustup-home:ro,Z" "-e" "SOURCE_DIR=/opt/rustwide/workdir" "-e" "CARGO_TARGET_DIR=/opt/rustwide/target" "-e" "CARGO_INCREMENTAL=0" "-e" "RUST_BACKTRACE=full" "-e" "RUSTFLAGS=--cap-lints=warn" "-e" "RUSTDOCFLAGS=--cap-lints=warn" "-e" "CARGO_HOME=/opt/rustwide/cargo-home" "-e" "RUSTUP_HOME=/opt/rustwide/rustup-home" "-w" "/opt/rustwide/workdir" "-m" "1610612736" "--user" "0:0" "--network" "none" "ghcr.io/rust-lang/crates-build-env/linux@sha256:2788e3201cd34a07e3172128adcd8b3090168a8e3bcc40d7c032b9dda1df7d1c" "/opt/rustwide/cargo-home/bin/cargo" "+beta-2023-12-22" "test" "--frozen", kill_on_drop: false }`
[INFO] [stdout] 80ebae3a1d34cc0e923dbdb31ef5c118aee19b987f34c8959ab6c9e71f727f2d
[INFO] running `Command { std: "docker" "start" "-a" "80ebae3a1d34cc0e923dbdb31ef5c118aee19b987f34c8959ab6c9e71f727f2d", kill_on_drop: false }`
[INFO] [stderr]     Finished test [unoptimized + debuginfo] target(s) in 0.03s
[INFO] [stderr]      Running unittests src/main.rs (/opt/rustwide/target/debug/deps/ncmc-ebf3f6b49323c572)
[INFO] [stdout] 
[INFO] [stdout] running 0 tests
[INFO] [stdout] 
[INFO] [stdout] test result: ok. 0 passed; 0 failed; 0 ignored; 0 measured; 0 filtered out; finished in 0.00s
[INFO] [stdout] 
[INFO] running `Command { std: "docker" "inspect" "80ebae3a1d34cc0e923dbdb31ef5c118aee19b987f34c8959ab6c9e71f727f2d", kill_on_drop: false }`
[INFO] running `Command { std: "docker" "rm" "-f" "80ebae3a1d34cc0e923dbdb31ef5c118aee19b987f34c8959ab6c9e71f727f2d", kill_on_drop: false }`
[INFO] [stdout] 80ebae3a1d34cc0e923dbdb31ef5c118aee19b987f34c8959ab6c9e71f727f2d
