[INFO] fetching crate menmos-protocol 0.2.6...
[INFO] testing menmos-protocol-0.2.6 against 1.75.0 for beta-1.76-1
[INFO] extracting crate menmos-protocol 0.2.6 into /workspace/builds/worker-4-tc1/source
[INFO] validating manifest of crates.io crate menmos-protocol 0.2.6 on toolchain 1.75.0
[INFO] running `Command { std: CARGO_HOME="/workspace/cargo-home" RUSTUP_HOME="/workspace/rustup-home" "/workspace/cargo-home/bin/cargo" "+1.75.0" "metadata" "--manifest-path" "Cargo.toml" "--no-deps", kill_on_drop: false }`
[INFO] started tweaking crates.io crate menmos-protocol 0.2.6
[INFO] finished tweaking crates.io crate menmos-protocol 0.2.6
[INFO] tweaked toml for crates.io crate menmos-protocol 0.2.6 written to /workspace/builds/worker-4-tc1/source/Cargo.toml
[INFO] running `Command { std: CARGO_HOME="/workspace/cargo-home" RUSTUP_HOME="/workspace/rustup-home" "/workspace/cargo-home/bin/cargo" "+1.75.0" "generate-lockfile" "--manifest-path" "Cargo.toml", kill_on_drop: false }`
[INFO] [stderr]     Blocking waiting for file lock on package cache
[INFO] [stderr]     Updating crates.io index
[INFO] running `Command { std: CARGO_HOME="/workspace/cargo-home" RUSTUP_HOME="/workspace/rustup-home" "/workspace/cargo-home/bin/cargo" "+1.75.0" "fetch" "--manifest-path" "Cargo.toml", kill_on_drop: false }`
[INFO] [stderr]     Blocking waiting for file lock on package cache
[ERROR] error running command: no output for 300 seconds
[ERROR] this task or one of its parent failed!
[ERROR] no output for 300 seconds
[ERROR] note: run with `RUST_BACKTRACE=1` to display a backtrace.
[INFO] testing menmos-protocol-0.2.6 against beta-2023-12-22 for beta-1.76-1
[INFO] extracting crate menmos-protocol 0.2.6 into /workspace/builds/worker-4-tc2/source
[INFO] validating manifest of crates.io crate menmos-protocol 0.2.6 on toolchain beta-2023-12-22
[INFO] running `Command { std: CARGO_HOME="/workspace/cargo-home" RUSTUP_HOME="/workspace/rustup-home" "/workspace/cargo-home/bin/cargo" "+beta-2023-12-22" "metadata" "--manifest-path" "Cargo.toml" "--no-deps", kill_on_drop: false }`
[INFO] started tweaking crates.io crate menmos-protocol 0.2.6
[INFO] finished tweaking crates.io crate menmos-protocol 0.2.6
[INFO] tweaked toml for crates.io crate menmos-protocol 0.2.6 written to /workspace/builds/worker-4-tc2/source/Cargo.toml
[INFO] running `Command { std: CARGO_HOME="/workspace/cargo-home" RUSTUP_HOME="/workspace/rustup-home" "/workspace/cargo-home/bin/cargo" "+beta-2023-12-22" "generate-lockfile" "--manifest-path" "Cargo.toml", kill_on_drop: false }`
[INFO] [stderr]     Blocking waiting for file lock on package cache
[INFO] [stderr]     Updating crates.io index
[INFO] running `Command { std: CARGO_HOME="/workspace/cargo-home" RUSTUP_HOME="/workspace/rustup-home" "/workspace/cargo-home/bin/cargo" "+beta-2023-12-22" "fetch" "--manifest-path" "Cargo.toml", kill_on_drop: false }`
[INFO] [stderr]     Blocking waiting for file lock on package cache
[INFO] [stderr]     Blocking waiting for file lock on package cache
[INFO] [stderr]  Downloading crates ...
[INFO] [stderr]   Downloaded menmos-interface v0.2.6
[INFO] [stderr]   Downloaded rapidquery v0.2.6
[INFO] running `Command { std: "docker" "create" "-v" "/var/lib/crater-agent-workspace/builds/worker-4-tc2/target:/opt/rustwide/target:rw,Z" "-v" "/var/lib/crater-agent-workspace/builds/worker-4-tc2/source:/opt/rustwide/workdir:ro,Z" "-v" "/var/lib/crater-agent-workspace/cargo-home:/opt/rustwide/cargo-home:ro,Z" "-v" "/var/lib/crater-agent-workspace/rustup-home:/opt/rustwide/rustup-home:ro,Z" "-e" "SOURCE_DIR=/opt/rustwide/workdir" "-e" "CARGO_TARGET_DIR=/opt/rustwide/target" "-e" "CARGO_HOME=/opt/rustwide/cargo-home" "-e" "RUSTUP_HOME=/opt/rustwide/rustup-home" "-w" "/opt/rustwide/workdir" "-m" "1610612736" "--user" "0:0" "--network" "none" "ghcr.io/rust-lang/crates-build-env/linux@sha256:2788e3201cd34a07e3172128adcd8b3090168a8e3bcc40d7c032b9dda1df7d1c" "/opt/rustwide/cargo-home/bin/cargo" "+beta-2023-12-22" "metadata" "--no-deps" "--format-version=1", kill_on_drop: false }`
[INFO] [stdout] bc550c0d05fb8ab01088f59b29ffb985adf8ca5671e1b110b8531f1912f32995
[INFO] running `Command { std: "docker" "start" "-a" "bc550c0d05fb8ab01088f59b29ffb985adf8ca5671e1b110b8531f1912f32995", kill_on_drop: false }`
[INFO] running `Command { std: "docker" "inspect" "bc550c0d05fb8ab01088f59b29ffb985adf8ca5671e1b110b8531f1912f32995", kill_on_drop: false }`
[INFO] running `Command { std: "docker" "rm" "-f" "bc550c0d05fb8ab01088f59b29ffb985adf8ca5671e1b110b8531f1912f32995", kill_on_drop: false }`
[INFO] [stdout] bc550c0d05fb8ab01088f59b29ffb985adf8ca5671e1b110b8531f1912f32995
[INFO] running `Command { std: "docker" "create" "-v" "/var/lib/crater-agent-workspace/builds/worker-4-tc2/target:/opt/rustwide/target:rw,Z" "-v" "/var/lib/crater-agent-workspace/builds/worker-4-tc2/source:/opt/rustwide/workdir:ro,Z" "-v" "/var/lib/crater-agent-workspace/cargo-home:/opt/rustwide/cargo-home:ro,Z" "-v" "/var/lib/crater-agent-workspace/rustup-home:/opt/rustwide/rustup-home:ro,Z" "-e" "SOURCE_DIR=/opt/rustwide/workdir" "-e" "CARGO_TARGET_DIR=/opt/rustwide/target" "-e" "CARGO_INCREMENTAL=0" "-e" "RUST_BACKTRACE=full" "-e" "RUSTFLAGS=--cap-lints=warn" "-e" "RUSTDOCFLAGS=--cap-lints=warn" "-e" "CARGO_HOME=/opt/rustwide/cargo-home" "-e" "RUSTUP_HOME=/opt/rustwide/rustup-home" "-w" "/opt/rustwide/workdir" "-m" "1610612736" "--user" "0:0" "--network" "none" "ghcr.io/rust-lang/crates-build-env/linux@sha256:2788e3201cd34a07e3172128adcd8b3090168a8e3bcc40d7c032b9dda1df7d1c" "/opt/rustwide/cargo-home/bin/cargo" "+beta-2023-12-22" "build" "--frozen" "--message-format=json", kill_on_drop: false }`
[INFO] [stdout] 188b42df5a2e88816095c100cedace4a405155d2564be88e44333daaf69e3503
[INFO] running `Command { std: "docker" "start" "-a" "188b42df5a2e88816095c100cedace4a405155d2564be88e44333daaf69e3503", kill_on_drop: false }`
[INFO] [stderr]    Compiling vcpkg v0.2.15
[INFO] [stderr]    Compiling serde v1.0.194
[INFO] [stderr]    Compiling futures-channel v0.3.30
[INFO] [stderr]    Compiling generic-array v0.14.7
[INFO] [stderr]    Compiling openssl v0.10.62
[INFO] [stderr]    Compiling bitflags v2.4.1
[INFO] [stderr]    Compiling syn v2.0.48
[INFO] [stderr]    Compiling socket2 v0.5.5
[INFO] [stderr]    Compiling mio v0.8.10
[INFO] [stderr]    Compiling native-tls v0.2.11
[INFO] [stderr]    Compiling doc-comment v0.3.3
[INFO] [stderr]    Compiling radium v0.7.0
[INFO] [stderr]    Compiling openssl-probe v0.1.5
[INFO] [stderr]    Compiling unicode-normalization v0.1.22
[INFO] [stderr]    Compiling heck v0.4.1
[INFO] [stderr]    Compiling tap v1.0.1
[INFO] [stderr]    Compiling wyz v0.5.1
[INFO] [stderr]    Compiling powerfmt v0.2.0
[INFO] [stderr]    Compiling funty v2.0.0
[INFO] [stderr]    Compiling snafu-derive v0.7.5
[INFO] [stderr]    Compiling async-trait v0.1.77
[INFO] [stderr]    Compiling minimal-lexical v0.2.1
[INFO] [stderr]    Compiling headers-core v0.2.0
[INFO] [stderr]    Compiling time-core v0.1.2
[INFO] [stderr]    Compiling tokio v1.35.1
[INFO] [stderr]    Compiling ipnet v2.9.0
[INFO] [stderr]    Compiling base64 v0.13.1
[INFO] [stderr]    Compiling idna v0.5.0
[INFO] [stderr]    Compiling nom v7.1.3
[INFO] [stderr]    Compiling openssl-sys v0.9.98
[INFO] [stderr]    Compiling url v2.5.0
[INFO] [stderr]    Compiling block-buffer v0.10.4
[INFO] [stderr]    Compiling crypto-common v0.1.6
[INFO] [stderr]    Compiling digest v0.10.7
[INFO] [stderr]    Compiling sha1 v0.10.6
[INFO] [stderr]    Compiling headers v0.3.9
[INFO] [stderr]    Compiling snafu v0.7.5
[INFO] [stderr]    Compiling serde_derive v1.0.194
[INFO] [stderr]    Compiling futures-macro v0.3.30
[INFO] [stderr]    Compiling tracing-attributes v0.1.27
[INFO] [stderr]    Compiling openssl-macros v0.1.1
[INFO] [stderr]    Compiling futures-util v0.3.30
[INFO] [stderr]    Compiling tracing v0.1.40
[INFO] [stderr]    Compiling tokio-util v0.7.10
[INFO] [stderr]    Compiling tokio-native-tls v0.3.1
[INFO] [stderr]    Compiling h2 v0.3.22
[INFO] [stderr]    Compiling futures-executor v0.3.30
[INFO] [stderr]    Compiling futures v0.3.30
[INFO] [stderr]    Compiling bitvec v1.0.1
[INFO] [stderr]    Compiling serde_urlencoded v0.7.1
[INFO] [stderr]    Compiling deranged v0.3.11
[INFO] [stderr]    Compiling serde_json v1.0.111
[INFO] [stderr]    Compiling time v0.3.31
[INFO] [stderr]    Compiling hyper v0.14.28
[INFO] [stderr]    Compiling rapidquery v0.2.6
[INFO] [stderr]    Compiling hyper-tls v0.5.0
[INFO] [stderr]    Compiling reqwest v0.11.23
[INFO] [stderr]    Compiling menmos-interface v0.2.6
[INFO] [stderr]    Compiling menmos-protocol v0.2.6 (/opt/rustwide/workdir)
[INFO] [stderr]     Finished dev [unoptimized + debuginfo] target(s) in 19.70s
[INFO] running `Command { std: "docker" "inspect" "188b42df5a2e88816095c100cedace4a405155d2564be88e44333daaf69e3503", kill_on_drop: false }`
[INFO] running `Command { std: "docker" "rm" "-f" "188b42df5a2e88816095c100cedace4a405155d2564be88e44333daaf69e3503", kill_on_drop: false }`
[INFO] [stdout] 188b42df5a2e88816095c100cedace4a405155d2564be88e44333daaf69e3503
[INFO] running `Command { std: "docker" "create" "-v" "/var/lib/crater-agent-workspace/builds/worker-4-tc2/target:/opt/rustwide/target:rw,Z" "-v" "/var/lib/crater-agent-workspace/builds/worker-4-tc2/source:/opt/rustwide/workdir:ro,Z" "-v" "/var/lib/crater-agent-workspace/cargo-home:/opt/rustwide/cargo-home:ro,Z" "-v" "/var/lib/crater-agent-workspace/rustup-home:/opt/rustwide/rustup-home:ro,Z" "-e" "SOURCE_DIR=/opt/rustwide/workdir" "-e" "CARGO_TARGET_DIR=/opt/rustwide/target" "-e" "CARGO_INCREMENTAL=0" "-e" "RUST_BACKTRACE=full" "-e" "RUSTFLAGS=--cap-lints=warn" "-e" "RUSTDOCFLAGS=--cap-lints=warn" "-e" "CARGO_HOME=/opt/rustwide/cargo-home" "-e" "RUSTUP_HOME=/opt/rustwide/rustup-home" "-w" "/opt/rustwide/workdir" "-m" "1610612736" "--user" "0:0" "--network" "none" "ghcr.io/rust-lang/crates-build-env/linux@sha256:2788e3201cd34a07e3172128adcd8b3090168a8e3bcc40d7c032b9dda1df7d1c" "/opt/rustwide/cargo-home/bin/cargo" "+beta-2023-12-22" "test" "--frozen" "--no-run" "--message-format=json", kill_on_drop: false }`
[INFO] [stdout] 07f454096b779f8b9337760de2518cce5c754e5c456fb1f073d4224a857f113f
[INFO] running `Command { std: "docker" "start" "-a" "07f454096b779f8b9337760de2518cce5c754e5c456fb1f073d4224a857f113f", kill_on_drop: false }`
[INFO] [stderr]    Compiling menmos-protocol v0.2.6 (/opt/rustwide/workdir)
[INFO] [stderr]     Finished test [unoptimized + debuginfo] target(s) in 1.18s
[INFO] running `Command { std: "docker" "inspect" "07f454096b779f8b9337760de2518cce5c754e5c456fb1f073d4224a857f113f", kill_on_drop: false }`
[INFO] running `Command { std: "docker" "rm" "-f" "07f454096b779f8b9337760de2518cce5c754e5c456fb1f073d4224a857f113f", kill_on_drop: false }`
[INFO] [stdout] 07f454096b779f8b9337760de2518cce5c754e5c456fb1f073d4224a857f113f
[INFO] running `Command { std: "docker" "create" "-v" "/var/lib/crater-agent-workspace/builds/worker-4-tc2/target:/opt/rustwide/target:rw,Z" "-v" "/var/lib/crater-agent-workspace/builds/worker-4-tc2/source:/opt/rustwide/workdir:ro,Z" "-v" "/var/lib/crater-agent-workspace/cargo-home:/opt/rustwide/cargo-home:ro,Z" "-v" "/var/lib/crater-agent-workspace/rustup-home:/opt/rustwide/rustup-home:ro,Z" "-e" "SOURCE_DIR=/opt/rustwide/workdir" "-e" "CARGO_TARGET_DIR=/opt/rustwide/target" "-e" "CARGO_INCREMENTAL=0" "-e" "RUST_BACKTRACE=full" "-e" "RUSTFLAGS=--cap-lints=warn" "-e" "RUSTDOCFLAGS=--cap-lints=warn" "-e" "CARGO_HOME=/opt/rustwide/cargo-home" "-e" "RUSTUP_HOME=/opt/rustwide/rustup-home" "-w" "/opt/rustwide/workdir" "-m" "1610612736" "--user" "0:0" "--network" "none" "ghcr.io/rust-lang/crates-build-env/linux@sha256:2788e3201cd34a07e3172128adcd8b3090168a8e3bcc40d7c032b9dda1df7d1c" "/opt/rustwide/cargo-home/bin/cargo" "+beta-2023-12-22" "test" "--frozen", kill_on_drop: false }`
[INFO] [stdout] f2792e8d2ea040caec825d6fdcfbcd62e876c49ec3dd0ac4e04097950f472a07
[INFO] running `Command { std: "docker" "start" "-a" "f2792e8d2ea040caec825d6fdcfbcd62e876c49ec3dd0ac4e04097950f472a07", kill_on_drop: false }`
[INFO] [stderr]     Finished test [unoptimized + debuginfo] target(s) in 0.07s
[INFO] [stderr]      Running unittests src/lib.rs (/opt/rustwide/target/debug/deps/protocol-c93433f3bba6836d)
[INFO] [stdout] 
[INFO] [stdout] running 1 test
[INFO] [stdout] test directory::tests::mixed_expression_parsing ... ok
[INFO] [stdout] 
[INFO] [stdout] test result: ok. 1 passed; 0 failed; 0 ignored; 0 measured; 0 filtered out; finished in 0.00s
[INFO] [stdout] 
[INFO] [stderr]    Doc-tests protocol
[INFO] [stdout] 
[INFO] [stdout] running 0 tests
[INFO] [stdout] 
[INFO] [stdout] test result: ok. 0 passed; 0 failed; 0 ignored; 0 measured; 0 filtered out; finished in 0.00s
[INFO] [stdout] 
[INFO] running `Command { std: "docker" "inspect" "f2792e8d2ea040caec825d6fdcfbcd62e876c49ec3dd0ac4e04097950f472a07", kill_on_drop: false }`
[INFO] running `Command { std: "docker" "rm" "-f" "f2792e8d2ea040caec825d6fdcfbcd62e876c49ec3dd0ac4e04097950f472a07", kill_on_drop: false }`
[INFO] [stdout] f2792e8d2ea040caec825d6fdcfbcd62e876c49ec3dd0ac4e04097950f472a07
