[INFO] fetching crate libreplex_legacy 0.1.0...
[INFO] testing libreplex_legacy-0.1.0 against 1.75.0 for beta-1.76-1
[INFO] extracting crate libreplex_legacy 0.1.0 into /workspace/builds/worker-0-tc1/source
[INFO] validating manifest of crates.io crate libreplex_legacy 0.1.0 on toolchain 1.75.0
[INFO] running `Command { std: CARGO_HOME="/workspace/cargo-home" RUSTUP_HOME="/workspace/rustup-home" "/workspace/cargo-home/bin/cargo" "+1.75.0" "metadata" "--manifest-path" "Cargo.toml" "--no-deps", kill_on_drop: false }`
[INFO] started tweaking crates.io crate libreplex_legacy 0.1.0
[INFO] finished tweaking crates.io crate libreplex_legacy 0.1.0
[INFO] tweaked toml for crates.io crate libreplex_legacy 0.1.0 written to /workspace/builds/worker-0-tc1/source/Cargo.toml
[INFO] running `Command { std: CARGO_HOME="/workspace/cargo-home" RUSTUP_HOME="/workspace/rustup-home" "/workspace/cargo-home/bin/cargo" "+1.75.0" "generate-lockfile" "--manifest-path" "Cargo.toml", kill_on_drop: false }`
[INFO] [stderr]     Updating crates.io index
[INFO] running `Command { std: CARGO_HOME="/workspace/cargo-home" RUSTUP_HOME="/workspace/rustup-home" "/workspace/cargo-home/bin/cargo" "+1.75.0" "fetch" "--manifest-path" "Cargo.toml", kill_on_drop: false }`
[INFO] [stderr]  Downloading crates ...
[INFO] [stderr]   Downloaded spl-discriminator-derive v0.1.1
[INFO] [stderr]   Downloaded solana-measure v1.16.24
[INFO] [stderr]   Downloaded spl-transfer-hook-interface v0.3.0
[INFO] [stderr]   Downloaded spl-token-2022 v0.9.0
[INFO] [stderr]   Downloaded solana-clap-utils v1.16.24
[INFO] [stderr]   Downloaded solana-connection-cache v1.16.24
[INFO] [stderr]   Downloaded solana-rpc-client-api v1.16.24
[INFO] [stderr]   Downloaded dir-diff v0.3.3
[INFO] [stderr]   Downloaded solana-zk-token-proof-program v1.16.24
[INFO] [stderr]   Downloaded spl-discriminator-syn v0.1.1
[INFO] [stderr]   Downloaded solana-banks-client v1.16.24
[INFO] [stderr]   Downloaded solana-remote-wallet v1.16.24
[INFO] [stderr]   Downloaded spl-associated-token-account v2.2.0
[INFO] [stderr]   Downloaded array-bytes v1.4.1
[INFO] [stderr]   Downloaded solana-frozen-abi v1.16.24
[INFO] [stderr]   Downloaded spl-discriminator v0.1.0
[INFO] [stderr]   Downloaded solana-sdk v1.16.24
[INFO] [stderr]   Downloaded solana-zk-token-sdk v1.16.24
[INFO] [stderr]   Downloaded mocha v0.1.1
[INFO] [stderr]   Downloaded solana-program v1.16.24
[INFO] [stderr]   Downloaded solana_rbpf v0.6.1
[INFO] [stderr]   Downloaded anchor-lang v0.29.0
[INFO] [stderr]   Downloaded mpl-token-metadata v3.2.3
[INFO] [stderr]   Downloaded solana-send-transaction-service v1.16.24
[INFO] [stderr]   Downloaded opentelemetry v0.17.0
[INFO] [stderr]   Downloaded anchor-spl v0.29.0
[INFO] [stderr]   Downloaded libreplex_inscriptions v0.3.0
[INFO] [stderr]   Downloaded tarpc v0.29.0
[INFO] [stderr]   Downloaded tokio-serde v0.8.0
[INFO] [stderr]   Downloaded solana-runtime v1.16.24
[INFO] [stderr]   Downloaded solana-program-test v1.16.24
[INFO] [stderr]   Downloaded solana-logger v1.16.24
[INFO] [stderr]   Downloaded solana-version v1.16.24
[INFO] [stderr]   Downloaded percentage v0.1.0
[INFO] [stderr]   Downloaded solana-stake-program v1.16.24
[INFO] [stderr]   Downloaded spl-token-metadata-interface v0.2.0
[INFO] [stderr]   Downloaded spl-program-error-derive v0.3.1
[INFO] [stderr]   Downloaded spl-token v4.0.0
[INFO] [stderr]   Downloaded spl-memo v4.0.0
[INFO] [stderr]   Downloaded spl-tlv-account-resolution v0.4.0
[INFO] [stderr]   Downloaded spl-type-length-value v0.3.0
[INFO] [stderr]   Downloaded spl-program-error v0.3.0
[INFO] [stderr]   Downloaded solana-frozen-abi-macro v1.16.24
[INFO] [stderr]   Downloaded solana-metrics v1.16.24
[INFO] [stderr]   Downloaded anchor-attribute-account v0.29.0
[INFO] [stderr]   Downloaded anchor-attribute-constant v0.29.0
[INFO] [stderr]   Downloaded anchor-attribute-event v0.29.0
[INFO] [stderr]   Downloaded anchor-attribute-program v0.29.0
[INFO] [stderr]   Downloaded anchor-derive-accounts v0.29.0
[INFO] [stderr]   Downloaded anchor-derive-serde v0.29.0
[INFO] [stderr]   Downloaded anchor-derive-space v0.29.0
[INFO] [stderr]   Downloaded anchor-syn v0.29.0
[INFO] [stderr]   Downloaded dialoguer v0.10.4
[INFO] [stderr]   Downloaded solana-net-utils v1.16.24
[INFO] [stderr]   Downloaded der v0.5.1
[INFO] [stderr]   Downloaded solana-streamer v1.16.24
[INFO] [stderr]   Downloaded solana-rpc-client v1.16.24
[INFO] [stderr]   Downloaded solana-tpu-client v1.16.24
[INFO] [stderr]   Downloaded tarpc-plugins v0.12.0
[INFO] [stderr]   Downloaded tracing-opentelemetry v0.17.4
[INFO] [stderr]   Downloaded solana-banks-server v1.16.24
[INFO] [stderr]   Downloaded solana-bucket-map v1.16.24
[INFO] [stderr]   Downloaded caps v0.5.5
[INFO] [stderr]   Downloaded solana-program-runtime v1.16.24
[INFO] [stderr]   Downloaded chrono-humanize v0.2.3
[INFO] [stderr]   Downloaded solana-rpc-client-nonce-utils v1.16.24
[INFO] [stderr]   Downloaded histogram v0.6.9
[INFO] [stderr]   Downloaded const-oid v0.7.1
[INFO] [stderr]   Downloaded spki v0.5.4
[INFO] [stderr]   Downloaded pkcs8 v0.8.0
[INFO] [stderr]   Downloaded quinn-udp v0.3.2
[INFO] [stderr]   Downloaded solana-client v1.16.24
[INFO] [stderr]   Downloaded solana-pubsub-client v1.16.24
[INFO] [stderr]   Downloaded solana-account-decoder v1.16.24
[INFO] [stderr]   Downloaded solana-loader-v4-program v1.16.24
[INFO] [stderr]   Downloaded solana-perf v1.16.24
[INFO] [stderr]   Downloaded solana-sdk-macro v1.16.24
[INFO] [stderr]   Downloaded spl-pod v0.1.0
[INFO] [stderr]   Downloaded anchor-attribute-access-control v0.29.0
[INFO] [stderr]   Downloaded anchor-attribute-error v0.29.0
[INFO] [stderr]   Downloaded solana-banks-interface v1.16.24
[INFO] [stderr]   Downloaded solana-quic-client v1.16.24
[INFO] [stderr]   Downloaded solana-udp-client v1.16.24
[INFO] [stderr]   Downloaded index_list v0.2.11
[INFO] [stderr]   Downloaded solana-address-lookup-table-program v1.16.24
[INFO] [stderr]   Downloaded solana-compute-budget-program v1.16.24
[INFO] [stderr]   Downloaded solana-rayon-threadlimit v1.16.24
[INFO] [stderr]   Downloaded solana-config-program v1.16.24
[INFO] [stderr]   Downloaded solana-system-program v1.16.24
[INFO] [stderr]   Downloaded solana-thin-client v1.16.24
[INFO] [stderr]   Downloaded quinn v0.9.4
[INFO] [stderr]   Downloaded solana-transaction-status v1.16.24
[INFO] [stderr]   Downloaded dashmap v4.0.2
[INFO] [stderr]   Downloaded solana-bpf-loader-program v1.16.24
[INFO] [stderr]   Downloaded eager v0.1.0
[INFO] [stderr]   Downloaded goblin v0.5.4
[INFO] [stderr]   Downloaded solana-vote-program v1.16.24
[INFO] running `Command { std: "docker" "create" "-v" "/var/lib/crater-agent-workspace/builds/worker-0-tc1/target:/opt/rustwide/target:rw,Z" "-v" "/var/lib/crater-agent-workspace/builds/worker-0-tc1/source:/opt/rustwide/workdir:ro,Z" "-v" "/var/lib/crater-agent-workspace/cargo-home:/opt/rustwide/cargo-home:ro,Z" "-v" "/var/lib/crater-agent-workspace/rustup-home:/opt/rustwide/rustup-home:ro,Z" "-e" "SOURCE_DIR=/opt/rustwide/workdir" "-e" "CARGO_TARGET_DIR=/opt/rustwide/target" "-e" "CARGO_HOME=/opt/rustwide/cargo-home" "-e" "RUSTUP_HOME=/opt/rustwide/rustup-home" "-w" "/opt/rustwide/workdir" "-m" "1610612736" "--user" "0:0" "--network" "none" "ghcr.io/rust-lang/crates-build-env/linux@sha256:2788e3201cd34a07e3172128adcd8b3090168a8e3bcc40d7c032b9dda1df7d1c" "/opt/rustwide/cargo-home/bin/cargo" "+1.75.0" "metadata" "--no-deps" "--format-version=1", kill_on_drop: false }`
[INFO] [stdout] 3ab1cac94101677909bfd013cfc1369bdfe11c1c0f7d92e5afe906f258d7df8d
[INFO] running `Command { std: "docker" "start" "-a" "3ab1cac94101677909bfd013cfc1369bdfe11c1c0f7d92e5afe906f258d7df8d", kill_on_drop: false }`
[INFO] running `Command { std: "docker" "inspect" "3ab1cac94101677909bfd013cfc1369bdfe11c1c0f7d92e5afe906f258d7df8d", kill_on_drop: false }`
[INFO] running `Command { std: "docker" "rm" "-f" "3ab1cac94101677909bfd013cfc1369bdfe11c1c0f7d92e5afe906f258d7df8d", kill_on_drop: false }`
[INFO] [stdout] 3ab1cac94101677909bfd013cfc1369bdfe11c1c0f7d92e5afe906f258d7df8d
[INFO] running `Command { std: "docker" "create" "-v" "/var/lib/crater-agent-workspace/builds/worker-0-tc1/target:/opt/rustwide/target:rw,Z" "-v" "/var/lib/crater-agent-workspace/builds/worker-0-tc1/source:/opt/rustwide/workdir:ro,Z" "-v" "/var/lib/crater-agent-workspace/cargo-home:/opt/rustwide/cargo-home:ro,Z" "-v" "/var/lib/crater-agent-workspace/rustup-home:/opt/rustwide/rustup-home:ro,Z" "-e" "SOURCE_DIR=/opt/rustwide/workdir" "-e" "CARGO_TARGET_DIR=/opt/rustwide/target" "-e" "CARGO_INCREMENTAL=0" "-e" "RUST_BACKTRACE=full" "-e" "RUSTFLAGS=--cap-lints=warn" "-e" "RUSTDOCFLAGS=--cap-lints=warn" "-e" "CARGO_HOME=/opt/rustwide/cargo-home" "-e" "RUSTUP_HOME=/opt/rustwide/rustup-home" "-w" "/opt/rustwide/workdir" "-m" "1610612736" "--user" "0:0" "--network" "none" "ghcr.io/rust-lang/crates-build-env/linux@sha256:2788e3201cd34a07e3172128adcd8b3090168a8e3bcc40d7c032b9dda1df7d1c" "/opt/rustwide/cargo-home/bin/cargo" "+1.75.0" "build" "--frozen" "--message-format=json", kill_on_drop: false }`
[INFO] [stdout] 643e6ff158ced4f0527ea4846a2b9fd38ecdfc4057ef010178c42b5086e4d413
[INFO] running `Command { std: "docker" "start" "-a" "643e6ff158ced4f0527ea4846a2b9fd38ecdfc4057ef010178c42b5086e4d413", kill_on_drop: false }`
[INFO] [stderr]    Compiling proc-macro2 v1.0.75
[INFO] [stderr]    Compiling version_check v0.9.4
[INFO] [stderr]    Compiling serde v1.0.194
[INFO] [stderr]    Compiling libc v0.2.151
[INFO] [stderr]    Compiling syn v1.0.109
[INFO] [stderr]    Compiling typenum v1.17.0
[INFO] [stderr]    Compiling subtle v2.4.1
[INFO] [stderr]    Compiling cpufeatures v0.2.12
[INFO] [stderr]    Compiling once_cell v1.19.0
[INFO] [stderr]    Compiling generic-array v0.14.7
[INFO] [stderr]    Compiling thiserror v1.0.56
[INFO] [stderr]    Compiling ppv-lite86 v0.2.17
[INFO] [stderr]    Compiling semver v1.0.21
[INFO] [stderr]    Compiling anyhow v1.0.79
[INFO] [stderr]    Compiling num-traits v0.2.17
[INFO] [stderr]    Compiling getrandom v0.1.16
[INFO] [stderr]    Compiling rustc_version v0.4.0
[INFO] [stderr]    Compiling crunchy v0.2.2
[INFO] [stderr]    Compiling quote v1.0.35
[INFO] [stderr]    Compiling syn v2.0.48
[INFO] [stderr]    Compiling opaque-debug v0.3.0
[INFO] [stderr]    Compiling block-buffer v0.10.4
[INFO] [stderr]    Compiling crypto-common v0.1.6
[INFO] [stderr]    Compiling ahash v0.8.7
[INFO] [stderr]    Compiling num-integer v0.1.45
[INFO] [stderr]    Compiling either v1.9.0
[INFO] [stderr]    Compiling crossbeam-utils v0.8.18
[INFO] [stderr]    Compiling digest v0.10.7
[INFO] [stderr]    Compiling jobserver v0.1.27
[INFO] [stderr]    Compiling num-bigint v0.4.4
[INFO] [stderr]    Compiling getrandom v0.2.11
[INFO] [stderr]    Compiling rand_core v0.6.4
[INFO] [stderr]    Compiling rand_core v0.5.1
[INFO] [stderr]    Compiling zerocopy v0.7.32
[INFO] [stderr]    Compiling block-padding v0.2.1
[INFO] [stderr]    Compiling rand_chacha v0.3.1
[INFO] [stderr]    Compiling rand v0.8.5
[INFO] [stderr]    Compiling cc v1.0.83
[INFO] [stderr]    Compiling sha2 v0.10.8
[INFO] [stderr]    Compiling digest v0.9.0
[INFO] [stderr]    Compiling wasm-bindgen-shared v0.2.89
[INFO] [stderr]    Compiling paste v1.0.14
[INFO] [stderr]    Compiling libsecp256k1-core v0.2.2
[INFO] [stderr]    Compiling crossbeam-epoch v0.9.17
[INFO] [stderr]    Compiling ark-std v0.4.0
[INFO] [stderr]    Compiling rand_chacha v0.2.2
[INFO] [stderr]    Compiling rayon-core v1.12.0
[INFO] [stderr]    Compiling byteorder v1.5.0
[INFO] [stderr]    Compiling rand v0.7.3
[INFO] [stderr]    Compiling crossbeam-deque v0.8.4
[INFO] [stderr]    Compiling hashbrown v0.13.2
[INFO] [stderr]    Compiling itertools v0.10.5
[INFO] [stderr]    Compiling ahash v0.7.7
[INFO] [stderr]    Compiling feature-probe v0.1.1
[INFO] [stderr]    Compiling bumpalo v3.14.0
[INFO] [stderr]    Compiling log v0.4.20
[INFO] [stderr]    Compiling bv v0.11.1
[INFO] [stderr]    Compiling blake3 v1.5.0
[INFO] [stderr]    Compiling libsecp256k1-gen-ecmult v0.2.1
[INFO] [stderr]    Compiling libsecp256k1-gen-genmult v0.2.1
[INFO] [stderr]    Compiling solana-frozen-abi-macro v1.16.24
[INFO] [stderr]    Compiling bitmaps v2.1.0
[INFO] [stderr]    Compiling im v15.1.0
[INFO] [stderr]    Compiling tinyvec_macros v0.1.1
[INFO] [stderr]    Compiling rustversion v1.0.14
[INFO] [stderr]    Compiling wasm-bindgen-backend v0.2.89
[INFO] [stderr]    Compiling arrayref v0.3.7
[INFO] [stderr]    Compiling keccak v0.1.4
[INFO] [stderr]    Compiling sized-chunks v0.6.5
[INFO] [stderr]    Compiling rayon v1.8.0
[INFO] [stderr]    Compiling borsh-derive-internal v0.10.3
[INFO] [stderr]    Compiling borsh-schema-derive-internal v0.9.3
[INFO] [stderr]    Compiling borsh-derive-internal v0.9.3
[INFO] [stderr]    Compiling borsh-schema-derive-internal v0.10.3
[INFO] [stderr]    Compiling tinyvec v1.6.0
[INFO] [stderr]    Compiling libsecp256k1 v0.6.0
[INFO] [stderr]    Compiling wasm-bindgen-macro-support v0.2.89
[INFO] [stderr]    Compiling rand_xoshiro v0.6.0
[INFO] [stderr]    Compiling solana-frozen-abi v1.16.24
[INFO] [stderr]    Compiling memoffset v0.9.0
[INFO] [stderr]    Compiling hashbrown v0.14.3
[INFO] [stderr]    Compiling arrayvec v0.7.4
[INFO] [stderr]    Compiling bs58 v0.4.0
[INFO] [stderr]    Compiling wasm-bindgen v0.2.89
[INFO] [stderr]    Compiling constant_time_eq v0.3.0
[INFO] [stderr]    Compiling equivalent v1.0.1
[INFO] [stderr]    Compiling unicode-normalization v0.1.22
[INFO] [stderr]    Compiling hashbrown v0.11.2
[INFO] [stderr]    Compiling indexmap v2.1.0
[INFO] [stderr]    Compiling solana-program v1.16.24
[INFO] [stderr]    Compiling serde_derive v1.0.194
[INFO] [stderr]    Compiling thiserror-impl v1.0.56
[INFO] [stderr]    Compiling zeroize_derive v1.4.2
[INFO] [stderr]    Compiling ark-serialize-derive v0.4.2
[INFO] [stderr]    Compiling derivative v2.2.0
[INFO] [stderr]    Compiling ark-ff-asm v0.4.2
[INFO] [stderr]    Compiling ark-ff-macros v0.4.2
[INFO] [stderr]    Compiling zeroize v1.3.0
[INFO] [stderr]    Compiling bytemuck_derive v1.5.0
[INFO] [stderr]    Compiling wasm-bindgen-macro v0.2.89
[INFO] [stderr]    Compiling memmap2 v0.5.10
[INFO] [stderr]    Compiling base64 v0.12.3
[INFO] [stderr]    Compiling toml_datetime v0.6.3
[INFO] [stderr]    Compiling winnow v0.5.32
[INFO] [stderr]    Compiling rustc-hash v1.1.0
[INFO] [stderr]    Compiling solana-sdk-macro v1.16.24
[INFO] [stderr]    Compiling num-derive v0.3.3
[INFO] [stderr]    Compiling base64 v0.21.5
[INFO] [stderr]    Compiling bytemuck v1.14.0
[INFO] [stderr]    Compiling array-bytes v1.4.1
[INFO] [stderr]    Compiling strsim v0.10.0
[INFO] [stderr]    Compiling memchr v2.7.1
[INFO] [stderr]    Compiling ident_case v1.0.1
[INFO] [stderr]    Compiling darling_core v0.20.3
[INFO] [stderr]    Compiling regex-syntax v0.8.2
[INFO] [stderr]    Compiling unicode-segmentation v1.10.1
[INFO] [stderr]    Compiling signature v1.6.4
[INFO] [stderr]    Compiling ed25519 v1.5.3
[INFO] [stderr]    Compiling aho-corasick v1.1.2
[INFO] [stderr]    Compiling heck v0.3.3
[INFO] [stderr]    Compiling atty v0.2.14
[INFO] [stderr]    Compiling termcolor v1.4.0
[INFO] [stderr]    Compiling bs58 v0.5.0
[INFO] [stderr]    Compiling humantime v2.1.0
[INFO] [stderr]    Compiling solana-sdk v1.16.24
[INFO] [stderr]    Compiling toml_edit v0.19.15
[INFO] [stderr]    Compiling derivation-path v0.2.0
[INFO] [stderr]    Compiling percent-encoding v2.3.1
[INFO] [stderr]    Compiling uriparse v0.6.4
[INFO] [stderr]    Compiling qstring v0.7.2
[INFO] [stderr]    Compiling chrono v0.4.31
[INFO] [stderr]    Compiling regex-automata v0.4.3
[INFO] [stderr]    Compiling proc-macro-crate v1.3.1
[INFO] [stderr]    Compiling darling_macro v0.20.3
[INFO] [stderr]    Compiling assert_matches v1.5.0
[INFO] [stderr]    Compiling spl-discriminator-syn v0.1.1
[INFO] [stderr]    Compiling merlin v3.0.0
[INFO] [stderr]    Compiling spl-program-error-derive v0.3.1
[INFO] [stderr]    Compiling num-derive v0.4.1
[INFO] [stderr]    Compiling spl-discriminator-derive v0.1.1
[INFO] [stderr]    Compiling darling v0.20.3
[INFO] [stderr]    Compiling serde_with_macros v2.3.3
[INFO] [stderr]    Compiling regex v1.10.2
[INFO] [stderr]    Compiling num_enum_derive v0.6.1
[INFO] [stderr]    Compiling toml_edit v0.20.2
[INFO] [stderr]    Compiling env_logger v0.9.3
[INFO] [stderr]    Compiling serde_json v1.0.111
[INFO] [stderr]    Compiling serde_bytes v0.11.14
[INFO] [stderr]    Compiling bincode v1.3.3
[INFO] [stderr]    Compiling block-buffer v0.9.0
[INFO] [stderr]    Compiling toml v0.5.11
[INFO] [stderr]    Compiling crypto-mac v0.8.0
[INFO] [stderr]    Compiling sha2 v0.9.9
[INFO] [stderr]    Compiling ark-serialize v0.4.2
[INFO] [stderr]    Compiling ark-ff v0.4.2
[INFO] [stderr]    Compiling hmac v0.8.1
[INFO] [stderr]    Compiling curve25519-dalek v3.2.1
[INFO] [stderr]    Compiling hmac-drbg v0.3.0
[INFO] [stderr]    Compiling pbkdf2 v0.4.0
[INFO] [stderr]    Compiling tiny-bip39 v0.8.2
[INFO] [stderr]    Compiling proc-macro-crate v0.1.5
[INFO] [stderr]    Compiling sha3 v0.10.8
[INFO] [stderr]    Compiling cipher v0.3.0
[INFO] [stderr]    Compiling ed25519-dalek v1.0.1
[INFO] [stderr]    Compiling hmac v0.12.1
[INFO] [stderr]    Compiling universal-hash v0.4.1
[INFO] [stderr]    Compiling num_enum v0.6.1
[INFO] [stderr]    Compiling borsh-derive v0.9.3
[INFO] [stderr]    Compiling borsh-derive v0.10.3
[INFO] [stderr]    Compiling polyval v0.5.3
[INFO] [stderr]    Compiling ed25519-dalek-bip32 v0.2.0
[INFO] [stderr]    Compiling aes v0.7.5
[INFO] [stderr]    Compiling ctr v0.8.0
[INFO] [stderr]    Compiling pbkdf2 v0.11.0
[INFO] [stderr]    Compiling anchor-syn v0.29.0
[INFO] [stderr]    Compiling aead v0.4.3
[INFO] [stderr]    Compiling serde_with v2.3.3
[INFO] [stderr]    Compiling borsh v0.9.3
[INFO] [stderr]    Compiling borsh v0.10.3
[INFO] [stderr]    Compiling solana-logger v1.16.24
[INFO] [stderr]    Compiling aes-gcm-siv v0.10.3
[INFO] [stderr]    Compiling sha3 v0.9.1
[INFO] [stderr]    Compiling proc-macro-crate v2.0.1
[INFO] [stderr]    Compiling anchor-derive-space v0.29.0
[INFO] [stderr]    Compiling base64 v0.13.1
[INFO] [stderr]    Compiling num_enum_derive v0.7.1
[INFO] [stderr]    Compiling num_enum v0.7.1
[INFO] [stderr]    Compiling anchor-attribute-account v0.29.0
[INFO] [stderr]    Compiling anchor-derive-accounts v0.29.0
[INFO] [stderr]    Compiling anchor-attribute-access-control v0.29.0
[INFO] [stderr]    Compiling anchor-attribute-constant v0.29.0
[INFO] [stderr]    Compiling anchor-attribute-error v0.29.0
[INFO] [stderr]    Compiling anchor-derive-serde v0.29.0
[INFO] [stderr]    Compiling anchor-attribute-program v0.29.0
[INFO] [stderr]    Compiling anchor-attribute-event v0.29.0
[INFO] [stderr]    Compiling ark-poly v0.4.2
[INFO] [stderr]    Compiling ark-ec v0.4.2
[INFO] [stderr]    Compiling ark-bn254 v0.4.0
[INFO] [stderr]    Compiling spl-program-error v0.3.0
[INFO] [stderr]    Compiling spl-discriminator v0.1.0
[INFO] [stderr]    Compiling spl-memo v4.0.0
[INFO] [stderr]    Compiling spl-token v4.0.0
[INFO] [stderr]    Compiling anchor-lang v0.29.0
[INFO] [stderr]    Compiling mpl-token-metadata v3.2.3
[INFO] [stderr]    Compiling libreplex_inscriptions v0.3.0
[INFO] [stderr]    Compiling solana-zk-token-sdk v1.16.24
[INFO] [stderr]    Compiling spl-pod v0.1.0
[INFO] [stderr]    Compiling spl-type-length-value v0.3.0
[INFO] [stderr]    Compiling spl-tlv-account-resolution v0.4.0
[INFO] [stderr]    Compiling spl-token-metadata-interface v0.2.0
[INFO] [stderr]    Compiling spl-transfer-hook-interface v0.3.0
[INFO] [stderr]    Compiling spl-token-2022 v0.9.0
[INFO] [stderr]    Compiling spl-associated-token-account v2.2.0
[INFO] [stderr]    Compiling anchor-spl v0.29.0
[INFO] [stderr]    Compiling libreplex_legacy v0.1.0 (/opt/rustwide/workdir)
[INFO] [stdout] warning: ambiguous glob re-exports
[INFO] [stdout]   --> src/instructions/mod.rs:3:9
[INFO] [stdout]    |
[INFO] [stdout] 3  | pub use inscribe_legacy_metadata_as_uauth::*;
[INFO] [stdout]    |         ^^^^^^^^^^^^^^^^^^^^^^^^^^^^^^^^^^^^ the name `handler` in the value namespace is first re-exported here
[INFO] [stdout] ...
[INFO] [stdout] 43 | pub use claim_excess_rent_as_uauth::*;
[INFO] [stdout]    |         ----------------------------- but the name `handler` in the value namespace is also re-exported here
[INFO] [stdout]    |
[INFO] [stdout]    = note: `#[warn(ambiguous_glob_reexports)]` on by default
[INFO] [stdout] 
[INFO] [stdout] 
[INFO] [stdout] warning: unused doc comment
[INFO] [stdout]   --> src/instructions/create_legacy_inscription_logic.rs:77:17
[INFO] [stdout]    |
[INFO] [stdout] 77 | /                 /// since root in this case can not sign,
[INFO] [stdout] 78 | |                 /// this legacy inscription must be the signer
[INFO] [stdout] 79 | |                 /// this is ok as the inscriptions guarantee uniqueness
[INFO] [stdout] 80 | |                 /// per mint.
[INFO] [stdout]    | |_____________________________^
[INFO] [stdout] 81 |                   signer: legacy_signer.to_account_info(),
[INFO] [stdout]    |                   --------------------------------------- rustdoc does not generate documentation for expression fields
[INFO] [stdout]    |
[INFO] [stdout]    = help: use `//` for a plain comment
[INFO] [stdout]    = note: `#[warn(unused_doc_comments)]` on by default
[INFO] [stdout] 
[INFO] [stdout] 
[INFO] [stdout] warning: 2 warnings emitted
[INFO] [stdout] 
[INFO] [stdout] 
[INFO] [stderr]     Finished dev [unoptimized + debuginfo] target(s) in 3m 10s
[INFO] running `Command { std: "docker" "inspect" "643e6ff158ced4f0527ea4846a2b9fd38ecdfc4057ef010178c42b5086e4d413", kill_on_drop: false }`
[INFO] running `Command { std: "docker" "rm" "-f" "643e6ff158ced4f0527ea4846a2b9fd38ecdfc4057ef010178c42b5086e4d413", kill_on_drop: false }`
[INFO] [stdout] 643e6ff158ced4f0527ea4846a2b9fd38ecdfc4057ef010178c42b5086e4d413
[INFO] running `Command { std: "docker" "create" "-v" "/var/lib/crater-agent-workspace/builds/worker-0-tc1/target:/opt/rustwide/target:rw,Z" "-v" "/var/lib/crater-agent-workspace/builds/worker-0-tc1/source:/opt/rustwide/workdir:ro,Z" "-v" "/var/lib/crater-agent-workspace/cargo-home:/opt/rustwide/cargo-home:ro,Z" "-v" "/var/lib/crater-agent-workspace/rustup-home:/opt/rustwide/rustup-home:ro,Z" "-e" "SOURCE_DIR=/opt/rustwide/workdir" "-e" "CARGO_TARGET_DIR=/opt/rustwide/target" "-e" "CARGO_INCREMENTAL=0" "-e" "RUST_BACKTRACE=full" "-e" "RUSTFLAGS=--cap-lints=warn" "-e" "RUSTDOCFLAGS=--cap-lints=warn" "-e" "CARGO_HOME=/opt/rustwide/cargo-home" "-e" "RUSTUP_HOME=/opt/rustwide/rustup-home" "-w" "/opt/rustwide/workdir" "-m" "1610612736" "--user" "0:0" "--network" "none" "ghcr.io/rust-lang/crates-build-env/linux@sha256:2788e3201cd34a07e3172128adcd8b3090168a8e3bcc40d7c032b9dda1df7d1c" "/opt/rustwide/cargo-home/bin/cargo" "+1.75.0" "test" "--frozen" "--no-run" "--message-format=json", kill_on_drop: false }`
[INFO] [stdout] 18dc478eab88d22a012905cab0eb00a59d7efc036274be5d6ce3b69c23602a55
[INFO] running `Command { std: "docker" "start" "-a" "18dc478eab88d22a012905cab0eb00a59d7efc036274be5d6ce3b69c23602a55", kill_on_drop: false }`
[INFO] [stderr]    Compiling semver v1.0.21
[INFO] [stderr]    Compiling memchr v2.7.1
[INFO] [stderr]    Compiling rand_chacha v0.3.1
[INFO] [stderr]    Compiling hashbrown v0.14.3
[INFO] [stderr]    Compiling equivalent v1.0.1
[INFO] [stderr]    Compiling ark-ff-macros v0.4.2
[INFO] [stderr]    Compiling pin-project-lite v0.2.13
[INFO] [stderr]    Compiling regex-syntax v0.8.2
[INFO] [stderr]    Compiling bytes v1.5.0
[INFO] [stderr]    Compiling darling_core v0.20.3
[INFO] [stderr]    Compiling rustc_version v0.4.0
[INFO] [stderr]    Compiling rand v0.8.5
[INFO] [stderr]    Compiling indexmap v2.1.0
[INFO] [stderr]    Compiling aho-corasick v1.1.2
[INFO] [stderr]    Compiling solana-frozen-abi-macro v1.16.24
[INFO] [stderr]    Compiling solana-frozen-abi v1.16.24
[INFO] [stderr]    Compiling solana-program v1.16.24
[INFO] [stderr]    Compiling toml_edit v0.19.15
[INFO] [stderr]    Compiling ark-std v0.4.0
[INFO] [stderr]    Compiling lock_api v0.4.11
[INFO] [stderr]    Compiling ark-serialize v0.4.2
[INFO] [stderr]    Compiling parking_lot_core v0.9.9
[INFO] [stderr]    Compiling futures-core v0.3.30
[INFO] [stderr]    Compiling regex-automata v0.4.3
[INFO] [stderr]    Compiling ark-ff v0.4.2
[INFO] [stderr]    Compiling smallvec v1.11.2
[INFO] [stderr]    Compiling scopeguard v1.2.0
[INFO] [stderr]    Compiling chrono v0.4.31
[INFO] [stderr]    Compiling proc-macro-crate v1.3.1
[INFO] [stderr]    Compiling darling_macro v0.20.3
[INFO] [stderr]    Compiling slab v0.4.9
[INFO] [stderr]    Compiling solana-sdk v1.16.24
[INFO] [stderr]    Compiling num_cpus v1.16.0
[INFO] [stderr]    Compiling darling v0.20.3
[INFO] [stderr]    Compiling serde_with_macros v2.3.3
[INFO] [stderr]    Compiling parking_lot v0.12.1
[INFO] [stderr]    Compiling ring v0.17.7
[INFO] [stderr]    Compiling futures-sink v0.3.30
[INFO] [stderr]    Compiling num_enum_derive v0.6.1
[INFO] [stderr]    Compiling tokio-macros v2.2.0
[INFO] [stderr]    Compiling mio v0.8.10
[INFO] [stderr]    Compiling socket2 v0.5.5
[INFO] [stderr]    Compiling regex v1.10.2
[INFO] [stderr]    Compiling serde_with v2.3.3
[INFO] [stderr]    Compiling signal-hook-registry v1.4.1
[INFO] [stderr]    Compiling untrusted v0.9.0
[INFO] [stderr]    Compiling env_logger v0.9.3
[INFO] [stderr]    Compiling tokio v1.35.1
[INFO] [stderr]    Compiling spin v0.9.8
[INFO] [stderr]    Compiling solana-logger v1.16.24
[INFO] [stderr]    Compiling pin-utils v0.1.0
[INFO] [stderr]    Compiling futures-channel v0.3.30
[INFO] [stderr]    Compiling futures-macro v0.3.30
[INFO] [stderr]    Compiling tracing-core v0.1.32
[INFO] [stderr]    Compiling num_enum v0.6.1
[INFO] [stderr]    Compiling futures-task v0.3.30
[INFO] [stderr]    Compiling futures-io v0.3.30
[INFO] [stderr]    Compiling tracing-attributes v0.1.27
[INFO] [stderr]    Compiling http v0.2.11
[INFO] [stderr]    Compiling httparse v1.8.0
[INFO] [stderr]    Compiling form_urlencoded v1.2.1
[INFO] [stderr]    Compiling crossbeam-channel v0.5.10
[INFO] [stderr]    Compiling unicode-bidi v0.3.14
[INFO] [stderr]    Compiling futures-util v0.3.30
[INFO] [stderr]    Compiling idna v0.5.0
[INFO] [stderr]    Compiling rustls-pemfile v1.0.4
[INFO] [stderr]    Compiling crc32fast v1.3.2
[INFO] [stderr]    Compiling alloc-no-stdlib v2.0.4
[INFO] [stderr]    Compiling rustls v0.21.10
[INFO] [stderr]    Compiling alloc-stdlib v0.2.2
[INFO] [stderr]    Compiling url v2.5.0
[INFO] [stderr]    Compiling tracing v0.1.40
[INFO] [stderr]    Compiling try-lock v0.2.5
[INFO] [stderr]    Compiling adler v1.0.2
[INFO] [stderr]    Compiling want v0.3.1
[INFO] [stderr]    Compiling miniz_oxide v0.7.1
[INFO] [stderr]    Compiling brotli-decompressor v2.5.1
[INFO] [stderr]    Compiling http-body v0.4.6
[INFO] [stderr]    Compiling num-bigint v0.2.6
[INFO] [stderr]    Compiling httpdate v1.0.3
[INFO] [stderr]    Compiling tower-service v0.3.2
[INFO] [stderr]    Compiling num-iter v0.1.43
[INFO] [stderr]    Compiling flate2 v1.0.28
[INFO] [stderr]    Compiling num-complex v0.2.4
[INFO] [stderr]    Compiling num-rational v0.2.4
[INFO] [stderr]    Compiling serde_urlencoded v0.7.1
[INFO] [stderr]    Compiling scroll_derive v0.11.1
[INFO] [stderr]    Compiling brotli v3.4.0
[INFO] [stderr]    Compiling encoding_rs v0.8.33
[INFO] [stderr]    Compiling tokio-util v0.7.10
[INFO] [stderr]    Compiling winapi v0.3.9
[INFO] [stderr]    Compiling ipnet v2.9.0
[INFO] [stderr]    Compiling ark-poly v0.4.2
[INFO] [stderr]    Compiling h2 v0.3.22
[INFO] [stderr]    Compiling webpki-roots v0.25.3
[INFO] [stderr]    Compiling mime v0.3.17
[INFO] [stderr]    Compiling unreachable v1.0.0
[INFO] [stderr]    Compiling scroll v0.11.0
[INFO] [stderr]    Compiling gethostname v0.2.3
[INFO] [stderr]    Compiling ascii v0.9.3
[INFO] [stderr]    Compiling ark-ec v0.4.2
[INFO] [stderr]    Compiling num v0.2.1
[INFO] [stderr]    Compiling combine v3.8.1
[INFO] [stderr]    Compiling goblin v0.5.4
[INFO] [stderr]    Compiling solana-program-runtime v1.16.24
[INFO] [stderr]    Compiling hash32 v0.2.1
[INFO] [stderr]    Compiling enum-iterator-derive v1.2.1
[INFO] [stderr]    Compiling rustc-demangle v0.1.23
[INFO] [stderr]    Compiling percentage v0.1.0
[INFO] [stderr]    Compiling eager v0.1.0
[INFO] [stderr]    Compiling pkg-config v0.3.28
[INFO] [stderr]    Compiling ark-bn254 v0.4.0
[INFO] [stderr]    Compiling async-compression v0.4.5
[INFO] [stderr]    Compiling enum-iterator v1.4.1
[INFO] [stderr]    Compiling ring v0.16.20
[INFO] [stderr]    Compiling toml_edit v0.20.2
[INFO] [stderr]    Compiling untrusted v0.7.1
[INFO] [stderr]    Compiling zstd-sys v2.0.9+zstd.1.5.5
[INFO] [stderr]    Compiling hyper v0.14.28
[INFO] [stderr]    Compiling futures-executor v0.3.30
[INFO] [stderr]    Compiling solana_rbpf v0.6.1
[INFO] [stderr]    Compiling proc-macro-crate v2.0.1
[INFO] [stderr]    Compiling time-core v0.1.2
[INFO] [stderr]    Compiling powerfmt v0.2.0
[INFO] [stderr]    Compiling async-trait v0.1.77
[INFO] [stderr]    Compiling deranged v0.3.11
[INFO] [stderr]    Compiling num_enum_derive v0.7.1
[INFO] [stderr]    Compiling time-macros v0.2.16
[INFO] [stderr]    Compiling solana-vote-program v1.16.24
[INFO] [stderr]    Compiling zstd-safe v5.0.2+zstd.1.5.2
[INFO] [stderr]    Compiling rustls v0.20.9
[INFO] [stderr]    Compiling proc-macro2 v0.4.30
[INFO] [stderr]    Compiling solana-version v1.16.24
[INFO] [stderr]    Compiling solana-address-lookup-table-program v1.16.24
[INFO] [stderr]    Compiling futures v0.3.30
[INFO] [stderr]    Compiling hashbrown v0.12.3
[INFO] [stderr]    Compiling num_enum v0.7.1
[INFO] [stderr]    Compiling syn v0.15.44
[INFO] [stderr]    Compiling rustix v0.38.28
[INFO] [stderr]    Compiling unicode-width v0.1.11
[INFO] [stderr]    Compiling time v0.3.31
[INFO] [stderr]    Compiling quote v0.6.13
[INFO] [stderr]    Compiling bitflags v2.4.1
[INFO] [stderr]    Compiling linux-raw-sys v0.4.12
[INFO] [stderr]    Compiling Inflector v0.11.4
[INFO] [stderr]    Compiling minimal-lexical v0.2.1
[INFO] [stderr]    Compiling unicode-xid v0.2.4
[INFO] [stderr]    Compiling synstructure v0.12.6
[INFO] [stderr]    Compiling nom v7.1.3
[INFO] [stderr]    Compiling nix v0.26.4
[INFO] [stderr]    Compiling indexmap v1.9.3
[INFO] [stderr]    Compiling console v0.15.7
[INFO] [stderr]    Compiling dlopen_derive v0.1.4
[INFO] [stderr]    Compiling solana-perf v1.16.24
[INFO] [stderr]    Compiling rusticata-macros v4.1.0
[INFO] [stderr]    Compiling yasna v0.5.2
[INFO] [stderr]    Compiling asn1-rs-derive v0.4.0
[INFO] [stderr]    Compiling jsonrpc-core v18.0.0
[INFO] [stderr]    Compiling dlopen v0.1.8
[INFO] [stderr]    Compiling pem v1.1.1
[INFO] [stderr]    Compiling solana-rayon-threadlimit v1.16.24
[INFO] [stderr]    Compiling caps v0.5.5
[INFO] [stderr]    Compiling displaydoc v0.2.4
[INFO] [stderr]    Compiling asn1-rs-impl v0.1.0
[INFO] [stderr]    Compiling fastrand v2.0.1
[INFO] [stderr]    Compiling openssl-probe v0.1.5
[INFO] [stderr]    Compiling portable-atomic v1.6.0
[INFO] [stderr]    Compiling rustls-native-certs v0.6.3
[INFO] [stderr]    Compiling tempfile v3.9.0
[INFO] [stderr]    Compiling rcgen v0.10.0
[INFO] [stderr]    Compiling socket2 v0.4.10
[INFO] [stderr]    Compiling oid-registry v0.6.1
[INFO] [stderr]    Compiling const-oid v0.7.1
[INFO] [stderr]    Compiling asn1-rs v0.5.2
[INFO] [stderr]    Compiling der v0.5.1
[INFO] [stderr]    Compiling pin-project-internal v1.1.3
[INFO] [stderr]    Compiling proc-macro-error-attr v1.0.4
[INFO] [stderr]    Compiling event-listener v2.5.3
[INFO] [stderr]    Compiling base64ct v1.6.0
[INFO] [stderr]    Compiling os_str_bytes v6.6.1
[INFO] [stderr]    Compiling number_prefix v0.4.0
[INFO] [stderr]    Compiling spki v0.5.4
[INFO] [stderr]    Compiling indicatif v0.17.7
[INFO] [stderr]    Compiling clap_lex v0.2.4
[INFO] [stderr]    Compiling der-parser v8.2.0
[INFO] [stderr]    Compiling concurrent-queue v2.4.0
[INFO] [stderr]    Compiling sha-1 v0.10.1
[INFO] [stderr]    Compiling proc-macro-error v1.0.4
[INFO] [stderr]    Compiling spl-program-error v0.3.0
[INFO] [stderr]    Compiling spl-discriminator v0.1.0
[INFO] [stderr]    Compiling spl-token v4.0.0
[INFO] [stderr]    Compiling spl-memo v4.0.0
[INFO] [stderr]    Compiling pin-project v1.1.3
[INFO] [stderr]    Compiling textwrap v0.16.0
[INFO] [stderr]    Compiling shell-words v1.1.0
[INFO] [stderr]    Compiling data-encoding v2.5.0
[INFO] [stderr]    Compiling utf-8 v0.7.6
[INFO] [stderr]    Compiling x509-parser v0.14.0
[INFO] [stderr]    Compiling clap v3.2.25
[INFO] [stderr]    Compiling dialoguer v0.10.4
[INFO] [stderr]    Compiling async-channel v1.9.0
[INFO] [stderr]    Compiling pkcs8 v0.8.0
[INFO] [stderr]    Compiling textwrap v0.11.0
[INFO] [stderr]    Compiling bzip2-sys v0.1.11+1.0.8
[INFO] [stderr]    Compiling enum-ordinalize v3.1.15
[INFO] [stderr]    Compiling sharded-slab v0.1.7
[INFO] [stderr]    Compiling lz4-sys v1.9.4
[INFO] [stderr]    Compiling rtoolbox v0.0.2
[INFO] [stderr]    Compiling thread_local v1.1.7
[INFO] [stderr]    Compiling histogram v0.6.9
[INFO] [stderr]    Compiling ansi_term v0.12.1
[INFO] [stderr]    Compiling strsim v0.8.0
[INFO] [stderr]    Compiling vec_map v0.8.2
[INFO] [stderr]    Compiling educe v0.4.23
[INFO] [stderr]    Compiling clap v2.34.0
[INFO] [stderr]    Compiling tracing-subscriber v0.3.18
[INFO] [stderr]    Compiling rpassword v7.3.1
[INFO] [stderr]    Compiling opentelemetry v0.17.0
[INFO] [stderr]    Compiling tokio-stream v0.1.14
[INFO] [stderr]    Compiling solana-stake-program v1.16.24
[INFO] [stderr]    Compiling modular-bitfield-impl v0.11.2
[INFO] [stderr]    Compiling tracing-opentelemetry v0.17.4
[INFO] [stderr]    Compiling ouroboros_macro v0.15.6
[INFO] [stderr]    Compiling strum_macros v0.24.3
[INFO] [stderr]    Compiling modular-bitfield v0.11.2
[INFO] [stderr]    Compiling solana-measure v1.16.24
[INFO] [stderr]    Compiling solana-zk-token-sdk v1.16.24
[INFO] [stderr]    Compiling solana-remote-wallet v1.16.24
[INFO] [stderr]    Compiling solana-net-utils v1.16.24
[INFO] [stderr]    Compiling walkdir v2.4.0
[INFO] [stderr]    Compiling tokio-serde v0.8.0
[INFO] [stderr]    Compiling async-mutex v1.4.0
[INFO] [stderr]    Compiling xattr v1.2.0
[INFO] [stderr]    Compiling tokio-util v0.6.10
[INFO] [stderr]    Compiling solana-runtime v1.16.24
[INFO] [stderr]    Compiling tarpc-plugins v0.12.0
[INFO] [stderr]    Compiling filetime v0.2.23
[INFO] [stderr]    Compiling aliasable v0.1.3
[INFO] [stderr]    Compiling tar v0.4.40
[INFO] [stderr]    Compiling ouroboros v0.15.6
[INFO] [stderr]    Compiling strum v0.24.1
[INFO] [stderr]    Compiling dir-diff v0.3.3
[INFO] [stderr]    Compiling solana-bucket-map v1.16.24
[INFO] [stderr]    Compiling lru v0.7.8
[INFO] [stderr]    Compiling dashmap v4.0.2
[INFO] [stderr]    Compiling index_list v0.2.11
[INFO] [stderr]    Compiling symlink v0.1.0
[INFO] [stderr]    Compiling anchor-lang v0.29.0
[INFO] [stderr]    Compiling mpl-token-metadata v3.2.3
[INFO] [stderr]    Compiling chrono-humanize v0.2.3
[INFO] [stderr]    Compiling tarpc v0.29.0
[INFO] [stderr]    Compiling mocha v0.1.1
[INFO] [stderr]    Compiling libreplex_inscriptions v0.3.0
[INFO] [stderr]    Compiling solana-banks-interface v1.16.24
[INFO] [stderr]    Compiling bzip2 v0.4.4
[INFO] [stderr]    Compiling solana-banks-client v1.16.24
[INFO] [stderr]    Compiling spl-pod v0.1.0
[INFO] [stderr]    Compiling spl-type-length-value v0.3.0
[INFO] [stderr]    Compiling spl-tlv-account-resolution v0.4.0
[INFO] [stderr]    Compiling spl-token-metadata-interface v0.2.0
[INFO] [stderr]    Compiling sct v0.7.1
[INFO] [stderr]    Compiling rustls-webpki v0.101.7
[INFO] [stderr]    Compiling webpki v0.22.4
[INFO] [stderr]    Compiling lz4 v1.24.0
[INFO] [stderr]    Compiling spl-transfer-hook-interface v0.3.0
[INFO] [stderr]    Compiling zstd v0.11.2+zstd.1.5.2
[INFO] [stderr]    Compiling webpki-roots v0.22.6
[INFO] [stderr]    Compiling spl-token-2022 v0.9.0
[INFO] [stderr]    Compiling tokio-rustls v0.24.1
[INFO] [stderr]    Compiling quinn-proto v0.9.6
[INFO] [stderr]    Compiling tokio-rustls v0.23.4
[INFO] [stderr]    Compiling tungstenite v0.17.3
[INFO] [stderr]    Compiling hyper-rustls v0.24.2
[INFO] [stderr]    Compiling reqwest v0.11.23
[INFO] [stderr]    Compiling tokio-tungstenite v0.17.2
[INFO] [stderr]    Compiling solana-metrics v1.16.24
[INFO] [stderr]    Compiling solana-connection-cache v1.16.24
[INFO] [stderr]    Compiling quinn-udp v0.3.2
[INFO] [stderr]    Compiling quinn v0.9.4
[INFO] [stderr]    Compiling solana-config-program v1.16.24
[INFO] [stderr]    Compiling spl-associated-token-account v2.2.0
[INFO] [stderr]    Compiling solana-account-decoder v1.16.24
[INFO] [stderr]    Compiling solana-zk-token-proof-program v1.16.24
[INFO] [stderr]    Compiling solana-system-program v1.16.24
[INFO] [stderr]    Compiling solana-bpf-loader-program v1.16.24
[INFO] [stderr]    Compiling solana-loader-v4-program v1.16.24
[INFO] [stderr]    Compiling solana-streamer v1.16.24
[INFO] [stderr]    Compiling solana-clap-utils v1.16.24
[INFO] [stderr]    Compiling solana-compute-budget-program v1.16.24
[INFO] [stderr]    Compiling anchor-spl v0.29.0
[INFO] [stderr]    Compiling solana-udp-client v1.16.24
[INFO] [stderr]    Compiling solana-transaction-status v1.16.24
[INFO] [stderr]    Compiling libreplex_legacy v0.1.0 (/opt/rustwide/workdir)
[INFO] [stdout] warning: ambiguous glob re-exports
[INFO] [stdout]   --> src/instructions/mod.rs:3:9
[INFO] [stdout]    |
[INFO] [stdout] 3  | pub use inscribe_legacy_metadata_as_uauth::*;
[INFO] [stdout]    |         ^^^^^^^^^^^^^^^^^^^^^^^^^^^^^^^^^^^^ the name `handler` in the value namespace is first re-exported here
[INFO] [stdout] ...
[INFO] [stdout] 43 | pub use claim_excess_rent_as_uauth::*;
[INFO] [stdout]    |         ----------------------------- but the name `handler` in the value namespace is also re-exported here
[INFO] [stdout]    |
[INFO] [stdout]    = note: `#[warn(ambiguous_glob_reexports)]` on by default
[INFO] [stdout] 
[INFO] [stdout] 
[INFO] [stdout] warning: unused doc comment
[INFO] [stdout]   --> src/instructions/create_legacy_inscription_logic.rs:77:17
[INFO] [stdout]    |
[INFO] [stdout] 77 | /                 /// since root in this case can not sign,
[INFO] [stdout] 78 | |                 /// this legacy inscription must be the signer
[INFO] [stdout] 79 | |                 /// this is ok as the inscriptions guarantee uniqueness
[INFO] [stdout] 80 | |                 /// per mint.
[INFO] [stdout]    | |_____________________________^
[INFO] [stdout] 81 |                   signer: legacy_signer.to_account_info(),
[INFO] [stdout]    |                   --------------------------------------- rustdoc does not generate documentation for expression fields
[INFO] [stdout]    |
[INFO] [stdout]    = help: use `//` for a plain comment
[INFO] [stdout]    = note: `#[warn(unused_doc_comments)]` on by default
[INFO] [stdout] 
[INFO] [stdout] 
[INFO] [stderr]    Compiling solana-rpc-client-api v1.16.24
[INFO] [stderr]    Compiling solana-rpc-client v1.16.24
[INFO] [stderr]    Compiling solana-pubsub-client v1.16.24
[INFO] [stderr]    Compiling solana-quic-client v1.16.24
[INFO] [stdout] warning: 2 warnings emitted
[INFO] [stdout] 
[INFO] [stdout] 
[INFO] [stderr]    Compiling solana-rpc-client-nonce-utils v1.16.24
[INFO] [stderr]    Compiling solana-thin-client v1.16.24
[INFO] [stderr]    Compiling solana-tpu-client v1.16.24
[INFO] [stderr]    Compiling solana-client v1.16.24
[INFO] [stderr]    Compiling solana-send-transaction-service v1.16.24
[INFO] [stderr]    Compiling solana-banks-server v1.16.24
[INFO] [stderr] error: could not compile `solana-runtime` (lib)
[INFO] [stderr] 
[INFO] [stderr] Caused by:
[INFO] [stderr]   process didn't exit successfully: `/opt/rustwide/rustup-home/toolchains/1.75.0-x86_64-unknown-linux-gnu/bin/rustc --crate-name solana_runtime --edition=2021 /opt/rustwide/cargo-home/registry/src/index.crates.io-6f17d22bba15001f/solana-runtime-1.16.24/src/lib.rs --error-format=json --json=diagnostic-rendered-ansi,artifacts,future-incompat --crate-type lib --emit=dep-info,metadata,link -C embed-bitcode=no -C debuginfo=2 -C metadata=43aed5a9b027c45c -C extra-filename=-43aed5a9b027c45c --out-dir /opt/rustwide/target/debug/deps -L dependency=/opt/rustwide/target/debug/deps --extern arrayref=/opt/rustwide/target/debug/deps/libarrayref-50afdd1ea8722a59.rmeta --extern base64=/opt/rustwide/target/debug/deps/libbase64-c757f6e1d18850a5.rmeta --extern bincode=/opt/rustwide/target/debug/deps/libbincode-95de71903ae2078e.rmeta --extern blake3=/opt/rustwide/target/debug/deps/libblake3-9da56c1f0fe27009.rmeta --extern bv=/opt/rustwide/target/debug/deps/libbv-11c020c6c1238fe7.rmeta --extern bytemuck=/opt/rustwide/target/debug/deps/libbytemuck-cc2b7e32b1fa97dd.rmeta --extern byteorder=/opt/rustwide/target/debug/deps/libbyteorder-db3530720cb60445.rmeta --extern bzip2=/opt/rustwide/target/debug/deps/libbzip2-ffe053a325d4dd5b.rmeta --extern crossbeam_channel=/opt/rustwide/target/debug/deps/libcrossbeam_channel-b32dc1781d1417ad.rmeta --extern dashmap=/opt/rustwide/target/debug/deps/libdashmap-2abbfc1b9f1c0531.rmeta --extern dir_diff=/opt/rustwide/target/debug/deps/libdir_diff-8395a0a60f4804c9.rmeta --extern flate2=/opt/rustwide/target/debug/deps/libflate2-1347a47922d98cc4.rmeta --extern fnv=/opt/rustwide/target/debug/deps/libfnv-18bf5144d055e772.rmeta --extern im=/opt/rustwide/target/debug/deps/libim-a43f10345393f546.rmeta --extern index_list=/opt/rustwide/target/debug/deps/libindex_list-d3396bf08d9cd571.rmeta --extern itertools=/opt/rustwide/target/debug/deps/libitertools-6cb14deec1f5a3d6.rmeta --extern lazy_static=/opt/rustwide/target/debug/deps/liblazy_static-591486ebcb9a7ead.rmeta --extern log=/opt/rustwide/target/debug/deps/liblog-e491f2c1d0b13538.rmeta --extern lru=/opt/rustwide/target/debug/deps/liblru-69c45e11aeba59e8.rmeta --extern lz4=/opt/rustwide/target/debug/deps/liblz4-b2d61b3a052a7f24.rmeta --extern memmap2=/opt/rustwide/target/debug/deps/libmemmap2-0b893401ca7caafa.rmeta --extern modular_bitfield=/opt/rustwide/target/debug/deps/libmodular_bitfield-818880347aee3c09.rmeta --extern num_derive=/opt/rustwide/target/debug/deps/libnum_derive-a7ddfe81d21bfc12.so --extern num_traits=/opt/rustwide/target/debug/deps/libnum_traits-aa75f3964f70d2b4.rmeta --extern num_cpus=/opt/rustwide/target/debug/deps/libnum_cpus-d4708e9618b376f9.rmeta --extern num_enum=/opt/rustwide/target/debug/deps/libnum_enum-b28b328fbef7842b.rmeta --extern once_cell=/opt/rustwide/target/debug/deps/libonce_cell-63be820ac0ed0954.rmeta --extern ouroboros=/opt/rustwide/target/debug/deps/libouroboros-da76b66f14473ff9.rmeta --extern percentage=/opt/rustwide/target/debug/deps/libpercentage-b90745ee05f43343.rmeta --extern rand=/opt/rustwide/target/debug/deps/librand-cd691895ef6f0a4c.rmeta --extern rayon=/opt/rustwide/target/debug/deps/librayon-f7738fa20d1ce222.rmeta --extern regex=/opt/rustwide/target/debug/deps/libregex-c29b4deb876b3446.rmeta --extern serde=/opt/rustwide/target/debug/deps/libserde-b32c084b41583bc7.rmeta --extern serde_derive=/opt/rustwide/target/debug/deps/libserde_derive-1548d2cee77a080d.so --extern serde_json=/opt/rustwide/target/debug/deps/libserde_json-07e17ecf51ce24ae.rmeta --extern solana_address_lookup_table_program=/opt/rustwide/target/debug/deps/libsolana_address_lookup_table_program-2d46caa7b8bdf4b0.rmeta --extern solana_bpf_loader_program=/opt/rustwide/target/debug/deps/libsolana_bpf_loader_program-4c91dbe18df83a2b.rmeta --extern solana_bucket_map=/opt/rustwide/target/debug/deps/libsolana_bucket_map-9ad75088ebc2d25b.rmeta --extern solana_compute_budget_program=/opt/rustwide/target/debug/deps/libsolana_compute_budget_program-61ff67577ffca91d.rmeta --extern solana_config_program=/opt/rustwide/target/debug/deps/libsolana_config_program-e6f9fb6810c7f3d1.rmeta --extern solana_frozen_abi=/opt/rustwide/target/debug/deps/libsolana_frozen_abi-751e520bb940055d.rmeta --extern solana_frozen_abi_macro=/opt/rustwide/target/debug/deps/libsolana_frozen_abi_macro-63debc70b4a152c9.so --extern solana_loader_v4_program=/opt/rustwide/target/debug/deps/libsolana_loader_v4_program-77323a0c62527730.rmeta --extern solana_measure=/opt/rustwide/target/debug/deps/libsolana_measure-780a866bc39496e8.rmeta --extern solana_metrics=/opt/rustwide/target/debug/deps/libsolana_metrics-47f0c768a0bb123e.rmeta --extern solana_perf=/opt/rustwide/target/debug/deps/libsolana_perf-9df442bf86a87d53.rmeta --extern solana_program_runtime=/opt/rustwide/target/debug/deps/libsolana_program_runtime-a9686d67c1f7f054.rmeta --extern solana_rayon_threadlimit=/opt/rustwide/target/debug/deps/libsolana_rayon_threadlimit-fc17650018447153.rmeta --extern solana_sdk=/opt/rustwide/target/debug/deps/libsolana_sdk-1786dfe84b89e11b.rlib --extern solana_stake_program=/opt/rustwide/target/debug/deps/libsolana_stake_program-73536ce3b933eea0.rmeta --extern solana_system_program=/opt/rustwide/target/debug/deps/libsolana_system_program-ebdebbba7dea0fd2.rmeta --extern solana_version=/opt/rustwide/target/debug/deps/libsolana_version-97eb346007eacfa3.rmeta --extern solana_vote_program=/opt/rustwide/target/debug/deps/libsolana_vote_program-1530bc4cb202e2fe.rmeta --extern solana_zk_token_proof_program=/opt/rustwide/target/debug/deps/libsolana_zk_token_proof_program-aa903b60b013df38.rmeta --extern solana_zk_token_sdk=/opt/rustwide/target/debug/deps/libsolana_zk_token_sdk-d2b5abd8034eb9e0.rlib --extern static_assertions=/opt/rustwide/target/debug/deps/libstatic_assertions-06b6572b5d394a0a.rmeta --extern strum=/opt/rustwide/target/debug/deps/libstrum-ab74787066881f9e.rmeta --extern strum_macros=/opt/rustwide/target/debug/deps/libstrum_macros-ae484cb12520b055.so --extern symlink=/opt/rustwide/target/debug/deps/libsymlink-fa06d6ea37dfc662.rmeta --extern tar=/opt/rustwide/target/debug/deps/libtar-a69a8d3fdd4c7537.rmeta --extern tempfile=/opt/rustwide/target/debug/deps/libtempfile-882d5801d38276f8.rmeta --extern thiserror=/opt/rustwide/target/debug/deps/libthiserror-6351954f78a80348.rmeta --extern zstd=/opt/rustwide/target/debug/deps/libzstd-ea45ebb1dde95923.rmeta --cap-lints allow --cap-lints=warn -L native=/opt/rustwide/target/debug/build/blake3-2e873ad6d3a47a14/out -L native=/opt/rustwide/target/debug/build/blake3-2e873ad6d3a47a14/out -L native=/opt/rustwide/target/debug/build/bzip2-sys-bb480821535dc3c9/out/lib -L native=/opt/rustwide/target/debug/build/lz4-sys-9aca326a8f8f04ad/out -L native=/opt/rustwide/target/debug/build/ring-bc33381d8bf19307/out -L native=/opt/rustwide/target/debug/build/zstd-sys-374fa9c7cfce4be1/out --cfg RUSTC_WITHOUT_SPECIALIZATION` (signal: 9, SIGKILL: kill)
[INFO] [stderr] warning: build failed, waiting for other jobs to finish...
[INFO] running `Command { std: "docker" "inspect" "18dc478eab88d22a012905cab0eb00a59d7efc036274be5d6ce3b69c23602a55", kill_on_drop: false }`
[INFO] running `Command { std: "docker" "rm" "-f" "18dc478eab88d22a012905cab0eb00a59d7efc036274be5d6ce3b69c23602a55", kill_on_drop: false }`
[INFO] [stdout] 18dc478eab88d22a012905cab0eb00a59d7efc036274be5d6ce3b69c23602a55
[INFO] testing libreplex_legacy-0.1.0 against beta-2023-12-22 for beta-1.76-1
[INFO] extracting crate libreplex_legacy 0.1.0 into /workspace/builds/worker-0-tc2/source
[INFO] validating manifest of crates.io crate libreplex_legacy 0.1.0 on toolchain beta-2023-12-22
[INFO] running `Command { std: CARGO_HOME="/workspace/cargo-home" RUSTUP_HOME="/workspace/rustup-home" "/workspace/cargo-home/bin/cargo" "+beta-2023-12-22" "metadata" "--manifest-path" "Cargo.toml" "--no-deps", kill_on_drop: false }`
[INFO] started tweaking crates.io crate libreplex_legacy 0.1.0
[INFO] finished tweaking crates.io crate libreplex_legacy 0.1.0
[INFO] tweaked toml for crates.io crate libreplex_legacy 0.1.0 written to /workspace/builds/worker-0-tc2/source/Cargo.toml
[INFO] running `Command { std: CARGO_HOME="/workspace/cargo-home" RUSTUP_HOME="/workspace/rustup-home" "/workspace/cargo-home/bin/cargo" "+beta-2023-12-22" "generate-lockfile" "--manifest-path" "Cargo.toml", kill_on_drop: false }`
[INFO] [stderr]     Blocking waiting for file lock on package cache
[ERROR] error running command: no output for 300 seconds
[INFO] testing libreplex_legacy-0.1.0 against beta-2023-12-22 for beta-1.76-1
[INFO] extracting crate libreplex_legacy 0.1.0 into /workspace/builds/worker-0-tc2/source
[INFO] validating manifest of crates.io crate libreplex_legacy 0.1.0 on toolchain beta-2023-12-22
[INFO] running `Command { std: CARGO_HOME="/workspace/cargo-home" RUSTUP_HOME="/workspace/rustup-home" "/workspace/cargo-home/bin/cargo" "+beta-2023-12-22" "metadata" "--manifest-path" "Cargo.toml" "--no-deps", kill_on_drop: false }`
[INFO] started tweaking crates.io crate libreplex_legacy 0.1.0
[INFO] finished tweaking crates.io crate libreplex_legacy 0.1.0
[INFO] tweaked toml for crates.io crate libreplex_legacy 0.1.0 written to /workspace/builds/worker-0-tc2/source/Cargo.toml
[INFO] running `Command { std: CARGO_HOME="/workspace/cargo-home" RUSTUP_HOME="/workspace/rustup-home" "/workspace/cargo-home/bin/cargo" "+beta-2023-12-22" "generate-lockfile" "--manifest-path" "Cargo.toml", kill_on_drop: false }`
[INFO] [stderr]     Blocking waiting for file lock on package cache
[INFO] [stderr]     Updating crates.io index
[INFO] running `Command { std: CARGO_HOME="/workspace/cargo-home" RUSTUP_HOME="/workspace/rustup-home" "/workspace/cargo-home/bin/cargo" "+beta-2023-12-22" "fetch" "--manifest-path" "Cargo.toml", kill_on_drop: false }`
[INFO] [stderr]     Blocking waiting for file lock on package cache
[ERROR] error running command: no output for 300 seconds
[INFO] testing libreplex_legacy-0.1.0 against beta-2023-12-22 for beta-1.76-1
[INFO] extracting crate libreplex_legacy 0.1.0 into /workspace/builds/worker-0-tc2/source
[INFO] validating manifest of crates.io crate libreplex_legacy 0.1.0 on toolchain beta-2023-12-22
[INFO] running `Command { std: CARGO_HOME="/workspace/cargo-home" RUSTUP_HOME="/workspace/rustup-home" "/workspace/cargo-home/bin/cargo" "+beta-2023-12-22" "metadata" "--manifest-path" "Cargo.toml" "--no-deps", kill_on_drop: false }`
[INFO] started tweaking crates.io crate libreplex_legacy 0.1.0
[INFO] finished tweaking crates.io crate libreplex_legacy 0.1.0
[INFO] tweaked toml for crates.io crate libreplex_legacy 0.1.0 written to /workspace/builds/worker-0-tc2/source/Cargo.toml
[INFO] running `Command { std: CARGO_HOME="/workspace/cargo-home" RUSTUP_HOME="/workspace/rustup-home" "/workspace/cargo-home/bin/cargo" "+beta-2023-12-22" "generate-lockfile" "--manifest-path" "Cargo.toml", kill_on_drop: false }`
[INFO] [stderr]     Blocking waiting for file lock on package cache
[INFO] [stderr]     Updating crates.io index
[INFO] running `Command { std: CARGO_HOME="/workspace/cargo-home" RUSTUP_HOME="/workspace/rustup-home" "/workspace/cargo-home/bin/cargo" "+beta-2023-12-22" "fetch" "--manifest-path" "Cargo.toml", kill_on_drop: false }`
[INFO] [stderr]     Blocking waiting for file lock on package cache
[ERROR] error running command: no output for 300 seconds
[INFO] testing libreplex_legacy-0.1.0 against beta-2023-12-22 for beta-1.76-1
[INFO] extracting crate libreplex_legacy 0.1.0 into /workspace/builds/worker-0-tc2/source
[INFO] validating manifest of crates.io crate libreplex_legacy 0.1.0 on toolchain beta-2023-12-22
[INFO] running `Command { std: CARGO_HOME="/workspace/cargo-home" RUSTUP_HOME="/workspace/rustup-home" "/workspace/cargo-home/bin/cargo" "+beta-2023-12-22" "metadata" "--manifest-path" "Cargo.toml" "--no-deps", kill_on_drop: false }`
[INFO] started tweaking crates.io crate libreplex_legacy 0.1.0
[INFO] finished tweaking crates.io crate libreplex_legacy 0.1.0
[INFO] tweaked toml for crates.io crate libreplex_legacy 0.1.0 written to /workspace/builds/worker-0-tc2/source/Cargo.toml
[INFO] running `Command { std: CARGO_HOME="/workspace/cargo-home" RUSTUP_HOME="/workspace/rustup-home" "/workspace/cargo-home/bin/cargo" "+beta-2023-12-22" "generate-lockfile" "--manifest-path" "Cargo.toml", kill_on_drop: false }`
[INFO] [stderr]     Blocking waiting for file lock on package cache
[INFO] [stderr]     Updating crates.io index
[INFO] running `Command { std: CARGO_HOME="/workspace/cargo-home" RUSTUP_HOME="/workspace/rustup-home" "/workspace/cargo-home/bin/cargo" "+beta-2023-12-22" "fetch" "--manifest-path" "Cargo.toml", kill_on_drop: false }`
[INFO] [stderr]     Blocking waiting for file lock on package cache
[ERROR] error running command: no output for 300 seconds
[INFO] testing libreplex_legacy-0.1.0 against beta-2023-12-22 for beta-1.76-1
[INFO] extracting crate libreplex_legacy 0.1.0 into /workspace/builds/worker-0-tc2/source
[INFO] validating manifest of crates.io crate libreplex_legacy 0.1.0 on toolchain beta-2023-12-22
[INFO] running `Command { std: CARGO_HOME="/workspace/cargo-home" RUSTUP_HOME="/workspace/rustup-home" "/workspace/cargo-home/bin/cargo" "+beta-2023-12-22" "metadata" "--manifest-path" "Cargo.toml" "--no-deps", kill_on_drop: false }`
[INFO] started tweaking crates.io crate libreplex_legacy 0.1.0
[INFO] finished tweaking crates.io crate libreplex_legacy 0.1.0
[INFO] tweaked toml for crates.io crate libreplex_legacy 0.1.0 written to /workspace/builds/worker-0-tc2/source/Cargo.toml
[INFO] running `Command { std: CARGO_HOME="/workspace/cargo-home" RUSTUP_HOME="/workspace/rustup-home" "/workspace/cargo-home/bin/cargo" "+beta-2023-12-22" "generate-lockfile" "--manifest-path" "Cargo.toml", kill_on_drop: false }`
[INFO] [stderr]     Blocking waiting for file lock on package cache
[INFO] [stderr]     Updating crates.io index
[INFO] running `Command { std: CARGO_HOME="/workspace/cargo-home" RUSTUP_HOME="/workspace/rustup-home" "/workspace/cargo-home/bin/cargo" "+beta-2023-12-22" "fetch" "--manifest-path" "Cargo.toml", kill_on_drop: false }`
[INFO] [stderr]     Blocking waiting for file lock on package cache
[ERROR] error running command: no output for 300 seconds
[ERROR] this task or one of its parent failed!
[ERROR] no output for 300 seconds
[ERROR] note: run with `RUST_BACKTRACE=1` to display a backtrace.
