[INFO] cloning repository https://github.com/ytorii/gazou100-rust
[INFO] running `Command { std: "git" "-c" "credential.helper=" "-c" "credential.helper=/workspace/cargo-home/bin/git-credential-null" "clone" "--bare" "https://github.com/ytorii/gazou100-rust" "/workspace/cache/git-repos/https%3A%2F%2Fgithub.com%2Fytorii%2Fgazou100-rust", kill_on_drop: false }`
[INFO] [stderr] Cloning into bare repository '/workspace/cache/git-repos/https%3A%2F%2Fgithub.com%2Fytorii%2Fgazou100-rust'...
[INFO] running `Command { std: "git" "rev-parse" "HEAD", kill_on_drop: false }`
[INFO] [stdout] a89fe8ee8387ac33b162e657376f7100502eb0cf
[INFO] testing ytorii/gazou100-rust against 1.75.0 for beta-1.76-1
[INFO] running `Command { std: "git" "clone" "/workspace/cache/git-repos/https%3A%2F%2Fgithub.com%2Fytorii%2Fgazou100-rust" "/workspace/builds/worker-6-tc1/source", kill_on_drop: false }`
[INFO] [stderr] Cloning into '/workspace/builds/worker-6-tc1/source'...
[INFO] [stderr] done.
[INFO] validating manifest of git repo https://github.com/ytorii/gazou100-rust on toolchain 1.75.0
[INFO] running `Command { std: CARGO_HOME="/workspace/cargo-home" RUSTUP_HOME="/workspace/rustup-home" "/workspace/cargo-home/bin/cargo" "+1.75.0" "metadata" "--manifest-path" "Cargo.toml" "--no-deps", kill_on_drop: false }`
[INFO] started tweaking git repo https://github.com/ytorii/gazou100-rust
[INFO] finished tweaking git repo https://github.com/ytorii/gazou100-rust
[INFO] tweaked toml for git repo https://github.com/ytorii/gazou100-rust written to /workspace/builds/worker-6-tc1/source/Cargo.toml
[INFO] crate git repo https://github.com/ytorii/gazou100-rust already has a lockfile, it will not be regenerated
[INFO] running `Command { std: CARGO_HOME="/workspace/cargo-home" RUSTUP_HOME="/workspace/rustup-home" "/workspace/cargo-home/bin/cargo" "+1.75.0" "fetch" "--manifest-path" "Cargo.toml", kill_on_drop: false }`
[INFO] [stderr]     Blocking waiting for file lock on package cache
[ERROR] error running command: no output for 300 seconds
[ERROR] this task or one of its parent failed!
[ERROR] no output for 300 seconds
[ERROR] note: run with `RUST_BACKTRACE=1` to display a backtrace.
[INFO] testing ytorii/gazou100-rust against beta-2023-12-22 for beta-1.76-1
[INFO] running `Command { std: "git" "clone" "/workspace/cache/git-repos/https%3A%2F%2Fgithub.com%2Fytorii%2Fgazou100-rust" "/workspace/builds/worker-6-tc2/source", kill_on_drop: false }`
[INFO] [stderr] Cloning into '/workspace/builds/worker-6-tc2/source'...
[INFO] [stderr] done.
[INFO] validating manifest of git repo https://github.com/ytorii/gazou100-rust on toolchain beta-2023-12-22
[INFO] running `Command { std: CARGO_HOME="/workspace/cargo-home" RUSTUP_HOME="/workspace/rustup-home" "/workspace/cargo-home/bin/cargo" "+beta-2023-12-22" "metadata" "--manifest-path" "Cargo.toml" "--no-deps", kill_on_drop: false }`
[INFO] started tweaking git repo https://github.com/ytorii/gazou100-rust
[INFO] finished tweaking git repo https://github.com/ytorii/gazou100-rust
[INFO] tweaked toml for git repo https://github.com/ytorii/gazou100-rust written to /workspace/builds/worker-6-tc2/source/Cargo.toml
[INFO] crate git repo https://github.com/ytorii/gazou100-rust already has a lockfile, it will not be regenerated
[INFO] running `Command { std: CARGO_HOME="/workspace/cargo-home" RUSTUP_HOME="/workspace/rustup-home" "/workspace/cargo-home/bin/cargo" "+beta-2023-12-22" "fetch" "--manifest-path" "Cargo.toml", kill_on_drop: false }`
[INFO] [stderr]     Blocking waiting for file lock on package cache
[INFO] [stderr]     Blocking waiting for file lock on package cache
[ERROR] error running command: no output for 300 seconds
[INFO] testing ytorii/gazou100-rust against beta-2023-12-22 for beta-1.76-1
[INFO] running `Command { std: "git" "clone" "/workspace/cache/git-repos/https%3A%2F%2Fgithub.com%2Fytorii%2Fgazou100-rust" "/workspace/builds/worker-6-tc2/source", kill_on_drop: false }`
[INFO] [stderr] Cloning into '/workspace/builds/worker-6-tc2/source'...
[INFO] [stderr] done.
[INFO] validating manifest of git repo https://github.com/ytorii/gazou100-rust on toolchain beta-2023-12-22
[INFO] running `Command { std: CARGO_HOME="/workspace/cargo-home" RUSTUP_HOME="/workspace/rustup-home" "/workspace/cargo-home/bin/cargo" "+beta-2023-12-22" "metadata" "--manifest-path" "Cargo.toml" "--no-deps", kill_on_drop: false }`
[INFO] started tweaking git repo https://github.com/ytorii/gazou100-rust
[INFO] finished tweaking git repo https://github.com/ytorii/gazou100-rust
[INFO] tweaked toml for git repo https://github.com/ytorii/gazou100-rust written to /workspace/builds/worker-6-tc2/source/Cargo.toml
[INFO] crate git repo https://github.com/ytorii/gazou100-rust already has a lockfile, it will not be regenerated
[INFO] running `Command { std: CARGO_HOME="/workspace/cargo-home" RUSTUP_HOME="/workspace/rustup-home" "/workspace/cargo-home/bin/cargo" "+beta-2023-12-22" "fetch" "--manifest-path" "Cargo.toml", kill_on_drop: false }`
[INFO] [stderr]     Blocking waiting for file lock on package cache
[INFO] [stderr]     Blocking waiting for file lock on package cache
[INFO] running `Command { std: "docker" "create" "-v" "/var/lib/crater-agent-workspace/builds/worker-6-tc2/target:/opt/rustwide/target:rw,Z" "-v" "/var/lib/crater-agent-workspace/builds/worker-6-tc2/source:/opt/rustwide/workdir:ro,Z" "-v" "/var/lib/crater-agent-workspace/cargo-home:/opt/rustwide/cargo-home:ro,Z" "-v" "/var/lib/crater-agent-workspace/rustup-home:/opt/rustwide/rustup-home:ro,Z" "-e" "SOURCE_DIR=/opt/rustwide/workdir" "-e" "CARGO_TARGET_DIR=/opt/rustwide/target" "-e" "CARGO_HOME=/opt/rustwide/cargo-home" "-e" "RUSTUP_HOME=/opt/rustwide/rustup-home" "-w" "/opt/rustwide/workdir" "-m" "1610612736" "--user" "0:0" "--network" "none" "ghcr.io/rust-lang/crates-build-env/linux@sha256:2788e3201cd34a07e3172128adcd8b3090168a8e3bcc40d7c032b9dda1df7d1c" "/opt/rustwide/cargo-home/bin/cargo" "+beta-2023-12-22" "metadata" "--no-deps" "--format-version=1", kill_on_drop: false }`
[INFO] [stdout] 2c8b90bca0b8d9fe64b9318160de72a906746c71c88224e4fa0fa43f97e65ede
[INFO] running `Command { std: "docker" "start" "-a" "2c8b90bca0b8d9fe64b9318160de72a906746c71c88224e4fa0fa43f97e65ede", kill_on_drop: false }`
[INFO] running `Command { std: "docker" "inspect" "2c8b90bca0b8d9fe64b9318160de72a906746c71c88224e4fa0fa43f97e65ede", kill_on_drop: false }`
[INFO] running `Command { std: "docker" "rm" "-f" "2c8b90bca0b8d9fe64b9318160de72a906746c71c88224e4fa0fa43f97e65ede", kill_on_drop: false }`
[INFO] [stdout] 2c8b90bca0b8d9fe64b9318160de72a906746c71c88224e4fa0fa43f97e65ede
[INFO] running `Command { std: "docker" "create" "-v" "/var/lib/crater-agent-workspace/builds/worker-6-tc2/target:/opt/rustwide/target:rw,Z" "-v" "/var/lib/crater-agent-workspace/builds/worker-6-tc2/source:/opt/rustwide/workdir:ro,Z" "-v" "/var/lib/crater-agent-workspace/cargo-home:/opt/rustwide/cargo-home:ro,Z" "-v" "/var/lib/crater-agent-workspace/rustup-home:/opt/rustwide/rustup-home:ro,Z" "-e" "SOURCE_DIR=/opt/rustwide/workdir" "-e" "CARGO_TARGET_DIR=/opt/rustwide/target" "-e" "CARGO_INCREMENTAL=0" "-e" "RUST_BACKTRACE=full" "-e" "RUSTFLAGS=--cap-lints=warn" "-e" "RUSTDOCFLAGS=--cap-lints=warn" "-e" "CARGO_HOME=/opt/rustwide/cargo-home" "-e" "RUSTUP_HOME=/opt/rustwide/rustup-home" "-w" "/opt/rustwide/workdir" "-m" "1610612736" "--user" "0:0" "--network" "none" "ghcr.io/rust-lang/crates-build-env/linux@sha256:2788e3201cd34a07e3172128adcd8b3090168a8e3bcc40d7c032b9dda1df7d1c" "/opt/rustwide/cargo-home/bin/cargo" "+beta-2023-12-22" "build" "--frozen" "--message-format=json", kill_on_drop: false }`
[INFO] [stdout] 22d45968ff9cdc91c9ef12f2f3c2e04568a65e1dcf6e2ade2b962eb646d8e6eb
[INFO] running `Command { std: "docker" "start" "-a" "22d45968ff9cdc91c9ef12f2f3c2e04568a65e1dcf6e2ade2b962eb646d8e6eb", kill_on_drop: false }`
[INFO] [stderr]    Compiling autocfg v0.1.6
[INFO] [stderr]    Compiling semver-parser v0.7.0
[INFO] [stderr]    Compiling cfg-if v0.1.9
[INFO] [stderr]    Compiling lazy_static v1.4.0
[INFO] [stderr]    Compiling arrayvec v0.4.11
[INFO] [stderr]    Compiling nodrop v0.1.13
[INFO] [stderr]    Compiling byteorder v1.3.2
[INFO] [stderr]    Compiling libc v0.2.62
[INFO] [stderr]    Compiling crossbeam-utils v0.6.6
[INFO] [stderr]    Compiling proc-macro2 v0.4.30
[INFO] [stderr]    Compiling scopeguard v1.0.0
[INFO] [stderr]    Compiling semver v0.9.0
[INFO] [stderr]    Compiling num-traits v0.2.8
[INFO] [stderr]    Compiling unicode-xid v0.1.0
[INFO] [stderr]    Compiling num-integer v0.1.41
[INFO] [stderr]    Compiling rustc_version v0.2.3
[INFO] [stderr]    Compiling rayon-core v1.6.0
[INFO] [stderr]    Compiling either v1.5.2
[INFO] [stderr]    Compiling memoffset v0.5.1
[INFO] [stderr]    Compiling syn v0.15.44
[INFO] [stderr]    Compiling quote v0.6.13
[INFO] [stderr]    Compiling crossbeam-queue v0.1.2
[INFO] [stderr]    Compiling num_cpus v1.10.1
[INFO] [stderr]    Compiling num-derive v0.2.5
[INFO] [stderr]    Compiling memchr v2.2.1
[INFO] [stderr]    Compiling bitflags v1.1.0
[INFO] [stderr]    Compiling adler32 v1.0.3
[INFO] [stderr]    Compiling crc32fast v1.2.0
[INFO] [stderr]    Compiling crossbeam-epoch v0.7.2
[INFO] [stderr]    Compiling num-iter v0.1.39
[INFO] [stderr]    Compiling num-complex v0.2.3
[INFO] [stderr]    Compiling num-rational v0.2.2
[INFO] [stderr]    Compiling matrixmultiply v0.1.15
[INFO] [stderr]    Compiling crossbeam-deque v0.7.1
[INFO] [stderr]    Compiling lzw v0.10.0
[INFO] [stderr]    Compiling deflate v0.7.20
[INFO] [stderr]    Compiling inflate v0.4.5
[INFO] [stderr]    Compiling ndarray v0.12.1
[INFO] [stderr]    Compiling rawpointer v0.1.0
[INFO] [stderr]    Compiling color_quant v1.0.1
[INFO] [stderr]    Compiling rayon v1.2.0
[INFO] [stderr]    Compiling gif v0.10.2
[INFO] [stderr]    Compiling png v0.15.0
[INFO] [stderr]    Compiling aho-corasick v0.7.6
[INFO] [stderr]    Compiling itertools v0.7.11
[INFO] [stderr]    Compiling thread_local v0.3.6
[INFO] [stderr]    Compiling scoped_threadpool v0.1.9
[INFO] [stderr]    Compiling regex-syntax v0.6.12
[INFO] [stderr]    Compiling jpeg-decoder v0.1.16
[INFO] [stderr]    Compiling tiff v0.3.1
[INFO] [stderr]    Compiling regex v1.3.1
[INFO] [stderr]    Compiling image v0.22.2
[INFO] [stderr]    Compiling images v0.1.0 (/opt/rustwide/workdir)
[INFO] [stdout] warning: unused imports: `GenericImageView`, `GenericImage`, `ImageBuffer`, `Rgb`
[INFO] [stdout]  --> src/question_9.rs:1:27
[INFO] [stdout]   |
[INFO] [stdout] 1 | use image::{DynamicImage, GenericImage, GenericImageView, ImageBuffer, Rgb};
[INFO] [stdout]   |                           ^^^^^^^^^^^^  ^^^^^^^^^^^^^^^^  ^^^^^^^^^^^  ^^^
[INFO] [stdout]   |
[INFO] [stdout]   = note: `#[warn(unused_imports)]` on by default
[INFO] [stdout] 
[INFO] [stdout] 
[INFO] [stdout] warning: 1 warning emitted
[INFO] [stdout] 
[INFO] [stdout] 
[INFO] [stderr]     Finished dev [unoptimized + debuginfo] target(s) in 8.30s
[INFO] running `Command { std: "docker" "inspect" "22d45968ff9cdc91c9ef12f2f3c2e04568a65e1dcf6e2ade2b962eb646d8e6eb", kill_on_drop: false }`
[INFO] running `Command { std: "docker" "rm" "-f" "22d45968ff9cdc91c9ef12f2f3c2e04568a65e1dcf6e2ade2b962eb646d8e6eb", kill_on_drop: false }`
[INFO] [stdout] 22d45968ff9cdc91c9ef12f2f3c2e04568a65e1dcf6e2ade2b962eb646d8e6eb
[INFO] running `Command { std: "docker" "create" "-v" "/var/lib/crater-agent-workspace/builds/worker-6-tc2/target:/opt/rustwide/target:rw,Z" "-v" "/var/lib/crater-agent-workspace/builds/worker-6-tc2/source:/opt/rustwide/workdir:ro,Z" "-v" "/var/lib/crater-agent-workspace/cargo-home:/opt/rustwide/cargo-home:ro,Z" "-v" "/var/lib/crater-agent-workspace/rustup-home:/opt/rustwide/rustup-home:ro,Z" "-e" "SOURCE_DIR=/opt/rustwide/workdir" "-e" "CARGO_TARGET_DIR=/opt/rustwide/target" "-e" "CARGO_INCREMENTAL=0" "-e" "RUST_BACKTRACE=full" "-e" "RUSTFLAGS=--cap-lints=warn" "-e" "RUSTDOCFLAGS=--cap-lints=warn" "-e" "CARGO_HOME=/opt/rustwide/cargo-home" "-e" "RUSTUP_HOME=/opt/rustwide/rustup-home" "-w" "/opt/rustwide/workdir" "-m" "1610612736" "--user" "0:0" "--network" "none" "ghcr.io/rust-lang/crates-build-env/linux@sha256:2788e3201cd34a07e3172128adcd8b3090168a8e3bcc40d7c032b9dda1df7d1c" "/opt/rustwide/cargo-home/bin/cargo" "+beta-2023-12-22" "test" "--frozen" "--no-run" "--message-format=json", kill_on_drop: false }`
[INFO] [stdout] 2abbdad8e0a2d75a2027503dd35437ee78e981e87c18affe58bf6d4aa7fad612
[INFO] running `Command { std: "docker" "start" "-a" "2abbdad8e0a2d75a2027503dd35437ee78e981e87c18affe58bf6d4aa7fad612", kill_on_drop: false }`
[INFO] [stderr]    Compiling images v0.1.0 (/opt/rustwide/workdir)
[INFO] [stdout] warning: unused imports: `GenericImageView`, `GenericImage`, `ImageBuffer`, `Rgb`
[INFO] [stdout]  --> src/question_9.rs:1:27
[INFO] [stdout]   |
[INFO] [stdout] 1 | use image::{DynamicImage, GenericImage, GenericImageView, ImageBuffer, Rgb};
[INFO] [stdout]   |                           ^^^^^^^^^^^^  ^^^^^^^^^^^^^^^^  ^^^^^^^^^^^  ^^^
[INFO] [stdout]   |
[INFO] [stdout]   = note: `#[warn(unused_imports)]` on by default
[INFO] [stdout] 
[INFO] [stdout] 
[INFO] [stdout] warning: 1 warning emitted
[INFO] [stdout] 
[INFO] [stdout] 
[INFO] [stderr]     Finished test [unoptimized + debuginfo] target(s) in 0.20s
[INFO] running `Command { std: "docker" "inspect" "2abbdad8e0a2d75a2027503dd35437ee78e981e87c18affe58bf6d4aa7fad612", kill_on_drop: false }`
[INFO] running `Command { std: "docker" "rm" "-f" "2abbdad8e0a2d75a2027503dd35437ee78e981e87c18affe58bf6d4aa7fad612", kill_on_drop: false }`
[INFO] [stdout] 2abbdad8e0a2d75a2027503dd35437ee78e981e87c18affe58bf6d4aa7fad612
[INFO] running `Command { std: "docker" "create" "-v" "/var/lib/crater-agent-workspace/builds/worker-6-tc2/target:/opt/rustwide/target:rw,Z" "-v" "/var/lib/crater-agent-workspace/builds/worker-6-tc2/source:/opt/rustwide/workdir:ro,Z" "-v" "/var/lib/crater-agent-workspace/cargo-home:/opt/rustwide/cargo-home:ro,Z" "-v" "/var/lib/crater-agent-workspace/rustup-home:/opt/rustwide/rustup-home:ro,Z" "-e" "SOURCE_DIR=/opt/rustwide/workdir" "-e" "CARGO_TARGET_DIR=/opt/rustwide/target" "-e" "CARGO_INCREMENTAL=0" "-e" "RUST_BACKTRACE=full" "-e" "RUSTFLAGS=--cap-lints=warn" "-e" "RUSTDOCFLAGS=--cap-lints=warn" "-e" "CARGO_HOME=/opt/rustwide/cargo-home" "-e" "RUSTUP_HOME=/opt/rustwide/rustup-home" "-w" "/opt/rustwide/workdir" "-m" "1610612736" "--user" "0:0" "--network" "none" "ghcr.io/rust-lang/crates-build-env/linux@sha256:2788e3201cd34a07e3172128adcd8b3090168a8e3bcc40d7c032b9dda1df7d1c" "/opt/rustwide/cargo-home/bin/cargo" "+beta-2023-12-22" "test" "--frozen", kill_on_drop: false }`
[INFO] [stdout] 7ae8beb3987a247f4762d9a4b058cd184eb18a446db9607ab7b81655f261a16d
[INFO] running `Command { std: "docker" "start" "-a" "7ae8beb3987a247f4762d9a4b058cd184eb18a446db9607ab7b81655f261a16d", kill_on_drop: false }`
[INFO] [stderr] warning: unused imports: `GenericImageView`, `GenericImage`, `ImageBuffer`, `Rgb`
[INFO] [stderr]  --> src/question_9.rs:1:27
[INFO] [stderr]   |
[INFO] [stderr] 1 | use image::{DynamicImage, GenericImage, GenericImageView, ImageBuffer, Rgb};
[INFO] [stderr]   |                           ^^^^^^^^^^^^  ^^^^^^^^^^^^^^^^  ^^^^^^^^^^^  ^^^
[INFO] [stderr]   |
[INFO] [stderr]   = note: `#[warn(unused_imports)]` on by default
[INFO] [stderr] 
[INFO] [stderr] warning: `images` (bin "images" test) generated 1 warning (run `cargo fix --bin "images" --tests` to apply 1 suggestion)
[INFO] [stderr]     Finished test [unoptimized + debuginfo] target(s) in 0.03s
[INFO] [stderr]      Running unittests src/main.rs (/opt/rustwide/target/debug/deps/images-5d3dbda7e8d6332e)
[INFO] [stdout] 
[INFO] [stdout] running 0 tests
[INFO] [stdout] 
[INFO] [stdout] test result: ok. 0 passed; 0 failed; 0 ignored; 0 measured; 0 filtered out; finished in 0.00s
[INFO] [stdout] 
[INFO] running `Command { std: "docker" "inspect" "7ae8beb3987a247f4762d9a4b058cd184eb18a446db9607ab7b81655f261a16d", kill_on_drop: false }`
[INFO] running `Command { std: "docker" "rm" "-f" "7ae8beb3987a247f4762d9a4b058cd184eb18a446db9607ab7b81655f261a16d", kill_on_drop: false }`
[INFO] [stdout] 7ae8beb3987a247f4762d9a4b058cd184eb18a446db9607ab7b81655f261a16d
