[INFO] cloning repository https://github.com/yasserisa/zcash
[INFO] running `Command { std: "git" "-c" "credential.helper=" "-c" "credential.helper=/workspace/cargo-home/bin/git-credential-null" "clone" "--bare" "https://github.com/yasserisa/zcash" "/workspace/cache/git-repos/https%3A%2F%2Fgithub.com%2Fyasserisa%2Fzcash", kill_on_drop: false }`
[INFO] [stderr] Cloning into bare repository '/workspace/cache/git-repos/https%3A%2F%2Fgithub.com%2Fyasserisa%2Fzcash'...
[INFO] running `Command { std: "git" "rev-parse" "HEAD", kill_on_drop: false }`
[INFO] [stdout] bd0e52b2b363815dcb0e6d1a970a5b92eb7a9f23
[INFO] testing yasserisa/zcash against 1.75.0 for beta-1.76-1
[INFO] running `Command { std: "git" "clone" "/workspace/cache/git-repos/https%3A%2F%2Fgithub.com%2Fyasserisa%2Fzcash" "/workspace/builds/worker-4-tc1/source", kill_on_drop: false }`
[INFO] [stderr] Cloning into '/workspace/builds/worker-4-tc1/source'...
[INFO] [stderr] done.
[INFO] validating manifest of git repo https://github.com/yasserisa/zcash on toolchain 1.75.0
[INFO] running `Command { std: CARGO_HOME="/workspace/cargo-home" RUSTUP_HOME="/workspace/rustup-home" "/workspace/cargo-home/bin/cargo" "+1.75.0" "metadata" "--manifest-path" "Cargo.toml" "--no-deps", kill_on_drop: false }`
[INFO] removed /workspace/builds/worker-4-tc1/source/rust-toolchain
[INFO] started tweaking git repo https://github.com/yasserisa/zcash
[INFO] finished tweaking git repo https://github.com/yasserisa/zcash
[INFO] tweaked toml for git repo https://github.com/yasserisa/zcash written to /workspace/builds/worker-4-tc1/source/Cargo.toml
[INFO] crate git repo https://github.com/yasserisa/zcash already has a lockfile, it will not be regenerated
[INFO] running `Command { std: CARGO_HOME="/workspace/cargo-home" RUSTUP_HOME="/workspace/rustup-home" "/workspace/cargo-home/bin/cargo" "+1.75.0" "fetch" "--manifest-path" "Cargo.toml", kill_on_drop: false }`
[INFO] [stderr]     Blocking waiting for file lock on package cache
[INFO] [stderr]     Updating crates.io index
[INFO] [stderr]     Blocking waiting for file lock on package cache
[ERROR] error running command: no output for 300 seconds
[ERROR] this task or one of its parent failed!
[ERROR] no output for 300 seconds
[ERROR] note: run with `RUST_BACKTRACE=1` to display a backtrace.
[INFO] testing yasserisa/zcash against beta-2023-12-22 for beta-1.76-1
[INFO] running `Command { std: "git" "clone" "/workspace/cache/git-repos/https%3A%2F%2Fgithub.com%2Fyasserisa%2Fzcash" "/workspace/builds/worker-4-tc2/source", kill_on_drop: false }`
[INFO] [stderr] Cloning into '/workspace/builds/worker-4-tc2/source'...
[INFO] [stderr] done.
[INFO] validating manifest of git repo https://github.com/yasserisa/zcash on toolchain beta-2023-12-22
[INFO] running `Command { std: CARGO_HOME="/workspace/cargo-home" RUSTUP_HOME="/workspace/rustup-home" "/workspace/cargo-home/bin/cargo" "+beta-2023-12-22" "metadata" "--manifest-path" "Cargo.toml" "--no-deps", kill_on_drop: false }`
[INFO] removed /workspace/builds/worker-4-tc2/source/rust-toolchain
[INFO] started tweaking git repo https://github.com/yasserisa/zcash
[INFO] finished tweaking git repo https://github.com/yasserisa/zcash
[INFO] tweaked toml for git repo https://github.com/yasserisa/zcash written to /workspace/builds/worker-4-tc2/source/Cargo.toml
[INFO] crate git repo https://github.com/yasserisa/zcash already has a lockfile, it will not be regenerated
[INFO] running `Command { std: CARGO_HOME="/workspace/cargo-home" RUSTUP_HOME="/workspace/rustup-home" "/workspace/cargo-home/bin/cargo" "+beta-2023-12-22" "fetch" "--manifest-path" "Cargo.toml", kill_on_drop: false }`
[INFO] [stderr]     Blocking waiting for file lock on package cache
[ERROR] error running command: no output for 300 seconds
[INFO] testing yasserisa/zcash against beta-2023-12-22 for beta-1.76-1
[INFO] running `Command { std: "git" "clone" "/workspace/cache/git-repos/https%3A%2F%2Fgithub.com%2Fyasserisa%2Fzcash" "/workspace/builds/worker-4-tc2/source", kill_on_drop: false }`
[INFO] [stderr] Cloning into '/workspace/builds/worker-4-tc2/source'...
[INFO] [stderr] done.
[INFO] validating manifest of git repo https://github.com/yasserisa/zcash on toolchain beta-2023-12-22
[INFO] running `Command { std: CARGO_HOME="/workspace/cargo-home" RUSTUP_HOME="/workspace/rustup-home" "/workspace/cargo-home/bin/cargo" "+beta-2023-12-22" "metadata" "--manifest-path" "Cargo.toml" "--no-deps", kill_on_drop: false }`
[INFO] removed /workspace/builds/worker-4-tc2/source/rust-toolchain
[INFO] started tweaking git repo https://github.com/yasserisa/zcash
[INFO] finished tweaking git repo https://github.com/yasserisa/zcash
[INFO] tweaked toml for git repo https://github.com/yasserisa/zcash written to /workspace/builds/worker-4-tc2/source/Cargo.toml
[INFO] crate git repo https://github.com/yasserisa/zcash already has a lockfile, it will not be regenerated
[INFO] running `Command { std: CARGO_HOME="/workspace/cargo-home" RUSTUP_HOME="/workspace/rustup-home" "/workspace/cargo-home/bin/cargo" "+beta-2023-12-22" "fetch" "--manifest-path" "Cargo.toml", kill_on_drop: false }`
[INFO] [stderr]     Blocking waiting for file lock on package cache
[INFO] [stderr]     Blocking waiting for file lock on package cache
[INFO] [stderr]  Downloading crates ...
[INFO] [stderr]   Downloaded jubjub v0.9.0
[INFO] [stderr]   Downloaded metrics-macros v0.4.1
[INFO] [stderr]   Downloaded hdwallet v0.3.1
[INFO] [stderr]   Downloaded metrics-exporter-prometheus v0.6.1
[INFO] [stderr]   Downloaded link-cplusplus v1.0.6
[INFO] [stderr]   Downloaded zcash_note_encryption v0.1.0
[INFO] [stderr]   Downloaded fpe v0.5.1
[INFO] [stderr]   Downloaded metrics-util v0.10.2
[INFO] [stderr]   Downloaded incrementalmerkletree v0.3.0
[INFO] [stderr]   Downloaded bellman v0.13.0
[INFO] [stderr]   Downloaded orchard v0.1.0
[INFO] [stderr]   Downloaded bls12_381 v0.7.0
[INFO] [stderr]   Downloaded pasta_curves v0.4.0
[INFO] [stderr]   Downloaded zcash_proofs v0.6.0
[INFO] [stderr]   Downloaded bip0039 v0.9.0
[INFO] [stderr]   Downloaded memuse v0.2.0
[INFO] [stderr]   Downloaded zcash_encoding v0.1.0
[INFO] [stderr]   Downloaded metrics v0.17.1
[INFO] [stderr]   Downloaded raw-cpuid v10.3.0
[INFO] [stderr]   Downloaded f4jumble v0.1.0
[INFO] [stderr]   Downloaded sketches-ddsketch v0.1.2
[INFO] [stderr]   Downloaded equihash v0.1.0
[INFO] [stderr]   Downloaded zcash_address v0.1.0
[INFO] [stderr]   Downloaded zcash_history v0.3.0
[INFO] [stderr]   Downloaded reddsa v0.3.0
[INFO] [stderr]   Downloaded zcash_primitives v0.6.0
[INFO] [stderr]   Downloaded halo2_gadgets v0.1.0
[INFO] running `Command { std: "docker" "create" "-v" "/var/lib/crater-agent-workspace/builds/worker-4-tc2/target:/opt/rustwide/target:rw,Z" "-v" "/var/lib/crater-agent-workspace/builds/worker-4-tc2/source:/opt/rustwide/workdir:ro,Z" "-v" "/var/lib/crater-agent-workspace/cargo-home:/opt/rustwide/cargo-home:ro,Z" "-v" "/var/lib/crater-agent-workspace/rustup-home:/opt/rustwide/rustup-home:ro,Z" "-e" "SOURCE_DIR=/opt/rustwide/workdir" "-e" "CARGO_TARGET_DIR=/opt/rustwide/target" "-e" "CARGO_HOME=/opt/rustwide/cargo-home" "-e" "RUSTUP_HOME=/opt/rustwide/rustup-home" "-w" "/opt/rustwide/workdir" "-m" "1610612736" "--user" "0:0" "--network" "none" "ghcr.io/rust-lang/crates-build-env/linux@sha256:2788e3201cd34a07e3172128adcd8b3090168a8e3bcc40d7c032b9dda1df7d1c" "/opt/rustwide/cargo-home/bin/cargo" "+beta-2023-12-22" "metadata" "--no-deps" "--format-version=1", kill_on_drop: false }`
[INFO] [stdout] 7af0225dfbf54420faf9e948c51ef84d44a3381335cb8bd5ca2bca5ea56c89b5
[INFO] running `Command { std: "docker" "start" "-a" "7af0225dfbf54420faf9e948c51ef84d44a3381335cb8bd5ca2bca5ea56c89b5", kill_on_drop: false }`
[INFO] running `Command { std: "docker" "inspect" "7af0225dfbf54420faf9e948c51ef84d44a3381335cb8bd5ca2bca5ea56c89b5", kill_on_drop: false }`
[INFO] running `Command { std: "docker" "rm" "-f" "7af0225dfbf54420faf9e948c51ef84d44a3381335cb8bd5ca2bca5ea56c89b5", kill_on_drop: false }`
[INFO] [stdout] 7af0225dfbf54420faf9e948c51ef84d44a3381335cb8bd5ca2bca5ea56c89b5
[INFO] running `Command { std: "docker" "create" "-v" "/var/lib/crater-agent-workspace/builds/worker-4-tc2/target:/opt/rustwide/target:rw,Z" "-v" "/var/lib/crater-agent-workspace/builds/worker-4-tc2/source:/opt/rustwide/workdir:ro,Z" "-v" "/var/lib/crater-agent-workspace/cargo-home:/opt/rustwide/cargo-home:ro,Z" "-v" "/var/lib/crater-agent-workspace/rustup-home:/opt/rustwide/rustup-home:ro,Z" "-e" "SOURCE_DIR=/opt/rustwide/workdir" "-e" "CARGO_TARGET_DIR=/opt/rustwide/target" "-e" "CARGO_INCREMENTAL=0" "-e" "RUST_BACKTRACE=full" "-e" "RUSTFLAGS=--cap-lints=warn" "-e" "RUSTDOCFLAGS=--cap-lints=warn" "-e" "CARGO_HOME=/opt/rustwide/cargo-home" "-e" "RUSTUP_HOME=/opt/rustwide/rustup-home" "-w" "/opt/rustwide/workdir" "-m" "1610612736" "--user" "0:0" "--network" "none" "ghcr.io/rust-lang/crates-build-env/linux@sha256:2788e3201cd34a07e3172128adcd8b3090168a8e3bcc40d7c032b9dda1df7d1c" "/opt/rustwide/cargo-home/bin/cargo" "+beta-2023-12-22" "build" "--frozen" "--message-format=json", kill_on_drop: false }`
[INFO] [stdout] 552a196277fa4e64bbc9e30b1fce4b2c8259c6458c980ed8056059b6366d7c51
[INFO] running `Command { std: "docker" "start" "-a" "552a196277fa4e64bbc9e30b1fce4b2c8259c6458c980ed8056059b6366d7c51", kill_on_drop: false }`
[INFO] [stderr]    Compiling cfg-if v1.0.0
[INFO] [stderr]    Compiling libc v0.2.122
[INFO] [stderr]    Compiling proc-macro2 v1.0.37
[INFO] [stderr]    Compiling unicode-xid v0.2.2
[INFO] [stderr]    Compiling syn v1.0.91
[INFO] [stderr]    Compiling version_check v0.9.4
[INFO] [stderr]    Compiling autocfg v1.1.0
[INFO] [stderr]    Compiling typenum v1.15.0
[INFO] [stderr]    Compiling lazy_static v1.4.0
[INFO] [stderr]    Compiling subtle v2.4.1
[INFO] [stderr]    Compiling byteorder v1.4.3
[INFO] [stderr]    Compiling ppv-lite86 v0.2.16
[INFO] [stderr]    Compiling radium v0.7.0
[INFO] [stderr]    Compiling tap v1.0.1
[INFO] [stderr]    Compiling cc v1.0.73
[INFO] [stderr]    Compiling funty v2.0.0
[INFO] [stderr]    Compiling crossbeam-utils v0.8.8
[INFO] [stderr]    Compiling serde_derive v1.0.136
[INFO] [stderr]    Compiling wyz v0.5.0
[INFO] [stderr]    Compiling arrayvec v0.7.2
[INFO] [stderr]    Compiling constant_time_eq v0.1.5
[INFO] [stderr]    Compiling arrayref v0.3.6
[INFO] [stderr]    Compiling memchr v2.4.1
[INFO] [stderr]    Compiling serde v1.0.136
[INFO] [stderr]    Compiling generic-array v0.14.5
[INFO] [stderr]    Compiling once_cell v1.10.0
[INFO] [stderr]    Compiling scopeguard v1.1.0
[INFO] [stderr]    Compiling getrandom v0.1.16
[INFO] [stderr]    Compiling cpufeatures v0.2.2
[INFO] [stderr]    Compiling opaque-debug v0.3.0
[INFO] [stderr]    Compiling static_assertions v1.1.0
[INFO] [stderr]    Compiling blake2b_simd v1.0.0
[INFO] [stderr]    Compiling memoffset v0.6.5
[INFO] [stderr]    Compiling crossbeam-epoch v0.9.8
[INFO] [stderr]    Compiling num-traits v0.2.14
[INFO] [stderr]    Compiling quote v1.0.17
[INFO] [stderr]    Compiling rayon-core v1.9.1
[INFO] [stderr]    Compiling regex-syntax v0.6.25
[INFO] [stderr]    Compiling crossbeam-channel v0.5.4
[INFO] [stderr]    Compiling bitvec v1.0.0
[INFO] [stderr]    Compiling either v1.6.1
[INFO] [stderr]    Compiling crunchy v0.2.2
[INFO] [stderr]    Compiling log v0.4.16
[INFO] [stderr]    Compiling rayon v1.5.1
[INFO] [stderr]    Compiling hex v0.4.3
[INFO] [stderr]    Compiling pin-project-lite v0.2.8
[INFO] [stderr]    Compiling getrandom v0.2.6
[INFO] [stderr]    Compiling num_cpus v1.13.1
[INFO] [stderr]    Compiling crossbeam-deque v0.8.1
[INFO] [stderr]    Compiling rand_core v0.5.1
[INFO] [stderr]    Compiling rand_core v0.6.3
[INFO] [stderr]    Compiling siphasher v0.3.10
[INFO] [stderr]    Compiling rand_chacha v0.3.1
[INFO] [stderr]    Compiling aho-corasick v0.7.18
[INFO] [stderr]    Compiling rand_pcg v0.2.1
[INFO] [stderr]    Compiling rand_chacha v0.2.2
[INFO] [stderr]    Compiling phf_shared v0.8.0
[INFO] [stderr]    Compiling num-integer v0.1.44
[INFO] [stderr]    Compiling ahash v0.7.6
[INFO] [stderr]    Compiling itoa v1.0.1
[INFO] [stderr]    Compiling uint v0.9.3
[INFO] [stderr]    Compiling secp256k1-sys v0.4.2
[INFO] [stderr]    Compiling rand v0.8.5
[INFO] [stderr]    Compiling rand v0.7.3
[INFO] [stderr]    Compiling num-bigint v0.4.3
[INFO] [stderr]    Compiling bitflags v1.3.2
[INFO] [stderr]    Compiling futures-core v0.3.21
[INFO] [stderr]    Compiling fnv v1.0.7
[INFO] [stderr]    Compiling libm v0.2.2
[INFO] [stderr]    Compiling smallvec v1.8.0
[INFO] [stderr]    Compiling nonempty v0.7.0
[INFO] [stderr]    Compiling cipher v0.3.0
[INFO] [stderr]    Compiling digest v0.9.0
[INFO] [stderr]    Compiling block-buffer v0.9.0
[INFO] [stderr]    Compiling universal-hash v0.4.1
[INFO] [stderr]    Compiling aead v0.4.3
[INFO] [stderr]    Compiling sha2 v0.9.9
[INFO] [stderr]    Compiling crypto-mac v0.11.1
[INFO] [stderr]    Compiling ring v0.16.20
[INFO] [stderr]    Compiling poly1305 v0.7.2
[INFO] [stderr]    Compiling dirs-sys v0.3.7
[INFO] [stderr]    Compiling lock_api v0.4.7
[INFO] [stderr]    Compiling tracing-core v0.1.24
[INFO] [stderr]    Compiling futures-task v0.3.21
[INFO] [stderr]    Compiling base64ct v1.0.1
[INFO] [stderr]    Compiling regex v1.5.5
[INFO] [stderr]    Compiling parking_lot_core v0.8.5
[INFO] [stderr]    Compiling tinyvec_macros v0.1.0
[INFO] [stderr]    Compiling block-padding v0.2.1
[INFO] [stderr]    Compiling password-hash v0.3.2
[INFO] [stderr]    Compiling tinyvec v1.5.1
[INFO] [stderr]    Compiling block-modes v0.8.1
[INFO] [stderr]    Compiling ff v0.12.0
[INFO] [stderr]    Compiling group v0.12.0
[INFO] [stderr]    Compiling phf_generator v0.8.0
[INFO] [stderr]    Compiling crypto-common v0.1.3
[INFO] [stderr]    Compiling phf_codegen v0.8.0
[INFO] [stderr]    Compiling block-buffer v0.10.2
[INFO] [stderr]    Compiling link-cplusplus v1.0.6
[INFO] [stderr]    Compiling pairing v0.22.0
[INFO] [stderr]    Compiling pasta_curves v0.4.0
[INFO] [stderr]    Compiling indexmap v1.8.1
[INFO] [stderr]    Compiling bls12_381 v0.7.0
[INFO] [stderr]    Compiling nom v5.1.2
[INFO] [stderr]    Compiling instant v0.1.12
[INFO] [stderr]    Compiling bytes v1.1.0
[INFO] [stderr]    Compiling futures-util v0.3.21
[INFO] [stderr]    Compiling httparse v1.6.0
[INFO] [stderr]    Compiling arrayvec v0.5.2
[INFO] [stderr]    Compiling spin v0.5.2
[INFO] [stderr]    Compiling byte-slice-cast v1.2.1
[INFO] [stderr]    Compiling metrics v0.17.1
[INFO] [stderr]    Compiling untrusted v0.7.1
[INFO] [stderr]    Compiling futures-channel v0.3.21
[INFO] [stderr]    Compiling http v0.2.6
[INFO] [stderr]    Compiling blake2b_simd v0.5.11
[INFO] [stderr]    Compiling jubjub v0.9.0
[INFO] [stderr]    Compiling unicode-normalization v0.1.19
[INFO] [stderr]    Compiling digest v0.10.3
[INFO] [stderr]    Compiling terminfo v0.7.3
[INFO] [stderr]    Compiling pbkdf2 v0.9.0
[INFO] [stderr]    Compiling fpe v0.5.1
[INFO] [stderr]    Compiling secp256k1 v0.21.3
[INFO] [stderr]    Compiling regex-automata v0.1.10
[INFO] [stderr]    Compiling bs58 v0.4.0
[INFO] [stderr]    Compiling hmac v0.11.0
[INFO] [stderr]    Compiling aes v0.7.5
[INFO] [stderr]    Compiling nibble_vec v0.1.0
[INFO] [stderr]    Compiling hashbrown v0.11.2
[INFO] [stderr]    Compiling memuse v0.2.0
[INFO] [stderr]    Compiling zcash_encoding v0.1.0
[INFO] [stderr]    Compiling raw-cpuid v10.3.0
[INFO] [stderr]    Compiling mio v0.8.2
[INFO] [stderr]    Compiling socket2 v0.4.4
[INFO] [stderr]    Compiling miniz_oxide v0.4.4
[INFO] [stderr]    Compiling blake2s_simd v1.0.0
[INFO] [stderr]    Compiling cxxbridge-flags v1.0.68
[INFO] [stderr]    Compiling halo2_proofs v0.1.0
[INFO] [stderr]    Compiling num_threads v0.1.5
[INFO] [stderr]    Compiling cfg-if v0.1.10
[INFO] [stderr]    Compiling time-macros v0.2.4
[INFO] [stderr]    Compiling pin-utils v0.1.0
[INFO] [stderr]    Compiling rustc-hex v2.1.0
[INFO] [stderr]    Compiling endian-type v0.1.2
[INFO] [stderr]    Compiling try-lock v0.2.3
[INFO] [stderr]    Compiling fixed-hash v0.7.0
[INFO] [stderr]    Compiling want v0.3.0
[INFO] [stderr]    Compiling matchers v0.1.0
[INFO] [stderr]    Compiling radix_trie v0.2.1
[INFO] [stderr]    Compiling dirs v2.0.2
[INFO] [stderr]    Compiling cxx v1.0.68
[INFO] [stderr]    Compiling parking_lot v0.11.2
[INFO] [stderr]    Compiling equihash v0.1.0
[INFO] [stderr]    Compiling ripemd v0.1.1
[INFO] [stderr]    Compiling http-body v0.4.4
[INFO] [stderr]    Compiling phf v0.8.0
[INFO] [stderr]    Compiling quanta v0.9.3
[INFO] [stderr]    Compiling ordered-float v2.10.0
[INFO] [stderr]    Compiling dashmap v4.0.2
[INFO] [stderr]    Compiling backtrace v0.3.64
[INFO] [stderr]    Compiling thread_local v1.1.4
[INFO] [stderr]    Compiling sharded-slab v0.1.4
[INFO] [stderr]    Compiling gimli v0.26.1
[INFO] [stderr]    Compiling synstructure v0.12.6
[INFO] [stderr]    Compiling tower-service v0.3.1
[INFO] [stderr]    Compiling atomic-shim v0.2.0
[INFO] [stderr]    Compiling httpdate v1.0.2
[INFO] [stderr]    Compiling adler v1.0.2
[INFO] [stderr]    Compiling sketches-ddsketch v0.1.2
[INFO] [stderr]    Compiling hdwallet v0.3.1
[INFO] [stderr]    Compiling ansi_term v0.12.1
[INFO] [stderr]    Compiling anyhow v1.0.56
[INFO] [stderr]    Compiling bellman v0.13.0
[INFO] [stderr]    Compiling directories v4.0.1
[INFO] [stderr]    Compiling nix v0.22.3
[INFO] [stderr]    Compiling which v4.2.5
[INFO] [stderr]    Compiling object v0.27.1
[INFO] [stderr]    Compiling f4jumble v0.1.0
[INFO] [stderr]    Compiling bech32 v0.8.1
[INFO] [stderr]    Compiling rustc-demangle v0.1.21
[INFO] [stderr]    Compiling time v0.3.9
[INFO] [stderr]    Compiling ipnet v2.4.0
[INFO] [stderr]    Compiling zcash_address v0.1.0
[INFO] [stderr]    Compiling thiserror-impl v1.0.30
[INFO] [stderr]    Compiling zeroize_derive v1.3.2
[INFO] [stderr]    Compiling tracing-attributes v0.1.20
[INFO] [stderr]    Compiling impl-trait-for-tuples v0.2.2
[INFO] [stderr]    Compiling metrics-macros v0.4.1
[INFO] [stderr]    Compiling tokio-macros v1.7.0
[INFO] [stderr]    Compiling gumdrop_derive v0.8.1
[INFO] [stderr]    Compiling cxxbridge-macro v1.0.68
[INFO] [stderr]    Compiling halo2_gadgets v0.1.0
[INFO] [stderr]    Compiling addr2line v0.17.0
[INFO] [stderr]    Compiling zeroize v1.4.3
[INFO] [stderr]    Compiling tokio v1.17.0
[INFO] [stderr]    Compiling chacha20 v0.8.1
[INFO] [stderr]    Compiling bip0039 v0.9.0
[INFO] [stderr]    Compiling curve25519-dalek v3.2.0
[INFO] [stderr]    Compiling chacha20poly1305 v0.9.0
[INFO] [stderr]    Compiling zcash_note_encryption v0.1.0
[INFO] [stderr]    Compiling metrics-util v0.10.2
[INFO] [stderr]    Compiling gumdrop v0.8.1
[INFO] [stderr]    Compiling secrecy v0.8.0
[INFO] [stderr]    Compiling thiserror v1.0.30
[INFO] [stderr]    Compiling tracing v0.1.32
[INFO] [stderr]    Compiling tracing-subscriber v0.3.10
[INFO] [stderr]    Compiling clearscreen v1.0.9
[INFO] [stderr]    Compiling tracing-appender v0.2.2
[INFO] [stderr]    Compiling hyper v0.14.18
[INFO] [stderr]    Compiling metrics-exporter-prometheus v0.6.1
[INFO] [stderr]    Compiling toml v0.5.9
[INFO] [stderr]    Compiling reddsa v0.3.0
[INFO] [stderr]    Compiling incrementalmerkletree v0.3.0
[INFO] [stderr]    Compiling ed25519-zebra v3.0.0
[INFO] [stderr]    Compiling orchard v0.1.0
[INFO] [stderr]    Compiling proc-macro-crate v1.1.3
[INFO] [stderr]    Compiling parity-scale-codec-derive v3.1.2
[INFO] [stderr]    Compiling parity-scale-codec v3.1.2
[INFO] [stderr]    Compiling impl-codec v0.6.0
[INFO] [stderr]    Compiling primitive-types v0.11.1
[INFO] [stderr]    Compiling zcash_primitives v0.6.0
[INFO] [stderr]    Compiling zcash_history v0.3.0
[INFO] [stderr]    Compiling zcash_proofs v0.6.0
[INFO] [stderr]    Compiling librustzcash v0.2.0 (/opt/rustwide/workdir)
[INFO] [stdout] warning: unused return value of `Box::<T>::from_raw` that must be used
[INFO] [stdout]   --> src/rust/src/blake2b.rs:10:72
[INFO] [stdout]    |
[INFO] [stdout] 10 |         fn init(output_len: usize, personalization: &[u8]) -> Box<State>;
[INFO] [stdout]    |                                                                        ^
[INFO] [stdout]    |
[INFO] [stdout]    = note: call `drop(Box::from_raw(ptr))` if you intend to drop the `Box`
[INFO] [stdout]    = note: `#[warn(unused_must_use)]` on by default
[INFO] [stdout] help: use `let _ = ...` to ignore the resulting value
[INFO] [stdout]    |
[INFO] [stdout] 10 |         fn init(output_len: usize, personalization: &[u8]) -> Box<Statelet _ = >;
[INFO] [stdout]    |                                                                        +++++++
[INFO] [stdout] 
[INFO] [stdout] 
[INFO] [stdout] warning: 1 warning emitted
[INFO] [stdout] 
[INFO] [stdout] 
[INFO] [stderr]     Finished dev [unoptimized + debuginfo] target(s) in 1m 01s
[INFO] [stderr] warning: the following packages contain code that will be rejected by a future version of Rust: nom v5.1.2, terminfo v0.7.3
[INFO] [stderr] note: to see what the problems were, use the option `--future-incompat-report`, or run `cargo report future-incompatibilities --id 1`
[INFO] running `Command { std: "docker" "inspect" "552a196277fa4e64bbc9e30b1fce4b2c8259c6458c980ed8056059b6366d7c51", kill_on_drop: false }`
[INFO] running `Command { std: "docker" "rm" "-f" "552a196277fa4e64bbc9e30b1fce4b2c8259c6458c980ed8056059b6366d7c51", kill_on_drop: false }`
[INFO] [stdout] 552a196277fa4e64bbc9e30b1fce4b2c8259c6458c980ed8056059b6366d7c51
[INFO] running `Command { std: "docker" "create" "-v" "/var/lib/crater-agent-workspace/builds/worker-4-tc2/target:/opt/rustwide/target:rw,Z" "-v" "/var/lib/crater-agent-workspace/builds/worker-4-tc2/source:/opt/rustwide/workdir:ro,Z" "-v" "/var/lib/crater-agent-workspace/cargo-home:/opt/rustwide/cargo-home:ro,Z" "-v" "/var/lib/crater-agent-workspace/rustup-home:/opt/rustwide/rustup-home:ro,Z" "-e" "SOURCE_DIR=/opt/rustwide/workdir" "-e" "CARGO_TARGET_DIR=/opt/rustwide/target" "-e" "CARGO_INCREMENTAL=0" "-e" "RUST_BACKTRACE=full" "-e" "RUSTFLAGS=--cap-lints=warn" "-e" "RUSTDOCFLAGS=--cap-lints=warn" "-e" "CARGO_HOME=/opt/rustwide/cargo-home" "-e" "RUSTUP_HOME=/opt/rustwide/rustup-home" "-w" "/opt/rustwide/workdir" "-m" "1610612736" "--user" "0:0" "--network" "none" "ghcr.io/rust-lang/crates-build-env/linux@sha256:2788e3201cd34a07e3172128adcd8b3090168a8e3bcc40d7c032b9dda1df7d1c" "/opt/rustwide/cargo-home/bin/cargo" "+beta-2023-12-22" "test" "--frozen" "--no-run" "--message-format=json", kill_on_drop: false }`
[INFO] [stdout] cbc257ea2c32f853edb4cb747748339b9324d74d16ad99b0a94997cdfe6d9e84
[INFO] running `Command { std: "docker" "start" "-a" "cbc257ea2c32f853edb4cb747748339b9324d74d16ad99b0a94997cdfe6d9e84", kill_on_drop: false }`
[INFO] [stderr]    Compiling librustzcash v0.2.0 (/opt/rustwide/workdir)
[INFO] [stdout] warning: unused return value of `Box::<T>::from_raw` that must be used
[INFO] [stdout]   --> src/rust/src/blake2b.rs:10:72
[INFO] [stdout]    |
[INFO] [stdout] 10 |         fn init(output_len: usize, personalization: &[u8]) -> Box<State>;
[INFO] [stdout]    |                                                                        ^
[INFO] [stdout]    |
[INFO] [stdout]    = note: call `drop(Box::from_raw(ptr))` if you intend to drop the `Box`
[INFO] [stdout]    = note: `#[warn(unused_must_use)]` on by default
[INFO] [stdout] help: use `let _ = ...` to ignore the resulting value
[INFO] [stdout]    |
[INFO] [stdout] 10 |         fn init(output_len: usize, personalization: &[u8]) -> Box<Statelet _ = >;
[INFO] [stdout]    |                                                                        +++++++
[INFO] [stdout] 
[INFO] [stdout] 
[INFO] [stdout] warning: 1 warning emitted
[INFO] [stdout] 
[INFO] [stdout] 
[INFO] [stderr]     Finished test [unoptimized + debuginfo] target(s) in 10.17s
[INFO] [stderr] warning: the following packages contain code that will be rejected by a future version of Rust: nom v5.1.2, terminfo v0.7.3
[INFO] [stderr] note: to see what the problems were, use the option `--future-incompat-report`, or run `cargo report future-incompatibilities --id 1`
[INFO] running `Command { std: "docker" "inspect" "cbc257ea2c32f853edb4cb747748339b9324d74d16ad99b0a94997cdfe6d9e84", kill_on_drop: false }`
[INFO] running `Command { std: "docker" "rm" "-f" "cbc257ea2c32f853edb4cb747748339b9324d74d16ad99b0a94997cdfe6d9e84", kill_on_drop: false }`
[INFO] [stdout] cbc257ea2c32f853edb4cb747748339b9324d74d16ad99b0a94997cdfe6d9e84
[INFO] running `Command { std: "docker" "create" "-v" "/var/lib/crater-agent-workspace/builds/worker-4-tc2/target:/opt/rustwide/target:rw,Z" "-v" "/var/lib/crater-agent-workspace/builds/worker-4-tc2/source:/opt/rustwide/workdir:ro,Z" "-v" "/var/lib/crater-agent-workspace/cargo-home:/opt/rustwide/cargo-home:ro,Z" "-v" "/var/lib/crater-agent-workspace/rustup-home:/opt/rustwide/rustup-home:ro,Z" "-e" "SOURCE_DIR=/opt/rustwide/workdir" "-e" "CARGO_TARGET_DIR=/opt/rustwide/target" "-e" "CARGO_INCREMENTAL=0" "-e" "RUST_BACKTRACE=full" "-e" "RUSTFLAGS=--cap-lints=warn" "-e" "RUSTDOCFLAGS=--cap-lints=warn" "-e" "CARGO_HOME=/opt/rustwide/cargo-home" "-e" "RUSTUP_HOME=/opt/rustwide/rustup-home" "-w" "/opt/rustwide/workdir" "-m" "1610612736" "--user" "0:0" "--network" "none" "ghcr.io/rust-lang/crates-build-env/linux@sha256:2788e3201cd34a07e3172128adcd8b3090168a8e3bcc40d7c032b9dda1df7d1c" "/opt/rustwide/cargo-home/bin/cargo" "+beta-2023-12-22" "test" "--frozen", kill_on_drop: false }`
[INFO] [stdout] cbe2d7740d5e12062c6edaa76ddea466f08788385332445bb63096792fe5d6cc
[INFO] running `Command { std: "docker" "start" "-a" "cbe2d7740d5e12062c6edaa76ddea466f08788385332445bb63096792fe5d6cc", kill_on_drop: false }`
[INFO] [stderr] warning: unused return value of `Box::<T>::from_raw` that must be used
[INFO] [stderr]   --> src/rust/src/blake2b.rs:10:72
[INFO] [stderr]    |
[INFO] [stderr] 10 |         fn init(output_len: usize, personalization: &[u8]) -> Box<State>;
[INFO] [stderr]    |                                                                        ^
[INFO] [stderr]    |
[INFO] [stderr]    = note: call `drop(Box::from_raw(ptr))` if you intend to drop the `Box`
[INFO] [stderr]    = note: `#[warn(unused_must_use)]` on by default
[INFO] [stderr] help: use `let _ = ...` to ignore the resulting value
[INFO] [stderr]    |
[INFO] [stderr] 10 |         fn init(output_len: usize, personalization: &[u8]) -> Box<Statelet _ = >;
[INFO] [stderr]    |                                                                        +++++++
[INFO] [stderr] 
[INFO] [stderr] warning: `librustzcash` (lib test) generated 1 warning
[INFO] [stderr]     Finished test [unoptimized + debuginfo] target(s) in 0.15s
[INFO] [stderr] warning: the following packages contain code that will be rejected by a future version of Rust: nom v5.1.2, terminfo v0.7.3
[INFO] [stderr] note: to see what the problems were, use the option `--future-incompat-report`, or run `cargo report future-incompatibilities --id 1`
[INFO] [stderr]      Running unittests src/rust/src/rustzcash.rs (/opt/rustwide/target/debug/deps/rustzcash-7d5d531e69d12f4f)
[INFO] [stdout] 
[INFO] [stdout] running 15 tests
[INFO] [stdout] test test_gen_r ... ok
[INFO] [stdout] test tests::zip339::test_free_null_phrase_is_noop ... ok
[INFO] [stdout] test tests::mmr::append ... ok
[INFO] [stdout] test tests::sapling_generators ... ok
[INFO] [stdout] test tests::zip339::test_try_from_language ... ok
[INFO] [stdout] test tests::mmr::delete ... ok
[INFO] [stdout] test tests::key_agreement::test_key_agreement ... ok
[INFO] [stdout] test tests::zip339::test_null_phrase_to_seed_panics - should panic ... ok
[INFO] [stdout] test tests::zip339::test_null_entropy_to_phrase_panics - should panic ... ok
[INFO] [stdout] test tests::zip339::test_phrase_to_seed_with_null_buffer_panics - should panic ... ok
[INFO] [stdout] test tests::zip339::test_validate_null_phrase_panics - should panic ... ok
[INFO] [stdout] test tests::signatures::redjubjub_signatures ... ok
[INFO] [stdout] test tests::zip339::test_known_answers ... ok
[INFO] [stdout] test tests::notes::notes ... ok
[INFO] [stdout] test tests::key_components::key_components ... ok
[INFO] [stdout] 
[INFO] [stdout] test result: ok. 15 passed; 0 failed; 0 ignored; 0 measured; 0 filtered out; finished in 0.35s
[INFO] [stdout] 
[INFO] [stderr]      Running unittests src/rust/bin/wallet_tool.rs (/opt/rustwide/target/debug/deps/zcashd_wallet_tool-341ed2d29bc9e1ee)
[INFO] [stdout] 
[INFO] [stdout] running 0 tests
[INFO] [stdout] 
[INFO] [stdout] test result: ok. 0 passed; 0 failed; 0 ignored; 0 measured; 0 filtered out; finished in 0.00s
[INFO] [stdout] 
[INFO] running `Command { std: "docker" "inspect" "cbe2d7740d5e12062c6edaa76ddea466f08788385332445bb63096792fe5d6cc", kill_on_drop: false }`
[INFO] running `Command { std: "docker" "rm" "-f" "cbe2d7740d5e12062c6edaa76ddea466f08788385332445bb63096792fe5d6cc", kill_on_drop: false }`
[INFO] [stdout] cbe2d7740d5e12062c6edaa76ddea466f08788385332445bb63096792fe5d6cc
