[INFO] cloning repository https://github.com/waterloop/relay
[INFO] running `Command { std: "git" "-c" "credential.helper=" "-c" "credential.helper=/workspace/cargo-home/bin/git-credential-null" "clone" "--bare" "https://github.com/waterloop/relay" "/workspace/cache/git-repos/https%3A%2F%2Fgithub.com%2Fwaterloop%2Frelay", kill_on_drop: false }`
[INFO] [stderr] Cloning into bare repository '/workspace/cache/git-repos/https%3A%2F%2Fgithub.com%2Fwaterloop%2Frelay'...
[INFO] running `Command { std: "git" "rev-parse" "HEAD", kill_on_drop: false }`
[INFO] [stdout] b7961afb0fa9f1bca568b7cf729a68d638637de8
[INFO] testing waterloop/relay against 1.75.0 for beta-1.76-1
[INFO] running `Command { std: "git" "clone" "/workspace/cache/git-repos/https%3A%2F%2Fgithub.com%2Fwaterloop%2Frelay" "/workspace/builds/worker-3-tc1/source", kill_on_drop: false }`
[INFO] [stderr] Cloning into '/workspace/builds/worker-3-tc1/source'...
[INFO] [stderr] done.
[INFO] validating manifest of git repo https://github.com/waterloop/relay on toolchain 1.75.0
[INFO] running `Command { std: CARGO_HOME="/workspace/cargo-home" RUSTUP_HOME="/workspace/rustup-home" "/workspace/cargo-home/bin/cargo" "+1.75.0" "metadata" "--manifest-path" "Cargo.toml" "--no-deps", kill_on_drop: false }`
[INFO] removed /workspace/builds/worker-3-tc1/source/.cargo/config.toml
[INFO] started tweaking git repo https://github.com/waterloop/relay
[INFO] finished tweaking git repo https://github.com/waterloop/relay
[INFO] tweaked toml for git repo https://github.com/waterloop/relay written to /workspace/builds/worker-3-tc1/source/Cargo.toml
[INFO] crate git repo https://github.com/waterloop/relay already has a lockfile, it will not be regenerated
[INFO] running `Command { std: CARGO_HOME="/workspace/cargo-home" RUSTUP_HOME="/workspace/rustup-home" "/workspace/cargo-home/bin/cargo" "+1.75.0" "fetch" "--manifest-path" "Cargo.toml", kill_on_drop: false }`
[INFO] [stderr]     Blocking waiting for file lock on package cache
[INFO] [stderr]     Updating crates.io index
[INFO] [stderr]  Downloading crates ...
[INFO] [stderr]   Downloaded socketcan v1.7.0
[INFO] running `Command { std: "docker" "create" "-v" "/var/lib/crater-agent-workspace/builds/worker-3-tc1/target:/opt/rustwide/target:rw,Z" "-v" "/var/lib/crater-agent-workspace/builds/worker-3-tc1/source:/opt/rustwide/workdir:ro,Z" "-v" "/var/lib/crater-agent-workspace/cargo-home:/opt/rustwide/cargo-home:ro,Z" "-v" "/var/lib/crater-agent-workspace/rustup-home:/opt/rustwide/rustup-home:ro,Z" "-e" "SOURCE_DIR=/opt/rustwide/workdir" "-e" "CARGO_TARGET_DIR=/opt/rustwide/target" "-e" "CARGO_HOME=/opt/rustwide/cargo-home" "-e" "RUSTUP_HOME=/opt/rustwide/rustup-home" "-w" "/opt/rustwide/workdir" "-m" "1610612736" "--user" "0:0" "--network" "none" "ghcr.io/rust-lang/crates-build-env/linux@sha256:2788e3201cd34a07e3172128adcd8b3090168a8e3bcc40d7c032b9dda1df7d1c" "/opt/rustwide/cargo-home/bin/cargo" "+1.75.0" "metadata" "--no-deps" "--format-version=1", kill_on_drop: false }`
[INFO] [stdout] 59b39f5f86580e5bc9eb681403f18cec0893faa6b4d806e7f4425b8ade74b6a5
[INFO] running `Command { std: "docker" "start" "-a" "59b39f5f86580e5bc9eb681403f18cec0893faa6b4d806e7f4425b8ade74b6a5", kill_on_drop: false }`
[INFO] running `Command { std: "docker" "inspect" "59b39f5f86580e5bc9eb681403f18cec0893faa6b4d806e7f4425b8ade74b6a5", kill_on_drop: false }`
[INFO] running `Command { std: "docker" "rm" "-f" "59b39f5f86580e5bc9eb681403f18cec0893faa6b4d806e7f4425b8ade74b6a5", kill_on_drop: false }`
[INFO] [stdout] 59b39f5f86580e5bc9eb681403f18cec0893faa6b4d806e7f4425b8ade74b6a5
[INFO] running `Command { std: "docker" "create" "-v" "/var/lib/crater-agent-workspace/builds/worker-3-tc1/target:/opt/rustwide/target:rw,Z" "-v" "/var/lib/crater-agent-workspace/builds/worker-3-tc1/source:/opt/rustwide/workdir:ro,Z" "-v" "/var/lib/crater-agent-workspace/cargo-home:/opt/rustwide/cargo-home:ro,Z" "-v" "/var/lib/crater-agent-workspace/rustup-home:/opt/rustwide/rustup-home:ro,Z" "-e" "SOURCE_DIR=/opt/rustwide/workdir" "-e" "CARGO_TARGET_DIR=/opt/rustwide/target" "-e" "CARGO_INCREMENTAL=0" "-e" "RUST_BACKTRACE=full" "-e" "RUSTFLAGS=--cap-lints=warn" "-e" "RUSTDOCFLAGS=--cap-lints=warn" "-e" "CARGO_HOME=/opt/rustwide/cargo-home" "-e" "RUSTUP_HOME=/opt/rustwide/rustup-home" "-w" "/opt/rustwide/workdir" "-m" "1610612736" "--user" "0:0" "--network" "none" "ghcr.io/rust-lang/crates-build-env/linux@sha256:2788e3201cd34a07e3172128adcd8b3090168a8e3bcc40d7c032b9dda1df7d1c" "/opt/rustwide/cargo-home/bin/cargo" "+1.75.0" "build" "--frozen" "--message-format=json", kill_on_drop: false }`
[INFO] [stdout] ea6d85d9f2de90443fe5aeabc940eb181551957f3d5ac832ab615ee90a38c56a
[INFO] running `Command { std: "docker" "start" "-a" "ea6d85d9f2de90443fe5aeabc940eb181551957f3d5ac832ab615ee90a38c56a", kill_on_drop: false }`
[INFO] [stderr]    Compiling autocfg v1.0.1
[INFO] [stderr]    Compiling libc v0.2.102
[INFO] [stderr]    Compiling bitflags v0.4.0
[INFO] [stderr]    Compiling try_from v0.2.2
[INFO] [stderr]    Compiling itertools v0.4.19
[INFO] [stderr]    Compiling hex v0.2.0
[INFO] [stderr]    Compiling json v0.12.4
[INFO] [stderr]    Compiling byteorder v1.4.3
[INFO] [stderr]    Compiling num-traits v0.2.14
[INFO] [stderr]    Compiling num-integer v0.1.44
[INFO] [stderr]    Compiling nix v0.5.1
[INFO] [stderr]    Compiling time v0.1.44
[INFO] [stderr]    Compiling chrono v0.4.19
[INFO] [stderr]    Compiling socketcan v1.7.0
[INFO] [stderr]    Compiling relay v0.1.0 (/opt/rustwide/workdir)
[INFO] [stdout] warning: unused import: `convert::TryInto`
[INFO] [stdout]   --> src/run_threads.rs:10:4
[INFO] [stdout]    |
[INFO] [stdout] 10 | }, convert::TryInto};
[INFO] [stdout]    |    ^^^^^^^^^^^^^^^^
[INFO] [stdout]    |
[INFO] [stdout]    = note: `#[warn(unused_imports)]` on by default
[INFO] [stdout] 
[INFO] [stdout] 
[INFO] [stdout] warning: unused import: `utils::rpm_integrator`
[INFO] [stdout]   --> src/run_threads.rs:22:4
[INFO] [stdout]    |
[INFO] [stdout] 22 | }, utils::rpm_integrator, pod_data::{ PodData }};
[INFO] [stdout]    |    ^^^^^^^^^^^^^^^^^^^^^
[INFO] [stdout] 
[INFO] [stdout] 
[INFO] [stdout] warning: unused import: `super::*`
[INFO] [stdout]    --> src/utils/device_watchdog.rs:139:7
[INFO] [stdout]     |
[INFO] [stdout] 139 |   use super::*;
[INFO] [stdout]     |       ^^^^^^^^
[INFO] [stdout] 
[INFO] [stdout] 
[INFO] [stdout] warning: unused import: `std::convert::TryInto`
[INFO] [stdout]  --> src/thread_managers/can/worker.rs:8:5
[INFO] [stdout]   |
[INFO] [stdout] 8 | use std::convert::TryInto;
[INFO] [stdout]   |     ^^^^^^^^^^^^^^^^^^^^^
[INFO] [stdout] 
[INFO] [stdout] 
[INFO] [stdout] warning: unreachable statement
[INFO] [stdout]    --> src/run_threads.rs:243:5
[INFO] [stdout]     |
[INFO] [stdout] 106 | /         loop {
[INFO] [stdout] 107 | |             match worker_message_receiver.recv() {
[INFO] [stdout] 108 | |                 Ok(message) => {
[INFO] [stdout] 109 | |                     match message {
[INFO] [stdout] ...   |
[INFO] [stdout] 239 | |             }
[INFO] [stdout] 240 | |         }
[INFO] [stdout]     | |_________- any code following this expression is unreachable
[INFO] [stdout] ...
[INFO] [stdout] 243 |       udp_handle.join().expect("Should be able to join at the end of the Program");
[INFO] [stdout]     |       ^^^^^^^^^^^^^^^^^^^^^^^^^^^^^^^^^^^^^^^^^^^^^^^^^^^^^^^^^^^^^^^^^^^^^^^^^^^^^ unreachable statement
[INFO] [stdout]     |
[INFO] [stdout]     = note: `#[warn(unreachable_code)]` on by default
[INFO] [stdout] 
[INFO] [stdout] 
[INFO] [stdout] warning: unused variable: `tcp_handle`
[INFO] [stdout]   --> src/run_threads.rs:55:9
[INFO] [stdout]    |
[INFO] [stdout] 55 |     let tcp_handle = thread_managers::TcpManager::run(
[INFO] [stdout]    |         ^^^^^^^^^^ help: if this is intentional, prefix it with an underscore: `_tcp_handle`
[INFO] [stdout]    |
[INFO] [stdout]    = note: `#[warn(unused_variables)]` on by default
[INFO] [stdout] 
[INFO] [stdout] 
[INFO] [stdout] warning: unused variable: `udp_handle`
[INFO] [stdout]   --> src/run_threads.rs:61:9
[INFO] [stdout]    |
[INFO] [stdout] 61 |     let udp_handle = thread_managers::UdpManager::run(
[INFO] [stdout]    |         ^^^^^^^^^^ help: if this is intentional, prefix it with an underscore: `_udp_handle`
[INFO] [stdout] 
[INFO] [stdout] 
[INFO] [stdout] warning: unused variable: `can_handle`
[INFO] [stdout]   --> src/run_threads.rs:71:9
[INFO] [stdout]    |
[INFO] [stdout] 71 |     let can_handle = thread_managers::CanManager::run(
[INFO] [stdout]    |         ^^^^^^^^^^ help: if this is intentional, prefix it with an underscore: `_can_handle`
[INFO] [stdout] 
[INFO] [stdout] 
[INFO] [stdout] warning: unused variable: `rpm_integrator`
[INFO] [stdout]    --> src/run_threads.rs:105:17
[INFO] [stdout]     |
[INFO] [stdout] 105 |         let mut rpm_integrator = RpmIntegrator::default();
[INFO] [stdout]     |                 ^^^^^^^^^^^^^^ help: if this is intentional, prefix it with an underscore: `_rpm_integrator`
[INFO] [stdout] 
[INFO] [stdout] 
[INFO] [stdout] warning: variable does not need to be mutable
[INFO] [stdout]    --> src/run_threads.rs:105:13
[INFO] [stdout]     |
[INFO] [stdout] 105 |         let mut rpm_integrator = RpmIntegrator::default();
[INFO] [stdout]     |             ----^^^^^^^^^^^^^^
[INFO] [stdout]     |             |
[INFO] [stdout]     |             help: remove this `mut`
[INFO] [stdout]     |
[INFO] [stdout]     = note: `#[warn(unused_mut)]` on by default
[INFO] [stdout] 
[INFO] [stdout] 
[INFO] [stdout] warning: unused variable: `bytes_sent`
[INFO] [stdout]   --> src/thread_managers/udp/worker.rs:54:16
[INFO] [stdout]    |
[INFO] [stdout] 54 |             Ok(bytes_sent) => {
[INFO] [stdout]    |                ^^^^^^^^^^ help: if this is intentional, prefix it with an underscore: `_bytes_sent`
[INFO] [stdout] 
[INFO] [stdout] 
[INFO] [stdout] warning: unused variable: `udp_address`
[INFO] [stdout]    --> src/thread_managers/udp/worker.rs:121:9
[INFO] [stdout]     |
[INFO] [stdout] 121 |         udp_address: A
[INFO] [stdout]     |         ^^^^^^^^^^^ help: if this is intentional, prefix it with an underscore: `_udp_address`
[INFO] [stdout] 
[INFO] [stdout] 
[INFO] [stdout] warning: unused variable: `max_motors`
[INFO] [stdout]    --> src/thread_managers/can/worker.rs:215:17
[INFO] [stdout]     |
[INFO] [stdout] 215 |             let max_motors = 1;
[INFO] [stdout]     |                 ^^^^^^^^^^ help: if this is intentional, prefix it with an underscore: `_max_motors`
[INFO] [stdout] 
[INFO] [stdout] 
[INFO] [stdout] warning: 13 warnings emitted
[INFO] [stdout] 
[INFO] [stdout] 
[INFO] [stderr]     Finished dev [unoptimized + debuginfo] target(s) in 4.28s
[INFO] running `Command { std: "docker" "inspect" "ea6d85d9f2de90443fe5aeabc940eb181551957f3d5ac832ab615ee90a38c56a", kill_on_drop: false }`
[INFO] running `Command { std: "docker" "rm" "-f" "ea6d85d9f2de90443fe5aeabc940eb181551957f3d5ac832ab615ee90a38c56a", kill_on_drop: false }`
[INFO] [stdout] ea6d85d9f2de90443fe5aeabc940eb181551957f3d5ac832ab615ee90a38c56a
[INFO] running `Command { std: "docker" "create" "-v" "/var/lib/crater-agent-workspace/builds/worker-3-tc1/target:/opt/rustwide/target:rw,Z" "-v" "/var/lib/crater-agent-workspace/builds/worker-3-tc1/source:/opt/rustwide/workdir:ro,Z" "-v" "/var/lib/crater-agent-workspace/cargo-home:/opt/rustwide/cargo-home:ro,Z" "-v" "/var/lib/crater-agent-workspace/rustup-home:/opt/rustwide/rustup-home:ro,Z" "-e" "SOURCE_DIR=/opt/rustwide/workdir" "-e" "CARGO_TARGET_DIR=/opt/rustwide/target" "-e" "CARGO_INCREMENTAL=0" "-e" "RUST_BACKTRACE=full" "-e" "RUSTFLAGS=--cap-lints=warn" "-e" "RUSTDOCFLAGS=--cap-lints=warn" "-e" "CARGO_HOME=/opt/rustwide/cargo-home" "-e" "RUSTUP_HOME=/opt/rustwide/rustup-home" "-w" "/opt/rustwide/workdir" "-m" "1610612736" "--user" "0:0" "--network" "none" "ghcr.io/rust-lang/crates-build-env/linux@sha256:2788e3201cd34a07e3172128adcd8b3090168a8e3bcc40d7c032b9dda1df7d1c" "/opt/rustwide/cargo-home/bin/cargo" "+1.75.0" "test" "--frozen" "--no-run" "--message-format=json", kill_on_drop: false }`
[INFO] [stdout] e39b49c033f9169ef866fc9945119ee4736e220acd19039bd46ed5912fa7545c
[INFO] running `Command { std: "docker" "start" "-a" "e39b49c033f9169ef866fc9945119ee4736e220acd19039bd46ed5912fa7545c", kill_on_drop: false }`
[INFO] [stdout] warning: unused import: `convert::TryInto`
[INFO] [stdout]   --> src/run_threads.rs:10:4
[INFO] [stdout]    |
[INFO] [stdout] 10 | }, convert::TryInto};
[INFO] [stdout]    |    ^^^^^^^^^^^^^^^^
[INFO] [stdout]    |
[INFO] [stdout]    = note: `#[warn(unused_imports)]` on by default
[INFO] [stdout] 
[INFO] [stdout] 
[INFO] [stdout] warning: unused import: `utils::rpm_integrator`
[INFO] [stdout]   --> src/run_threads.rs:22:4
[INFO] [stdout]    |
[INFO] [stdout] 22 | }, utils::rpm_integrator, pod_data::{ PodData }};
[INFO] [stdout]    |    ^^^^^^^^^^^^^^^^^^^^^
[INFO] [stdout] 
[INFO] [stdout] 
[INFO] [stdout] warning: unused import: `super::*`
[INFO] [stdout]    --> src/utils/device_watchdog.rs:139:7
[INFO] [stdout]     |
[INFO] [stdout] 139 |   use super::*;
[INFO] [stdout]     |       ^^^^^^^^
[INFO] [stdout] 
[INFO] [stdout] 
[INFO] [stdout] warning: unused import: `std::convert::TryInto`
[INFO] [stdout]  --> src/thread_managers/can/worker.rs:8:5
[INFO] [stdout]   |
[INFO] [stdout] 8 | use std::convert::TryInto;
[INFO] [stdout]   |     ^^^^^^^^^^^^^^^^^^^^^
[INFO] [stdout] 
[INFO] [stdout] 
[INFO] [stdout] warning: unreachable statement
[INFO] [stdout]    --> src/run_threads.rs:243:5
[INFO] [stdout]     |
[INFO] [stdout] 106 | /         loop {
[INFO] [stdout] 107 | |             match worker_message_receiver.recv() {
[INFO] [stdout] 108 | |                 Ok(message) => {
[INFO] [stdout] 109 | |                     match message {
[INFO] [stdout] ...   |
[INFO] [stdout] 239 | |             }
[INFO] [stdout] 240 | |         }
[INFO] [stdout]     | |_________- any code following this expression is unreachable
[INFO] [stdout] ...
[INFO] [stdout] 243 |       udp_handle.join().expect("Should be able to join at the end of the Program");
[INFO] [stdout]     |       ^^^^^^^^^^^^^^^^^^^^^^^^^^^^^^^^^^^^^^^^^^^^^^^^^^^^^^^^^^^^^^^^^^^^^^^^^^^^^ unreachable statement
[INFO] [stdout]     |
[INFO] [stdout]     = note: `#[warn(unreachable_code)]` on by default
[INFO] [stdout] 
[INFO] [stdout] 
[INFO] [stdout] warning: unused variable: `tcp_handle`
[INFO] [stdout]   --> src/run_threads.rs:55:9
[INFO] [stdout]    |
[INFO] [stdout] 55 |     let tcp_handle = thread_managers::TcpManager::run(
[INFO] [stdout]    |         ^^^^^^^^^^ help: if this is intentional, prefix it with an underscore: `_tcp_handle`
[INFO] [stdout]    |
[INFO] [stdout]    = note: `#[warn(unused_variables)]` on by default
[INFO] [stdout] 
[INFO] [stdout] 
[INFO] [stdout] warning: unused variable: `udp_handle`
[INFO] [stdout]   --> src/run_threads.rs:61:9
[INFO] [stdout]    |
[INFO] [stdout] 61 |     let udp_handle = thread_managers::UdpManager::run(
[INFO] [stdout]    |         ^^^^^^^^^^ help: if this is intentional, prefix it with an underscore: `_udp_handle`
[INFO] [stdout] 
[INFO] [stdout] 
[INFO] [stdout] warning: unused variable: `can_handle`
[INFO] [stdout]   --> src/run_threads.rs:71:9
[INFO] [stdout]    |
[INFO] [stdout] 71 |     let can_handle = thread_managers::CanManager::run(
[INFO] [stdout]    |         ^^^^^^^^^^ help: if this is intentional, prefix it with an underscore: `_can_handle`
[INFO] [stdout] 
[INFO] [stdout] 
[INFO] [stderr]    Compiling relay v0.1.0 (/opt/rustwide/workdir)
[INFO] [stdout] warning: unused variable: `rpm_integrator`
[INFO] [stdout]    --> src/run_threads.rs:105:17
[INFO] [stdout]     |
[INFO] [stdout] 105 |         let mut rpm_integrator = RpmIntegrator::default();
[INFO] [stdout]     |                 ^^^^^^^^^^^^^^ help: if this is intentional, prefix it with an underscore: `_rpm_integrator`
[INFO] [stdout] 
[INFO] [stdout] 
[INFO] [stdout] warning: variable does not need to be mutable
[INFO] [stdout]    --> src/run_threads.rs:105:13
[INFO] [stdout]     |
[INFO] [stdout] 105 |         let mut rpm_integrator = RpmIntegrator::default();
[INFO] [stdout]     |             ----^^^^^^^^^^^^^^
[INFO] [stdout]     |             |
[INFO] [stdout]     |             help: remove this `mut`
[INFO] [stdout]     |
[INFO] [stdout]     = note: `#[warn(unused_mut)]` on by default
[INFO] [stdout] 
[INFO] [stdout] 
[INFO] [stdout] warning: unused variable: `bytes_sent`
[INFO] [stdout]   --> src/thread_managers/udp/worker.rs:54:16
[INFO] [stdout]    |
[INFO] [stdout] 54 |             Ok(bytes_sent) => {
[INFO] [stdout]    |                ^^^^^^^^^^ help: if this is intentional, prefix it with an underscore: `_bytes_sent`
[INFO] [stdout] 
[INFO] [stdout] 
[INFO] [stdout] warning: unused variable: `udp_address`
[INFO] [stdout]    --> src/thread_managers/udp/worker.rs:121:9
[INFO] [stdout]     |
[INFO] [stdout] 121 |         udp_address: A
[INFO] [stdout]     |         ^^^^^^^^^^^ help: if this is intentional, prefix it with an underscore: `_udp_address`
[INFO] [stdout] 
[INFO] [stdout] 
[INFO] [stdout] warning: unused variable: `max_motors`
[INFO] [stdout]    --> src/thread_managers/can/worker.rs:215:17
[INFO] [stdout]     |
[INFO] [stdout] 215 |             let max_motors = 1;
[INFO] [stdout]     |                 ^^^^^^^^^^ help: if this is intentional, prefix it with an underscore: `_max_motors`
[INFO] [stdout] 
[INFO] [stdout] 
[INFO] [stdout] warning: 13 warnings emitted
[INFO] [stdout] 
[INFO] [stdout] 
[INFO] [stdout] error: couldn't create a temp dir: No space left on device (os error 28) at path "/opt/rustwide/target/debug/deps/rmetaHGS30Y"
[INFO] [stdout] 
[INFO] [stdout] 
[INFO] [stderr] error: could not compile `relay` (bin "relay" test) due to previous error
[INFO] [stderr] warning: build failed, waiting for other jobs to finish...
[INFO] [stdout] warning: unused variable: `pod_data`
[INFO] [stdout]   --> tests/common/mock_desktop.rs:80:19
[INFO] [stdout]    |
[INFO] [stdout] 80 |               let pod_data = PodData::from(json_data);
[INFO] [stdout]    |                   ^^^^^^^^ help: if this is intentional, prefix it with an underscore: `_pod_data`
[INFO] [stdout]    |
[INFO] [stdout]    = note: `#[warn(unused_variables)]` on by default
[INFO] [stdout] 
[INFO] [stdout] 
[INFO] [stdout] warning: unused import: `convert::TryInto`
[INFO] [stdout]   --> src/run_threads.rs:10:4
[INFO] [stdout]    |
[INFO] [stdout] 10 | }, convert::TryInto};
[INFO] [stdout]    |    ^^^^^^^^^^^^^^^^
[INFO] [stdout]    |
[INFO] [stdout]    = note: `#[warn(unused_imports)]` on by default
[INFO] [stdout] 
[INFO] [stdout] 
[INFO] [stderr] error: could not compile `relay` (test "bus_test"); 1 warning emitted
[INFO] [stderr] error: could not compile `relay` (lib test); 1 warning emitted
[INFO] running `Command { std: "docker" "inspect" "e39b49c033f9169ef866fc9945119ee4736e220acd19039bd46ed5912fa7545c", kill_on_drop: false }`
[INFO] running `Command { std: "docker" "rm" "-f" "e39b49c033f9169ef866fc9945119ee4736e220acd19039bd46ed5912fa7545c", kill_on_drop: false }`
[INFO] [stdout] e39b49c033f9169ef866fc9945119ee4736e220acd19039bd46ed5912fa7545c
[INFO] testing waterloop/relay against beta-2023-12-22 for beta-1.76-1
[INFO] running `Command { std: "git" "clone" "/workspace/cache/git-repos/https%3A%2F%2Fgithub.com%2Fwaterloop%2Frelay" "/workspace/builds/worker-3-tc2/source", kill_on_drop: false }`
[INFO] [stderr] Cloning into '/workspace/builds/worker-3-tc2/source'...
[INFO] [stderr] done.
[INFO] [stderr] error: unable to write file src/main.rs
[INFO] [stderr] error: unable to write file src/pod_data.rs
[INFO] [stderr] error: unable to write file src/pod_states.rs
[INFO] [stderr] fatal: cannot create directory at 'src/project_butterfree': No space left on device
[INFO] [stderr] warning: Clone succeeded, but checkout failed.
[INFO] [stderr] You can inspect what was checked out with 'git status'
[INFO] [stderr] and retry with 'git restore --source=HEAD :/'
[INFO] [stderr] 
[INFO] testing waterloop/relay against beta-2023-12-22 for beta-1.76-1
[INFO] running `Command { std: "git" "clone" "/workspace/cache/git-repos/https%3A%2F%2Fgithub.com%2Fwaterloop%2Frelay" "/workspace/builds/worker-3-tc2/source", kill_on_drop: false }`
[INFO] [stderr] Cloning into '/workspace/builds/worker-3-tc2/source'...
[INFO] [stderr] done.
[INFO] [stderr] error: unable to write file src/can_extentions/can_frame/frame_handler.rs
[INFO] [stderr] error: unable to write file src/can_extentions/can_frame/mod.rs
[INFO] [stderr] fatal: cannot create directory at 'src/can_extentions/can_socket': No space left on device
[INFO] [stderr] warning: Clone succeeded, but checkout failed.
[INFO] [stderr] You can inspect what was checked out with 'git status'
[INFO] [stderr] and retry with 'git restore --source=HEAD :/'
[INFO] [stderr] 
[INFO] testing waterloop/relay against beta-2023-12-22 for beta-1.76-1
[INFO] running `Command { std: "git" "clone" "/workspace/cache/git-repos/https%3A%2F%2Fgithub.com%2Fwaterloop%2Frelay" "/workspace/builds/worker-3-tc2/source", kill_on_drop: false }`
[INFO] [stderr] Cloning into '/workspace/builds/worker-3-tc2/source'...
[INFO] [stderr] done.
[INFO] [stderr] error: unable to write file out.txt
[INFO] [stderr] fatal: cannot create directory at 'roboteq_test': No space left on device
[INFO] [stderr] warning: Clone succeeded, but checkout failed.
[INFO] [stderr] You can inspect what was checked out with 'git status'
[INFO] [stderr] and retry with 'git restore --source=HEAD :/'
[INFO] [stderr] 
[INFO] testing waterloop/relay against beta-2023-12-22 for beta-1.76-1
[INFO] running `Command { std: "git" "clone" "/workspace/cache/git-repos/https%3A%2F%2Fgithub.com%2Fwaterloop%2Frelay" "/workspace/builds/worker-3-tc2/source", kill_on_drop: false }`
[INFO] [stderr] Cloning into '/workspace/builds/worker-3-tc2/source'...
[INFO] [stderr] done.
[INFO] [stderr] error: unable to write file out.txt
[INFO] [stderr] fatal: cannot create directory at 'roboteq_test': No space left on device
[INFO] [stderr] warning: Clone succeeded, but checkout failed.
[INFO] [stderr] You can inspect what was checked out with 'git status'
[INFO] [stderr] and retry with 'git restore --source=HEAD :/'
[INFO] [stderr] 
[INFO] testing waterloop/relay against beta-2023-12-22 for beta-1.76-1
[INFO] running `Command { std: "git" "clone" "/workspace/cache/git-repos/https%3A%2F%2Fgithub.com%2Fwaterloop%2Frelay" "/workspace/builds/worker-3-tc2/source", kill_on_drop: false }`
[INFO] [stderr] Cloning into '/workspace/builds/worker-3-tc2/source'...
[INFO] [stderr] done.
[INFO] [stderr] error: unable to write file out.txt
[INFO] [stderr] fatal: cannot create directory at 'roboteq_test': No space left on device
[INFO] [stderr] warning: Clone succeeded, but checkout failed.
[INFO] [stderr] You can inspect what was checked out with 'git status'
[INFO] [stderr] and retry with 'git restore --source=HEAD :/'
[INFO] [stderr] 
[ERROR] this task or one of its parent failed!
[ERROR] failed to checkout https://github.com/waterloop/relay
[ERROR] caused by: command failed: exit status: 128
[ERROR] note: run with `RUST_BACKTRACE=1` to display a backtrace.
