[INFO] cloning repository https://github.com/umasolution/rust_1
[INFO] running `Command { std: "git" "-c" "credential.helper=" "-c" "credential.helper=/workspace/cargo-home/bin/git-credential-null" "clone" "--bare" "https://github.com/umasolution/rust_1" "/workspace/cache/git-repos/https%3A%2F%2Fgithub.com%2Fumasolution%2Frust_1", kill_on_drop: false }`
[INFO] [stderr] Cloning into bare repository '/workspace/cache/git-repos/https%3A%2F%2Fgithub.com%2Fumasolution%2Frust_1'...
[INFO] running `Command { std: "git" "rev-parse" "HEAD", kill_on_drop: false }`
[INFO] [stdout] 3f7546e875f1b557999c065b12b45c0b4acc909a
[INFO] testing umasolution/rust_1 against 1.75.0 for beta-1.76-1
[INFO] running `Command { std: "git" "clone" "/workspace/cache/git-repos/https%3A%2F%2Fgithub.com%2Fumasolution%2Frust_1" "/workspace/builds/worker-3-tc1/source", kill_on_drop: false }`
[INFO] [stderr] Cloning into '/workspace/builds/worker-3-tc1/source'...
[INFO] [stderr] done.
[INFO] validating manifest of git repo https://github.com/umasolution/rust_1 on toolchain 1.75.0
[INFO] running `Command { std: CARGO_HOME="/workspace/cargo-home" RUSTUP_HOME="/workspace/rustup-home" "/workspace/cargo-home/bin/cargo" "+1.75.0" "metadata" "--manifest-path" "Cargo.toml" "--no-deps", kill_on_drop: false }`
[INFO] removed /workspace/builds/worker-3-tc1/source/rust-toolchain.toml
[INFO] started tweaking git repo https://github.com/umasolution/rust_1
[INFO] finished tweaking git repo https://github.com/umasolution/rust_1
[INFO] tweaked toml for git repo https://github.com/umasolution/rust_1 written to /workspace/builds/worker-3-tc1/source/Cargo.toml
[INFO] crate git repo https://github.com/umasolution/rust_1 already has a lockfile, it will not be regenerated
[INFO] running `Command { std: CARGO_HOME="/workspace/cargo-home" RUSTUP_HOME="/workspace/rustup-home" "/workspace/cargo-home/bin/cargo" "+1.75.0" "fetch" "--manifest-path" "Cargo.toml", kill_on_drop: false }`
[INFO] [stderr]     Updating crates.io index
[INFO] [stderr]  Downloading crates ...
[INFO] [stderr]   Downloaded ecb v0.1.2
[INFO] [stderr]   Downloaded junction v0.2.0
[INFO] [stderr]   Downloaded swc_ecma_transforms_react v0.178.3
[INFO] [stderr]   Downloaded quick-junit v0.3.3
[INFO] [stderr]   Downloaded swc_common v0.32.0
[INFO] [stderr]   Downloaded swc_ecma_transforms_base v0.132.2
[INFO] [stderr]   Downloaded swc_ecma_loader v0.44.2
[INFO] [stderr]   Downloaded swc_ecma_transforms_classes v0.121.2
[INFO] [stderr]   Downloaded swc_ecma_transforms_macros v0.5.3
[INFO] [stderr]   Downloaded dsa v0.6.1
[INFO] [stderr]   Downloaded from_variant v0.1.6
[INFO] [stderr]   Downloaded swc_ecma_visit v0.95.0
[INFO] [stderr]   Downloaded swc_ecma_utils v0.122.0
[INFO] [stderr]   Downloaded trust-dns-client v0.22.0
[INFO] [stderr]   Downloaded trust-dns-server v0.22.1
[INFO] [stderr]   Downloaded dprint-plugin-typescript v0.87.1
[INFO] [stderr]   Downloaded swc_ecma_codegen v0.144.1
[INFO] [stderr]   Downloaded aead-gcm-stream v0.1.0
[INFO] [stderr]   Downloaded napi-build v1.2.1
[INFO] [stderr]   Downloaded swc_ecma_ast v0.109.0
[INFO] [stderr]   Downloaded swc_config v0.1.7
[INFO] [stderr]   Downloaded deno_lockfile v0.17.1
[INFO] [stderr]   Downloaded deno_cache_dir v0.6.0
[INFO] [stderr]   Downloaded deno_semver v0.4.0
[INFO] [stderr]   Downloaded swc_ecma_transforms_typescript v0.182.3
[INFO] [stderr]   Downloaded clap_complete_fig v4.3.1
[INFO] [stderr]   Downloaded swc_fast_graph v0.20.0
[INFO] [stderr]   Downloaded deno_ast v0.29.3
[INFO] [stderr]   Downloaded swc_atoms v0.5.9
[INFO] [stderr]   Downloaded dprint-plugin-json v0.17.4
[INFO] [stderr]   Downloaded deno_emit v0.27.0
[INFO] [stderr]   Downloaded swc_ecma_transforms_optimization v0.192.3
[INFO] [stderr]   Downloaded swc_bundler v0.219.5
[INFO] [stderr]   Downloaded v8 v0.76.0
[INFO] [stderr]   Downloaded deno_lint v0.51.0
[INFO] [stderr]   Downloaded deno_graph v0.54.0
[INFO] [stderr]   Downloaded deno_core v0.213.0
[INFO] [stderr]   Downloaded eszip v0.52.0
[INFO] [stderr]   Downloaded deno_ops v0.90.0
[INFO] [stderr]   Downloaded deno_doc v0.66.0
[INFO] [stderr]   Downloaded deno_npm v0.14.0
[INFO] [stderr]   Downloaded dprint-plugin-markdown v0.16.1
[INFO] [stderr]   Downloaded deno_unsync v0.2.1
[INFO] [stderr]   Downloaded dprint-swc-ext v0.12.0
[INFO] [stderr]   Downloaded is-macro v0.3.0
[INFO] [stderr]   Downloaded sourcemap v7.0.0
[INFO] [stderr]   Downloaded swc_ecma_transforms_proposal v0.166.3
[INFO] [stderr]   Downloaded swc_ecma_dep_graph v0.111.1
[INFO] [stderr]   Downloaded swc_ecma_parser v0.139.0
[INFO] [stderr]   Downloaded swc_visit v0.5.7
[INFO] [stderr]   Downloaded swc_macros_common v0.3.8
[INFO] [stderr]   Downloaded string_enum v0.4.1
[INFO] [stderr]   Downloaded nextest-workspace-hack v0.1.0
[INFO] [stderr]   Downloaded rustyline-derive v0.7.0
[INFO] [stderr]   Downloaded dprint-core v0.62.1
[INFO] [stderr]   Downloaded zeromq v0.3.3
[INFO] [stderr]   Downloaded tokio-metrics v0.3.0
[INFO] [stderr]   Downloaded escape8259 v0.5.2
[INFO] [stderr]   Downloaded deno_task_shell v0.13.2
[INFO] [stderr]   Downloaded fastwebsockets v0.4.4
[INFO] [stderr]   Downloaded serde_v8 v0.123.0
[INFO] [stderr]   Downloaded deno_unsync v0.1.1
[INFO] [stderr]   Downloaded ast_node v0.9.5
[INFO] [stderr]   Downloaded flaky_test v0.1.0
[INFO] [stderr]   Downloaded deno_config v0.3.1
[INFO] [stderr]   Downloaded swc_visit_macros v0.5.8
[INFO] [stderr]   Downloaded swc_eq_ignore_macros v0.1.2
[INFO] [stderr]   Downloaded swc_graph_analyzer v0.21.0
[INFO] [stderr]   Downloaded swc_ecma_codegen_macros v0.7.3
[INFO] [stderr]   Downloaded swc_config_macro v0.1.2
[INFO] running `Command { std: "docker" "create" "-v" "/var/lib/crater-agent-workspace/builds/worker-3-tc1/target:/opt/rustwide/target:rw,Z" "-v" "/var/lib/crater-agent-workspace/builds/worker-3-tc1/source:/opt/rustwide/workdir:ro,Z" "-v" "/var/lib/crater-agent-workspace/cargo-home:/opt/rustwide/cargo-home:ro,Z" "-v" "/var/lib/crater-agent-workspace/rustup-home:/opt/rustwide/rustup-home:ro,Z" "-e" "SOURCE_DIR=/opt/rustwide/workdir" "-e" "CARGO_TARGET_DIR=/opt/rustwide/target" "-e" "CARGO_HOME=/opt/rustwide/cargo-home" "-e" "RUSTUP_HOME=/opt/rustwide/rustup-home" "-w" "/opt/rustwide/workdir" "-m" "1610612736" "--user" "0:0" "--network" "none" "ghcr.io/rust-lang/crates-build-env/linux@sha256:2788e3201cd34a07e3172128adcd8b3090168a8e3bcc40d7c032b9dda1df7d1c" "/opt/rustwide/cargo-home/bin/cargo" "+1.75.0" "metadata" "--no-deps" "--format-version=1", kill_on_drop: false }`
[INFO] [stdout] 83f90816b40822ad707199e1d6ac3d434ffd69a56f89f5f67fc7e7503dbc6876
[INFO] running `Command { std: "docker" "start" "-a" "83f90816b40822ad707199e1d6ac3d434ffd69a56f89f5f67fc7e7503dbc6876", kill_on_drop: false }`
[INFO] running `Command { std: "docker" "inspect" "83f90816b40822ad707199e1d6ac3d434ffd69a56f89f5f67fc7e7503dbc6876", kill_on_drop: false }`
[INFO] running `Command { std: "docker" "rm" "-f" "83f90816b40822ad707199e1d6ac3d434ffd69a56f89f5f67fc7e7503dbc6876", kill_on_drop: false }`
[INFO] [stdout] 83f90816b40822ad707199e1d6ac3d434ffd69a56f89f5f67fc7e7503dbc6876
[INFO] running `Command { std: "docker" "create" "-v" "/var/lib/crater-agent-workspace/builds/worker-3-tc1/target:/opt/rustwide/target:rw,Z" "-v" "/var/lib/crater-agent-workspace/builds/worker-3-tc1/source:/opt/rustwide/workdir:ro,Z" "-v" "/var/lib/crater-agent-workspace/cargo-home:/opt/rustwide/cargo-home:ro,Z" "-v" "/var/lib/crater-agent-workspace/rustup-home:/opt/rustwide/rustup-home:ro,Z" "-e" "SOURCE_DIR=/opt/rustwide/workdir" "-e" "CARGO_TARGET_DIR=/opt/rustwide/target" "-e" "CARGO_INCREMENTAL=0" "-e" "RUST_BACKTRACE=full" "-e" "RUSTFLAGS=--cap-lints=warn" "-e" "RUSTDOCFLAGS=--cap-lints=warn" "-e" "CARGO_HOME=/opt/rustwide/cargo-home" "-e" "RUSTUP_HOME=/opt/rustwide/rustup-home" "-w" "/opt/rustwide/workdir" "-m" "1610612736" "--user" "0:0" "--network" "none" "ghcr.io/rust-lang/crates-build-env/linux@sha256:2788e3201cd34a07e3172128adcd8b3090168a8e3bcc40d7c032b9dda1df7d1c" "/opt/rustwide/cargo-home/bin/cargo" "+1.75.0" "build" "--frozen" "--message-format=json", kill_on_drop: false }`
[INFO] [stdout] 01d35e65e5660498717b4f991ee9d50d019bcb9fa2a378904eb9ebf1253c1e73
[INFO] running `Command { std: "docker" "start" "-a" "01d35e65e5660498717b4f991ee9d50d019bcb9fa2a378904eb9ebf1253c1e73", kill_on_drop: false }`
[INFO] [stderr]    Compiling proc-macro2 v1.0.67
[INFO] [stderr]    Compiling unicode-ident v1.0.12
[INFO] [stderr]    Compiling libc v0.2.148
[INFO] [stderr]    Compiling cfg-if v1.0.0
[INFO] [stderr]    Compiling autocfg v1.1.0
[INFO] [stderr]    Compiling version_check v0.9.4
[INFO] [stderr]    Compiling serde v1.0.188
[INFO] [stderr]    Compiling once_cell v1.18.0
[INFO] [stderr]    Compiling memchr v2.6.3
[INFO] [stderr]    Compiling smallvec v1.11.0
[INFO] [stderr]    Compiling pin-project-lite v0.2.13
[INFO] [stderr]    Compiling scopeguard v1.2.0
[INFO] [stderr]    Compiling parking_lot_core v0.9.8
[INFO] [stderr]    Compiling itoa v1.0.9
[INFO] [stderr]    Compiling ahash v0.8.3
[INFO] [stderr]    Compiling allocator-api2 v0.2.16
[INFO] [stderr]    Compiling lock_api v0.4.10
[INFO] [stderr]    Compiling equivalent v1.0.1
[INFO] [stderr]    Compiling ppv-lite86 v0.2.17
[INFO] [stderr]    Compiling syn v1.0.109
[INFO] [stderr]    Compiling spin v0.5.2
[INFO] [stderr]    Compiling quote v1.0.33
[INFO] [stderr]    Compiling hashbrown v0.14.0
[INFO] [stderr]    Compiling tinyvec_macros v0.1.1
[INFO] [stderr]    Compiling unicode-bidi v0.3.13
[INFO] [stderr]    Compiling tinyvec v1.6.0
[INFO] [stderr]    Compiling percent-encoding v2.3.0
[INFO] [stderr]    Compiling syn v2.0.33
[INFO] [stderr]    Compiling bitflags v2.4.0
[INFO] [stderr]    Compiling either v1.9.0
[INFO] [stderr]    Compiling form_urlencoded v1.2.0
[INFO] [stderr]    Compiling aho-corasick v1.0.5
[INFO] [stderr]    Compiling regex-syntax v0.7.5
[INFO] [stderr]    Compiling libm v0.2.7
[INFO] [stderr]    Compiling getrandom v0.2.10
[INFO] [stderr]    Compiling num_cpus v1.16.0
[INFO] [stderr]    Compiling jobserver v0.1.26
[INFO] [stderr]    Compiling rand_core v0.6.4
[INFO] [stderr]    Compiling parking_lot v0.12.1
[INFO] [stderr]    Compiling cc v1.0.83
[INFO] [stderr]    Compiling rand_chacha v0.3.1
[INFO] [stderr]    Compiling unicode-normalization v0.1.22
[INFO] [stderr]    Compiling rand v0.8.5
[INFO] [stderr]    Compiling idna v0.4.0
[INFO] [stderr]    Compiling ryu v1.0.15
[INFO] [stderr]    Compiling serde_json v1.0.107
[INFO] [stderr]    Compiling num-traits v0.2.16
[INFO] [stderr]    Compiling bytes v1.5.0
[INFO] [stderr]    Compiling regex-automata v0.3.8
[INFO] [stderr]    Compiling futures-core v0.3.28
[INFO] [stderr]    Compiling num-integer v0.1.45
[INFO] [stderr]    Compiling futures-sink v0.3.28
[INFO] [stderr]    Compiling slab v0.4.9
[INFO] [stderr]    Compiling futures-channel v0.3.28
[INFO] [stderr]    Compiling futures-task v0.3.28
[INFO] [stderr]    Compiling socket2 v0.5.4
[INFO] [stderr]    Compiling signal-hook-registry v1.4.1
[INFO] [stderr]    Compiling pin-utils v0.1.0
[INFO] [stderr]    Compiling pmutil v0.6.1
[INFO] [stderr]    Compiling futures-util v0.3.28
[INFO] [stderr]    Compiling data-encoding v2.4.0
[INFO] [stderr]    Compiling lazy_static v1.4.0
[INFO] [stderr]    Compiling typenum v1.17.0
[INFO] [stderr]    Compiling num-bigint v0.4.4
[INFO] [stderr]    Compiling generic-array v0.14.7
[INFO] [stderr]    Compiling regex v1.9.5
[INFO] [stderr]    Compiling unicode-id v0.3.4
[INFO] [stderr]    Compiling if_chain v1.0.2
[INFO] [stderr]    Compiling thiserror v1.0.48
[INFO] [stderr]    Compiling anyhow v1.0.75
[INFO] [stderr]    Compiling subtle v2.5.0
[INFO] [stderr]    Compiling tracing-core v0.1.31
[INFO] [stderr]    Compiling linux-raw-sys v0.4.7
[INFO] [stderr]    Compiling const-oid v0.9.5
[INFO] [stderr]    Compiling bitflags v1.3.2
[INFO] [stderr]    Compiling hashbrown v0.12.3
[INFO] [stderr]    Compiling rustix v0.38.13
[INFO] [stderr]    Compiling heck v0.4.1
[INFO] [stderr]    Compiling home v0.5.5
[INFO] [stderr]    Compiling log v0.4.20
[INFO] [stderr]    Compiling rustversion v1.0.14
[INFO] [stderr]    Compiling fslock v0.1.8
[INFO] [stderr]    Compiling convert_case v0.4.0
[INFO] [stderr]    Compiling toml_datetime v0.6.3
[INFO] [stderr]    Compiling winnow v0.5.15
[INFO] [stderr]    Compiling serde_derive v1.0.188
[INFO] [stderr]    Compiling zeroize_derive v1.4.2
[INFO] [stderr]    Compiling tokio-macros v2.1.0
[INFO] [stderr]    Compiling futures-macro v0.3.28
[INFO] [stderr]    Compiling thiserror-impl v1.0.48
[INFO] [stderr]    Compiling tracing-attributes v0.1.26
[INFO] [stderr]    Compiling zeroize v1.6.0
[INFO] [stderr]    Compiling pin-project-internal v1.1.3
[INFO] [stderr]    Compiling lazy-regex-proc_macros v3.0.1
[INFO] [stderr]    Compiling crypto-common v0.1.6
[INFO] [stderr]    Compiling block-buffer v0.10.4
[INFO] [stderr]    Compiling which v4.4.2
[INFO] [stderr]    Compiling digest v0.10.7
[INFO] [stderr]    Compiling derive_more v0.99.17
[INFO] [stderr]    Compiling siphasher v0.3.11
[INFO] [stderr]    Compiling v8 v0.76.0
[INFO] [stderr]    Compiling cpufeatures v0.2.9
[INFO] [stderr]    Compiling strum_macros v0.25.2
[INFO] [stderr]    Compiling phf_shared v0.10.0
[INFO] [stderr]    Compiling deno-proc-macro-rules-macros v0.3.2
[INFO] [stderr]    Compiling lazy-regex v3.0.2
[INFO] [stderr]    Compiling swc_macros_common v0.3.8
[INFO] [stderr]    Compiling pin-project v1.1.3
[INFO] [stderr]    Compiling phf_generator v0.10.0
[INFO] [stderr]    Compiling tracing v0.1.37
[INFO] [stderr]    Compiling unicode-width v0.1.10
[INFO] [stderr]    Compiling futures-io v0.3.28
[INFO] [stderr]    Compiling mio v0.8.8
[INFO] [stderr]    Compiling deno-proc-macro-rules v0.3.2
[INFO] [stderr]    Compiling ring v0.16.20
[INFO] [stderr]    Compiling async-trait v0.1.73
[INFO] [stderr]    Compiling rustc-hash v1.1.0
[INFO] [stderr]    Compiling tokio v1.32.0
[INFO] [stderr]    Compiling strum v0.25.0
[INFO] [stderr]    Compiling string_cache_codegen v0.5.2
[INFO] [stderr]    Compiling Inflector v0.11.4
[INFO] [stderr]    Compiling swc_atoms v0.5.9
[INFO] [stderr]    Compiling stable_deref_trait v1.2.0
[INFO] [stderr]    Compiling new_debug_unreachable v1.0.4
[INFO] [stderr]    Compiling precomputed-hash v0.1.1
[INFO] [stderr]    Compiling swc_visit_macros v0.5.8
[INFO] [stderr]    Compiling scoped-tls v1.0.1
[INFO] [stderr]    Compiling untrusted v0.7.1
[INFO] [stderr]    Compiling better_scoped_tls v0.1.1
[INFO] [stderr]    Compiling from_variant v0.1.6
[INFO] [stderr]    Compiling ast_node v0.9.5
[INFO] [stderr]    Compiling indexmap v2.0.0
[INFO] [stderr]    Compiling url v2.4.1
[INFO] [stderr]    Compiling uuid v1.4.1
[INFO] [stderr]    Compiling debugid v0.8.0
[INFO] [stderr]    Compiling toml_edit v0.19.15
[INFO] [stderr]    Compiling serde_bytes v0.11.12
[INFO] [stderr]    Compiling sourcemap v7.0.0
[INFO] [stderr]    Compiling string_cache v0.8.7
[INFO] [stderr]    Compiling triomphe v0.1.9
[INFO] [stderr]    Compiling proc-macro-crate v1.3.1
[INFO] [stderr]    Compiling swc_visit v0.5.7
[INFO] [stderr]    Compiling sourcemap v6.4.1
[INFO] [stderr]    Compiling swc_eq_ignore_macros v0.1.2
[INFO] [stderr]    Compiling static_assertions v1.1.0
[INFO] [stderr]    Compiling proc-macro-hack v0.5.20+deprecated
[INFO] [stderr]    Compiling indexmap v1.9.3
[INFO] [stderr]    Compiling swc_common v0.32.0
[INFO] [stderr]    Compiling is-macro v0.3.0
[INFO] [stderr]    Compiling string_enum v0.4.1
[INFO] [stderr]    Compiling deno_ops v0.90.0
[INFO] [stderr]    Compiling base64ct v1.6.0
[INFO] [stderr]    Compiling swc_ecma_ast v0.109.0
[INFO] [stderr]    Compiling fnv v1.0.7
[INFO] [stderr]    Compiling psm v0.1.21
[INFO] [stderr]    Compiling http v0.2.9
[INFO] [stderr]    Compiling futures-executor v0.3.28
[INFO] [stderr]    Compiling stacker v0.1.15
[INFO] [stderr]    Compiling smartstring v1.0.1
[INFO] [stderr]    Compiling rustls v0.21.7
[INFO] [stderr]    Compiling httparse v1.8.0
[INFO] [stderr]    Compiling futures v0.3.28
[INFO] [stderr]    Compiling sct v0.7.0
[INFO] [stderr]    Compiling rustls-webpki v0.101.5
[INFO] [stderr]    Compiling cmake v0.1.50
[INFO] [stderr]    Compiling phf_macros v0.10.0
[INFO] [stderr]    Compiling libz-ng-sys v1.1.12
[INFO] [stderr]    Compiling base64 v0.21.4
[INFO] [stderr] error: failed to run custom build command for `v8 v0.76.0`
[INFO] [stderr] note: To improve backtraces for build dependencies, set the CARGO_PROFILE_DEV_BUILD_OVERRIDE_DEBUG=true environment variable to enable debug information generation.
[INFO] [stderr] 
[INFO] [stderr] Caused by:
[INFO] [stderr]   process didn't exit successfully: `/opt/rustwide/target/debug/build/v8-4980d53c0dbb142b/build-script-build` (exit status: 101)
[INFO] [stderr]   --- stdout
[INFO] [stderr]   cargo:rerun-if-changed=.gn
[INFO] [stderr]   cargo:rerun-if-changed=BUILD.gn
[INFO] [stderr]   cargo:rerun-if-changed=src/binding.cc
[INFO] [stderr]   cargo:rerun-if-env-changed=CCACHE
[INFO] [stderr]   cargo:rerun-if-env-changed=CLANG_BASE_PATH
[INFO] [stderr]   cargo:rerun-if-env-changed=CXXSTDLIB
[INFO] [stderr]   cargo:rerun-if-env-changed=DENO_TRYBUILD
[INFO] [stderr]   cargo:rerun-if-env-changed=DOCS_RS
[INFO] [stderr]   cargo:rerun-if-env-changed=GN
[INFO] [stderr]   cargo:rerun-if-env-changed=GN_ARGS
[INFO] [stderr]   cargo:rerun-if-env-changed=HOST
[INFO] [stderr]   cargo:rerun-if-env-changed=NINJA
[INFO] [stderr]   cargo:rerun-if-env-changed=OUT_DIR
[INFO] [stderr]   cargo:rerun-if-env-changed=RUSTY_V8_ARCHIVE
[INFO] [stderr]   cargo:rerun-if-env-changed=RUSTY_V8_MIRROR
[INFO] [stderr]   cargo:rerun-if-env-changed=SCCACHE
[INFO] [stderr]   cargo:rerun-if-env-changed=V8_FORCE_DEBUG
[INFO] [stderr]   cargo:rerun-if-env-changed=V8_FROM_SOURCE
[INFO] [stderr]   cargo:rerun-if-env-changed=PYTHON
[INFO] [stderr]   cargo:rerun-if-env-changed=DISABLE_CLANG
[INFO] [stderr]   cargo:rerun-if-env-changed=EXTRA_GN_ARGS
[INFO] [stderr]   cargo:rerun-if-env-changed=NO_PRINT_GN_ARGS
[INFO] [stderr]   cargo:rustc-link-lib=static=rusty_v8
[INFO] [stderr]   download lockfile: "/opt/rustwide/target/debug/build/lib_download.fslock"
[INFO] [stderr]   static lib URL: https://github.com/denoland/rusty_v8/releases/download/v0.76.0/librusty_v8_release_x86_64-unknown-linux-gnu.a
[INFO] [stderr]   cargo:rustc-link-search=/opt/rustwide/target/debug/gn_out/obj
[INFO] [stderr]   Downloading https://github.com/denoland/rusty_v8/releases/download/v0.76.0/librusty_v8_release_x86_64-unknown-linux-gnu.a
[INFO] [stderr]   Downloading https://github.com/denoland/rusty_v8/releases/download/v0.76.0/librusty_v8_release_x86_64-unknown-linux-gnu.a...
[INFO] [stderr]   <urlopen error [Errno -3] Temporary failure in name resolution>
[INFO] [stderr]   Retrying in 5 s ...
[INFO] [stderr]   Downloading https://github.com/denoland/rusty_v8/releases/download/v0.76.0/librusty_v8_release_x86_64-unknown-linux-gnu.a...
[INFO] [stderr]   <urlopen error [Errno -3] Temporary failure in name resolution>
[INFO] [stderr]   Retrying in 10 s ...
[INFO] [stderr]   Downloading https://github.com/denoland/rusty_v8/releases/download/v0.76.0/librusty_v8_release_x86_64-unknown-linux-gnu.a...
[INFO] [stderr]   <urlopen error [Errno -3] Temporary failure in name resolution>
[INFO] [stderr]   Retrying in 20 s ...
[INFO] [stderr]   Downloading https://github.com/denoland/rusty_v8/releases/download/v0.76.0/librusty_v8_release_x86_64-unknown-linux-gnu.a...
[INFO] [stderr]   <urlopen error [Errno -3] Temporary failure in name resolution>
[INFO] [stderr]   Python downloader failed, trying with curl.
[INFO] [stderr] 
[INFO] [stderr]   --- stderr
[INFO] [stderr]   Traceback (most recent call last):
[INFO] [stderr]     File "/usr/lib/python3.10/urllib/request.py", line 1348, in do_open
[INFO] [stderr]       h.request(req.get_method(), req.selector, req.data, headers,
[INFO] [stderr]     File "/usr/lib/python3.10/http/client.py", line 1283, in request
[INFO] [stderr]       self._send_request(method, url, body, headers, encode_chunked)
[INFO] [stderr]     File "/usr/lib/python3.10/http/client.py", line 1329, in _send_request
[INFO] [stderr]       self.endheaders(body, encode_chunked=encode_chunked)
[INFO] [stderr]     File "/usr/lib/python3.10/http/client.py", line 1278, in endheaders
[INFO] [stderr]       self._send_output(message_body, encode_chunked=encode_chunked)
[INFO] [stderr]     File "/usr/lib/python3.10/http/client.py", line 1038, in _send_output
[INFO] [stderr]       self.send(msg)
[INFO] [stderr]     File "/usr/lib/python3.10/http/client.py", line 976, in send
[INFO] [stderr]       self.connect()
[INFO] [stderr]     File "/usr/lib/python3.10/http/client.py", line 1448, in connect
[INFO] [stderr]       super().connect()
[INFO] [stderr]     File "/usr/lib/python3.10/http/client.py", line 942, in connect
[INFO] [stderr]       self.sock = self._create_connection(
[INFO] [stderr]     File "/usr/lib/python3.10/socket.py", line 824, in create_connection
[INFO] [stderr]       for res in getaddrinfo(host, port, 0, SOCK_STREAM):
[INFO] [stderr]     File "/usr/lib/python3.10/socket.py", line 955, in getaddrinfo
[INFO] [stderr]       for res in _socket.getaddrinfo(host, port, family, type, proto, flags):
[INFO] [stderr]   socket.gaierror: [Errno -3] Temporary failure in name resolution
[INFO] [stderr] 
[INFO] [stderr]   During handling of the above exception, another exception occurred:
[INFO] [stderr] 
[INFO] [stderr]   Traceback (most recent call last):
[INFO] [stderr]     File "/opt/rustwide/cargo-home/registry/src/index.crates.io-6f17d22bba15001f/v8-0.76.0/./tools/download_file.py", line 64, in <module>
[INFO] [stderr]       sys.exit(main())
[INFO] [stderr]     File "/opt/rustwide/cargo-home/registry/src/index.crates.io-6f17d22bba15001f/v8-0.76.0/./tools/download_file.py", line 59, in main
[INFO] [stderr]       DownloadUrl(args.url, f)
[INFO] [stderr]     File "/opt/rustwide/cargo-home/registry/src/index.crates.io-6f17d22bba15001f/v8-0.76.0/./tools/download_file.py", line 45, in DownloadUrl
[INFO] [stderr]       raise e
[INFO] [stderr]     File "/opt/rustwide/cargo-home/registry/src/index.crates.io-6f17d22bba15001f/v8-0.76.0/./tools/download_file.py", line 29, in DownloadUrl
[INFO] [stderr]       response = urlopen(url)
[INFO] [stderr]     File "/usr/lib/python3.10/urllib/request.py", line 216, in urlopen
[INFO] [stderr]       return opener.open(url, data, timeout)
[INFO] [stderr]     File "/usr/lib/python3.10/urllib/request.py", line 519, in open
[INFO] [stderr]       response = self._open(req, data)
[INFO] [stderr]     File "/usr/lib/python3.10/urllib/request.py", line 536, in _open
[INFO] [stderr]       result = self._call_chain(self.handle_open, protocol, protocol +
[INFO] [stderr]     File "/usr/lib/python3.10/urllib/request.py", line 496, in _call_chain
[INFO] [stderr]       result = func(*args)
[INFO] [stderr]     File "/usr/lib/python3.10/urllib/request.py", line 1391, in https_open
[INFO] [stderr]       return self.do_open(http.client.HTTPSConnection, req,
[INFO] [stderr]     File "/usr/lib/python3.10/urllib/request.py", line 1351, in do_open
[INFO] [stderr]       raise URLError(err)
[INFO] [stderr]   urllib.error.URLError: <urlopen error [Errno -3] Temporary failure in name resolution>
[INFO] [stderr]   thread 'main' panicked at /opt/rustwide/cargo-home/registry/src/index.crates.io-6f17d22bba15001f/v8-0.76.0/build.rs:431:3:
[INFO] [stderr]   assertion failed: status.success()
[INFO] [stderr]   stack backtrace:
[INFO] [stderr]      0:     0x55d663a98a2c - std::backtrace_rs::backtrace::libunwind::trace::ha637c64ce894333a
[INFO] [stderr]                                  at /rustc/82e1608dfa6e0b5569232559e3d385fea5a93112/library/std/src/../../backtrace/src/backtrace/libunwind.rs:104:5
[INFO] [stderr]      1:     0x55d663a98a2c - std::backtrace_rs::backtrace::trace_unsynchronized::h47f62dea28e0c88d
[INFO] [stderr]                                  at /rustc/82e1608dfa6e0b5569232559e3d385fea5a93112/library/std/src/../../backtrace/src/backtrace/mod.rs:66:5
[INFO] [stderr]      2:     0x55d663a98a2c - std::sys_common::backtrace::_print_fmt::h9eef0abe20ede486
[INFO] [stderr]                                  at /rustc/82e1608dfa6e0b5569232559e3d385fea5a93112/library/std/src/sys_common/backtrace.rs:67:5
[INFO] [stderr]      3:     0x55d663a98a2c - <std::sys_common::backtrace::_print::DisplayBacktrace as core::fmt::Display>::fmt::hed7f999df88cc644
[INFO] [stderr]                                  at /rustc/82e1608dfa6e0b5569232559e3d385fea5a93112/library/std/src/sys_common/backtrace.rs:44:22
[INFO] [stderr]      4:     0x55d663abd060 - core::fmt::rt::Argument::fmt::h1539a9308b8d058d
[INFO] [stderr]                                  at /rustc/82e1608dfa6e0b5569232559e3d385fea5a93112/library/core/src/fmt/rt.rs:142:9
[INFO] [stderr]      5:     0x55d663abd060 - core::fmt::write::h3a39390d8560d9c9
[INFO] [stderr]                                  at /rustc/82e1608dfa6e0b5569232559e3d385fea5a93112/library/core/src/fmt/mod.rs:1120:17
[INFO] [stderr]      6:     0x55d663a963af - std::io::Write::write_fmt::h5fc9997dfe05f882
[INFO] [stderr]                                  at /rustc/82e1608dfa6e0b5569232559e3d385fea5a93112/library/std/src/io/mod.rs:1762:15
[INFO] [stderr]      7:     0x55d663a98814 - std::sys_common::backtrace::_print::h894006fb5c6f3d45
[INFO] [stderr]                                  at /rustc/82e1608dfa6e0b5569232559e3d385fea5a93112/library/std/src/sys_common/backtrace.rs:47:5
[INFO] [stderr]      8:     0x55d663a98814 - std::sys_common::backtrace::print::h23a2d212c6fff936
[INFO] [stderr]                                  at /rustc/82e1608dfa6e0b5569232559e3d385fea5a93112/library/std/src/sys_common/backtrace.rs:34:9
[INFO] [stderr]      9:     0x55d663a99eb7 - std::panicking::default_hook::{{closure}}::h8a1d2ee00185001a
[INFO] [stderr]     10:     0x55d663a99c1f - std::panicking::default_hook::h6038f2eba384e475
[INFO] [stderr]                                  at /rustc/82e1608dfa6e0b5569232559e3d385fea5a93112/library/std/src/panicking.rs:292:9
[INFO] [stderr]     11:     0x55d663a9a338 - std::panicking::rust_panic_with_hook::h2b5517d590cab22e
[INFO] [stderr]                                  at /rustc/82e1608dfa6e0b5569232559e3d385fea5a93112/library/std/src/panicking.rs:779:13
[INFO] [stderr]     12:     0x55d663a9a1e9 - std::panicking::begin_panic_handler::{{closure}}::h233112c06e0ef43e
[INFO] [stderr]                                  at /rustc/82e1608dfa6e0b5569232559e3d385fea5a93112/library/std/src/panicking.rs:649:13
[INFO] [stderr]     13:     0x55d663a98ef6 - std::sys_common::backtrace::__rust_end_short_backtrace::h6e893f24d7ebbff8
[INFO] [stderr]                                  at /rustc/82e1608dfa6e0b5569232559e3d385fea5a93112/library/std/src/sys_common/backtrace.rs:170:18
[INFO] [stderr]     14:     0x55d663a99f82 - rust_begin_unwind
[INFO] [stderr]                                  at /rustc/82e1608dfa6e0b5569232559e3d385fea5a93112/library/std/src/panicking.rs:645:5
[INFO] [stderr]     15:     0x55d663a468f5 - core::panicking::panic_fmt::hbf0e066aabfa482c
[INFO] [stderr]                                  at /rustc/82e1608dfa6e0b5569232559e3d385fea5a93112/library/core/src/panicking.rs:72:14
[INFO] [stderr]     16:     0x55d663a46993 - core::panicking::panic::h195fc2a96298d4c3
[INFO] [stderr]                                  at /rustc/82e1608dfa6e0b5569232559e3d385fea5a93112/library/core/src/panicking.rs:127:5
[INFO] [stderr]     17:     0x55d663a518d4 - build_script_build::download_file::he76f77bad1ca6739
[INFO] [stderr]     18:     0x55d663a52047 - build_script_build::download_static_lib_binaries::hef9fccf63dedfd4f
[INFO] [stderr]     19:     0x55d663a4d63d - build_script_build::main::hc28a074f7aed773c
[INFO] [stderr]     20:     0x55d663a4b5b3 - core::ops::function::FnOnce::call_once::hff7aa1d8ac358cf1
[INFO] [stderr]     21:     0x55d663a63df6 - std::sys_common::backtrace::__rust_begin_short_backtrace::h412142aefcb9f46e
[INFO] [stderr]     22:     0x55d663a5eb99 - std::rt::lang_start::{{closure}}::hdd66ec4772fb5617
[INFO] [stderr]     23:     0x55d663a917a7 - core::ops::function::impls::<impl core::ops::function::FnOnce<A> for &F>::call_once::hd95060ecd5e1ca24
[INFO] [stderr]                                  at /rustc/82e1608dfa6e0b5569232559e3d385fea5a93112/library/core/src/ops/function.rs:284:13
[INFO] [stderr]     24:     0x55d663a917a7 - std::panicking::try::do_call::h6e8cf51db32a6e4b
[INFO] [stderr]                                  at /rustc/82e1608dfa6e0b5569232559e3d385fea5a93112/library/std/src/panicking.rs:552:40
[INFO] [stderr]     25:     0x55d663a917a7 - std::panicking::try::h3a52eefe24fe3c29
[INFO] [stderr]                                  at /rustc/82e1608dfa6e0b5569232559e3d385fea5a93112/library/std/src/panicking.rs:516:19
[INFO] [stderr]     26:     0x55d663a917a7 - std::panic::catch_unwind::h24c28c23c02c3841
[INFO] [stderr]                                  at /rustc/82e1608dfa6e0b5569232559e3d385fea5a93112/library/std/src/panic.rs:142:14
[INFO] [stderr]     27:     0x55d663a917a7 - std::rt::lang_start_internal::{{closure}}::h705d3c9cbc06ef47
[INFO] [stderr]                                  at /rustc/82e1608dfa6e0b5569232559e3d385fea5a93112/library/std/src/rt.rs:148:48
[INFO] [stderr]     28:     0x55d663a917a7 - std::panicking::try::do_call::ha21f52ba13158470
[INFO] [stderr]                                  at /rustc/82e1608dfa6e0b5569232559e3d385fea5a93112/library/std/src/panicking.rs:552:40
[INFO] [stderr]     29:     0x55d663a917a7 - std::panicking::try::h5581346bf6aeb1f8
[INFO] [stderr]                                  at /rustc/82e1608dfa6e0b5569232559e3d385fea5a93112/library/std/src/panicking.rs:516:19
[INFO] [stderr]     30:     0x55d663a917a7 - std::panic::catch_unwind::h7919645a6b72e25b
[INFO] [stderr]                                  at /rustc/82e1608dfa6e0b5569232559e3d385fea5a93112/library/std/src/panic.rs:142:14
[INFO] [stderr]     31:     0x55d663a917a7 - std::rt::lang_start_internal::h12de51168669836e
[INFO] [stderr]                                  at /rustc/82e1608dfa6e0b5569232559e3d385fea5a93112/library/std/src/rt.rs:148:20
[INFO] [stderr]     32:     0x55d663a5eb77 - std::rt::lang_start::h2969071a1d57981e
[INFO] [stderr]     33:     0x55d663a56165 - main
[INFO] [stderr]     34:     0x7f6af4fcbd90 - <unknown>
[INFO] [stderr]     35:     0x7f6af4fcbe40 - __libc_start_main
[INFO] [stderr]     36:     0x55d663a47105 - _start
[INFO] [stderr]     37:                0x0 - <unknown>
[INFO] [stderr] warning: build failed, waiting for other jobs to finish...
[INFO] running `Command { std: "docker" "inspect" "01d35e65e5660498717b4f991ee9d50d019bcb9fa2a378904eb9ebf1253c1e73", kill_on_drop: false }`
[INFO] running `Command { std: "docker" "rm" "-f" "01d35e65e5660498717b4f991ee9d50d019bcb9fa2a378904eb9ebf1253c1e73", kill_on_drop: false }`
[INFO] [stdout] 01d35e65e5660498717b4f991ee9d50d019bcb9fa2a378904eb9ebf1253c1e73
[INFO] testing umasolution/rust_1 against beta-2023-12-22 for beta-1.76-1
[INFO] running `Command { std: "git" "clone" "/workspace/cache/git-repos/https%3A%2F%2Fgithub.com%2Fumasolution%2Frust_1" "/workspace/builds/worker-3-tc2/source", kill_on_drop: false }`
[INFO] [stderr] Cloning into '/workspace/builds/worker-3-tc2/source'...
[INFO] [stderr] done.
[INFO] [stderr] error: unable to write file cli/tests/testdata/npm/registry/uri-js/uri-js-4.4.1.tgz
[INFO] [stderr] fatal: cannot create directory at 'cli/tests/testdata/npm/registry/vue': No space left on device
[INFO] [stderr] warning: Clone succeeded, but checkout failed.
[INFO] [stderr] You can inspect what was checked out with 'git status'
[INFO] [stderr] and retry with 'git restore --source=HEAD :/'
[INFO] [stderr] 
[INFO] testing umasolution/rust_1 against beta-2023-12-22 for beta-1.76-1
[INFO] running `Command { std: "git" "clone" "/workspace/cache/git-repos/https%3A%2F%2Fgithub.com%2Fumasolution%2Frust_1" "/workspace/builds/worker-3-tc2/source", kill_on_drop: false }`
[INFO] [stderr] Cloning into '/workspace/builds/worker-3-tc2/source'...
[INFO] [stderr] done.
[INFO] [stderr] error: unable to write file cli/tests/testdata/npm/registry/fs-extra/fs-extra-10.1.0.tgz
[INFO] [stderr] error: unable to write file cli/tests/testdata/npm/registry/fs-extra/registry.json
[INFO] [stderr] fatal: cannot create directory at 'cli/tests/testdata/npm/registry/function-bind': No space left on device
[INFO] [stderr] warning: Clone succeeded, but checkout failed.
[INFO] [stderr] You can inspect what was checked out with 'git status'
[INFO] [stderr] and retry with 'git restore --source=HEAD :/'
[INFO] [stderr] 
[INFO] testing umasolution/rust_1 against beta-2023-12-22 for beta-1.76-1
[INFO] running `Command { std: "git" "clone" "/workspace/cache/git-repos/https%3A%2F%2Fgithub.com%2Fumasolution%2Frust_1" "/workspace/builds/worker-3-tc2/source", kill_on_drop: false }`
[INFO] [stderr] Cloning into '/workspace/builds/worker-3-tc2/source'...
[INFO] [stderr] done.
[INFO] [stderr] error: unable to write file cli/tests/testdata/npm/registry/@vue/compiler-dom/registry.json
[INFO] [stderr] fatal: cannot create directory at 'cli/tests/testdata/npm/registry/@vue/compiler-sfc': No space left on device
[INFO] [stderr] warning: Clone succeeded, but checkout failed.
[INFO] [stderr] You can inspect what was checked out with 'git status'
[INFO] [stderr] and retry with 'git restore --source=HEAD :/'
[INFO] [stderr] 
[INFO] testing umasolution/rust_1 against beta-2023-12-22 for beta-1.76-1
[INFO] running `Command { std: "git" "clone" "/workspace/cache/git-repos/https%3A%2F%2Fgithub.com%2Fumasolution%2Frust_1" "/workspace/builds/worker-3-tc2/source", kill_on_drop: false }`
[INFO] [stderr] Cloning into '/workspace/builds/worker-3-tc2/source'...
[INFO] [stderr] done.
[INFO] [stderr] error: unable to write file cli/tests/testdata/npm/registry/@vue/server-renderer/registry.json
[INFO] [stderr] error: unable to write file cli/tests/testdata/npm/registry/@vue/server-renderer/server-renderer-3.2.38.tgz
[INFO] [stderr] fatal: cannot create directory at 'cli/tests/testdata/npm/registry/@vue/shared': No space left on device
[INFO] [stderr] warning: Clone succeeded, but checkout failed.
[INFO] [stderr] You can inspect what was checked out with 'git status'
[INFO] [stderr] and retry with 'git restore --source=HEAD :/'
[INFO] [stderr] 
[INFO] testing umasolution/rust_1 against beta-2023-12-22 for beta-1.76-1
[INFO] running `Command { std: "git" "clone" "/workspace/cache/git-repos/https%3A%2F%2Fgithub.com%2Fumasolution%2Frust_1" "/workspace/builds/worker-3-tc2/source", kill_on_drop: false }`
[INFO] [stderr] Cloning into '/workspace/builds/worker-3-tc2/source'...
[INFO] [stderr] done.
[INFO] [stderr] error: unable to write file cli/tests/testdata/npm/registry/@vue/server-renderer/registry.json
[INFO] [stderr] error: unable to write file cli/tests/testdata/npm/registry/@vue/server-renderer/server-renderer-3.2.38.tgz
[INFO] [stderr] fatal: cannot create directory at 'cli/tests/testdata/npm/registry/@vue/shared': No space left on device
[INFO] [stderr] warning: Clone succeeded, but checkout failed.
[INFO] [stderr] You can inspect what was checked out with 'git status'
[INFO] [stderr] and retry with 'git restore --source=HEAD :/'
[INFO] [stderr] 
[ERROR] this task or one of its parent failed!
[ERROR] failed to checkout https://github.com/umasolution/rust_1
[ERROR] caused by: command failed: exit status: 128
[ERROR] note: run with `RUST_BACKTRACE=1` to display a backtrace.
