[INFO] cloning repository https://github.com/uki-dev/sol
[INFO] running `Command { std: "git" "-c" "credential.helper=" "-c" "credential.helper=/workspace/cargo-home/bin/git-credential-null" "clone" "--bare" "https://github.com/uki-dev/sol" "/workspace/cache/git-repos/https%3A%2F%2Fgithub.com%2Fuki-dev%2Fsol", kill_on_drop: false }`
[INFO] [stderr] Cloning into bare repository '/workspace/cache/git-repos/https%3A%2F%2Fgithub.com%2Fuki-dev%2Fsol'...
[INFO] running `Command { std: "git" "rev-parse" "HEAD", kill_on_drop: false }`
[INFO] [stdout] 2784a6c1c030f68ebb75d57d8c6e40ff84c0cef2
[INFO] testing uki-dev/sol against 1.75.0 for beta-1.76-1
[INFO] running `Command { std: "git" "clone" "/workspace/cache/git-repos/https%3A%2F%2Fgithub.com%2Fuki-dev%2Fsol" "/workspace/builds/worker-0-tc1/source", kill_on_drop: false }`
[INFO] [stderr] Cloning into '/workspace/builds/worker-0-tc1/source'...
[INFO] [stderr] done.
[INFO] validating manifest of git repo https://github.com/uki-dev/sol on toolchain 1.75.0
[INFO] running `Command { std: CARGO_HOME="/workspace/cargo-home" RUSTUP_HOME="/workspace/rustup-home" "/workspace/cargo-home/bin/cargo" "+1.75.0" "metadata" "--manifest-path" "Cargo.toml" "--no-deps", kill_on_drop: false }`
[INFO] started tweaking git repo https://github.com/uki-dev/sol
[INFO] finished tweaking git repo https://github.com/uki-dev/sol
[INFO] tweaked toml for git repo https://github.com/uki-dev/sol written to /workspace/builds/worker-0-tc1/source/Cargo.toml
[INFO] crate git repo https://github.com/uki-dev/sol already has a lockfile, it will not be regenerated
[INFO] running `Command { std: CARGO_HOME="/workspace/cargo-home" RUSTUP_HOME="/workspace/rustup-home" "/workspace/cargo-home/bin/cargo" "+1.75.0" "fetch" "--manifest-path" "Cargo.toml", kill_on_drop: false }`
[INFO] [stderr]     Blocking waiting for file lock on package cache
[ERROR] error running command: no output for 300 seconds
[ERROR] this task or one of its parent failed!
[ERROR] no output for 300 seconds
[ERROR] note: run with `RUST_BACKTRACE=1` to display a backtrace.
[INFO] testing uki-dev/sol against beta-2023-12-22 for beta-1.76-1
[INFO] running `Command { std: "git" "clone" "/workspace/cache/git-repos/https%3A%2F%2Fgithub.com%2Fuki-dev%2Fsol" "/workspace/builds/worker-0-tc2/source", kill_on_drop: false }`
[INFO] [stderr] Cloning into '/workspace/builds/worker-0-tc2/source'...
[INFO] [stderr] done.
[INFO] validating manifest of git repo https://github.com/uki-dev/sol on toolchain beta-2023-12-22
[INFO] running `Command { std: CARGO_HOME="/workspace/cargo-home" RUSTUP_HOME="/workspace/rustup-home" "/workspace/cargo-home/bin/cargo" "+beta-2023-12-22" "metadata" "--manifest-path" "Cargo.toml" "--no-deps", kill_on_drop: false }`
[INFO] started tweaking git repo https://github.com/uki-dev/sol
[INFO] finished tweaking git repo https://github.com/uki-dev/sol
[INFO] tweaked toml for git repo https://github.com/uki-dev/sol written to /workspace/builds/worker-0-tc2/source/Cargo.toml
[INFO] crate git repo https://github.com/uki-dev/sol already has a lockfile, it will not be regenerated
[INFO] running `Command { std: CARGO_HOME="/workspace/cargo-home" RUSTUP_HOME="/workspace/rustup-home" "/workspace/cargo-home/bin/cargo" "+beta-2023-12-22" "fetch" "--manifest-path" "Cargo.toml", kill_on_drop: false }`
[INFO] [stderr]     Blocking waiting for file lock on package cache
[INFO] [stderr]     Blocking waiting for file lock on package cache
[INFO] running `Command { std: "docker" "create" "-v" "/var/lib/crater-agent-workspace/builds/worker-0-tc2/target:/opt/rustwide/target:rw,Z" "-v" "/var/lib/crater-agent-workspace/builds/worker-0-tc2/source:/opt/rustwide/workdir:ro,Z" "-v" "/var/lib/crater-agent-workspace/cargo-home:/opt/rustwide/cargo-home:ro,Z" "-v" "/var/lib/crater-agent-workspace/rustup-home:/opt/rustwide/rustup-home:ro,Z" "-e" "SOURCE_DIR=/opt/rustwide/workdir" "-e" "CARGO_TARGET_DIR=/opt/rustwide/target" "-e" "CARGO_HOME=/opt/rustwide/cargo-home" "-e" "RUSTUP_HOME=/opt/rustwide/rustup-home" "-w" "/opt/rustwide/workdir" "-m" "1610612736" "--user" "0:0" "--network" "none" "ghcr.io/rust-lang/crates-build-env/linux@sha256:2788e3201cd34a07e3172128adcd8b3090168a8e3bcc40d7c032b9dda1df7d1c" "/opt/rustwide/cargo-home/bin/cargo" "+beta-2023-12-22" "metadata" "--no-deps" "--format-version=1", kill_on_drop: false }`
[INFO] [stdout] eb541d0c872eff940220ba90033cac058693653b5a3a35de54fbc454cd9457b1
[INFO] running `Command { std: "docker" "start" "-a" "eb541d0c872eff940220ba90033cac058693653b5a3a35de54fbc454cd9457b1", kill_on_drop: false }`
[INFO] running `Command { std: "docker" "inspect" "eb541d0c872eff940220ba90033cac058693653b5a3a35de54fbc454cd9457b1", kill_on_drop: false }`
[INFO] running `Command { std: "docker" "rm" "-f" "eb541d0c872eff940220ba90033cac058693653b5a3a35de54fbc454cd9457b1", kill_on_drop: false }`
[INFO] [stdout] eb541d0c872eff940220ba90033cac058693653b5a3a35de54fbc454cd9457b1
[INFO] running `Command { std: "docker" "create" "-v" "/var/lib/crater-agent-workspace/builds/worker-0-tc2/target:/opt/rustwide/target:rw,Z" "-v" "/var/lib/crater-agent-workspace/builds/worker-0-tc2/source:/opt/rustwide/workdir:ro,Z" "-v" "/var/lib/crater-agent-workspace/cargo-home:/opt/rustwide/cargo-home:ro,Z" "-v" "/var/lib/crater-agent-workspace/rustup-home:/opt/rustwide/rustup-home:ro,Z" "-e" "SOURCE_DIR=/opt/rustwide/workdir" "-e" "CARGO_TARGET_DIR=/opt/rustwide/target" "-e" "CARGO_INCREMENTAL=0" "-e" "RUST_BACKTRACE=full" "-e" "RUSTFLAGS=--cap-lints=warn" "-e" "RUSTDOCFLAGS=--cap-lints=warn" "-e" "CARGO_HOME=/opt/rustwide/cargo-home" "-e" "RUSTUP_HOME=/opt/rustwide/rustup-home" "-w" "/opt/rustwide/workdir" "-m" "1610612736" "--user" "0:0" "--network" "none" "ghcr.io/rust-lang/crates-build-env/linux@sha256:2788e3201cd34a07e3172128adcd8b3090168a8e3bcc40d7c032b9dda1df7d1c" "/opt/rustwide/cargo-home/bin/cargo" "+beta-2023-12-22" "build" "--frozen" "--message-format=json", kill_on_drop: false }`
[INFO] [stdout] f1e348663d7a81d5b0459baea98695386b40ffba9ff045085526fdb8e6ff4a70
[INFO] running `Command { std: "docker" "start" "-a" "f1e348663d7a81d5b0459baea98695386b40ffba9ff045085526fdb8e6ff4a70", kill_on_drop: false }`
[INFO] [stderr]    Compiling autocfg v1.1.0
[INFO] [stderr]    Compiling cfg-if v1.0.0
[INFO] [stderr]    Compiling proc-macro2 v1.0.63
[INFO] [stderr]    Compiling quote v1.0.29
[INFO] [stderr]    Compiling libc v0.2.147
[INFO] [stderr]    Compiling unicode-ident v1.0.9
[INFO] [stderr]    Compiling bitflags v1.3.2
[INFO] [stderr]    Compiling version_check v0.9.4
[INFO] [stderr]    Compiling once_cell v1.18.0
[INFO] [stderr]    Compiling pkg-config v0.3.27
[INFO] [stderr]    Compiling xml-rs v0.8.14
[INFO] [stderr]    Compiling smallvec v1.10.0
[INFO] [stderr]    Compiling memchr v2.5.0
[INFO] [stderr]    Compiling thiserror v1.0.40
[INFO] [stderr]    Compiling log v0.4.19
[INFO] [stderr]    Compiling lazy_static v1.4.0
[INFO] [stderr]    Compiling libloading v0.8.0
[INFO] [stderr]    Compiling crc32fast v1.3.2
[INFO] [stderr]    Compiling bytemuck v1.13.1
[INFO] [stderr]    Compiling simd-adler32 v0.3.5
[INFO] [stderr]    Compiling scoped-tls v1.0.1
[INFO] [stderr]    Compiling minimal-lexical v0.2.1
[INFO] [stderr]    Compiling downcast-rs v1.2.0
[INFO] [stderr]    Compiling futures-core v0.3.28
[INFO] [stderr]    Compiling parking_lot_core v0.9.8
[INFO] [stderr]    Compiling dlib v0.5.2
[INFO] [stderr]    Compiling arrayvec v0.7.4
[INFO] [stderr]    Compiling ahash v0.7.6
[INFO] [stderr]    Compiling slotmap v1.0.6
[INFO] [stderr]    Compiling adler v1.0.2
[INFO] [stderr]    Compiling libloading v0.7.4
[INFO] [stderr]    Compiling miniz_oxide v0.7.1
[INFO] [stderr]    Compiling scopeguard v1.1.0
[INFO] [stderr]    Compiling unicode-width v0.1.10
[INFO] [stderr]    Compiling futures-channel v0.3.28
[INFO] [stderr]    Compiling ash v0.37.3+1.3.251
[INFO] [stderr]    Compiling bit-vec v0.6.3
[INFO] [stderr]    Compiling futures-task v0.3.28
[INFO] [stderr]    Compiling memoffset v0.6.5
[INFO] [stderr]    Compiling num-traits v0.2.15
[INFO] [stderr]    Compiling lock_api v0.4.10
[INFO] [stderr]    Compiling indexmap v1.9.3
[INFO] [stderr]    Compiling slab v0.4.8
[INFO] [stderr]    Compiling khronos-egl v4.1.0
[INFO] [stderr]    Compiling termcolor v1.2.0
[INFO] [stderr]    Compiling bit-set v0.5.3
[INFO] [stderr]    Compiling wayland-sys v0.29.5
[INFO] [stderr]    Compiling smithay-client-toolkit v0.16.0
[INFO] [stderr]    Compiling nom v7.1.3
[INFO] [stderr]    Compiling flate2 v1.0.26
[INFO] [stderr]    Compiling fdeflate v0.3.0
[INFO] [stderr]    Compiling codespan-reporting v0.11.1
[INFO] [stderr]    Compiling gpu-descriptor-types v0.1.1
[INFO] [stderr]    Compiling gpu-alloc-types v0.2.0
[INFO] [stderr]    Compiling futures-sink v0.3.28
[INFO] [stderr]    Compiling bitflags v2.3.3
[INFO] [stderr]    Compiling vec_map v0.8.2
[INFO] [stderr]    Compiling ttf-parser v0.19.1
[INFO] [stderr]    Compiling hexf-parse v0.2.1
[INFO] [stderr]    Compiling raw-window-handle v0.5.2
[INFO] [stderr]    Compiling arrayref v0.3.7
[INFO] [stderr]    Compiling rustc-hash v1.1.0
[INFO] [stderr]    Compiling syn v2.0.22
[INFO] [stderr]    Compiling wayland-scanner v0.29.5
[INFO] [stderr]    Compiling strict-num v0.1.1
[INFO] [stderr]    Compiling futures-util v0.3.28
[INFO] [stderr]    Compiling unicode-xid v0.2.4
[INFO] [stderr]    Compiling getrandom v0.2.10
[INFO] [stderr]    Compiling nix v0.24.3
[INFO] [stderr]    Compiling nix v0.25.1
[INFO] [stderr]    Compiling tiny-skia-path v0.8.4
[INFO] [stderr]    Compiling memmap2 v0.5.10
[INFO] [stderr]    Compiling png v0.17.9
[INFO] [stderr]    Compiling gpu-alloc v0.5.4
[INFO] [stderr]    Compiling hashbrown v0.12.3
[INFO] [stderr]    Compiling parking_lot v0.12.1
[INFO] [stderr]    Compiling wgpu-types v0.16.0
[INFO] [stderr]    Compiling x11-dl v2.21.0
[INFO] [stderr]    Compiling spirv v0.2.0+1.5.4
[INFO] [stderr]    Compiling xcursor v0.3.4
[INFO] [stderr]    Compiling pin-project-lite v0.2.9
[INFO] [stderr]    Compiling renderdoc-sys v1.0.0
[INFO] [stderr]    Compiling ab_glyph_rasterizer v0.1.8
[INFO] [stderr]    Compiling wayland-client v0.29.5
[INFO] [stderr]    Compiling wayland-protocols v0.29.5
[INFO] [stderr]    Compiling gpu-descriptor v0.2.3
[INFO] [stderr]    Compiling glow v0.12.2
[INFO] [stderr]    Compiling futures-io v0.3.28
[INFO] [stderr]    Compiling cfg_aliases v0.1.1
[INFO] [stderr]    Compiling profiling v1.0.8
[INFO] [stderr]    Compiling pin-utils v0.1.0
[INFO] [stderr]    Compiling winit v0.28.6
[INFO] [stderr]    Compiling tiny-skia v0.8.4
[INFO] [stderr]    Compiling safe_arch v0.7.0
[INFO] [stderr]    Compiling mio v0.8.8
[INFO] [stderr]    Compiling instant v0.1.12
[INFO] [stderr]    Compiling wide v0.7.10
[INFO] [stderr]    Compiling percent-encoding v2.3.0
[INFO] [stderr]    Compiling wayland-commons v0.29.5
[INFO] [stderr]    Compiling static_assertions v1.1.0
[INFO] [stderr]    Compiling glam v0.24.1
[INFO] [stderr]    Compiling owned_ttf_parser v0.19.0
[INFO] [stderr]    Compiling ab_glyph v0.2.21
[INFO] [stderr]    Compiling ultraviolet v0.9.1
[INFO] [stderr]    Compiling thiserror-impl v1.0.40
[INFO] [stderr]    Compiling futures-macro v0.3.28
[INFO] [stderr]    Compiling calloop v0.10.6
[INFO] [stderr]    Compiling naga v0.12.2
[INFO] [stderr]    Compiling wayland-cursor v0.29.5
[INFO] [stderr]    Compiling futures-executor v0.3.28
[INFO] [stderr]    Compiling futures v0.3.28
[INFO] [stderr]    Compiling wgpu-hal v0.16.1
[INFO] [stderr]    Compiling wgpu-core v0.16.1
[INFO] [stderr]    Compiling wgpu v0.16.1
[INFO] [stderr]    Compiling sctk-adwaita v0.5.4
[INFO] [stderr]    Compiling sol v0.1.0 (/opt/rustwide/workdir)
[INFO] [stdout] warning: unused import: `futures::channel::oneshot`
[INFO] [stdout]  --> src/simulation/simulation.rs:1:5
[INFO] [stdout]   |
[INFO] [stdout] 1 | use futures::channel::oneshot;
[INFO] [stdout]   |     ^^^^^^^^^^^^^^^^^^^^^^^^^
[INFO] [stdout]   |
[INFO] [stdout]   = note: `#[warn(unused_imports)]` on by default
[INFO] [stdout] 
[INFO] [stdout] 
[INFO] [stdout] warning: unused import: `process::exit`
[INFO] [stdout]  --> src/simulation/simulation.rs:2:38
[INFO] [stdout]   |
[INFO] [stdout] 2 | use std::{borrow::Cow, mem::size_of, process::exit};
[INFO] [stdout]   |                                      ^^^^^^^^^^^^^
[INFO] [stdout] 
[INFO] [stdout] 
[INFO] [stdout] warning: unused import: `BufferAsyncError`
[INFO] [stdout]  --> src/simulation/simulation.rs:5:24
[INFO] [stdout]   |
[INFO] [stdout] 5 |     BindGroup, Buffer, BufferAsyncError, BufferDescriptor, BufferUsages, ComputePipeline, Device,
[INFO] [stdout]   |                        ^^^^^^^^^^^^^^^^
[INFO] [stdout] 
[INFO] [stdout] 
[INFO] [stdout] warning: unused imports: `Surface`, `TextureViewDescriptor`
[INFO] [stdout]  --> src/visualisation/visualisation.rs:8:57
[INFO] [stdout]   |
[INFO] [stdout] 8 |     ShaderModuleDescriptor, ShaderSource, ShaderStages, Surface, TextureViewDescriptor,
[INFO] [stdout]   |                                                         ^^^^^^^  ^^^^^^^^^^^^^^^^^^^^^
[INFO] [stdout] 
[INFO] [stdout] 
[INFO] [stdout] warning: unused import: `debug::debug_buffer`
[INFO] [stdout]   --> src/main.rs:23:5
[INFO] [stdout]    |
[INFO] [stdout] 23 | use debug::debug_buffer;
[INFO] [stdout]    |     ^^^^^^^^^^^^^^^^^^^
[INFO] [stdout] 
[INFO] [stdout] 
[INFO] [stdout] warning: unused import: `object::Object`
[INFO] [stdout]   --> src/main.rs:26:5
[INFO] [stdout]    |
[INFO] [stdout] 26 | use object::Object;
[INFO] [stdout]    |     ^^^^^^^^^^^^^^
[INFO] [stdout] 
[INFO] [stdout] 
[INFO] [stdout] warning: unused variable: `delta`
[INFO] [stdout]    --> src/main.rs:111:64
[INFO] [stdout]     |
[INFO] [stdout] 111 |                     winit::event::MouseScrollDelta::PixelDelta(delta) => {}
[INFO] [stdout]     |                                                                ^^^^^ help: if this is intentional, prefix it with an underscore: `_delta`
[INFO] [stdout]     |
[INFO] [stdout]     = note: `#[warn(unused_variables)]` on by default
[INFO] [stdout] 
[INFO] [stdout] 
[INFO] [stdout] warning: unused variable: `i`
[INFO] [stdout]   --> src/debug.rs:35:8
[INFO] [stdout]    |
[INFO] [stdout] 35 |   for (i, element) in result.iter().enumerate() {
[INFO] [stdout]    |        ^ help: if this is intentional, prefix it with an underscore: `_i`
[INFO] [stdout] 
[INFO] [stdout] 
[INFO] [stdout] warning: methods `width`, `height`, and `depth` are never used
[INFO] [stdout]   --> src/simulation/simulation.rs:58:12
[INFO] [stdout]    |
[INFO] [stdout] 57 | impl Simulation {
[INFO] [stdout]    | --------------- methods in this implementation
[INFO] [stdout] 58 |     pub fn width(&self) -> u32 {
[INFO] [stdout]    |            ^^^^^
[INFO] [stdout] ...
[INFO] [stdout] 62 |     pub fn height(&self) -> u32 {
[INFO] [stdout]    |            ^^^^^^
[INFO] [stdout] ...
[INFO] [stdout] 66 |     pub fn depth(&self) -> u32 {
[INFO] [stdout]    |            ^^^^^
[INFO] [stdout]    |
[INFO] [stdout]    = note: `#[warn(dead_code)]` on by default
[INFO] [stdout] 
[INFO] [stdout] 
[INFO] [stdout] warning: function `debug_buffer` is never used
[INFO] [stdout]  --> src/debug.rs:8:14
[INFO] [stdout]   |
[INFO] [stdout] 8 | pub async fn debug_buffer<T: Debug + Pod>(device: &Device, queue: &Queue, buffer: &Buffer, length: u64) -> Result<(), BufferAsyncError> {
[INFO] [stdout]   |              ^^^^^^^^^^^^
[INFO] [stdout] 
[INFO] [stdout] 
[INFO] [stdout] warning: 10 warnings emitted
[INFO] [stdout] 
[INFO] [stdout] 
[INFO] [stderr]     Finished dev [unoptimized + debuginfo] target(s) in 1m 17s
[INFO] running `Command { std: "docker" "inspect" "f1e348663d7a81d5b0459baea98695386b40ffba9ff045085526fdb8e6ff4a70", kill_on_drop: false }`
[INFO] running `Command { std: "docker" "rm" "-f" "f1e348663d7a81d5b0459baea98695386b40ffba9ff045085526fdb8e6ff4a70", kill_on_drop: false }`
[INFO] [stdout] f1e348663d7a81d5b0459baea98695386b40ffba9ff045085526fdb8e6ff4a70
[INFO] running `Command { std: "docker" "create" "-v" "/var/lib/crater-agent-workspace/builds/worker-0-tc2/target:/opt/rustwide/target:rw,Z" "-v" "/var/lib/crater-agent-workspace/builds/worker-0-tc2/source:/opt/rustwide/workdir:ro,Z" "-v" "/var/lib/crater-agent-workspace/cargo-home:/opt/rustwide/cargo-home:ro,Z" "-v" "/var/lib/crater-agent-workspace/rustup-home:/opt/rustwide/rustup-home:ro,Z" "-e" "SOURCE_DIR=/opt/rustwide/workdir" "-e" "CARGO_TARGET_DIR=/opt/rustwide/target" "-e" "CARGO_INCREMENTAL=0" "-e" "RUST_BACKTRACE=full" "-e" "RUSTFLAGS=--cap-lints=warn" "-e" "RUSTDOCFLAGS=--cap-lints=warn" "-e" "CARGO_HOME=/opt/rustwide/cargo-home" "-e" "RUSTUP_HOME=/opt/rustwide/rustup-home" "-w" "/opt/rustwide/workdir" "-m" "1610612736" "--user" "0:0" "--network" "none" "ghcr.io/rust-lang/crates-build-env/linux@sha256:2788e3201cd34a07e3172128adcd8b3090168a8e3bcc40d7c032b9dda1df7d1c" "/opt/rustwide/cargo-home/bin/cargo" "+beta-2023-12-22" "test" "--frozen" "--no-run" "--message-format=json", kill_on_drop: false }`
[INFO] [stdout] e9b27b6bd5e9862fec17684aaf72443aa5fc38f8b433eaf08a8e220bc88d964c
[INFO] running `Command { std: "docker" "start" "-a" "e9b27b6bd5e9862fec17684aaf72443aa5fc38f8b433eaf08a8e220bc88d964c", kill_on_drop: false }`
[INFO] [stderr]    Compiling sol v0.1.0 (/opt/rustwide/workdir)
[INFO] [stdout] warning: unused import: `futures::channel::oneshot`
[INFO] [stdout]  --> src/simulation/simulation.rs:1:5
[INFO] [stdout]   |
[INFO] [stdout] 1 | use futures::channel::oneshot;
[INFO] [stdout]   |     ^^^^^^^^^^^^^^^^^^^^^^^^^
[INFO] [stdout]   |
[INFO] [stdout]   = note: `#[warn(unused_imports)]` on by default
[INFO] [stdout] 
[INFO] [stdout] 
[INFO] [stdout] warning: unused import: `process::exit`
[INFO] [stdout]  --> src/simulation/simulation.rs:2:38
[INFO] [stdout]   |
[INFO] [stdout] 2 | use std::{borrow::Cow, mem::size_of, process::exit};
[INFO] [stdout]   |                                      ^^^^^^^^^^^^^
[INFO] [stdout] 
[INFO] [stdout] 
[INFO] [stdout] warning: unused import: `BufferAsyncError`
[INFO] [stdout]  --> src/simulation/simulation.rs:5:24
[INFO] [stdout]   |
[INFO] [stdout] 5 |     BindGroup, Buffer, BufferAsyncError, BufferDescriptor, BufferUsages, ComputePipeline, Device,
[INFO] [stdout]   |                        ^^^^^^^^^^^^^^^^
[INFO] [stdout] 
[INFO] [stdout] 
[INFO] [stdout] warning: unused imports: `Surface`, `TextureViewDescriptor`
[INFO] [stdout]  --> src/visualisation/visualisation.rs:8:57
[INFO] [stdout]   |
[INFO] [stdout] 8 |     ShaderModuleDescriptor, ShaderSource, ShaderStages, Surface, TextureViewDescriptor,
[INFO] [stdout]   |                                                         ^^^^^^^  ^^^^^^^^^^^^^^^^^^^^^
[INFO] [stdout] 
[INFO] [stdout] 
[INFO] [stdout] warning: unused import: `debug::debug_buffer`
[INFO] [stdout]   --> src/main.rs:23:5
[INFO] [stdout]    |
[INFO] [stdout] 23 | use debug::debug_buffer;
[INFO] [stdout]    |     ^^^^^^^^^^^^^^^^^^^
[INFO] [stdout] 
[INFO] [stdout] 
[INFO] [stdout] warning: unused import: `object::Object`
[INFO] [stdout]   --> src/main.rs:26:5
[INFO] [stdout]    |
[INFO] [stdout] 26 | use object::Object;
[INFO] [stdout]    |     ^^^^^^^^^^^^^^
[INFO] [stdout] 
[INFO] [stdout] 
[INFO] [stdout] warning: unused variable: `delta`
[INFO] [stdout]    --> src/main.rs:111:64
[INFO] [stdout]     |
[INFO] [stdout] 111 |                     winit::event::MouseScrollDelta::PixelDelta(delta) => {}
[INFO] [stdout]     |                                                                ^^^^^ help: if this is intentional, prefix it with an underscore: `_delta`
[INFO] [stdout]     |
[INFO] [stdout]     = note: `#[warn(unused_variables)]` on by default
[INFO] [stdout] 
[INFO] [stdout] 
[INFO] [stdout] warning: unused variable: `i`
[INFO] [stdout]   --> src/debug.rs:35:8
[INFO] [stdout]    |
[INFO] [stdout] 35 |   for (i, element) in result.iter().enumerate() {
[INFO] [stdout]    |        ^ help: if this is intentional, prefix it with an underscore: `_i`
[INFO] [stdout] 
[INFO] [stdout] 
[INFO] [stdout] warning: methods `width`, `height`, and `depth` are never used
[INFO] [stdout]   --> src/simulation/simulation.rs:58:12
[INFO] [stdout]    |
[INFO] [stdout] 57 | impl Simulation {
[INFO] [stdout]    | --------------- methods in this implementation
[INFO] [stdout] 58 |     pub fn width(&self) -> u32 {
[INFO] [stdout]    |            ^^^^^
[INFO] [stdout] ...
[INFO] [stdout] 62 |     pub fn height(&self) -> u32 {
[INFO] [stdout]    |            ^^^^^^
[INFO] [stdout] ...
[INFO] [stdout] 66 |     pub fn depth(&self) -> u32 {
[INFO] [stdout]    |            ^^^^^
[INFO] [stdout]    |
[INFO] [stdout]    = note: `#[warn(dead_code)]` on by default
[INFO] [stdout] 
[INFO] [stdout] 
[INFO] [stdout] warning: function `debug_buffer` is never used
[INFO] [stdout]  --> src/debug.rs:8:14
[INFO] [stdout]   |
[INFO] [stdout] 8 | pub async fn debug_buffer<T: Debug + Pod>(device: &Device, queue: &Queue, buffer: &Buffer, length: u64) -> Result<(), BufferAsyncError> {
[INFO] [stdout]   |              ^^^^^^^^^^^^
[INFO] [stdout] 
[INFO] [stdout] 
[INFO] [stdout] warning: 10 warnings emitted
[INFO] [stdout] 
[INFO] [stdout] 
[INFO] [stderr]     Finished test [unoptimized + debuginfo] target(s) in 1.22s
[INFO] running `Command { std: "docker" "inspect" "e9b27b6bd5e9862fec17684aaf72443aa5fc38f8b433eaf08a8e220bc88d964c", kill_on_drop: false }`
[INFO] running `Command { std: "docker" "rm" "-f" "e9b27b6bd5e9862fec17684aaf72443aa5fc38f8b433eaf08a8e220bc88d964c", kill_on_drop: false }`
[INFO] [stdout] e9b27b6bd5e9862fec17684aaf72443aa5fc38f8b433eaf08a8e220bc88d964c
[INFO] running `Command { std: "docker" "create" "-v" "/var/lib/crater-agent-workspace/builds/worker-0-tc2/target:/opt/rustwide/target:rw,Z" "-v" "/var/lib/crater-agent-workspace/builds/worker-0-tc2/source:/opt/rustwide/workdir:ro,Z" "-v" "/var/lib/crater-agent-workspace/cargo-home:/opt/rustwide/cargo-home:ro,Z" "-v" "/var/lib/crater-agent-workspace/rustup-home:/opt/rustwide/rustup-home:ro,Z" "-e" "SOURCE_DIR=/opt/rustwide/workdir" "-e" "CARGO_TARGET_DIR=/opt/rustwide/target" "-e" "CARGO_INCREMENTAL=0" "-e" "RUST_BACKTRACE=full" "-e" "RUSTFLAGS=--cap-lints=warn" "-e" "RUSTDOCFLAGS=--cap-lints=warn" "-e" "CARGO_HOME=/opt/rustwide/cargo-home" "-e" "RUSTUP_HOME=/opt/rustwide/rustup-home" "-w" "/opt/rustwide/workdir" "-m" "1610612736" "--user" "0:0" "--network" "none" "ghcr.io/rust-lang/crates-build-env/linux@sha256:2788e3201cd34a07e3172128adcd8b3090168a8e3bcc40d7c032b9dda1df7d1c" "/opt/rustwide/cargo-home/bin/cargo" "+beta-2023-12-22" "test" "--frozen", kill_on_drop: false }`
[INFO] [stdout] 46e01eb68c1c44e59242080d050d7e964a969a2d6287ae3131b0650c9a8700f7
[INFO] running `Command { std: "docker" "start" "-a" "46e01eb68c1c44e59242080d050d7e964a969a2d6287ae3131b0650c9a8700f7", kill_on_drop: false }`
[INFO] [stderr] warning: unused import: `futures::channel::oneshot`
[INFO] [stderr]  --> src/simulation/simulation.rs:1:5
[INFO] [stderr]   |
[INFO] [stderr] 1 | use futures::channel::oneshot;
[INFO] [stderr]   |     ^^^^^^^^^^^^^^^^^^^^^^^^^
[INFO] [stderr]   |
[INFO] [stderr]   = note: `#[warn(unused_imports)]` on by default
[INFO] [stderr] 
[INFO] [stderr] warning: unused import: `process::exit`
[INFO] [stderr]  --> src/simulation/simulation.rs:2:38
[INFO] [stderr]   |
[INFO] [stderr] 2 | use std::{borrow::Cow, mem::size_of, process::exit};
[INFO] [stderr]   |                                      ^^^^^^^^^^^^^
[INFO] [stderr] 
[INFO] [stderr] warning: unused import: `BufferAsyncError`
[INFO] [stderr]  --> src/simulation/simulation.rs:5:24
[INFO] [stderr]   |
[INFO] [stderr] 5 |     BindGroup, Buffer, BufferAsyncError, BufferDescriptor, BufferUsages, ComputePipeline, Device,
[INFO] [stderr]   |                        ^^^^^^^^^^^^^^^^
[INFO] [stderr] 
[INFO] [stderr] warning: unused imports: `Surface`, `TextureViewDescriptor`
[INFO] [stderr]  --> src/visualisation/visualisation.rs:8:57
[INFO] [stderr]   |
[INFO] [stderr] 8 |     ShaderModuleDescriptor, ShaderSource, ShaderStages, Surface, TextureViewDescriptor,
[INFO] [stderr]   |                                                         ^^^^^^^  ^^^^^^^^^^^^^^^^^^^^^
[INFO] [stderr] 
[INFO] [stderr] warning: unused import: `debug::debug_buffer`
[INFO] [stderr]   --> src/main.rs:23:5
[INFO] [stderr]    |
[INFO] [stderr] 23 | use debug::debug_buffer;
[INFO] [stderr]    |     ^^^^^^^^^^^^^^^^^^^
[INFO] [stderr] 
[INFO] [stderr] warning: unused import: `object::Object`
[INFO] [stderr]   --> src/main.rs:26:5
[INFO] [stderr]    |
[INFO] [stderr] 26 | use object::Object;
[INFO] [stderr]    |     ^^^^^^^^^^^^^^
[INFO] [stderr] 
[INFO] [stderr] warning: unused variable: `delta`
[INFO] [stderr]    --> src/main.rs:111:64
[INFO] [stderr]     |
[INFO] [stderr] 111 |                     winit::event::MouseScrollDelta::PixelDelta(delta) => {}
[INFO] [stderr]     |                                                                ^^^^^ help: if this is intentional, prefix it with an underscore: `_delta`
[INFO] [stderr]     |
[INFO] [stderr]     = note: `#[warn(unused_variables)]` on by default
[INFO] [stderr] 
[INFO] [stderr] warning: unused variable: `i`
[INFO] [stderr]   --> src/debug.rs:35:8
[INFO] [stderr]    |
[INFO] [stderr] 35 |   for (i, element) in result.iter().enumerate() {
[INFO] [stderr]    |        ^ help: if this is intentional, prefix it with an underscore: `_i`
[INFO] [stderr] 
[INFO] [stderr] warning: methods `width`, `height`, and `depth` are never used
[INFO] [stderr]   --> src/simulation/simulation.rs:58:12
[INFO] [stderr]    |
[INFO] [stderr] 57 | impl Simulation {
[INFO] [stderr]    | --------------- methods in this implementation
[INFO] [stderr] 58 |     pub fn width(&self) -> u32 {
[INFO] [stderr]    |            ^^^^^
[INFO] [stderr] ...
[INFO] [stderr] 62 |     pub fn height(&self) -> u32 {
[INFO] [stderr]    |            ^^^^^^
[INFO] [stderr] ...
[INFO] [stderr] 66 |     pub fn depth(&self) -> u32 {
[INFO] [stderr]    |            ^^^^^
[INFO] [stderr]    |
[INFO] [stderr]    = note: `#[warn(dead_code)]` on by default
[INFO] [stderr] 
[INFO] [stderr] warning: function `debug_buffer` is never used
[INFO] [stderr]  --> src/debug.rs:8:14
[INFO] [stderr]   |
[INFO] [stderr] 8 | pub async fn debug_buffer<T: Debug + Pod>(device: &Device, queue: &Queue, buffer: &Buffer, length: u64) -> Result<(), BufferAsyncError> {
[INFO] [stderr]   |              ^^^^^^^^^^^^
[INFO] [stderr] 
[INFO] [stderr] warning: `sol` (bin "sol" test) generated 10 warnings (run `cargo fix --bin "sol" --tests` to apply 8 suggestions)
[INFO] [stderr]     Finished test [unoptimized + debuginfo] target(s) in 0.16s
[INFO] [stderr]      Running unittests src/main.rs (/opt/rustwide/target/debug/deps/sol-e4b0e9f4b589bd1f)
[INFO] [stdout] 
[INFO] [stdout] running 0 tests
[INFO] [stdout] 
[INFO] [stdout] test result: ok. 0 passed; 0 failed; 0 ignored; 0 measured; 0 filtered out; finished in 0.00s
[INFO] [stdout] 
[INFO] running `Command { std: "docker" "inspect" "46e01eb68c1c44e59242080d050d7e964a969a2d6287ae3131b0650c9a8700f7", kill_on_drop: false }`
[INFO] running `Command { std: "docker" "rm" "-f" "46e01eb68c1c44e59242080d050d7e964a969a2d6287ae3131b0650c9a8700f7", kill_on_drop: false }`
[INFO] [stdout] 46e01eb68c1c44e59242080d050d7e964a969a2d6287ae3131b0650c9a8700f7
