[INFO] cloning repository https://github.com/ukcrpb6/zookeeper-registrar
[INFO] running `Command { std: "git" "-c" "credential.helper=" "-c" "credential.helper=/workspace/cargo-home/bin/git-credential-null" "clone" "--bare" "https://github.com/ukcrpb6/zookeeper-registrar" "/workspace/cache/git-repos/https%3A%2F%2Fgithub.com%2Fukcrpb6%2Fzookeeper-registrar", kill_on_drop: false }`
[INFO] [stderr] Cloning into bare repository '/workspace/cache/git-repos/https%3A%2F%2Fgithub.com%2Fukcrpb6%2Fzookeeper-registrar'...
[INFO] running `Command { std: "git" "rev-parse" "HEAD", kill_on_drop: false }`
[INFO] [stdout] dbb0f6d00a54fda37fe4a09c2f68089e2b468250
[INFO] testing ukcrpb6/zookeeper-registrar against 1.75.0 for beta-1.76-1
[INFO] running `Command { std: "git" "clone" "/workspace/cache/git-repos/https%3A%2F%2Fgithub.com%2Fukcrpb6%2Fzookeeper-registrar" "/workspace/builds/worker-2-tc1/source", kill_on_drop: false }`
[INFO] [stderr] Cloning into '/workspace/builds/worker-2-tc1/source'...
[INFO] [stderr] done.
[INFO] validating manifest of git repo https://github.com/ukcrpb6/zookeeper-registrar on toolchain 1.75.0
[INFO] running `Command { std: CARGO_HOME="/workspace/cargo-home" RUSTUP_HOME="/workspace/rustup-home" "/workspace/cargo-home/bin/cargo" "+1.75.0" "metadata" "--manifest-path" "Cargo.toml" "--no-deps", kill_on_drop: false }`
[INFO] started tweaking git repo https://github.com/ukcrpb6/zookeeper-registrar
[INFO] finished tweaking git repo https://github.com/ukcrpb6/zookeeper-registrar
[INFO] tweaked toml for git repo https://github.com/ukcrpb6/zookeeper-registrar written to /workspace/builds/worker-2-tc1/source/Cargo.toml
[INFO] crate git repo https://github.com/ukcrpb6/zookeeper-registrar already has a lockfile, it will not be regenerated
[INFO] running `Command { std: CARGO_HOME="/workspace/cargo-home" RUSTUP_HOME="/workspace/rustup-home" "/workspace/cargo-home/bin/cargo" "+1.75.0" "fetch" "--manifest-path" "Cargo.toml", kill_on_drop: false }`
[INFO] [stderr]     Blocking waiting for file lock on package cache
[ERROR] error running command: no output for 300 seconds
[ERROR] this task or one of its parent failed!
[ERROR] no output for 300 seconds
[ERROR] note: run with `RUST_BACKTRACE=1` to display a backtrace.
[INFO] testing ukcrpb6/zookeeper-registrar against beta-2023-12-22 for beta-1.76-1
[INFO] running `Command { std: "git" "clone" "/workspace/cache/git-repos/https%3A%2F%2Fgithub.com%2Fukcrpb6%2Fzookeeper-registrar" "/workspace/builds/worker-2-tc2/source", kill_on_drop: false }`
[INFO] [stderr] Cloning into '/workspace/builds/worker-2-tc2/source'...
[INFO] [stderr] done.
[INFO] validating manifest of git repo https://github.com/ukcrpb6/zookeeper-registrar on toolchain beta-2023-12-22
[INFO] running `Command { std: CARGO_HOME="/workspace/cargo-home" RUSTUP_HOME="/workspace/rustup-home" "/workspace/cargo-home/bin/cargo" "+beta-2023-12-22" "metadata" "--manifest-path" "Cargo.toml" "--no-deps", kill_on_drop: false }`
[INFO] started tweaking git repo https://github.com/ukcrpb6/zookeeper-registrar
[INFO] finished tweaking git repo https://github.com/ukcrpb6/zookeeper-registrar
[INFO] tweaked toml for git repo https://github.com/ukcrpb6/zookeeper-registrar written to /workspace/builds/worker-2-tc2/source/Cargo.toml
[INFO] crate git repo https://github.com/ukcrpb6/zookeeper-registrar already has a lockfile, it will not be regenerated
[INFO] running `Command { std: CARGO_HOME="/workspace/cargo-home" RUSTUP_HOME="/workspace/rustup-home" "/workspace/cargo-home/bin/cargo" "+beta-2023-12-22" "fetch" "--manifest-path" "Cargo.toml", kill_on_drop: false }`
[INFO] [stderr]     Blocking waiting for file lock on package cache
[INFO] [stderr]     Updating crates.io index
[INFO] [stderr]     Blocking waiting for file lock on package cache
[INFO] [stderr]  Downloading crates ...
[INFO] [stderr]   Downloaded itoa v0.4.0
[INFO] [stderr]   Downloaded uuid v0.6.1
[INFO] [stderr]   Downloaded serde v1.0.33
[INFO] [stderr]   Downloaded serde_json v1.0.12
[INFO] [stderr]   Downloaded zookeeper_derive v0.3.0
[INFO] [stderr]   Downloaded zookeeper v0.4.0
[INFO] running `Command { std: "docker" "create" "-v" "/var/lib/crater-agent-workspace/builds/worker-2-tc2/target:/opt/rustwide/target:rw,Z" "-v" "/var/lib/crater-agent-workspace/builds/worker-2-tc2/source:/opt/rustwide/workdir:ro,Z" "-v" "/var/lib/crater-agent-workspace/cargo-home:/opt/rustwide/cargo-home:ro,Z" "-v" "/var/lib/crater-agent-workspace/rustup-home:/opt/rustwide/rustup-home:ro,Z" "-e" "SOURCE_DIR=/opt/rustwide/workdir" "-e" "CARGO_TARGET_DIR=/opt/rustwide/target" "-e" "CARGO_HOME=/opt/rustwide/cargo-home" "-e" "RUSTUP_HOME=/opt/rustwide/rustup-home" "-w" "/opt/rustwide/workdir" "-m" "1610612736" "--user" "0:0" "--network" "none" "ghcr.io/rust-lang/crates-build-env/linux@sha256:2788e3201cd34a07e3172128adcd8b3090168a8e3bcc40d7c032b9dda1df7d1c" "/opt/rustwide/cargo-home/bin/cargo" "+beta-2023-12-22" "metadata" "--no-deps" "--format-version=1", kill_on_drop: false }`
[INFO] [stdout] d80140c13f6eb45dd37d94cf9023471690017eb4b60e9c567f6fec5dafef792f
[INFO] running `Command { std: "docker" "start" "-a" "d80140c13f6eb45dd37d94cf9023471690017eb4b60e9c567f6fec5dafef792f", kill_on_drop: false }`
[INFO] running `Command { std: "docker" "inspect" "d80140c13f6eb45dd37d94cf9023471690017eb4b60e9c567f6fec5dafef792f", kill_on_drop: false }`
[INFO] running `Command { std: "docker" "rm" "-f" "d80140c13f6eb45dd37d94cf9023471690017eb4b60e9c567f6fec5dafef792f", kill_on_drop: false }`
[INFO] [stdout] d80140c13f6eb45dd37d94cf9023471690017eb4b60e9c567f6fec5dafef792f
[INFO] running `Command { std: "docker" "create" "-v" "/var/lib/crater-agent-workspace/builds/worker-2-tc2/target:/opt/rustwide/target:rw,Z" "-v" "/var/lib/crater-agent-workspace/builds/worker-2-tc2/source:/opt/rustwide/workdir:ro,Z" "-v" "/var/lib/crater-agent-workspace/cargo-home:/opt/rustwide/cargo-home:ro,Z" "-v" "/var/lib/crater-agent-workspace/rustup-home:/opt/rustwide/rustup-home:ro,Z" "-e" "SOURCE_DIR=/opt/rustwide/workdir" "-e" "CARGO_TARGET_DIR=/opt/rustwide/target" "-e" "CARGO_INCREMENTAL=0" "-e" "RUST_BACKTRACE=full" "-e" "RUSTFLAGS=--cap-lints=warn" "-e" "RUSTDOCFLAGS=--cap-lints=warn" "-e" "CARGO_HOME=/opt/rustwide/cargo-home" "-e" "RUSTUP_HOME=/opt/rustwide/rustup-home" "-w" "/opt/rustwide/workdir" "-m" "1610612736" "--user" "0:0" "--network" "none" "ghcr.io/rust-lang/crates-build-env/linux@sha256:2788e3201cd34a07e3172128adcd8b3090168a8e3bcc40d7c032b9dda1df7d1c" "/opt/rustwide/cargo-home/bin/cargo" "+beta-2023-12-22" "build" "--frozen" "--message-format=json", kill_on_drop: false }`
[INFO] [stdout] 7bdd552b660b3571778c235207bc415629ebddbd395b929c1567144613d027d3
[INFO] running `Command { std: "docker" "start" "-a" "7bdd552b660b3571778c235207bc415629ebddbd395b929c1567144613d027d3", kill_on_drop: false }`
[INFO] [stderr]    Compiling libc v0.2.39
[INFO] [stderr]    Compiling cfg-if v0.1.2
[INFO] [stderr]    Compiling winapi-build v0.1.1
[INFO] [stderr]    Compiling void v1.0.2
[INFO] [stderr]    Compiling unicode-xid v0.1.0
[INFO] [stderr]    Compiling winapi v0.2.8
[INFO] [stderr]    Compiling regex v0.2.10
[INFO] [stderr]    Compiling ucd-util v0.1.1
[INFO] [stderr]    Compiling lazy_static v1.0.0
[INFO] [stderr]    Compiling unicode-xid v0.0.4
[INFO] [stderr]    Compiling utf8-ranges v1.0.0
[INFO] [stderr]    Compiling quote v0.3.15
[INFO] [stderr]    Compiling bitflags v0.4.0
[INFO] [stderr]    Compiling bytes v0.3.0
[INFO] [stderr]    Compiling bitflags v0.9.1
[INFO] [stderr]    Compiling quick-error v1.2.1
[INFO] [stderr]    Compiling serde v1.0.33
[INFO] [stderr]    Compiling proc-macro2 v0.2.3
[INFO] [stderr]    Compiling slab v0.1.3
[INFO] [stderr]    Compiling humantime v1.1.1
[INFO] [stderr]    Compiling log v0.4.1
[INFO] [stderr]    Compiling num-traits v0.2.2
[INFO] [stderr]    Compiling synom v0.11.3
[INFO] [stderr]    Compiling termcolor v0.3.5
[INFO] [stderr]    Compiling unreachable v1.0.0
[INFO] [stderr]    Compiling kernel32-sys v0.2.2
[INFO] [stderr]    Compiling ws2_32-sys v0.2.1
[INFO] [stderr]    Compiling thread_local v0.3.5
[INFO] [stderr]    Compiling regex-syntax v0.5.3
[INFO] [stderr]    Compiling syn v0.11.11
[INFO] [stderr]    Compiling lazy_static v0.1.16
[INFO] [stderr]    Compiling quote v0.4.2
[INFO] [stderr]    Compiling log v0.3.9
[INFO] [stderr]    Compiling strsim v0.6.0
[INFO] [stderr]    Compiling dtoa v0.4.2
[INFO] [stderr]    Compiling itoa v0.4.0
[INFO] [stderr]    Compiling syn v0.12.14
[INFO] [stderr]    Compiling snowflake v1.3.0
[INFO] [stderr]    Compiling byteorder v0.4.2
[INFO] [stderr]    Compiling memchr v2.0.1
[INFO] [stderr]    Compiling net2 v0.2.32
[INFO] [stderr]    Compiling time v0.1.39
[INFO] [stderr]    Compiling nix v0.5.1
[INFO] [stderr]    Compiling rand v0.4.2
[INFO] [stderr]    Compiling aho-corasick v0.6.4
[INFO] [stderr]    Compiling atty v0.2.8
[INFO] [stderr]    Compiling nix v0.9.0
[INFO] [stderr]    Compiling miow v0.1.5
[INFO] [stderr]    Compiling uuid v0.6.1
[INFO] [stderr]    Compiling zookeeper_derive v0.3.0
[INFO] [stderr]    Compiling mio v0.5.1
[INFO] [stderr]    Compiling serde_derive_internals v0.21.0
[INFO] [stderr]    Compiling ctrlc v3.1.0
[INFO] [stderr]    Compiling env_logger v0.5.6
[INFO] [stderr]    Compiling zookeeper v0.4.0
[INFO] [stderr]    Compiling serde_derive v1.0.33
[INFO] [stderr]    Compiling serde_json v1.0.12
[INFO] [stderr]    Compiling docopt v0.8.3
[INFO] [stderr]    Compiling zookeeper-registrar v0.2.0 (/opt/rustwide/workdir)
[INFO] [stderr]     Finished dev [unoptimized + debuginfo] target(s) in 16.28s
[INFO] [stderr] warning: the following packages contain code that will be rejected by a future version of Rust: syn v0.12.14
[INFO] [stderr] note: to see what the problems were, use the option `--future-incompat-report`, or run `cargo report future-incompatibilities --id 1`
[INFO] running `Command { std: "docker" "inspect" "7bdd552b660b3571778c235207bc415629ebddbd395b929c1567144613d027d3", kill_on_drop: false }`
[INFO] running `Command { std: "docker" "rm" "-f" "7bdd552b660b3571778c235207bc415629ebddbd395b929c1567144613d027d3", kill_on_drop: false }`
[INFO] [stdout] 7bdd552b660b3571778c235207bc415629ebddbd395b929c1567144613d027d3
[INFO] running `Command { std: "docker" "create" "-v" "/var/lib/crater-agent-workspace/builds/worker-2-tc2/target:/opt/rustwide/target:rw,Z" "-v" "/var/lib/crater-agent-workspace/builds/worker-2-tc2/source:/opt/rustwide/workdir:ro,Z" "-v" "/var/lib/crater-agent-workspace/cargo-home:/opt/rustwide/cargo-home:ro,Z" "-v" "/var/lib/crater-agent-workspace/rustup-home:/opt/rustwide/rustup-home:ro,Z" "-e" "SOURCE_DIR=/opt/rustwide/workdir" "-e" "CARGO_TARGET_DIR=/opt/rustwide/target" "-e" "CARGO_INCREMENTAL=0" "-e" "RUST_BACKTRACE=full" "-e" "RUSTFLAGS=--cap-lints=warn" "-e" "RUSTDOCFLAGS=--cap-lints=warn" "-e" "CARGO_HOME=/opt/rustwide/cargo-home" "-e" "RUSTUP_HOME=/opt/rustwide/rustup-home" "-w" "/opt/rustwide/workdir" "-m" "1610612736" "--user" "0:0" "--network" "none" "ghcr.io/rust-lang/crates-build-env/linux@sha256:2788e3201cd34a07e3172128adcd8b3090168a8e3bcc40d7c032b9dda1df7d1c" "/opt/rustwide/cargo-home/bin/cargo" "+beta-2023-12-22" "test" "--frozen" "--no-run" "--message-format=json", kill_on_drop: false }`
[INFO] [stdout] 620f6e9176b2033f72c9dc4245f3e55535a5fffe8321fe04c01a3e1668d02100
[INFO] running `Command { std: "docker" "start" "-a" "620f6e9176b2033f72c9dc4245f3e55535a5fffe8321fe04c01a3e1668d02100", kill_on_drop: false }`
[INFO] [stderr]    Compiling zookeeper-registrar v0.2.0 (/opt/rustwide/workdir)
[INFO] [stderr]     Finished test [unoptimized + debuginfo] target(s) in 0.74s
[INFO] [stderr] warning: the following packages contain code that will be rejected by a future version of Rust: syn v0.12.14
[INFO] [stderr] note: to see what the problems were, use the option `--future-incompat-report`, or run `cargo report future-incompatibilities --id 1`
[INFO] running `Command { std: "docker" "inspect" "620f6e9176b2033f72c9dc4245f3e55535a5fffe8321fe04c01a3e1668d02100", kill_on_drop: false }`
[INFO] running `Command { std: "docker" "rm" "-f" "620f6e9176b2033f72c9dc4245f3e55535a5fffe8321fe04c01a3e1668d02100", kill_on_drop: false }`
[INFO] [stdout] 620f6e9176b2033f72c9dc4245f3e55535a5fffe8321fe04c01a3e1668d02100
[INFO] running `Command { std: "docker" "create" "-v" "/var/lib/crater-agent-workspace/builds/worker-2-tc2/target:/opt/rustwide/target:rw,Z" "-v" "/var/lib/crater-agent-workspace/builds/worker-2-tc2/source:/opt/rustwide/workdir:ro,Z" "-v" "/var/lib/crater-agent-workspace/cargo-home:/opt/rustwide/cargo-home:ro,Z" "-v" "/var/lib/crater-agent-workspace/rustup-home:/opt/rustwide/rustup-home:ro,Z" "-e" "SOURCE_DIR=/opt/rustwide/workdir" "-e" "CARGO_TARGET_DIR=/opt/rustwide/target" "-e" "CARGO_INCREMENTAL=0" "-e" "RUST_BACKTRACE=full" "-e" "RUSTFLAGS=--cap-lints=warn" "-e" "RUSTDOCFLAGS=--cap-lints=warn" "-e" "CARGO_HOME=/opt/rustwide/cargo-home" "-e" "RUSTUP_HOME=/opt/rustwide/rustup-home" "-w" "/opt/rustwide/workdir" "-m" "1610612736" "--user" "0:0" "--network" "none" "ghcr.io/rust-lang/crates-build-env/linux@sha256:2788e3201cd34a07e3172128adcd8b3090168a8e3bcc40d7c032b9dda1df7d1c" "/opt/rustwide/cargo-home/bin/cargo" "+beta-2023-12-22" "test" "--frozen", kill_on_drop: false }`
[INFO] [stdout] 26aa68338a131c42254c1f99d524ac8008a679a5780b4171be4fb6747b6f0fb0
[INFO] running `Command { std: "docker" "start" "-a" "26aa68338a131c42254c1f99d524ac8008a679a5780b4171be4fb6747b6f0fb0", kill_on_drop: false }`
[INFO] [stderr]     Finished test [unoptimized + debuginfo] target(s) in 0.05s
[INFO] [stderr] warning: the following packages contain code that will be rejected by a future version of Rust: syn v0.12.14
[INFO] [stderr] note: to see what the problems were, use the option `--future-incompat-report`, or run `cargo report future-incompatibilities --id 1`
[INFO] [stderr]      Running unittests src/main.rs (/opt/rustwide/target/debug/deps/zookeeper_registrar-3e5cf9251a878f44)
[INFO] [stdout] 
[INFO] [stdout] running 0 tests
[INFO] [stdout] 
[INFO] [stdout] test result: ok. 0 passed; 0 failed; 0 ignored; 0 measured; 0 filtered out; finished in 0.00s
[INFO] [stdout] 
[INFO] running `Command { std: "docker" "inspect" "26aa68338a131c42254c1f99d524ac8008a679a5780b4171be4fb6747b6f0fb0", kill_on_drop: false }`
[INFO] running `Command { std: "docker" "rm" "-f" "26aa68338a131c42254c1f99d524ac8008a679a5780b4171be4fb6747b6f0fb0", kill_on_drop: false }`
[INFO] [stdout] 26aa68338a131c42254c1f99d524ac8008a679a5780b4171be4fb6747b6f0fb0
