[INFO] cloning repository https://github.com/tvilaisakulyong/pong_rust
[INFO] running `Command { std: "git" "-c" "credential.helper=" "-c" "credential.helper=/workspace/cargo-home/bin/git-credential-null" "clone" "--bare" "https://github.com/tvilaisakulyong/pong_rust" "/workspace/cache/git-repos/https%3A%2F%2Fgithub.com%2Ftvilaisakulyong%2Fpong_rust", kill_on_drop: false }`
[INFO] [stderr] Cloning into bare repository '/workspace/cache/git-repos/https%3A%2F%2Fgithub.com%2Ftvilaisakulyong%2Fpong_rust'...
[INFO] running `Command { std: "git" "rev-parse" "HEAD", kill_on_drop: false }`
[INFO] [stdout] 597f2d936a0450a3b655780e8cb5bee56a093a14
[INFO] testing tvilaisakulyong/pong_rust against 1.75.0 for beta-1.76-1
[INFO] running `Command { std: "git" "clone" "/workspace/cache/git-repos/https%3A%2F%2Fgithub.com%2Ftvilaisakulyong%2Fpong_rust" "/workspace/builds/worker-1-tc1/source", kill_on_drop: false }`
[INFO] [stderr] Cloning into '/workspace/builds/worker-1-tc1/source'...
[INFO] [stderr] done.
[INFO] validating manifest of git repo https://github.com/tvilaisakulyong/pong_rust on toolchain 1.75.0
[INFO] running `Command { std: CARGO_HOME="/workspace/cargo-home" RUSTUP_HOME="/workspace/rustup-home" "/workspace/cargo-home/bin/cargo" "+1.75.0" "metadata" "--manifest-path" "Cargo.toml" "--no-deps", kill_on_drop: false }`
[INFO] started tweaking git repo https://github.com/tvilaisakulyong/pong_rust
[INFO] finished tweaking git repo https://github.com/tvilaisakulyong/pong_rust
[INFO] tweaked toml for git repo https://github.com/tvilaisakulyong/pong_rust written to /workspace/builds/worker-1-tc1/source/Cargo.toml
[INFO] crate git repo https://github.com/tvilaisakulyong/pong_rust already has a lockfile, it will not be regenerated
[INFO] running `Command { std: CARGO_HOME="/workspace/cargo-home" RUSTUP_HOME="/workspace/rustup-home" "/workspace/cargo-home/bin/cargo" "+1.75.0" "fetch" "--manifest-path" "Cargo.toml", kill_on_drop: false }`
[INFO] [stderr]     Blocking waiting for file lock on package cache
[INFO] [stderr]     Blocking waiting for file lock on package cache
[ERROR] error running command: no output for 300 seconds
[ERROR] this task or one of its parent failed!
[ERROR] no output for 300 seconds
[ERROR] note: run with `RUST_BACKTRACE=1` to display a backtrace.
[INFO] testing tvilaisakulyong/pong_rust against beta-2023-12-22 for beta-1.76-1
[INFO] running `Command { std: "git" "clone" "/workspace/cache/git-repos/https%3A%2F%2Fgithub.com%2Ftvilaisakulyong%2Fpong_rust" "/workspace/builds/worker-1-tc2/source", kill_on_drop: false }`
[INFO] [stderr] Cloning into '/workspace/builds/worker-1-tc2/source'...
[INFO] [stderr] done.
[INFO] validating manifest of git repo https://github.com/tvilaisakulyong/pong_rust on toolchain beta-2023-12-22
[INFO] running `Command { std: CARGO_HOME="/workspace/cargo-home" RUSTUP_HOME="/workspace/rustup-home" "/workspace/cargo-home/bin/cargo" "+beta-2023-12-22" "metadata" "--manifest-path" "Cargo.toml" "--no-deps", kill_on_drop: false }`
[INFO] started tweaking git repo https://github.com/tvilaisakulyong/pong_rust
[INFO] finished tweaking git repo https://github.com/tvilaisakulyong/pong_rust
[INFO] tweaked toml for git repo https://github.com/tvilaisakulyong/pong_rust written to /workspace/builds/worker-1-tc2/source/Cargo.toml
[INFO] crate git repo https://github.com/tvilaisakulyong/pong_rust already has a lockfile, it will not be regenerated
[INFO] running `Command { std: CARGO_HOME="/workspace/cargo-home" RUSTUP_HOME="/workspace/rustup-home" "/workspace/cargo-home/bin/cargo" "+beta-2023-12-22" "fetch" "--manifest-path" "Cargo.toml", kill_on_drop: false }`
[INFO] [stderr]     Blocking waiting for file lock on package cache
[INFO] [stderr]     Blocking waiting for file lock on package cache
[ERROR] error running command: no output for 300 seconds
[INFO] testing tvilaisakulyong/pong_rust against beta-2023-12-22 for beta-1.76-1
[INFO] running `Command { std: "git" "clone" "/workspace/cache/git-repos/https%3A%2F%2Fgithub.com%2Ftvilaisakulyong%2Fpong_rust" "/workspace/builds/worker-1-tc2/source", kill_on_drop: false }`
[INFO] [stderr] Cloning into '/workspace/builds/worker-1-tc2/source'...
[INFO] [stderr] done.
[INFO] validating manifest of git repo https://github.com/tvilaisakulyong/pong_rust on toolchain beta-2023-12-22
[INFO] running `Command { std: CARGO_HOME="/workspace/cargo-home" RUSTUP_HOME="/workspace/rustup-home" "/workspace/cargo-home/bin/cargo" "+beta-2023-12-22" "metadata" "--manifest-path" "Cargo.toml" "--no-deps", kill_on_drop: false }`
[INFO] started tweaking git repo https://github.com/tvilaisakulyong/pong_rust
[INFO] finished tweaking git repo https://github.com/tvilaisakulyong/pong_rust
[INFO] tweaked toml for git repo https://github.com/tvilaisakulyong/pong_rust written to /workspace/builds/worker-1-tc2/source/Cargo.toml
[INFO] crate git repo https://github.com/tvilaisakulyong/pong_rust already has a lockfile, it will not be regenerated
[INFO] running `Command { std: CARGO_HOME="/workspace/cargo-home" RUSTUP_HOME="/workspace/rustup-home" "/workspace/cargo-home/bin/cargo" "+beta-2023-12-22" "fetch" "--manifest-path" "Cargo.toml", kill_on_drop: false }`
[INFO] [stderr]     Blocking waiting for file lock on package cache
[INFO] [stderr]     Blocking waiting for file lock on package cache
[ERROR] error running command: no output for 300 seconds
[INFO] testing tvilaisakulyong/pong_rust against beta-2023-12-22 for beta-1.76-1
[INFO] running `Command { std: "git" "clone" "/workspace/cache/git-repos/https%3A%2F%2Fgithub.com%2Ftvilaisakulyong%2Fpong_rust" "/workspace/builds/worker-1-tc2/source", kill_on_drop: false }`
[INFO] [stderr] Cloning into '/workspace/builds/worker-1-tc2/source'...
[INFO] [stderr] done.
[INFO] validating manifest of git repo https://github.com/tvilaisakulyong/pong_rust on toolchain beta-2023-12-22
[INFO] running `Command { std: CARGO_HOME="/workspace/cargo-home" RUSTUP_HOME="/workspace/rustup-home" "/workspace/cargo-home/bin/cargo" "+beta-2023-12-22" "metadata" "--manifest-path" "Cargo.toml" "--no-deps", kill_on_drop: false }`
[INFO] started tweaking git repo https://github.com/tvilaisakulyong/pong_rust
[INFO] finished tweaking git repo https://github.com/tvilaisakulyong/pong_rust
[INFO] tweaked toml for git repo https://github.com/tvilaisakulyong/pong_rust written to /workspace/builds/worker-1-tc2/source/Cargo.toml
[INFO] crate git repo https://github.com/tvilaisakulyong/pong_rust already has a lockfile, it will not be regenerated
[INFO] running `Command { std: CARGO_HOME="/workspace/cargo-home" RUSTUP_HOME="/workspace/rustup-home" "/workspace/cargo-home/bin/cargo" "+beta-2023-12-22" "fetch" "--manifest-path" "Cargo.toml", kill_on_drop: false }`
[INFO] [stderr]     Blocking waiting for file lock on package cache
[INFO] [stderr]     Blocking waiting for file lock on package cache
[INFO] [stderr]  Downloading crates ...
[INFO] [stderr]   Downloaded rusttype v0.2.3
[INFO] running `Command { std: "docker" "create" "-v" "/var/lib/crater-agent-workspace/builds/worker-1-tc2/target:/opt/rustwide/target:rw,Z" "-v" "/var/lib/crater-agent-workspace/builds/worker-1-tc2/source:/opt/rustwide/workdir:ro,Z" "-v" "/var/lib/crater-agent-workspace/cargo-home:/opt/rustwide/cargo-home:ro,Z" "-v" "/var/lib/crater-agent-workspace/rustup-home:/opt/rustwide/rustup-home:ro,Z" "-e" "SOURCE_DIR=/opt/rustwide/workdir" "-e" "CARGO_TARGET_DIR=/opt/rustwide/target" "-e" "CARGO_HOME=/opt/rustwide/cargo-home" "-e" "RUSTUP_HOME=/opt/rustwide/rustup-home" "-w" "/opt/rustwide/workdir" "-m" "1610612736" "--user" "0:0" "--network" "none" "ghcr.io/rust-lang/crates-build-env/linux@sha256:2788e3201cd34a07e3172128adcd8b3090168a8e3bcc40d7c032b9dda1df7d1c" "/opt/rustwide/cargo-home/bin/cargo" "+beta-2023-12-22" "metadata" "--no-deps" "--format-version=1", kill_on_drop: false }`
[INFO] [stdout] 2fe5baa7d3724360a8f72dbbb0ed7d4323e5f19d31c48543f8dcabc1426f3be0
[INFO] running `Command { std: "docker" "start" "-a" "2fe5baa7d3724360a8f72dbbb0ed7d4323e5f19d31c48543f8dcabc1426f3be0", kill_on_drop: false }`
[INFO] running `Command { std: "docker" "inspect" "2fe5baa7d3724360a8f72dbbb0ed7d4323e5f19d31c48543f8dcabc1426f3be0", kill_on_drop: false }`
[INFO] running `Command { std: "docker" "rm" "-f" "2fe5baa7d3724360a8f72dbbb0ed7d4323e5f19d31c48543f8dcabc1426f3be0", kill_on_drop: false }`
[INFO] [stdout] 2fe5baa7d3724360a8f72dbbb0ed7d4323e5f19d31c48543f8dcabc1426f3be0
[INFO] running `Command { std: "docker" "create" "-v" "/var/lib/crater-agent-workspace/builds/worker-1-tc2/target:/opt/rustwide/target:rw,Z" "-v" "/var/lib/crater-agent-workspace/builds/worker-1-tc2/source:/opt/rustwide/workdir:ro,Z" "-v" "/var/lib/crater-agent-workspace/cargo-home:/opt/rustwide/cargo-home:ro,Z" "-v" "/var/lib/crater-agent-workspace/rustup-home:/opt/rustwide/rustup-home:ro,Z" "-e" "SOURCE_DIR=/opt/rustwide/workdir" "-e" "CARGO_TARGET_DIR=/opt/rustwide/target" "-e" "CARGO_INCREMENTAL=0" "-e" "RUST_BACKTRACE=full" "-e" "RUSTFLAGS=--cap-lints=warn" "-e" "RUSTDOCFLAGS=--cap-lints=warn" "-e" "CARGO_HOME=/opt/rustwide/cargo-home" "-e" "RUSTUP_HOME=/opt/rustwide/rustup-home" "-w" "/opt/rustwide/workdir" "-m" "1610612736" "--user" "0:0" "--network" "none" "ghcr.io/rust-lang/crates-build-env/linux@sha256:2788e3201cd34a07e3172128adcd8b3090168a8e3bcc40d7c032b9dda1df7d1c" "/opt/rustwide/cargo-home/bin/cargo" "+beta-2023-12-22" "build" "--frozen" "--message-format=json", kill_on_drop: false }`
[INFO] [stdout] 014b5f287b90bb4bd53ae783ef9b822fc6716fa9e07b256851c6f241b536e0c5
[INFO] running `Command { std: "docker" "start" "-a" "014b5f287b90bb4bd53ae783ef9b822fc6716fa9e07b256851c6f241b536e0c5", kill_on_drop: false }`
[INFO] [stderr]    Compiling libc v0.2.49
[INFO] [stderr]    Compiling autocfg v0.1.2
[INFO] [stderr]    Compiling rand_core v0.4.0
[INFO] [stderr]    Compiling num-traits v0.2.6
[INFO] [stderr]    Compiling siphasher v0.2.3
[INFO] [stderr]    Compiling cfg-if v0.1.6
[INFO] [stderr]    Compiling bitflags v1.0.4
[INFO] [stderr]    Compiling dtoa v0.4.3
[INFO] [stderr]    Compiling rand_core v0.3.1
[INFO] [stderr]    Compiling rand_jitter v0.1.3
[INFO] [stderr]    Compiling serde v0.9.15
[INFO] [stderr]    Compiling phf_shared v0.7.24
[INFO] [stderr]    Compiling rand_isaac v0.1.1
[INFO] [stderr]    Compiling rand_xorshift v0.1.1
[INFO] [stderr]    Compiling rand_hc v0.1.0
[INFO] [stderr]    Compiling itoa v0.3.4
[INFO] [stderr]    Compiling byteorder v1.3.1
[INFO] [stderr]    Compiling phf v0.7.24
[INFO] [stderr]    Compiling rand_chacha v0.1.1
[INFO] [stderr]    Compiling rand_pcg v0.1.2
[INFO] [stderr]    Compiling rand v0.6.5
[INFO] [stderr]    Compiling lazy_static v1.3.0
[INFO] [stderr]    Compiling bitflags v0.9.1
[INFO] [stderr]    Compiling xml-rs v0.6.1
[INFO] [stderr]    Compiling khronos_api v2.2.0
[INFO] [stderr]    Compiling log v0.4.6
[INFO] [stderr]    Compiling arrayvec v0.4.10
[INFO] [stderr]    Compiling rand_os v0.1.2
[INFO] [stderr]    Compiling log v0.3.9
[INFO] [stderr]    Compiling xml-rs v0.7.0
[INFO] [stderr]    Compiling proc-macro2 v0.4.27
[INFO] [stderr]    Compiling wayland-scanner v0.9.10
[INFO] [stderr]    Compiling lazy_static v0.2.11
[INFO] [stderr]    Compiling nodrop v0.1.13
[INFO] [stderr]    Compiling num-traits v0.1.43
[INFO] [stderr]    Compiling piston-float v0.3.0
[INFO] [stderr]    Compiling winapi-build v0.1.1
[INFO] [stderr]    Compiling unicode-xid v0.1.0
[INFO] [stderr]    Compiling piston-viewport v0.3.0
[INFO] [stderr]    Compiling crossbeam-utils v0.2.2
[INFO] [stderr]    Compiling kernel32-sys v0.2.2
[INFO] [stderr]    Compiling num-integer v0.1.39
[INFO] [stderr]    Compiling winapi v0.2.8
[INFO] [stderr]    Compiling scopeguard v0.3.3
[INFO] [stderr]    Compiling wayland-client v0.9.10
[INFO] [stderr]    Compiling memoffset v0.2.1
[INFO] [stderr]    Compiling rayon-core v1.4.1
[INFO] [stderr]    Compiling serde v1.0.89
[INFO] [stderr]    Compiling crossbeam-epoch v0.3.1
[INFO] [stderr]    Compiling quote v0.6.11
[INFO] [stderr]    Compiling phf_generator v0.7.24
[INFO] [stderr]    Compiling phf_codegen v0.7.24
[INFO] [stderr]    Compiling serde_json v0.9.10
[INFO] [stderr]    Compiling syn v0.15.27
[INFO] [stderr]    Compiling wayland-protocols v0.9.10
[INFO] [stderr]    Compiling target_build_utils v0.3.1
[INFO] [stderr]    Compiling rand v0.4.6
[INFO] [stderr]    Compiling pkg-config v0.3.14
[INFO] [stderr]    Compiling fs2 v0.2.5
[INFO] [stderr]    Compiling crossbeam-deque v0.2.0
[INFO] [stderr]    Compiling x11-dl v2.18.3
[INFO] [stderr]    Compiling gl_generator v0.7.0
[INFO] [stderr]    Compiling rand v0.3.23
[INFO] [stderr]    Compiling num_cpus v1.10.0
[INFO] [stderr]    Compiling num-iter v0.1.37
[INFO] [stderr]    Compiling shader_version v0.3.0
[INFO] [stderr]    Compiling rayon v1.0.3
[INFO] [stderr]    Compiling adler32 v1.0.3
[INFO] [stderr]    Compiling gl v0.7.0
[INFO] [stderr]    Compiling tempfile v2.2.0
[INFO] [stderr]    Compiling memmap v0.4.0
[INFO] [stderr]    Compiling gl_generator v0.6.1
[INFO] [stderr]    Compiling either v1.5.1
[INFO] [stderr]    Compiling bitflags v0.7.0
[INFO] [stderr]    Compiling inflate v0.3.4
[INFO] [stderr]    Compiling glutin v0.10.1
[INFO] [stderr]    Compiling deflate v0.7.19
[INFO] [stderr]    Compiling serde_derive v1.0.89
[INFO] [stderr]    Compiling stb_truetype v0.2.6
[INFO] [stderr]    Compiling shared_library v0.1.9
[INFO] [stderr]    Compiling color_quant v1.0.1
[INFO] [stderr]    Compiling linked-hash-map v0.5.1
[INFO] [stderr]    Compiling lzw v0.10.0
[INFO] [stderr]    Compiling gif v0.9.2
[INFO] [stderr]    Compiling rusttype v0.2.3
[INFO] [stderr]    Compiling osmesa-sys v0.1.2
[INFO] [stderr]    Compiling jpeg-decoder v0.1.15
[INFO] [stderr]    Compiling png v0.11.0
[INFO] [stderr]    Compiling num-rational v0.1.42
[INFO] [stdout] error[E0311]: the parameter type `K` may not live long enough
[INFO] [stdout]   --> /opt/rustwide/cargo-home/registry/src/index.crates.io-6f17d22bba15001f/rusttype-0.2.3/src/support/bst/map.rs:81:19
[INFO] [stdout]    |
[INFO] [stdout] 78 |                 node: node::NodeRef<marker::Immut, K, V, marker::LeafOrInternal>)
[INFO] [stdout]    |                                     ------------- the parameter type `K` must be valid for the anonymous lifetime defined here...
[INFO] [stdout] ...
[INFO] [stdout] 81 |             match node.force() {
[INFO] [stdout]    |                   ^^^^ ...so that the type `K` will meet its required lifetime bounds
[INFO] [stdout]    |
[INFO] [stdout] help: consider adding an explicit lifetime bound
[INFO] [stdout]    |
[INFO] [stdout] 77 ~         fn clone_subtree<'a, K: Clone + 'a, V: Clone>(
[INFO] [stdout] 78 ~                 node: node::NodeRef<marker::Immut<'a>, K, V, marker::LeafOrInternal>)
[INFO] [stdout]    |
[INFO] [stdout] 
[INFO] [stdout] 
[INFO] [stdout] error[E0311]: the parameter type `V` may not live long enough
[INFO] [stdout]   --> /opt/rustwide/cargo-home/registry/src/index.crates.io-6f17d22bba15001f/rusttype-0.2.3/src/support/bst/map.rs:81:19
[INFO] [stdout]    |
[INFO] [stdout] 78 |                 node: node::NodeRef<marker::Immut, K, V, marker::LeafOrInternal>)
[INFO] [stdout]    |                                     ------------- the parameter type `V` must be valid for the anonymous lifetime defined here...
[INFO] [stdout] ...
[INFO] [stdout] 81 |             match node.force() {
[INFO] [stdout]    |                   ^^^^ ...so that the type `V` will meet its required lifetime bounds
[INFO] [stdout]    |
[INFO] [stdout] help: consider adding an explicit lifetime bound
[INFO] [stdout]    |
[INFO] [stdout] 77 ~         fn clone_subtree<'a, K: Clone, V: Clone + 'a>(
[INFO] [stdout] 78 ~                 node: node::NodeRef<marker::Immut<'a>, K, V, marker::LeafOrInternal>)
[INFO] [stdout]    |
[INFO] [stdout] 
[INFO] [stdout] 
[INFO] [stdout] error: aborting due to 2 previous errors
[INFO] [stdout] 
[INFO] [stdout] 
[INFO] [stdout] For more information about this error, try `rustc --explain E0311`.
[INFO] [stdout] 
[INFO] [stderr] error: could not compile `rusttype` (lib) due to 3 previous errors
[INFO] [stderr] warning: build failed, waiting for other jobs to finish...
[INFO] running `Command { std: "docker" "inspect" "014b5f287b90bb4bd53ae783ef9b822fc6716fa9e07b256851c6f241b536e0c5", kill_on_drop: false }`
[INFO] running `Command { std: "docker" "rm" "-f" "014b5f287b90bb4bd53ae783ef9b822fc6716fa9e07b256851c6f241b536e0c5", kill_on_drop: false }`
[INFO] [stdout] 014b5f287b90bb4bd53ae783ef9b822fc6716fa9e07b256851c6f241b536e0c5
