[INFO] cloning repository https://github.com/turnage/ecoli
[INFO] running `Command { std: "git" "-c" "credential.helper=" "-c" "credential.helper=/workspace/cargo-home/bin/git-credential-null" "clone" "--bare" "https://github.com/turnage/ecoli" "/workspace/cache/git-repos/https%3A%2F%2Fgithub.com%2Fturnage%2Fecoli", kill_on_drop: false }`
[INFO] [stderr] Cloning into bare repository '/workspace/cache/git-repos/https%3A%2F%2Fgithub.com%2Fturnage%2Fecoli'...
[INFO] running `Command { std: "git" "rev-parse" "HEAD", kill_on_drop: false }`
[INFO] [stdout] ee96ba5b687e3dd422db9adf6523104e02d64085
[INFO] testing turnage/ecoli against 1.75.0 for beta-1.76-1
[INFO] running `Command { std: "git" "clone" "/workspace/cache/git-repos/https%3A%2F%2Fgithub.com%2Fturnage%2Fecoli" "/workspace/builds/worker-0-tc1/source", kill_on_drop: false }`
[INFO] [stderr] Cloning into '/workspace/builds/worker-0-tc1/source'...
[INFO] [stderr] done.
[INFO] validating manifest of git repo https://github.com/turnage/ecoli on toolchain 1.75.0
[INFO] running `Command { std: CARGO_HOME="/workspace/cargo-home" RUSTUP_HOME="/workspace/rustup-home" "/workspace/cargo-home/bin/cargo" "+1.75.0" "metadata" "--manifest-path" "Cargo.toml" "--no-deps", kill_on_drop: false }`
[INFO] started tweaking git repo https://github.com/turnage/ecoli
[INFO] finished tweaking git repo https://github.com/turnage/ecoli
[INFO] tweaked toml for git repo https://github.com/turnage/ecoli written to /workspace/builds/worker-0-tc1/source/Cargo.toml
[INFO] crate git repo https://github.com/turnage/ecoli already has a lockfile, it will not be regenerated
[INFO] running `Command { std: CARGO_HOME="/workspace/cargo-home" RUSTUP_HOME="/workspace/rustup-home" "/workspace/cargo-home/bin/cargo" "+1.75.0" "fetch" "--manifest-path" "Cargo.toml", kill_on_drop: false }`
[INFO] [stderr]     Blocking waiting for file lock on package cache
[INFO] [stderr]     Updating git repository `https://github.com/turnage/hmm.git`
[INFO] [stderr]     Blocking waiting for file lock on package cache
[ERROR] error running command: no output for 300 seconds
[ERROR] this task or one of its parent failed!
[ERROR] no output for 300 seconds
[ERROR] note: run with `RUST_BACKTRACE=1` to display a backtrace.
[INFO] testing turnage/ecoli against beta-2023-12-22 for beta-1.76-1
[INFO] running `Command { std: "git" "clone" "/workspace/cache/git-repos/https%3A%2F%2Fgithub.com%2Fturnage%2Fecoli" "/workspace/builds/worker-0-tc2/source", kill_on_drop: false }`
[INFO] [stderr] Cloning into '/workspace/builds/worker-0-tc2/source'...
[INFO] [stderr] done.
[INFO] validating manifest of git repo https://github.com/turnage/ecoli on toolchain beta-2023-12-22
[INFO] running `Command { std: CARGO_HOME="/workspace/cargo-home" RUSTUP_HOME="/workspace/rustup-home" "/workspace/cargo-home/bin/cargo" "+beta-2023-12-22" "metadata" "--manifest-path" "Cargo.toml" "--no-deps", kill_on_drop: false }`
[INFO] started tweaking git repo https://github.com/turnage/ecoli
[INFO] finished tweaking git repo https://github.com/turnage/ecoli
[INFO] tweaked toml for git repo https://github.com/turnage/ecoli written to /workspace/builds/worker-0-tc2/source/Cargo.toml
[INFO] crate git repo https://github.com/turnage/ecoli already has a lockfile, it will not be regenerated
[INFO] running `Command { std: CARGO_HOME="/workspace/cargo-home" RUSTUP_HOME="/workspace/rustup-home" "/workspace/cargo-home/bin/cargo" "+beta-2023-12-22" "fetch" "--manifest-path" "Cargo.toml", kill_on_drop: false }`
[INFO] [stderr]     Blocking waiting for file lock on package cache
[INFO] [stderr]     Blocking waiting for file lock on package cache
[INFO] [stderr]  Downloading crates ...
[INFO] [stderr]   Downloaded float-cmp v0.2.3
[INFO] [stderr]   Downloaded clap v2.23.3
[INFO] running `Command { std: "docker" "create" "-v" "/var/lib/crater-agent-workspace/builds/worker-0-tc2/target:/opt/rustwide/target:rw,Z" "-v" "/var/lib/crater-agent-workspace/builds/worker-0-tc2/source:/opt/rustwide/workdir:ro,Z" "-v" "/var/lib/crater-agent-workspace/cargo-home:/opt/rustwide/cargo-home:ro,Z" "-v" "/var/lib/crater-agent-workspace/rustup-home:/opt/rustwide/rustup-home:ro,Z" "-e" "SOURCE_DIR=/opt/rustwide/workdir" "-e" "CARGO_TARGET_DIR=/opt/rustwide/target" "-e" "CARGO_HOME=/opt/rustwide/cargo-home" "-e" "RUSTUP_HOME=/opt/rustwide/rustup-home" "-w" "/opt/rustwide/workdir" "-m" "1610612736" "--user" "0:0" "--network" "none" "ghcr.io/rust-lang/crates-build-env/linux@sha256:2788e3201cd34a07e3172128adcd8b3090168a8e3bcc40d7c032b9dda1df7d1c" "/opt/rustwide/cargo-home/bin/cargo" "+beta-2023-12-22" "metadata" "--no-deps" "--format-version=1", kill_on_drop: false }`
[INFO] [stdout] f91b0e85cae38a618adb04553dfed2dd67bc48d139d2f3e194b9d9b0675d1c2d
[INFO] running `Command { std: "docker" "start" "-a" "f91b0e85cae38a618adb04553dfed2dd67bc48d139d2f3e194b9d9b0675d1c2d", kill_on_drop: false }`
[INFO] running `Command { std: "docker" "inspect" "f91b0e85cae38a618adb04553dfed2dd67bc48d139d2f3e194b9d9b0675d1c2d", kill_on_drop: false }`
[INFO] running `Command { std: "docker" "rm" "-f" "f91b0e85cae38a618adb04553dfed2dd67bc48d139d2f3e194b9d9b0675d1c2d", kill_on_drop: false }`
[INFO] [stdout] f91b0e85cae38a618adb04553dfed2dd67bc48d139d2f3e194b9d9b0675d1c2d
[INFO] running `Command { std: "docker" "create" "-v" "/var/lib/crater-agent-workspace/builds/worker-0-tc2/target:/opt/rustwide/target:rw,Z" "-v" "/var/lib/crater-agent-workspace/builds/worker-0-tc2/source:/opt/rustwide/workdir:ro,Z" "-v" "/var/lib/crater-agent-workspace/cargo-home:/opt/rustwide/cargo-home:ro,Z" "-v" "/var/lib/crater-agent-workspace/rustup-home:/opt/rustwide/rustup-home:ro,Z" "-e" "SOURCE_DIR=/opt/rustwide/workdir" "-e" "CARGO_TARGET_DIR=/opt/rustwide/target" "-e" "CARGO_INCREMENTAL=0" "-e" "RUST_BACKTRACE=full" "-e" "RUSTFLAGS=--cap-lints=warn" "-e" "RUSTDOCFLAGS=--cap-lints=warn" "-e" "CARGO_HOME=/opt/rustwide/cargo-home" "-e" "RUSTUP_HOME=/opt/rustwide/rustup-home" "-w" "/opt/rustwide/workdir" "-m" "1610612736" "--user" "0:0" "--network" "none" "ghcr.io/rust-lang/crates-build-env/linux@sha256:2788e3201cd34a07e3172128adcd8b3090168a8e3bcc40d7c032b9dda1df7d1c" "/opt/rustwide/cargo-home/bin/cargo" "+beta-2023-12-22" "build" "--frozen" "--message-format=json", kill_on_drop: false }`
[INFO] [stdout] d6768c231c043c97463b50c113055c571961881bb2a88276b5588bf01e04fd20
[INFO] running `Command { std: "docker" "start" "-a" "d6768c231c043c97463b50c113055c571961881bb2a88276b5588bf01e04fd20", kill_on_drop: false }`
[INFO] [stderr]    Compiling libc v0.2.22
[INFO] [stderr]    Compiling num-traits v0.1.37
[INFO] [stderr]    Compiling unicode-segmentation v1.1.0
[INFO] [stderr]    Compiling unicode-width v0.1.4
[INFO] [stderr]    Compiling ansi_term v0.9.0
[INFO] [stderr]    Compiling bitflags v0.8.2
[INFO] [stderr]    Compiling yaml-rust v0.3.5
[INFO] [stderr]    Compiling vec_map v0.7.0
[INFO] [stderr]    Compiling strsim v0.6.0
[INFO] [stderr]    Compiling atty v0.2.2
[INFO] [stderr]    Compiling term_size v0.3.0
[INFO] [stderr]    Compiling clap v2.23.3
[INFO] [stderr]    Compiling float-cmp v0.2.3
[INFO] [stderr]    Compiling hmm v0.1.0 (https://github.com/turnage/hmm.git#b1231019)
[INFO] [stderr]    Compiling ecoli v0.1.0 (/opt/rustwide/workdir)
[INFO] [stdout] warning: use of deprecated method `std::error::Error::description`: use the Display impl or to_string()
[INFO] [stdout]   --> src/main.rs:20:37
[INFO] [stdout]    |
[INFO] [stdout] 20 |         .map_err(|e| String::from(e.description()))
[INFO] [stdout]    |                                     ^^^^^^^^^^^
[INFO] [stdout]    |
[INFO] [stdout]    = note: `#[warn(deprecated)]` on by default
[INFO] [stdout] 
[INFO] [stdout] 
[INFO] [stdout] warning: 1 warning emitted
[INFO] [stdout] 
[INFO] [stdout] 
[INFO] [stderr]     Finished dev [unoptimized + debuginfo] target(s) in 6.41s
[INFO] running `Command { std: "docker" "inspect" "d6768c231c043c97463b50c113055c571961881bb2a88276b5588bf01e04fd20", kill_on_drop: false }`
[INFO] running `Command { std: "docker" "rm" "-f" "d6768c231c043c97463b50c113055c571961881bb2a88276b5588bf01e04fd20", kill_on_drop: false }`
[INFO] [stdout] d6768c231c043c97463b50c113055c571961881bb2a88276b5588bf01e04fd20
[INFO] running `Command { std: "docker" "create" "-v" "/var/lib/crater-agent-workspace/builds/worker-0-tc2/target:/opt/rustwide/target:rw,Z" "-v" "/var/lib/crater-agent-workspace/builds/worker-0-tc2/source:/opt/rustwide/workdir:ro,Z" "-v" "/var/lib/crater-agent-workspace/cargo-home:/opt/rustwide/cargo-home:ro,Z" "-v" "/var/lib/crater-agent-workspace/rustup-home:/opt/rustwide/rustup-home:ro,Z" "-e" "SOURCE_DIR=/opt/rustwide/workdir" "-e" "CARGO_TARGET_DIR=/opt/rustwide/target" "-e" "CARGO_INCREMENTAL=0" "-e" "RUST_BACKTRACE=full" "-e" "RUSTFLAGS=--cap-lints=warn" "-e" "RUSTDOCFLAGS=--cap-lints=warn" "-e" "CARGO_HOME=/opt/rustwide/cargo-home" "-e" "RUSTUP_HOME=/opt/rustwide/rustup-home" "-w" "/opt/rustwide/workdir" "-m" "1610612736" "--user" "0:0" "--network" "none" "ghcr.io/rust-lang/crates-build-env/linux@sha256:2788e3201cd34a07e3172128adcd8b3090168a8e3bcc40d7c032b9dda1df7d1c" "/opt/rustwide/cargo-home/bin/cargo" "+beta-2023-12-22" "test" "--frozen" "--no-run" "--message-format=json", kill_on_drop: false }`
[INFO] [stdout] 1187d814d74ebeb8376fdf991b630c188e7af2323ec3a3d60b5452ebc58ef56f
[INFO] running `Command { std: "docker" "start" "-a" "1187d814d74ebeb8376fdf991b630c188e7af2323ec3a3d60b5452ebc58ef56f", kill_on_drop: false }`
[INFO] [stderr]    Compiling ecoli v0.1.0 (/opt/rustwide/workdir)
[INFO] [stdout] warning: use of deprecated method `std::error::Error::description`: use the Display impl or to_string()
[INFO] [stdout]   --> src/main.rs:20:37
[INFO] [stdout]    |
[INFO] [stdout] 20 |         .map_err(|e| String::from(e.description()))
[INFO] [stdout]    |                                     ^^^^^^^^^^^
[INFO] [stdout]    |
[INFO] [stdout]    = note: `#[warn(deprecated)]` on by default
[INFO] [stdout] 
[INFO] [stdout] 
[INFO] [stdout] warning: 1 warning emitted
[INFO] [stdout] 
[INFO] [stdout] 
[INFO] [stderr]     Finished test [unoptimized + debuginfo] target(s) in 0.69s
[INFO] running `Command { std: "docker" "inspect" "1187d814d74ebeb8376fdf991b630c188e7af2323ec3a3d60b5452ebc58ef56f", kill_on_drop: false }`
[INFO] running `Command { std: "docker" "rm" "-f" "1187d814d74ebeb8376fdf991b630c188e7af2323ec3a3d60b5452ebc58ef56f", kill_on_drop: false }`
[INFO] [stdout] 1187d814d74ebeb8376fdf991b630c188e7af2323ec3a3d60b5452ebc58ef56f
[INFO] running `Command { std: "docker" "create" "-v" "/var/lib/crater-agent-workspace/builds/worker-0-tc2/target:/opt/rustwide/target:rw,Z" "-v" "/var/lib/crater-agent-workspace/builds/worker-0-tc2/source:/opt/rustwide/workdir:ro,Z" "-v" "/var/lib/crater-agent-workspace/cargo-home:/opt/rustwide/cargo-home:ro,Z" "-v" "/var/lib/crater-agent-workspace/rustup-home:/opt/rustwide/rustup-home:ro,Z" "-e" "SOURCE_DIR=/opt/rustwide/workdir" "-e" "CARGO_TARGET_DIR=/opt/rustwide/target" "-e" "CARGO_INCREMENTAL=0" "-e" "RUST_BACKTRACE=full" "-e" "RUSTFLAGS=--cap-lints=warn" "-e" "RUSTDOCFLAGS=--cap-lints=warn" "-e" "CARGO_HOME=/opt/rustwide/cargo-home" "-e" "RUSTUP_HOME=/opt/rustwide/rustup-home" "-w" "/opt/rustwide/workdir" "-m" "1610612736" "--user" "0:0" "--network" "none" "ghcr.io/rust-lang/crates-build-env/linux@sha256:2788e3201cd34a07e3172128adcd8b3090168a8e3bcc40d7c032b9dda1df7d1c" "/opt/rustwide/cargo-home/bin/cargo" "+beta-2023-12-22" "test" "--frozen", kill_on_drop: false }`
[INFO] [stdout] aac548f9b8a61dfbc023ca2019cc9d34fde98a6f6daabe2bb431c68960cd20db
[INFO] running `Command { std: "docker" "start" "-a" "aac548f9b8a61dfbc023ca2019cc9d34fde98a6f6daabe2bb431c68960cd20db", kill_on_drop: false }`
[INFO] [stderr] warning: use of deprecated method `std::error::Error::description`: use the Display impl or to_string()
[INFO] [stderr]   --> src/main.rs:20:37
[INFO] [stderr]    |
[INFO] [stderr] 20 |         .map_err(|e| String::from(e.description()))
[INFO] [stderr]    |                                     ^^^^^^^^^^^
[INFO] [stderr]    |
[INFO] [stderr]    = note: `#[warn(deprecated)]` on by default
[INFO] [stderr] 
[INFO] [stderr] warning: `ecoli` (bin "ecoli" test) generated 1 warning
[INFO] [stderr]     Finished test [unoptimized + debuginfo] target(s) in 0.01s
[INFO] [stderr]      Running unittests src/main.rs (/opt/rustwide/target/debug/deps/ecoli-397680bbb540ccb9)
[INFO] [stdout] 
[INFO] [stdout] running 8 tests
[INFO] [stdout] test corpus::base::test::test_parse ... ok
[INFO] [stdout] test corpus::sequence::test::display ... ok
[INFO] [stdout] test corpus::labeler::test::labeler_internal_codons ... ok
[INFO] [stdout] test corpus::sequence::test::from ... ok
[INFO] [stdout] test corpus::sequence::test::internal_codon_ranges ... ok
[INFO] [stdout] test corpus::sequence::test::label_dna ... ok
[INFO] [stdout] test corpus::sequence::test::labeled_ranges ... ok
[INFO] [stdout] test corpus::sequence::test::noncoding_ranges ... ok
[INFO] [stdout] 
[INFO] [stdout] test result: ok. 8 passed; 0 failed; 0 ignored; 0 measured; 0 filtered out; finished in 0.00s
[INFO] [stdout] 
[INFO] running `Command { std: "docker" "inspect" "aac548f9b8a61dfbc023ca2019cc9d34fde98a6f6daabe2bb431c68960cd20db", kill_on_drop: false }`
[INFO] running `Command { std: "docker" "rm" "-f" "aac548f9b8a61dfbc023ca2019cc9d34fde98a6f6daabe2bb431c68960cd20db", kill_on_drop: false }`
[INFO] [stdout] aac548f9b8a61dfbc023ca2019cc9d34fde98a6f6daabe2bb431c68960cd20db
