[INFO] cloning repository https://github.com/tropicbliss/passgen
[INFO] running `Command { std: "git" "-c" "credential.helper=" "-c" "credential.helper=/workspace/cargo-home/bin/git-credential-null" "clone" "--bare" "https://github.com/tropicbliss/passgen" "/workspace/cache/git-repos/https%3A%2F%2Fgithub.com%2Ftropicbliss%2Fpassgen", kill_on_drop: false }`
[INFO] [stderr] Cloning into bare repository '/workspace/cache/git-repos/https%3A%2F%2Fgithub.com%2Ftropicbliss%2Fpassgen'...
[INFO] running `Command { std: "git" "rev-parse" "HEAD", kill_on_drop: false }`
[INFO] [stdout] 2241fc8fc36549c3570b0a751b0dc5f6e6074d57
[INFO] testing tropicbliss/passgen against 1.75.0 for beta-1.76-1
[INFO] running `Command { std: "git" "clone" "/workspace/cache/git-repos/https%3A%2F%2Fgithub.com%2Ftropicbliss%2Fpassgen" "/workspace/builds/worker-5-tc1/source", kill_on_drop: false }`
[INFO] [stderr] Cloning into '/workspace/builds/worker-5-tc1/source'...
[INFO] [stderr] done.
[INFO] validating manifest of git repo https://github.com/tropicbliss/passgen on toolchain 1.75.0
[INFO] running `Command { std: CARGO_HOME="/workspace/cargo-home" RUSTUP_HOME="/workspace/rustup-home" "/workspace/cargo-home/bin/cargo" "+1.75.0" "metadata" "--manifest-path" "Cargo.toml" "--no-deps", kill_on_drop: false }`
[INFO] started tweaking git repo https://github.com/tropicbliss/passgen
[INFO] finished tweaking git repo https://github.com/tropicbliss/passgen
[INFO] tweaked toml for git repo https://github.com/tropicbliss/passgen written to /workspace/builds/worker-5-tc1/source/Cargo.toml
[INFO] crate git repo https://github.com/tropicbliss/passgen already has a lockfile, it will not be regenerated
[INFO] running `Command { std: CARGO_HOME="/workspace/cargo-home" RUSTUP_HOME="/workspace/rustup-home" "/workspace/cargo-home/bin/cargo" "+1.75.0" "fetch" "--manifest-path" "Cargo.toml", kill_on_drop: false }`
[INFO] [stderr]     Blocking waiting for file lock on package cache
[ERROR] error running command: no output for 300 seconds
[ERROR] this task or one of its parent failed!
[ERROR] no output for 300 seconds
[ERROR] note: run with `RUST_BACKTRACE=1` to display a backtrace.
[INFO] testing tropicbliss/passgen against beta-2023-12-22 for beta-1.76-1
[INFO] running `Command { std: "git" "clone" "/workspace/cache/git-repos/https%3A%2F%2Fgithub.com%2Ftropicbliss%2Fpassgen" "/workspace/builds/worker-5-tc2/source", kill_on_drop: false }`
[INFO] [stderr] Cloning into '/workspace/builds/worker-5-tc2/source'...
[INFO] [stderr] done.
[INFO] validating manifest of git repo https://github.com/tropicbliss/passgen on toolchain beta-2023-12-22
[INFO] running `Command { std: CARGO_HOME="/workspace/cargo-home" RUSTUP_HOME="/workspace/rustup-home" "/workspace/cargo-home/bin/cargo" "+beta-2023-12-22" "metadata" "--manifest-path" "Cargo.toml" "--no-deps", kill_on_drop: false }`
[INFO] started tweaking git repo https://github.com/tropicbliss/passgen
[INFO] finished tweaking git repo https://github.com/tropicbliss/passgen
[INFO] tweaked toml for git repo https://github.com/tropicbliss/passgen written to /workspace/builds/worker-5-tc2/source/Cargo.toml
[INFO] crate git repo https://github.com/tropicbliss/passgen already has a lockfile, it will not be regenerated
[INFO] running `Command { std: CARGO_HOME="/workspace/cargo-home" RUSTUP_HOME="/workspace/rustup-home" "/workspace/cargo-home/bin/cargo" "+beta-2023-12-22" "fetch" "--manifest-path" "Cargo.toml", kill_on_drop: false }`
[INFO] [stderr]     Blocking waiting for file lock on package cache
[INFO] [stderr]     Updating crates.io index
[INFO] [stderr]     Blocking waiting for file lock on package cache
[ERROR] error running command: no output for 300 seconds
[INFO] testing tropicbliss/passgen against beta-2023-12-22 for beta-1.76-1
[INFO] running `Command { std: "git" "clone" "/workspace/cache/git-repos/https%3A%2F%2Fgithub.com%2Ftropicbliss%2Fpassgen" "/workspace/builds/worker-5-tc2/source", kill_on_drop: false }`
[INFO] [stderr] Cloning into '/workspace/builds/worker-5-tc2/source'...
[INFO] [stderr] done.
[INFO] validating manifest of git repo https://github.com/tropicbliss/passgen on toolchain beta-2023-12-22
[INFO] running `Command { std: CARGO_HOME="/workspace/cargo-home" RUSTUP_HOME="/workspace/rustup-home" "/workspace/cargo-home/bin/cargo" "+beta-2023-12-22" "metadata" "--manifest-path" "Cargo.toml" "--no-deps", kill_on_drop: false }`
[INFO] started tweaking git repo https://github.com/tropicbliss/passgen
[INFO] finished tweaking git repo https://github.com/tropicbliss/passgen
[INFO] tweaked toml for git repo https://github.com/tropicbliss/passgen written to /workspace/builds/worker-5-tc2/source/Cargo.toml
[INFO] crate git repo https://github.com/tropicbliss/passgen already has a lockfile, it will not be regenerated
[INFO] running `Command { std: CARGO_HOME="/workspace/cargo-home" RUSTUP_HOME="/workspace/rustup-home" "/workspace/cargo-home/bin/cargo" "+beta-2023-12-22" "fetch" "--manifest-path" "Cargo.toml", kill_on_drop: false }`
[INFO] [stderr]     Blocking waiting for file lock on package cache
[INFO] [stderr]     Blocking waiting for file lock on package cache
[INFO] [stderr]  Downloading crates ...
[INFO] [stderr]   Downloaded clipboard-ext v0.2.0
[INFO] running `Command { std: "docker" "create" "-v" "/var/lib/crater-agent-workspace/builds/worker-5-tc2/target:/opt/rustwide/target:rw,Z" "-v" "/var/lib/crater-agent-workspace/builds/worker-5-tc2/source:/opt/rustwide/workdir:ro,Z" "-v" "/var/lib/crater-agent-workspace/cargo-home:/opt/rustwide/cargo-home:ro,Z" "-v" "/var/lib/crater-agent-workspace/rustup-home:/opt/rustwide/rustup-home:ro,Z" "-e" "SOURCE_DIR=/opt/rustwide/workdir" "-e" "CARGO_TARGET_DIR=/opt/rustwide/target" "-e" "CARGO_HOME=/opt/rustwide/cargo-home" "-e" "RUSTUP_HOME=/opt/rustwide/rustup-home" "-w" "/opt/rustwide/workdir" "-m" "1610612736" "--user" "0:0" "--network" "none" "ghcr.io/rust-lang/crates-build-env/linux@sha256:2788e3201cd34a07e3172128adcd8b3090168a8e3bcc40d7c032b9dda1df7d1c" "/opt/rustwide/cargo-home/bin/cargo" "+beta-2023-12-22" "metadata" "--no-deps" "--format-version=1", kill_on_drop: false }`
[INFO] [stdout] f02cb0449b96f1a7c4a7e080aab1c6ba2fa32b18f87fd4542a7f6a438e42c8a8
[INFO] running `Command { std: "docker" "start" "-a" "f02cb0449b96f1a7c4a7e080aab1c6ba2fa32b18f87fd4542a7f6a438e42c8a8", kill_on_drop: false }`
[INFO] running `Command { std: "docker" "inspect" "f02cb0449b96f1a7c4a7e080aab1c6ba2fa32b18f87fd4542a7f6a438e42c8a8", kill_on_drop: false }`
[INFO] running `Command { std: "docker" "rm" "-f" "f02cb0449b96f1a7c4a7e080aab1c6ba2fa32b18f87fd4542a7f6a438e42c8a8", kill_on_drop: false }`
[INFO] [stdout] f02cb0449b96f1a7c4a7e080aab1c6ba2fa32b18f87fd4542a7f6a438e42c8a8
[INFO] running `Command { std: "docker" "create" "-v" "/var/lib/crater-agent-workspace/builds/worker-5-tc2/target:/opt/rustwide/target:rw,Z" "-v" "/var/lib/crater-agent-workspace/builds/worker-5-tc2/source:/opt/rustwide/workdir:ro,Z" "-v" "/var/lib/crater-agent-workspace/cargo-home:/opt/rustwide/cargo-home:ro,Z" "-v" "/var/lib/crater-agent-workspace/rustup-home:/opt/rustwide/rustup-home:ro,Z" "-e" "SOURCE_DIR=/opt/rustwide/workdir" "-e" "CARGO_TARGET_DIR=/opt/rustwide/target" "-e" "CARGO_INCREMENTAL=0" "-e" "RUST_BACKTRACE=full" "-e" "RUSTFLAGS=--cap-lints=warn" "-e" "RUSTDOCFLAGS=--cap-lints=warn" "-e" "CARGO_HOME=/opt/rustwide/cargo-home" "-e" "RUSTUP_HOME=/opt/rustwide/rustup-home" "-w" "/opt/rustwide/workdir" "-m" "1610612736" "--user" "0:0" "--network" "none" "ghcr.io/rust-lang/crates-build-env/linux@sha256:2788e3201cd34a07e3172128adcd8b3090168a8e3bcc40d7c032b9dda1df7d1c" "/opt/rustwide/cargo-home/bin/cargo" "+beta-2023-12-22" "build" "--frozen" "--message-format=json", kill_on_drop: false }`
[INFO] [stdout] 18c57ecfb979c8f604a0fbe1145824212ef218b5d6f0c620652c6f93b68a6826
[INFO] running `Command { std: "docker" "start" "-a" "18c57ecfb979c8f604a0fbe1145824212ef218b5d6f0c620652c6f93b68a6826", kill_on_drop: false }`
[INFO] [stderr]    Compiling libc v0.2.98
[INFO] [stderr]    Compiling cfg-if v1.0.0
[INFO] [stderr]    Compiling proc-macro2 v1.0.27
[INFO] [stderr]    Compiling version_check v0.9.3
[INFO] [stderr]    Compiling unicode-xid v0.2.2
[INFO] [stderr]    Compiling memchr v2.4.0
[INFO] [stderr]    Compiling autocfg v1.0.1
[INFO] [stderr]    Compiling log v0.4.14
[INFO] [stderr]    Compiling cc v1.0.69
[INFO] [stderr]    Compiling adler v1.0.2
[INFO] [stderr]    Compiling gimli v0.24.0
[INFO] [stderr]    Compiling syn v1.0.73
[INFO] [stderr]    Compiling rustc-demangle v0.1.20
[INFO] [stderr]    Compiling bitflags v1.2.1
[INFO] [stderr]    Compiling unicode-width v0.1.8
[INFO] [stderr]    Compiling unicode-segmentation v1.8.0
[INFO] [stderr]    Compiling strsim v0.8.0
[INFO] [stderr]    Compiling ppv-lite86 v0.2.10
[INFO] [stderr]    Compiling textwrap v0.11.0
[INFO] [stderr]    Compiling ansi_term v0.11.0
[INFO] [stderr]    Compiling proc-macro-error-attr v1.0.4
[INFO] [stderr]    Compiling miniz_oxide v0.4.4
[INFO] [stderr]    Compiling proc-macro-error v1.0.4
[INFO] [stderr]    Compiling heck v0.3.3
[INFO] [stderr]    Compiling anyhow v1.0.42
[INFO] [stderr]    Compiling clipboard-ext v0.2.0
[INFO] [stderr]    Compiling vec_map v0.8.2
[INFO] [stderr]    Compiling lazy_static v1.4.0
[INFO] [stderr]    Compiling ansi_term v0.12.1
[INFO] [stderr]    Compiling object v0.25.3
[INFO] [stderr]    Compiling quote v1.0.9
[INFO] [stderr]    Compiling backtrace v0.3.60
[INFO] [stderr]    Compiling getrandom v0.2.3
[INFO] [stderr]    Compiling atty v0.2.14
[INFO] [stderr]    Compiling clap v2.33.3
[INFO] [stderr]    Compiling xcb v0.8.2
[INFO] [stderr]    Compiling rand_core v0.6.3
[INFO] [stderr]    Compiling rand_chacha v0.3.1
[INFO] [stderr]    Compiling rand v0.8.4
[INFO] [stderr] error: failed to run custom build command for `xcb v0.8.2`
[INFO] [stderr] note: To improve backtraces for build dependencies, set the CARGO_PROFILE_DEV_BUILD_OVERRIDE_DEBUG=true environment variable to enable debug information generation.
[INFO] [stderr] 
[INFO] [stderr] Caused by:
[INFO] [stderr]   process didn't exit successfully: `/opt/rustwide/target/debug/build/xcb-aa0f5d73f43d380d/build-script-build` (exit status: 101)
[INFO] [stderr]   --- stderr
[INFO] [stderr]   error occured in handler:  ('request: ', ('xcb', 'SELinux', 'GetClientContext'))
[INFO] [stderr]   Traceback (most recent call last):
[INFO] [stderr]     File "/opt/rustwide/cargo-home/registry/src/index.crates.io-6f17d22bba15001f/xcb-0.8.2/rs_client.py", line 2448, in <module>
[INFO] [stderr]       module.generate()
[INFO] [stderr]     File "/opt/rustwide/cargo-home/registry/src/index.crates.io-6f17d22bba15001f/xcb-0.8.2/xcbgen/state.py", line 108, in generate
[INFO] [stderr]       self.close()
[INFO] [stderr]     File "/opt/rustwide/cargo-home/registry/src/index.crates.io-6f17d22bba15001f/xcb-0.8.2/rs_client.py", line 296, in rs_close
[INFO] [stderr]       _f.writeout(os.path.join(module.rs_srcdir, "ffi", "%s.rs" % _module_name(_ns.ext_name)))
[INFO] [stderr]     File "/opt/rustwide/cargo-home/registry/src/index.crates.io-6f17d22bba15001f/xcb-0.8.2/rs_client.py", line 114, in writeout
[INFO] [stderr]       with open(path, 'w') as f:
[INFO] [stderr]   OSError: [Errno 30] Read-only file system: '/opt/rustwide/cargo-home/registry/src/index.crates.io-6f17d22bba15001f/xcb-0.8.2/src/ffi/selinux.rs'
[INFO] [stderr]   thread 'main' panicked at /opt/rustwide/cargo-home/registry/src/index.crates.io-6f17d22bba15001f/xcb-0.8.2/build.rs:75:17:
[INFO] [stderr]   processing of /opt/rustwide/cargo-home/registry/src/index.crates.io-6f17d22bba15001f/xcb-0.8.2/xml/xselinux.xml returned non-zero (1)
[INFO] [stderr]   stack backtrace:
[INFO] [stderr]      0:     0x55dc7d715376 - std::backtrace_rs::backtrace::libunwind::trace::h261606ad26a499c1
[INFO] [stderr]                                  at /rustc/0e09125c6c3c2fd70d7de961bcf0e51575235fad/library/std/src/../../backtrace/src/backtrace/libunwind.rs:104:5
[INFO] [stderr]      1:     0x55dc7d715376 - std::backtrace_rs::backtrace::trace_unsynchronized::hd183f0625477fb28
[INFO] [stderr]                                  at /rustc/0e09125c6c3c2fd70d7de961bcf0e51575235fad/library/std/src/../../backtrace/src/backtrace/mod.rs:66:5
[INFO] [stderr]      2:     0x55dc7d715376 - std::sys_common::backtrace::_print_fmt::hd7f8fef21b4eda67
[INFO] [stderr]                                  at /rustc/0e09125c6c3c2fd70d7de961bcf0e51575235fad/library/std/src/sys_common/backtrace.rs:68:5
[INFO] [stderr]      3:     0x55dc7d715376 - <std::sys_common::backtrace::_print::DisplayBacktrace as core::fmt::Display>::fmt::h623d9b51f2f453f1
[INFO] [stderr]                                  at /rustc/0e09125c6c3c2fd70d7de961bcf0e51575235fad/library/std/src/sys_common/backtrace.rs:44:22
[INFO] [stderr]      4:     0x55dc7d737aa0 - core::fmt::rt::Argument::fmt::h9f417ac76a86f368
[INFO] [stderr]                                  at /rustc/0e09125c6c3c2fd70d7de961bcf0e51575235fad/library/core/src/fmt/rt.rs:142:9
[INFO] [stderr]      5:     0x55dc7d737aa0 - core::fmt::write::hc9b6faf4ac2aeff7
[INFO] [stderr]                                  at /rustc/0e09125c6c3c2fd70d7de961bcf0e51575235fad/library/core/src/fmt/mod.rs:1120:17
[INFO] [stderr]      6:     0x55dc7d7133ef - std::io::Write::write_fmt::hfead1eee52c2e65e
[INFO] [stderr]                                  at /rustc/0e09125c6c3c2fd70d7de961bcf0e51575235fad/library/std/src/io/mod.rs:1810:15
[INFO] [stderr]      7:     0x55dc7d715154 - std::sys_common::backtrace::_print::hd5d66399c7df88a2
[INFO] [stderr]                                  at /rustc/0e09125c6c3c2fd70d7de961bcf0e51575235fad/library/std/src/sys_common/backtrace.rs:47:5
[INFO] [stderr]      8:     0x55dc7d715154 - std::sys_common::backtrace::print::he81ed2da642d37e5
[INFO] [stderr]                                  at /rustc/0e09125c6c3c2fd70d7de961bcf0e51575235fad/library/std/src/sys_common/backtrace.rs:34:9
[INFO] [stderr]      9:     0x55dc7d716847 - std::panicking::default_hook::{{closure}}::h85773f4fa117163d
[INFO] [stderr]     10:     0x55dc7d7165a9 - std::panicking::default_hook::h6a1694a91d09b278
[INFO] [stderr]                                  at /rustc/0e09125c6c3c2fd70d7de961bcf0e51575235fad/library/std/src/panicking.rs:292:9
[INFO] [stderr]     11:     0x55dc7d716cd8 - std::panicking::rust_panic_with_hook::h0a7ad96e90f7145b
[INFO] [stderr]                                  at /rustc/0e09125c6c3c2fd70d7de961bcf0e51575235fad/library/std/src/panicking.rs:779:13
[INFO] [stderr]     12:     0x55dc7d716bb2 - std::panicking::begin_panic_handler::{{closure}}::h7919090525c6485e
[INFO] [stderr]                                  at /rustc/0e09125c6c3c2fd70d7de961bcf0e51575235fad/library/std/src/panicking.rs:657:13
[INFO] [stderr]     13:     0x55dc7d715876 - std::sys_common::backtrace::__rust_end_short_backtrace::hf3289479464f7dfe
[INFO] [stderr]                                  at /rustc/0e09125c6c3c2fd70d7de961bcf0e51575235fad/library/std/src/sys_common/backtrace.rs:171:18
[INFO] [stderr]     14:     0x55dc7d716910 - rust_begin_unwind
[INFO] [stderr]                                  at /rustc/0e09125c6c3c2fd70d7de961bcf0e51575235fad/library/std/src/panicking.rs:645:5
[INFO] [stderr]     15:     0x55dc7d6ef285 - core::panicking::panic_fmt::hcc9f77c5c132af55
[INFO] [stderr]                                  at /rustc/0e09125c6c3c2fd70d7de961bcf0e51575235fad/library/core/src/panicking.rs:72:14
[INFO] [stderr]     16:     0x55dc7d6f51b1 - build_script_build::main::{{closure}}::hb48b15beb205e98c
[INFO] [stderr]     17:     0x55dc7d6f40a3 - build_script_build::visit_xml::h858e01047e499957
[INFO] [stderr]     18:     0x55dc7d6f4743 - build_script_build::main::h18dfbbd8bb0d9a08
[INFO] [stderr]     19:     0x55dc7d6f0d83 - core::ops::function::FnOnce::call_once::h75903dc0239df609
[INFO] [stderr]     20:     0x55dc7d6efdd6 - std::sys_common::backtrace::__rust_begin_short_backtrace::h18189ac7524b5786
[INFO] [stderr]     21:     0x55dc7d6f0509 - std::rt::lang_start::{{closure}}::h8daa00ff74dd49e3
[INFO] [stderr]     22:     0x55dc7d70ffd1 - core::ops::function::impls::<impl core::ops::function::FnOnce<A> for &F>::call_once::h4eb4c5e1620f29b0
[INFO] [stderr]                                  at /rustc/0e09125c6c3c2fd70d7de961bcf0e51575235fad/library/core/src/ops/function.rs:284:13
[INFO] [stderr]     23:     0x55dc7d70ffd1 - std::panicking::try::do_call::h73fd26535faffcdf
[INFO] [stderr]                                  at /rustc/0e09125c6c3c2fd70d7de961bcf0e51575235fad/library/std/src/panicking.rs:552:40
[INFO] [stderr]     24:     0x55dc7d70ffd1 - std::panicking::try::h77ff1d98f0fb9f39
[INFO] [stderr]                                  at /rustc/0e09125c6c3c2fd70d7de961bcf0e51575235fad/library/std/src/panicking.rs:516:19
[INFO] [stderr]     25:     0x55dc7d70ffd1 - std::panic::catch_unwind::hab3caf2448b95e37
[INFO] [stderr]                                  at /rustc/0e09125c6c3c2fd70d7de961bcf0e51575235fad/library/std/src/panic.rs:142:14
[INFO] [stderr]     26:     0x55dc7d70ffd1 - std::rt::lang_start_internal::{{closure}}::h8086711f9c783f78
[INFO] [stderr]                                  at /rustc/0e09125c6c3c2fd70d7de961bcf0e51575235fad/library/std/src/rt.rs:148:48
[INFO] [stderr]     27:     0x55dc7d70ffd1 - std::panicking::try::do_call::hf920d4dc291cd6ca
[INFO] [stderr]                                  at /rustc/0e09125c6c3c2fd70d7de961bcf0e51575235fad/library/std/src/panicking.rs:552:40
[INFO] [stderr]     28:     0x55dc7d70ffd1 - std::panicking::try::h2b806ccc0a85db74
[INFO] [stderr]                                  at /rustc/0e09125c6c3c2fd70d7de961bcf0e51575235fad/library/std/src/panicking.rs:516:19
[INFO] [stderr]     29:     0x55dc7d70ffd1 - std::panic::catch_unwind::h038489539c507df2
[INFO] [stderr]                                  at /rustc/0e09125c6c3c2fd70d7de961bcf0e51575235fad/library/std/src/panic.rs:142:14
[INFO] [stderr]     30:     0x55dc7d70ffd1 - std::rt::lang_start_internal::h28503b88912e8a5c
[INFO] [stderr]                                  at /rustc/0e09125c6c3c2fd70d7de961bcf0e51575235fad/library/std/src/rt.rs:148:20
[INFO] [stderr]     31:     0x55dc7d6f04e7 - std::rt::lang_start::h35b89d2908869db5
[INFO] [stderr]     32:     0x55dc7d6f5235 - main
[INFO] [stderr]     33:     0x7f16f7032d90 - <unknown>
[INFO] [stderr]     34:     0x7f16f7032e40 - __libc_start_main
[INFO] [stderr]     35:     0x55dc7d6ef9b5 - _start
[INFO] [stderr]     36:                0x0 - <unknown>
[INFO] [stderr] warning: build failed, waiting for other jobs to finish...
[INFO] running `Command { std: "docker" "inspect" "18c57ecfb979c8f604a0fbe1145824212ef218b5d6f0c620652c6f93b68a6826", kill_on_drop: false }`
[INFO] running `Command { std: "docker" "rm" "-f" "18c57ecfb979c8f604a0fbe1145824212ef218b5d6f0c620652c6f93b68a6826", kill_on_drop: false }`
[INFO] [stdout] 18c57ecfb979c8f604a0fbe1145824212ef218b5d6f0c620652c6f93b68a6826
