[INFO] cloning repository https://github.com/tronicboy1/tower_l18n
[INFO] running `Command { std: "git" "-c" "credential.helper=" "-c" "credential.helper=/workspace/cargo-home/bin/git-credential-null" "clone" "--bare" "https://github.com/tronicboy1/tower_l18n" "/workspace/cache/git-repos/https%3A%2F%2Fgithub.com%2Ftronicboy1%2Ftower_l18n", kill_on_drop: false }`
[INFO] [stderr] Cloning into bare repository '/workspace/cache/git-repos/https%3A%2F%2Fgithub.com%2Ftronicboy1%2Ftower_l18n'...
[INFO] running `Command { std: "git" "rev-parse" "HEAD", kill_on_drop: false }`
[INFO] [stdout] 7b170c79ac5a523cd7faf1660b7ec0112e2a491d
[INFO] testing tronicboy1/tower_l18n against 1.75.0 for beta-1.76-1
[INFO] running `Command { std: "git" "clone" "/workspace/cache/git-repos/https%3A%2F%2Fgithub.com%2Ftronicboy1%2Ftower_l18n" "/workspace/builds/worker-1-tc1/source", kill_on_drop: false }`
[INFO] [stderr] Cloning into '/workspace/builds/worker-1-tc1/source'...
[INFO] [stderr] done.
[INFO] validating manifest of git repo https://github.com/tronicboy1/tower_l18n on toolchain 1.75.0
[INFO] running `Command { std: CARGO_HOME="/workspace/cargo-home" RUSTUP_HOME="/workspace/rustup-home" "/workspace/cargo-home/bin/cargo" "+1.75.0" "metadata" "--manifest-path" "Cargo.toml" "--no-deps", kill_on_drop: false }`
[INFO] started tweaking git repo https://github.com/tronicboy1/tower_l18n
[INFO] finished tweaking git repo https://github.com/tronicboy1/tower_l18n
[INFO] tweaked toml for git repo https://github.com/tronicboy1/tower_l18n written to /workspace/builds/worker-1-tc1/source/Cargo.toml
[INFO] crate git repo https://github.com/tronicboy1/tower_l18n already has a lockfile, it will not be regenerated
[INFO] running `Command { std: CARGO_HOME="/workspace/cargo-home" RUSTUP_HOME="/workspace/rustup-home" "/workspace/cargo-home/bin/cargo" "+1.75.0" "fetch" "--manifest-path" "Cargo.toml", kill_on_drop: false }`
[INFO] [stderr]     Blocking waiting for file lock on package cache
[ERROR] error running command: no output for 300 seconds
[ERROR] this task or one of its parent failed!
[ERROR] no output for 300 seconds
[ERROR] note: run with `RUST_BACKTRACE=1` to display a backtrace.
[INFO] testing tronicboy1/tower_l18n against beta-2023-12-22 for beta-1.76-1
[INFO] running `Command { std: "git" "clone" "/workspace/cache/git-repos/https%3A%2F%2Fgithub.com%2Ftronicboy1%2Ftower_l18n" "/workspace/builds/worker-1-tc2/source", kill_on_drop: false }`
[INFO] [stderr] Cloning into '/workspace/builds/worker-1-tc2/source'...
[INFO] [stderr] done.
[INFO] validating manifest of git repo https://github.com/tronicboy1/tower_l18n on toolchain beta-2023-12-22
[INFO] running `Command { std: CARGO_HOME="/workspace/cargo-home" RUSTUP_HOME="/workspace/rustup-home" "/workspace/cargo-home/bin/cargo" "+beta-2023-12-22" "metadata" "--manifest-path" "Cargo.toml" "--no-deps", kill_on_drop: false }`
[INFO] started tweaking git repo https://github.com/tronicboy1/tower_l18n
[INFO] finished tweaking git repo https://github.com/tronicboy1/tower_l18n
[INFO] tweaked toml for git repo https://github.com/tronicboy1/tower_l18n written to /workspace/builds/worker-1-tc2/source/Cargo.toml
[INFO] crate git repo https://github.com/tronicboy1/tower_l18n already has a lockfile, it will not be regenerated
[INFO] running `Command { std: CARGO_HOME="/workspace/cargo-home" RUSTUP_HOME="/workspace/rustup-home" "/workspace/cargo-home/bin/cargo" "+beta-2023-12-22" "fetch" "--manifest-path" "Cargo.toml", kill_on_drop: false }`
[INFO] [stderr]     Blocking waiting for file lock on package cache
[INFO] [stderr]     Blocking waiting for file lock on package cache
[ERROR] error running command: no output for 300 seconds
[INFO] testing tronicboy1/tower_l18n against beta-2023-12-22 for beta-1.76-1
[INFO] running `Command { std: "git" "clone" "/workspace/cache/git-repos/https%3A%2F%2Fgithub.com%2Ftronicboy1%2Ftower_l18n" "/workspace/builds/worker-1-tc2/source", kill_on_drop: false }`
[INFO] [stderr] Cloning into '/workspace/builds/worker-1-tc2/source'...
[INFO] [stderr] done.
[INFO] validating manifest of git repo https://github.com/tronicboy1/tower_l18n on toolchain beta-2023-12-22
[INFO] running `Command { std: CARGO_HOME="/workspace/cargo-home" RUSTUP_HOME="/workspace/rustup-home" "/workspace/cargo-home/bin/cargo" "+beta-2023-12-22" "metadata" "--manifest-path" "Cargo.toml" "--no-deps", kill_on_drop: false }`
[INFO] started tweaking git repo https://github.com/tronicboy1/tower_l18n
[INFO] finished tweaking git repo https://github.com/tronicboy1/tower_l18n
[INFO] tweaked toml for git repo https://github.com/tronicboy1/tower_l18n written to /workspace/builds/worker-1-tc2/source/Cargo.toml
[INFO] crate git repo https://github.com/tronicboy1/tower_l18n already has a lockfile, it will not be regenerated
[INFO] running `Command { std: CARGO_HOME="/workspace/cargo-home" RUSTUP_HOME="/workspace/rustup-home" "/workspace/cargo-home/bin/cargo" "+beta-2023-12-22" "fetch" "--manifest-path" "Cargo.toml", kill_on_drop: false }`
[INFO] [stderr]     Blocking waiting for file lock on package cache
[INFO] [stderr]     Blocking waiting for file lock on package cache
[INFO] [stderr]  Downloading crates ...
[INFO] [stderr]   Downloaded async-trait v0.1.76
[INFO] running `Command { std: "docker" "create" "-v" "/var/lib/crater-agent-workspace/builds/worker-1-tc2/target:/opt/rustwide/target:rw,Z" "-v" "/var/lib/crater-agent-workspace/builds/worker-1-tc2/source:/opt/rustwide/workdir:ro,Z" "-v" "/var/lib/crater-agent-workspace/cargo-home:/opt/rustwide/cargo-home:ro,Z" "-v" "/var/lib/crater-agent-workspace/rustup-home:/opt/rustwide/rustup-home:ro,Z" "-e" "SOURCE_DIR=/opt/rustwide/workdir" "-e" "CARGO_TARGET_DIR=/opt/rustwide/target" "-e" "CARGO_HOME=/opt/rustwide/cargo-home" "-e" "RUSTUP_HOME=/opt/rustwide/rustup-home" "-w" "/opt/rustwide/workdir" "-m" "1610612736" "--user" "0:0" "--network" "none" "ghcr.io/rust-lang/crates-build-env/linux@sha256:2788e3201cd34a07e3172128adcd8b3090168a8e3bcc40d7c032b9dda1df7d1c" "/opt/rustwide/cargo-home/bin/cargo" "+beta-2023-12-22" "metadata" "--no-deps" "--format-version=1", kill_on_drop: false }`
[INFO] [stdout] 1f6ae1d3965a301a6ef47f82002af26e518cc387ca3535a11f322abfa51be3ce
[INFO] running `Command { std: "docker" "start" "-a" "1f6ae1d3965a301a6ef47f82002af26e518cc387ca3535a11f322abfa51be3ce", kill_on_drop: false }`
[INFO] running `Command { std: "docker" "inspect" "1f6ae1d3965a301a6ef47f82002af26e518cc387ca3535a11f322abfa51be3ce", kill_on_drop: false }`
[INFO] running `Command { std: "docker" "rm" "-f" "1f6ae1d3965a301a6ef47f82002af26e518cc387ca3535a11f322abfa51be3ce", kill_on_drop: false }`
[INFO] [stdout] 1f6ae1d3965a301a6ef47f82002af26e518cc387ca3535a11f322abfa51be3ce
[INFO] running `Command { std: "docker" "create" "-v" "/var/lib/crater-agent-workspace/builds/worker-1-tc2/target:/opt/rustwide/target:rw,Z" "-v" "/var/lib/crater-agent-workspace/builds/worker-1-tc2/source:/opt/rustwide/workdir:ro,Z" "-v" "/var/lib/crater-agent-workspace/cargo-home:/opt/rustwide/cargo-home:ro,Z" "-v" "/var/lib/crater-agent-workspace/rustup-home:/opt/rustwide/rustup-home:ro,Z" "-e" "SOURCE_DIR=/opt/rustwide/workdir" "-e" "CARGO_TARGET_DIR=/opt/rustwide/target" "-e" "CARGO_INCREMENTAL=0" "-e" "RUST_BACKTRACE=full" "-e" "RUSTFLAGS=--cap-lints=warn" "-e" "RUSTDOCFLAGS=--cap-lints=warn" "-e" "CARGO_HOME=/opt/rustwide/cargo-home" "-e" "RUSTUP_HOME=/opt/rustwide/rustup-home" "-w" "/opt/rustwide/workdir" "-m" "1610612736" "--user" "0:0" "--network" "none" "ghcr.io/rust-lang/crates-build-env/linux@sha256:2788e3201cd34a07e3172128adcd8b3090168a8e3bcc40d7c032b9dda1df7d1c" "/opt/rustwide/cargo-home/bin/cargo" "+beta-2023-12-22" "build" "--frozen" "--message-format=json", kill_on_drop: false }`
[INFO] [stdout] e9ca168a6ec9438a1f49c06c19e2aaebad227bb6308692b48db8fbec6bf21d47
[INFO] running `Command { std: "docker" "start" "-a" "e9ca168a6ec9438a1f49c06c19e2aaebad227bb6308692b48db8fbec6bf21d47", kill_on_drop: false }`
[INFO] [stderr]    Compiling proc-macro2 v1.0.72
[INFO] [stderr]    Compiling unicode-ident v1.0.12
[INFO] [stderr]    Compiling rustversion v1.0.14
[INFO] [stderr]    Compiling serde v1.0.193
[INFO] [stderr]    Compiling pin-project-lite v0.2.13
[INFO] [stderr]    Compiling bytes v1.5.0
[INFO] [stderr]    Compiling pin-utils v0.1.0
[INFO] [stderr]    Compiling futures-core v0.3.30
[INFO] [stderr]    Compiling fnv v1.0.7
[INFO] [stderr]    Compiling futures-task v0.3.30
[INFO] [stderr]    Compiling itoa v1.0.10
[INFO] [stderr]    Compiling proc-macro-hack v0.5.20+deprecated
[INFO] [stderr]    Compiling futures-util v0.3.30
[INFO] [stderr]    Compiling async-trait v0.1.76
[INFO] [stderr]    Compiling once_cell v1.19.0
[INFO] [stderr]    Compiling http v1.0.0
[INFO] [stderr]    Compiling tracing-core v0.1.32
[INFO] [stderr]    Compiling tower-layer v0.3.2
[INFO] [stderr]    Compiling tower-service v0.3.2
[INFO] [stderr]    Compiling log v0.4.20
[INFO] [stderr]    Compiling quote v1.0.34
[INFO] [stderr]    Compiling syn v2.0.43
[INFO] [stderr]    Compiling tracing v0.1.40
[INFO] [stderr]    Compiling axum-core v0.4.2
[INFO] [stderr]    Compiling http-body v1.0.0
[INFO] [stderr]    Compiling axum v0.7.3
[INFO] [stderr]    Compiling mime v0.3.17
[INFO] [stderr]    Compiling sync_wrapper v0.1.2
[INFO] [stderr]    Compiling memchr v2.7.1
[INFO] [stderr]    Compiling percent-encoding v2.3.1
[INFO] [stderr]    Compiling matchit v0.7.3
[INFO] [stderr]    Compiling http-body-util v0.1.0
[INFO] [stderr]    Compiling displaydoc v0.2.4
[INFO] [stderr]    Compiling pin-project-internal v1.1.3
[INFO] [stderr]    Compiling tinystr v0.7.5
[INFO] [stderr]    Compiling unic-langid-impl v0.9.4
[INFO] [stderr]    Compiling pin-project v1.1.3
[INFO] [stderr]    Compiling tower v0.4.13
[INFO] [stderr]    Compiling unic-langid-macros-impl v0.9.4
[INFO] [stderr]    Compiling unic-langid-macros v0.9.4
[INFO] [stderr]    Compiling unic-langid v0.9.4
[INFO] [stderr]    Compiling axum_l10n v0.1.1 (/opt/rustwide/workdir)
[INFO] [stderr]     Finished dev [unoptimized + debuginfo] target(s) in 24.77s
[INFO] running `Command { std: "docker" "inspect" "e9ca168a6ec9438a1f49c06c19e2aaebad227bb6308692b48db8fbec6bf21d47", kill_on_drop: false }`
[INFO] running `Command { std: "docker" "rm" "-f" "e9ca168a6ec9438a1f49c06c19e2aaebad227bb6308692b48db8fbec6bf21d47", kill_on_drop: false }`
[INFO] [stdout] e9ca168a6ec9438a1f49c06c19e2aaebad227bb6308692b48db8fbec6bf21d47
[INFO] running `Command { std: "docker" "create" "-v" "/var/lib/crater-agent-workspace/builds/worker-1-tc2/target:/opt/rustwide/target:rw,Z" "-v" "/var/lib/crater-agent-workspace/builds/worker-1-tc2/source:/opt/rustwide/workdir:ro,Z" "-v" "/var/lib/crater-agent-workspace/cargo-home:/opt/rustwide/cargo-home:ro,Z" "-v" "/var/lib/crater-agent-workspace/rustup-home:/opt/rustwide/rustup-home:ro,Z" "-e" "SOURCE_DIR=/opt/rustwide/workdir" "-e" "CARGO_TARGET_DIR=/opt/rustwide/target" "-e" "CARGO_INCREMENTAL=0" "-e" "RUST_BACKTRACE=full" "-e" "RUSTFLAGS=--cap-lints=warn" "-e" "RUSTDOCFLAGS=--cap-lints=warn" "-e" "CARGO_HOME=/opt/rustwide/cargo-home" "-e" "RUSTUP_HOME=/opt/rustwide/rustup-home" "-w" "/opt/rustwide/workdir" "-m" "1610612736" "--user" "0:0" "--network" "none" "ghcr.io/rust-lang/crates-build-env/linux@sha256:2788e3201cd34a07e3172128adcd8b3090168a8e3bcc40d7c032b9dda1df7d1c" "/opt/rustwide/cargo-home/bin/cargo" "+beta-2023-12-22" "test" "--frozen" "--no-run" "--message-format=json", kill_on_drop: false }`
[INFO] [stdout] 4ea4a3547d29174abfda46481caa496d1edc6b5e19df978e4ee0b815f0998b51
[INFO] running `Command { std: "docker" "start" "-a" "4ea4a3547d29174abfda46481caa496d1edc6b5e19df978e4ee0b815f0998b51", kill_on_drop: false }`
[INFO] [stderr]    Compiling axum_l10n v0.1.1 (/opt/rustwide/workdir)
[INFO] [stderr]     Finished test [unoptimized + debuginfo] target(s) in 0.89s
[INFO] running `Command { std: "docker" "inspect" "4ea4a3547d29174abfda46481caa496d1edc6b5e19df978e4ee0b815f0998b51", kill_on_drop: false }`
[INFO] running `Command { std: "docker" "rm" "-f" "4ea4a3547d29174abfda46481caa496d1edc6b5e19df978e4ee0b815f0998b51", kill_on_drop: false }`
[INFO] [stdout] 4ea4a3547d29174abfda46481caa496d1edc6b5e19df978e4ee0b815f0998b51
[INFO] running `Command { std: "docker" "create" "-v" "/var/lib/crater-agent-workspace/builds/worker-1-tc2/target:/opt/rustwide/target:rw,Z" "-v" "/var/lib/crater-agent-workspace/builds/worker-1-tc2/source:/opt/rustwide/workdir:ro,Z" "-v" "/var/lib/crater-agent-workspace/cargo-home:/opt/rustwide/cargo-home:ro,Z" "-v" "/var/lib/crater-agent-workspace/rustup-home:/opt/rustwide/rustup-home:ro,Z" "-e" "SOURCE_DIR=/opt/rustwide/workdir" "-e" "CARGO_TARGET_DIR=/opt/rustwide/target" "-e" "CARGO_INCREMENTAL=0" "-e" "RUST_BACKTRACE=full" "-e" "RUSTFLAGS=--cap-lints=warn" "-e" "RUSTDOCFLAGS=--cap-lints=warn" "-e" "CARGO_HOME=/opt/rustwide/cargo-home" "-e" "RUSTUP_HOME=/opt/rustwide/rustup-home" "-w" "/opt/rustwide/workdir" "-m" "1610612736" "--user" "0:0" "--network" "none" "ghcr.io/rust-lang/crates-build-env/linux@sha256:2788e3201cd34a07e3172128adcd8b3090168a8e3bcc40d7c032b9dda1df7d1c" "/opt/rustwide/cargo-home/bin/cargo" "+beta-2023-12-22" "test" "--frozen", kill_on_drop: false }`
[INFO] [stdout] cac872efd7a74f453f09d2bcd8abea0684f24e4d0961d4c0f9c5fb42ac9941ec
[INFO] running `Command { std: "docker" "start" "-a" "cac872efd7a74f453f09d2bcd8abea0684f24e4d0961d4c0f9c5fb42ac9941ec", kill_on_drop: false }`
[INFO] [stderr]     Finished test [unoptimized + debuginfo] target(s) in 0.07s
[INFO] [stderr]      Running unittests src/lib.rs (/opt/rustwide/target/debug/deps/axum_l10n-d3b80e19d43bca2d)
[INFO] [stdout] 
[INFO] [stdout] running 6 tests
[INFO] [stdout] test tests::can_extract_lang_header_compound ... ok
[INFO] [stdout] test tests::can_extract_lang_header_single ... ok
[INFO] [stdout] test tests::can_extract_lang_header_compound_with_quality_val ... ok
[INFO] [stderr]    Doc-tests axum_l10n
[INFO] [stdout] test tests::can_get_supported_lang_code_from_uri ... ok
[INFO] [stdout] test tests::unsupported_lang_code_from_uri ... ok
[INFO] [stdout] test tests::can_extract_lang_header_wildcard ... ok
[INFO] [stdout] 
[INFO] [stdout] test result: ok. 6 passed; 0 failed; 0 ignored; 0 measured; 0 filtered out; finished in 0.02s
[INFO] [stdout] 
[INFO] [stdout] 
[INFO] [stdout] running 0 tests
[INFO] [stdout] 
[INFO] [stdout] test result: ok. 0 passed; 0 failed; 0 ignored; 0 measured; 0 filtered out; finished in 0.00s
[INFO] [stdout] 
[INFO] running `Command { std: "docker" "inspect" "cac872efd7a74f453f09d2bcd8abea0684f24e4d0961d4c0f9c5fb42ac9941ec", kill_on_drop: false }`
[INFO] running `Command { std: "docker" "rm" "-f" "cac872efd7a74f453f09d2bcd8abea0684f24e4d0961d4c0f9c5fb42ac9941ec", kill_on_drop: false }`
[INFO] [stdout] cac872efd7a74f453f09d2bcd8abea0684f24e4d0961d4c0f9c5fb42ac9941ec
