[INFO] cloning repository https://github.com/trolleyman/vulkan-test
[INFO] running `Command { std: "git" "-c" "credential.helper=" "-c" "credential.helper=/workspace/cargo-home/bin/git-credential-null" "clone" "--bare" "https://github.com/trolleyman/vulkan-test" "/workspace/cache/git-repos/https%3A%2F%2Fgithub.com%2Ftrolleyman%2Fvulkan-test", kill_on_drop: false }`
[INFO] [stderr] Cloning into bare repository '/workspace/cache/git-repos/https%3A%2F%2Fgithub.com%2Ftrolleyman%2Fvulkan-test'...
[INFO] running `Command { std: "git" "rev-parse" "HEAD", kill_on_drop: false }`
[INFO] [stdout] 53a748dce4cb973bce5453915cb34c804f3ab248
[INFO] testing trolleyman/vulkan-test against 1.75.0 for beta-1.76-1
[INFO] running `Command { std: "git" "clone" "/workspace/cache/git-repos/https%3A%2F%2Fgithub.com%2Ftrolleyman%2Fvulkan-test" "/workspace/builds/worker-4-tc1/source", kill_on_drop: false }`
[INFO] [stderr] Cloning into '/workspace/builds/worker-4-tc1/source'...
[INFO] [stderr] done.
[INFO] validating manifest of git repo https://github.com/trolleyman/vulkan-test on toolchain 1.75.0
[INFO] running `Command { std: CARGO_HOME="/workspace/cargo-home" RUSTUP_HOME="/workspace/rustup-home" "/workspace/cargo-home/bin/cargo" "+1.75.0" "metadata" "--manifest-path" "Cargo.toml" "--no-deps", kill_on_drop: false }`
[INFO] started tweaking git repo https://github.com/trolleyman/vulkan-test
[INFO] finished tweaking git repo https://github.com/trolleyman/vulkan-test
[INFO] tweaked toml for git repo https://github.com/trolleyman/vulkan-test written to /workspace/builds/worker-4-tc1/source/Cargo.toml
[INFO] crate git repo https://github.com/trolleyman/vulkan-test already has a lockfile, it will not be regenerated
[INFO] running `Command { std: CARGO_HOME="/workspace/cargo-home" RUSTUP_HOME="/workspace/rustup-home" "/workspace/cargo-home/bin/cargo" "+1.75.0" "fetch" "--manifest-path" "Cargo.toml", kill_on_drop: false }`
[INFO] [stderr]     Blocking waiting for file lock on package cache
[ERROR] error running command: no output for 300 seconds
[ERROR] this task or one of its parent failed!
[ERROR] no output for 300 seconds
[ERROR] note: run with `RUST_BACKTRACE=1` to display a backtrace.
[INFO] testing trolleyman/vulkan-test against beta-2023-12-22 for beta-1.76-1
[INFO] running `Command { std: "git" "clone" "/workspace/cache/git-repos/https%3A%2F%2Fgithub.com%2Ftrolleyman%2Fvulkan-test" "/workspace/builds/worker-4-tc2/source", kill_on_drop: false }`
[INFO] [stderr] Cloning into '/workspace/builds/worker-4-tc2/source'...
[INFO] [stderr] done.
[INFO] validating manifest of git repo https://github.com/trolleyman/vulkan-test on toolchain beta-2023-12-22
[INFO] running `Command { std: CARGO_HOME="/workspace/cargo-home" RUSTUP_HOME="/workspace/rustup-home" "/workspace/cargo-home/bin/cargo" "+beta-2023-12-22" "metadata" "--manifest-path" "Cargo.toml" "--no-deps", kill_on_drop: false }`
[INFO] started tweaking git repo https://github.com/trolleyman/vulkan-test
[INFO] finished tweaking git repo https://github.com/trolleyman/vulkan-test
[INFO] tweaked toml for git repo https://github.com/trolleyman/vulkan-test written to /workspace/builds/worker-4-tc2/source/Cargo.toml
[INFO] crate git repo https://github.com/trolleyman/vulkan-test already has a lockfile, it will not be regenerated
[INFO] running `Command { std: CARGO_HOME="/workspace/cargo-home" RUSTUP_HOME="/workspace/rustup-home" "/workspace/cargo-home/bin/cargo" "+beta-2023-12-22" "fetch" "--manifest-path" "Cargo.toml", kill_on_drop: false }`
[INFO] [stderr]     Blocking waiting for file lock on package cache
[INFO] [stderr]     Updating git repository `https://github.com/tomaka/vulkano`
[INFO] [stderr]     Updating git submodule `https://github.com/KhronosGroup/glslang`
[INFO] [stderr]     Blocking waiting for file lock on package cache
[ERROR] error running command: no output for 300 seconds
[INFO] testing trolleyman/vulkan-test against beta-2023-12-22 for beta-1.76-1
[INFO] running `Command { std: "git" "clone" "/workspace/cache/git-repos/https%3A%2F%2Fgithub.com%2Ftrolleyman%2Fvulkan-test" "/workspace/builds/worker-4-tc2/source", kill_on_drop: false }`
[INFO] [stderr] Cloning into '/workspace/builds/worker-4-tc2/source'...
[INFO] [stderr] done.
[INFO] validating manifest of git repo https://github.com/trolleyman/vulkan-test on toolchain beta-2023-12-22
[INFO] running `Command { std: CARGO_HOME="/workspace/cargo-home" RUSTUP_HOME="/workspace/rustup-home" "/workspace/cargo-home/bin/cargo" "+beta-2023-12-22" "metadata" "--manifest-path" "Cargo.toml" "--no-deps", kill_on_drop: false }`
[INFO] started tweaking git repo https://github.com/trolleyman/vulkan-test
[INFO] finished tweaking git repo https://github.com/trolleyman/vulkan-test
[INFO] tweaked toml for git repo https://github.com/trolleyman/vulkan-test written to /workspace/builds/worker-4-tc2/source/Cargo.toml
[INFO] crate git repo https://github.com/trolleyman/vulkan-test already has a lockfile, it will not be regenerated
[INFO] running `Command { std: CARGO_HOME="/workspace/cargo-home" RUSTUP_HOME="/workspace/rustup-home" "/workspace/cargo-home/bin/cargo" "+beta-2023-12-22" "fetch" "--manifest-path" "Cargo.toml", kill_on_drop: false }`
[INFO] [stderr]     Blocking waiting for file lock on package cache
[INFO] [stderr]     Blocking waiting for file lock on package cache
[INFO] [stderr]  Downloading crates ...
[INFO] [stderr]   Downloaded gleam v0.2.8
[INFO] [stderr]   Downloaded cocoa v0.2.5
[INFO] [stderr]   Downloaded glutin v0.4.9
[INFO] [stderr]   Downloaded cmake v0.1.16
[INFO] running `Command { std: "docker" "create" "-v" "/var/lib/crater-agent-workspace/builds/worker-4-tc2/target:/opt/rustwide/target:rw,Z" "-v" "/var/lib/crater-agent-workspace/builds/worker-4-tc2/source:/opt/rustwide/workdir:ro,Z" "-v" "/var/lib/crater-agent-workspace/cargo-home:/opt/rustwide/cargo-home:ro,Z" "-v" "/var/lib/crater-agent-workspace/rustup-home:/opt/rustwide/rustup-home:ro,Z" "-e" "SOURCE_DIR=/opt/rustwide/workdir" "-e" "CARGO_TARGET_DIR=/opt/rustwide/target" "-e" "CARGO_HOME=/opt/rustwide/cargo-home" "-e" "RUSTUP_HOME=/opt/rustwide/rustup-home" "-w" "/opt/rustwide/workdir" "-m" "1610612736" "--user" "0:0" "--network" "none" "ghcr.io/rust-lang/crates-build-env/linux@sha256:2788e3201cd34a07e3172128adcd8b3090168a8e3bcc40d7c032b9dda1df7d1c" "/opt/rustwide/cargo-home/bin/cargo" "+beta-2023-12-22" "metadata" "--no-deps" "--format-version=1", kill_on_drop: false }`
[INFO] [stdout] 75cb37b7cb9c11c0f0b44a2d1c89001c4df8446c76cdd0062dcb708c9e3e1ef2
[INFO] running `Command { std: "docker" "start" "-a" "75cb37b7cb9c11c0f0b44a2d1c89001c4df8446c76cdd0062dcb708c9e3e1ef2", kill_on_drop: false }`
[INFO] running `Command { std: "docker" "inspect" "75cb37b7cb9c11c0f0b44a2d1c89001c4df8446c76cdd0062dcb708c9e3e1ef2", kill_on_drop: false }`
[INFO] running `Command { std: "docker" "rm" "-f" "75cb37b7cb9c11c0f0b44a2d1c89001c4df8446c76cdd0062dcb708c9e3e1ef2", kill_on_drop: false }`
[INFO] [stdout] 75cb37b7cb9c11c0f0b44a2d1c89001c4df8446c76cdd0062dcb708c9e3e1ef2
[INFO] running `Command { std: "docker" "create" "-v" "/var/lib/crater-agent-workspace/builds/worker-4-tc2/target:/opt/rustwide/target:rw,Z" "-v" "/var/lib/crater-agent-workspace/builds/worker-4-tc2/source:/opt/rustwide/workdir:ro,Z" "-v" "/var/lib/crater-agent-workspace/cargo-home:/opt/rustwide/cargo-home:ro,Z" "-v" "/var/lib/crater-agent-workspace/rustup-home:/opt/rustwide/rustup-home:ro,Z" "-e" "SOURCE_DIR=/opt/rustwide/workdir" "-e" "CARGO_TARGET_DIR=/opt/rustwide/target" "-e" "CARGO_INCREMENTAL=0" "-e" "RUST_BACKTRACE=full" "-e" "RUSTFLAGS=--cap-lints=warn" "-e" "RUSTDOCFLAGS=--cap-lints=warn" "-e" "CARGO_HOME=/opt/rustwide/cargo-home" "-e" "RUSTUP_HOME=/opt/rustwide/rustup-home" "-w" "/opt/rustwide/workdir" "-m" "1610612736" "--user" "0:0" "--network" "none" "ghcr.io/rust-lang/crates-build-env/linux@sha256:2788e3201cd34a07e3172128adcd8b3090168a8e3bcc40d7c032b9dda1df7d1c" "/opt/rustwide/cargo-home/bin/cargo" "+beta-2023-12-22" "build" "--frozen" "--message-format=json", kill_on_drop: false }`
[INFO] [stdout] e7e5cd67a46c4954b82263840dbf707ec0916c1434a8db5ebe2feab3d3140fcf
[INFO] running `Command { std: "docker" "start" "-a" "e7e5cd67a46c4954b82263840dbf707ec0916c1434a8db5ebe2feab3d3140fcf", kill_on_drop: false }`
[INFO] [stderr]    Compiling libc v0.2.8
[INFO] [stderr]    Compiling winapi-build v0.1.1
[INFO] [stderr]    Compiling bitflags v0.3.3
[INFO] [stderr]    Compiling winapi v0.2.6
[INFO] [stderr]    Compiling lazy_static v0.1.15
[INFO] [stderr]    Compiling gcc v0.3.25
[INFO] [stderr]    Compiling libloading v0.2.1
[INFO] [stderr]    Compiling khronos_api v1.0.0
[INFO] [stderr]    Compiling crossbeam v0.1.6
[INFO] [stderr]    Compiling xml-rs v0.2.2
[INFO] [stderr]    Compiling vk-sys v0.1.0 (https://github.com/tomaka/vulkano#99c7d9c5)
[INFO] [stderr]    Compiling kernel32-sys v0.2.1
[INFO] [stderr]    Compiling byteorder v0.4.2
[INFO] [stderr]    Compiling smallvec v0.1.6
[INFO] [stdout] error[E0512]: cannot transmute between types of different sizes, or dependently-sized types
[INFO] [stdout]   --> /opt/rustwide/cargo-home/registry/src/index.crates.io-6f17d22bba15001f/crossbeam-0.1.6/src/sync/seg_queue.rs:34:29
[INFO] [stdout]    |
[INFO] [stdout] 34 |             ready: unsafe { mem::transmute([0usize; SEG_SIZE]) },
[INFO] [stdout]    |                             ^^^^^^^^^^^^^^
[INFO] [stdout]    |
[INFO] [stdout]    = note: source type: `[usize; 32]` (2048 bits)
[INFO] [stdout]    = note: target type: `[AtomicBool; 32]` (256 bits)
[INFO] [stdout] 
[INFO] [stdout] 
[INFO] [stdout] error: aborting due to 1 previous error
[INFO] [stdout] 
[INFO] [stdout] 
[INFO] [stdout] For more information about this error, try `rustc --explain E0512`.
[INFO] [stdout] 
[INFO] [stderr] error: could not compile `crossbeam` (lib) due to 2 previous errors
[INFO] [stderr] warning: build failed, waiting for other jobs to finish...
[INFO] running `Command { std: "docker" "inspect" "e7e5cd67a46c4954b82263840dbf707ec0916c1434a8db5ebe2feab3d3140fcf", kill_on_drop: false }`
[INFO] running `Command { std: "docker" "rm" "-f" "e7e5cd67a46c4954b82263840dbf707ec0916c1434a8db5ebe2feab3d3140fcf", kill_on_drop: false }`
[INFO] [stdout] e7e5cd67a46c4954b82263840dbf707ec0916c1434a8db5ebe2feab3d3140fcf
