[INFO] cloning repository https://github.com/tritone11/ether-keystore
[INFO] running `Command { std: "git" "-c" "credential.helper=" "-c" "credential.helper=/workspace/cargo-home/bin/git-credential-null" "clone" "--bare" "https://github.com/tritone11/ether-keystore" "/workspace/cache/git-repos/https%3A%2F%2Fgithub.com%2Ftritone11%2Fether-keystore", kill_on_drop: false }`
[INFO] [stderr] Cloning into bare repository '/workspace/cache/git-repos/https%3A%2F%2Fgithub.com%2Ftritone11%2Fether-keystore'...
[INFO] running `Command { std: "git" "rev-parse" "HEAD", kill_on_drop: false }`
[INFO] [stdout] 55a10ebab0ba1867a1d60e073fc3d3fc73d560da
[INFO] testing tritone11/ether-keystore against 1.75.0 for beta-1.76-1
[INFO] running `Command { std: "git" "clone" "/workspace/cache/git-repos/https%3A%2F%2Fgithub.com%2Ftritone11%2Fether-keystore" "/workspace/builds/worker-0-tc1/source", kill_on_drop: false }`
[INFO] [stderr] Cloning into '/workspace/builds/worker-0-tc1/source'...
[INFO] [stderr] done.
[INFO] validating manifest of git repo https://github.com/tritone11/ether-keystore on toolchain 1.75.0
[INFO] running `Command { std: CARGO_HOME="/workspace/cargo-home" RUSTUP_HOME="/workspace/rustup-home" "/workspace/cargo-home/bin/cargo" "+1.75.0" "metadata" "--manifest-path" "Cargo.toml" "--no-deps", kill_on_drop: false }`
[INFO] started tweaking git repo https://github.com/tritone11/ether-keystore
[INFO] finished tweaking git repo https://github.com/tritone11/ether-keystore
[INFO] tweaked toml for git repo https://github.com/tritone11/ether-keystore written to /workspace/builds/worker-0-tc1/source/Cargo.toml
[INFO] crate git repo https://github.com/tritone11/ether-keystore already has a lockfile, it will not be regenerated
[INFO] running `Command { std: CARGO_HOME="/workspace/cargo-home" RUSTUP_HOME="/workspace/rustup-home" "/workspace/cargo-home/bin/cargo" "+1.75.0" "fetch" "--manifest-path" "Cargo.toml", kill_on_drop: false }`
[INFO] [stderr]     Blocking waiting for file lock on package cache
[ERROR] error running command: no output for 300 seconds
[ERROR] this task or one of its parent failed!
[ERROR] no output for 300 seconds
[ERROR] note: run with `RUST_BACKTRACE=1` to display a backtrace.
[INFO] testing tritone11/ether-keystore against beta-2023-12-22 for beta-1.76-1
[INFO] running `Command { std: "git" "clone" "/workspace/cache/git-repos/https%3A%2F%2Fgithub.com%2Ftritone11%2Fether-keystore" "/workspace/builds/worker-0-tc2/source", kill_on_drop: false }`
[INFO] [stderr] Cloning into '/workspace/builds/worker-0-tc2/source'...
[INFO] [stderr] done.
[INFO] validating manifest of git repo https://github.com/tritone11/ether-keystore on toolchain beta-2023-12-22
[INFO] running `Command { std: CARGO_HOME="/workspace/cargo-home" RUSTUP_HOME="/workspace/rustup-home" "/workspace/cargo-home/bin/cargo" "+beta-2023-12-22" "metadata" "--manifest-path" "Cargo.toml" "--no-deps", kill_on_drop: false }`
[INFO] started tweaking git repo https://github.com/tritone11/ether-keystore
[INFO] finished tweaking git repo https://github.com/tritone11/ether-keystore
[INFO] tweaked toml for git repo https://github.com/tritone11/ether-keystore written to /workspace/builds/worker-0-tc2/source/Cargo.toml
[INFO] crate git repo https://github.com/tritone11/ether-keystore already has a lockfile, it will not be regenerated
[INFO] running `Command { std: CARGO_HOME="/workspace/cargo-home" RUSTUP_HOME="/workspace/rustup-home" "/workspace/cargo-home/bin/cargo" "+beta-2023-12-22" "fetch" "--manifest-path" "Cargo.toml", kill_on_drop: false }`
[INFO] [stderr]     Blocking waiting for file lock on package cache
[INFO] [stderr]     Updating crates.io index
[INFO] [stderr]     Blocking waiting for file lock on package cache
[ERROR] error running command: no output for 300 seconds
[INFO] testing tritone11/ether-keystore against beta-2023-12-22 for beta-1.76-1
[INFO] running `Command { std: "git" "clone" "/workspace/cache/git-repos/https%3A%2F%2Fgithub.com%2Ftritone11%2Fether-keystore" "/workspace/builds/worker-0-tc2/source", kill_on_drop: false }`
[INFO] [stderr] Cloning into '/workspace/builds/worker-0-tc2/source'...
[INFO] [stderr] done.
[INFO] validating manifest of git repo https://github.com/tritone11/ether-keystore on toolchain beta-2023-12-22
[INFO] running `Command { std: CARGO_HOME="/workspace/cargo-home" RUSTUP_HOME="/workspace/rustup-home" "/workspace/cargo-home/bin/cargo" "+beta-2023-12-22" "metadata" "--manifest-path" "Cargo.toml" "--no-deps", kill_on_drop: false }`
[INFO] started tweaking git repo https://github.com/tritone11/ether-keystore
[INFO] finished tweaking git repo https://github.com/tritone11/ether-keystore
[INFO] tweaked toml for git repo https://github.com/tritone11/ether-keystore written to /workspace/builds/worker-0-tc2/source/Cargo.toml
[INFO] crate git repo https://github.com/tritone11/ether-keystore already has a lockfile, it will not be regenerated
[INFO] running `Command { std: CARGO_HOME="/workspace/cargo-home" RUSTUP_HOME="/workspace/rustup-home" "/workspace/cargo-home/bin/cargo" "+beta-2023-12-22" "fetch" "--manifest-path" "Cargo.toml", kill_on_drop: false }`
[INFO] [stderr]     Blocking waiting for file lock on package cache
[INFO] [stderr]     Updating crates.io index
[INFO] [stderr]     Blocking waiting for file lock on package cache
[INFO] [stderr]  Downloading crates ...
[INFO] [stderr]   Downloaded bitcoin_hashes v0.3.2
[INFO] [stderr]   Downloaded aes-soft v0.2.0
[INFO] [stderr]   Downloaded aesni v0.4.1
[INFO] [stderr]   Downloaded ctr v0.1.1
[INFO] [stderr]   Downloaded aes-ctr v0.1.0
[INFO] [stderr]   Downloaded stream-cipher v0.1.1
[INFO] [stderr]   Downloaded bitcoin-bech32 v0.9.0
[INFO] [stderr]   Downloaded bitcoin v0.18.0
[INFO] [stderr]   Downloaded secp256k1 v0.9.2
[INFO] running `Command { std: "docker" "create" "-v" "/var/lib/crater-agent-workspace/builds/worker-0-tc2/target:/opt/rustwide/target:rw,Z" "-v" "/var/lib/crater-agent-workspace/builds/worker-0-tc2/source:/opt/rustwide/workdir:ro,Z" "-v" "/var/lib/crater-agent-workspace/cargo-home:/opt/rustwide/cargo-home:ro,Z" "-v" "/var/lib/crater-agent-workspace/rustup-home:/opt/rustwide/rustup-home:ro,Z" "-e" "SOURCE_DIR=/opt/rustwide/workdir" "-e" "CARGO_TARGET_DIR=/opt/rustwide/target" "-e" "CARGO_HOME=/opt/rustwide/cargo-home" "-e" "RUSTUP_HOME=/opt/rustwide/rustup-home" "-w" "/opt/rustwide/workdir" "-m" "1610612736" "--user" "0:0" "--network" "none" "ghcr.io/rust-lang/crates-build-env/linux@sha256:2788e3201cd34a07e3172128adcd8b3090168a8e3bcc40d7c032b9dda1df7d1c" "/opt/rustwide/cargo-home/bin/cargo" "+beta-2023-12-22" "metadata" "--no-deps" "--format-version=1", kill_on_drop: false }`
[INFO] [stdout] 1616a00fb9b18a6c0b1a4b59771411a2e449fa44df48616c637047170354e269
[INFO] running `Command { std: "docker" "start" "-a" "1616a00fb9b18a6c0b1a4b59771411a2e449fa44df48616c637047170354e269", kill_on_drop: false }`
[INFO] running `Command { std: "docker" "inspect" "1616a00fb9b18a6c0b1a4b59771411a2e449fa44df48616c637047170354e269", kill_on_drop: false }`
[INFO] running `Command { std: "docker" "rm" "-f" "1616a00fb9b18a6c0b1a4b59771411a2e449fa44df48616c637047170354e269", kill_on_drop: false }`
[INFO] [stdout] 1616a00fb9b18a6c0b1a4b59771411a2e449fa44df48616c637047170354e269
[INFO] running `Command { std: "docker" "create" "-v" "/var/lib/crater-agent-workspace/builds/worker-0-tc2/target:/opt/rustwide/target:rw,Z" "-v" "/var/lib/crater-agent-workspace/builds/worker-0-tc2/source:/opt/rustwide/workdir:ro,Z" "-v" "/var/lib/crater-agent-workspace/cargo-home:/opt/rustwide/cargo-home:ro,Z" "-v" "/var/lib/crater-agent-workspace/rustup-home:/opt/rustwide/rustup-home:ro,Z" "-e" "SOURCE_DIR=/opt/rustwide/workdir" "-e" "CARGO_TARGET_DIR=/opt/rustwide/target" "-e" "CARGO_INCREMENTAL=0" "-e" "RUST_BACKTRACE=full" "-e" "RUSTFLAGS=--cap-lints=warn" "-e" "RUSTDOCFLAGS=--cap-lints=warn" "-e" "CARGO_HOME=/opt/rustwide/cargo-home" "-e" "RUSTUP_HOME=/opt/rustwide/rustup-home" "-w" "/opt/rustwide/workdir" "-m" "1610612736" "--user" "0:0" "--network" "none" "ghcr.io/rust-lang/crates-build-env/linux@sha256:2788e3201cd34a07e3172128adcd8b3090168a8e3bcc40d7c032b9dda1df7d1c" "/opt/rustwide/cargo-home/bin/cargo" "+beta-2023-12-22" "build" "--frozen" "--message-format=json", kill_on_drop: false }`
[INFO] [stdout] bf07785e170ec7becf59293115424fe1fbf58edf150b02435666a36446d2dedc
[INFO] running `Command { std: "docker" "start" "-a" "bf07785e170ec7becf59293115424fe1fbf58edf150b02435666a36446d2dedc", kill_on_drop: false }`
[INFO] [stderr]    Compiling typenum v1.10.0
[INFO] [stderr]    Compiling libc v0.2.48
[INFO] [stderr]    Compiling byteorder v1.3.1
[INFO] [stderr]    Compiling num-traits v0.2.6
[INFO] [stderr]    Compiling num-integer v0.1.39
[INFO] [stderr]    Compiling byte-tools v0.3.1
[INFO] [stderr]    Compiling byte-tools v0.2.0
[INFO] [stderr]    Compiling proc-macro2 v0.4.27
[INFO] [stderr]    Compiling block-padding v0.1.5
[INFO] [stderr]    Compiling num-bigint v0.2.2
[INFO] [stderr]    Compiling rand_core v0.4.0
[INFO] [stderr]    Compiling subtle v1.0.0
[INFO] [stderr]    Compiling fake-simd v0.1.2
[INFO] [stderr]    Compiling memchr v2.2.0
[INFO] [stderr]    Compiling serde v1.0.87
[INFO] [stderr]    Compiling unicode-xid v0.1.0
[INFO] [stderr]    Compiling cc v1.0.26
[INFO] [stderr]    Compiling rand_core v0.3.1
[INFO] [stderr]    Compiling safemem v0.3.0
[INFO] [stderr]    Compiling rand v0.4.6
[INFO] [stderr]    Compiling num-complex v0.2.1
[INFO] [stderr]    Compiling opaque-debug v0.2.3
[INFO] [stderr]    Compiling arrayref v0.3.5
[INFO] [stderr]    Compiling ryu v0.2.7
[INFO] [stderr]    Compiling num-iter v0.1.37
[INFO] [stderr]    Compiling num-rational v0.2.1
[INFO] [stderr]    Compiling gcc v0.3.55
[INFO] [stderr]    Compiling quote v0.6.11
[INFO] [stderr]    Compiling generic-array v0.9.0
[INFO] [stderr]    Compiling generic-array v0.12.4
[INFO] [stderr]    Compiling secp256k1 v0.12.2
[INFO] [stderr]    Compiling rand v0.3.23
[INFO] [stderr]    Compiling block-cipher-trait v0.5.3
[INFO] [stderr]    Compiling digest v0.7.6
[INFO] [stderr]    Compiling stream-cipher v0.1.1
[INFO] [stderr]    Compiling digest v0.8.1
[INFO] [stderr]    Compiling block-buffer v0.7.3
[INFO] [stderr]    Compiling crypto-mac v0.7.0
[INFO] [stderr]    Compiling block-buffer v0.3.3
[INFO] [stderr]    Compiling rand v0.5.6
[INFO] [stderr]    Compiling sha2 v0.8.2
[INFO] [stderr]    Compiling hmac v0.7.1
[INFO] [stderr]    Compiling secp256k1 v0.9.2
[INFO] [stderr]    Compiling base64 v0.9.3
[INFO] [stderr]    Compiling constant_time_eq v0.1.3
[INFO] [stderr]    Compiling bech32 v0.6.0
[INFO] [stderr]    Compiling regex v1.1.0
[INFO] [stderr]    Compiling opaque-debug v0.1.1
[INFO] [stderr]    Compiling lazy_static v1.2.0
[INFO] [stderr]    Compiling ucd-util v0.1.3
[INFO] [stderr]    Compiling thread_local v0.3.6
[INFO] [stderr]    Compiling regex-syntax v0.6.5
[INFO] [stderr]    Compiling bitcoin-bech32 v0.9.0
[INFO] [stderr]    Compiling aes-soft v0.2.0
[INFO] [stderr]    Compiling crypto-mac v0.6.2
[INFO] [stderr]    Compiling ctr v0.1.1
[INFO] [stderr]    Compiling aho-corasick v0.6.9
[INFO] [stderr]    Compiling pbkdf2 v0.3.0
[INFO] [stderr]    Compiling syn v0.15.26
[INFO] [stderr]    Compiling time v0.1.42
[INFO] [stderr]    Compiling bitcoin_hashes v0.3.2
[INFO] [stderr]    Compiling cfg-if v0.1.6
[INFO] [stderr]    Compiling utf8-ranges v1.0.2
[INFO] [stderr]    Compiling hex v0.3.2
[INFO] [stderr]    Compiling itoa v0.4.3
[INFO] [stderr]    Compiling keccak v0.1.0
[INFO] [stderr]    Compiling chrono v0.4.6
[INFO] [stderr]    Compiling log v0.4.6
[INFO] [stderr]    Compiling sha3 v0.7.3
[INFO] [stderr]    Compiling num v0.2.0
[INFO] [stderr]    Compiling scrypt v0.2.0
[INFO] [stderr]    Compiling aes-ctr v0.1.0
[INFO] [stderr]    Compiling hmac v0.6.3
[INFO] [stderr]    Compiling sha2 v0.7.1
[INFO] [stderr]    Compiling futures v0.1.25
[INFO] [stderr]    Compiling uuid v0.5.1
[INFO] [stderr]    Compiling serde_json v1.0.38
[INFO] [stderr]    Compiling glob v0.2.11
[INFO] [stderr]    Compiling serde_derive v1.0.87
[INFO] [stderr]    Compiling bitcoin v0.18.0
[INFO] [stderr]    Compiling ether-keystore v0.1.0 (/opt/rustwide/workdir)
[INFO] [stdout] warning: unused import: `create_dir_all`
[INFO] [stdout]   --> src/keystore/mod.rs:29:36
[INFO] [stdout]    |
[INFO] [stdout] 29 | use std::fs::{self, read_dir, File,create_dir_all};
[INFO] [stdout]    |                                    ^^^^^^^^^^^^^^
[INFO] [stdout]    |
[INFO] [stdout]    = note: `#[warn(unused_imports)]` on by default
[INFO] [stdout] 
[INFO] [stdout] 
[INFO] [stdout] warning: `...` range patterns are deprecated
[INFO] [stdout]   --> src/util/rlp.rs:46:18
[INFO] [stdout]    |
[INFO] [stdout] 46 |             s @ 0...55 => {
[INFO] [stdout]    |                  ^^^ help: use `..=` for an inclusive range
[INFO] [stdout]    |
[INFO] [stdout]    = warning: this is accepted in the current edition (Rust 2018) but is a hard error in Rust 2021!
[INFO] [stdout]    = note: for more information, see <https://doc.rust-lang.org/nightly/edition-guide/rust-2021/warnings-promoted-to-error.html>
[INFO] [stdout]    = note: `#[warn(ellipsis_inclusive_range_patterns)]` on by default
[INFO] [stdout] 
[INFO] [stdout] 
[INFO] [stdout] warning: trait objects without an explicit `dyn` are deprecated
[INFO] [stdout]   --> src/core/error.rs:58:32
[INFO] [stdout]    |
[INFO] [stdout] 58 |     fn cause(&self) -> Option<&error::Error> {
[INFO] [stdout]    |                                ^^^^^^^^^^^^
[INFO] [stdout]    |
[INFO] [stdout]    = warning: this is accepted in the current edition (Rust 2018) but is a hard error in Rust 2021!
[INFO] [stdout]    = note: for more information, see <https://doc.rust-lang.org/nightly/edition-guide/rust-2021/warnings-promoted-to-error.html>
[INFO] [stdout]    = note: `#[warn(bare_trait_objects)]` on by default
[INFO] [stdout] help: use `dyn`
[INFO] [stdout]    |
[INFO] [stdout] 58 |     fn cause(&self) -> Option<&dyn error::Error> {
[INFO] [stdout]    |                                +++
[INFO] [stdout] 
[INFO] [stdout] 
[INFO] [stdout] warning: trait objects without an explicit `dyn` are deprecated
[INFO] [stdout]   --> src/keystore/error.rs:60:32
[INFO] [stdout]    |
[INFO] [stdout] 60 |     fn cause(&self) -> Option<&error::Error> {
[INFO] [stdout]    |                                ^^^^^^^^^^^^
[INFO] [stdout]    |
[INFO] [stdout]    = warning: this is accepted in the current edition (Rust 2018) but is a hard error in Rust 2021!
[INFO] [stdout]    = note: for more information, see <https://doc.rust-lang.org/nightly/edition-guide/rust-2021/warnings-promoted-to-error.html>
[INFO] [stdout] help: use `dyn`
[INFO] [stdout]    |
[INFO] [stdout] 60 |     fn cause(&self) -> Option<&dyn error::Error> {
[INFO] [stdout]    |                                +++
[INFO] [stdout] 
[INFO] [stdout] 
[INFO] [stdout] warning: trait objects without an explicit `dyn` are deprecated
[INFO] [stdout]   --> src/keystore/serialize/error.rs:69:32
[INFO] [stdout]    |
[INFO] [stdout] 69 |     fn cause(&self) -> Option<&error::Error> {
[INFO] [stdout]    |                                ^^^^^^^^^^^^
[INFO] [stdout]    |
[INFO] [stdout]    = warning: this is accepted in the current edition (Rust 2018) but is a hard error in Rust 2021!
[INFO] [stdout]    = note: for more information, see <https://doc.rust-lang.org/nightly/edition-guide/rust-2021/warnings-promoted-to-error.html>
[INFO] [stdout] help: use `dyn`
[INFO] [stdout]    |
[INFO] [stdout] 69 |     fn cause(&self) -> Option<&dyn error::Error> {
[INFO] [stdout]    |                                +++
[INFO] [stdout] 
[INFO] [stdout] 
[INFO] [stdout] error[E0277]: the trait bound `Hmac<Sha256>: crypto_mac::Mac` is not satisfied
[INFO] [stdout]    --> src/keystore/kdf.rs:127:34
[INFO] [stdout]     |
[INFO] [stdout] 127 |                         pbkdf2::<Hmac<Sha256>>(
[INFO] [stdout]     |                                  ^^^^^^^^^^^^ the trait `crypto_mac::Mac` is not implemented for `Hmac<Sha256>`
[INFO] [stdout]     |
[INFO] [stdout]     = help: the trait `crypto_mac::Mac` is implemented for `hmac::Hmac<D>`
[INFO] [stdout] note: required by a bound in `pbkdf2`
[INFO] [stdout]    --> /opt/rustwide/cargo-home/registry/src/index.crates.io-6f17d22bba15001f/pbkdf2-0.3.0/src/lib.rs:102:14
[INFO] [stdout]     |
[INFO] [stdout] 101 | pub fn pbkdf2<F>(password: &[u8], salt: &[u8], c: usize, res: &mut [u8])
[INFO] [stdout]     |        ------ required by a bound in this function
[INFO] [stdout] 102 |     where F: Mac + Clone + Sync
[INFO] [stdout]     |              ^^^ required by this bound in `pbkdf2`
[INFO] [stdout] 
[INFO] [stdout] 
[INFO] [stdout] error[E0277]: the trait bound `Hmac<Sha512>: crypto_mac::Mac` is not satisfied
[INFO] [stdout]    --> src/keystore/kdf.rs:135:34
[INFO] [stdout]     |
[INFO] [stdout] 135 |                         pbkdf2::<Hmac<Sha512>>(
[INFO] [stdout]     |                                  ^^^^^^^^^^^^ the trait `crypto_mac::Mac` is not implemented for `Hmac<Sha512>`
[INFO] [stdout]     |
[INFO] [stdout]     = help: the trait `crypto_mac::Mac` is implemented for `hmac::Hmac<D>`
[INFO] [stdout] note: required by a bound in `pbkdf2`
[INFO] [stdout]    --> /opt/rustwide/cargo-home/registry/src/index.crates.io-6f17d22bba15001f/pbkdf2-0.3.0/src/lib.rs:102:14
[INFO] [stdout]     |
[INFO] [stdout] 101 | pub fn pbkdf2<F>(password: &[u8], salt: &[u8], c: usize, res: &mut [u8])
[INFO] [stdout]     |        ------ required by a bound in this function
[INFO] [stdout] 102 |     where F: Mac + Clone + Sync
[INFO] [stdout]     |              ^^^ required by this bound in `pbkdf2`
[INFO] [stdout] 
[INFO] [stdout] 
[INFO] [stdout] error: aborting due to 2 previous errors; 5 warnings emitted
[INFO] [stdout] 
[INFO] [stdout] 
[INFO] [stdout] For more information about this error, try `rustc --explain E0277`.
[INFO] [stdout] 
[INFO] [stderr] error: could not compile `ether-keystore` (lib) due to 3 previous errors; 5 warnings emitted
[INFO] running `Command { std: "docker" "inspect" "bf07785e170ec7becf59293115424fe1fbf58edf150b02435666a36446d2dedc", kill_on_drop: false }`
[INFO] running `Command { std: "docker" "rm" "-f" "bf07785e170ec7becf59293115424fe1fbf58edf150b02435666a36446d2dedc", kill_on_drop: false }`
[INFO] [stdout] bf07785e170ec7becf59293115424fe1fbf58edf150b02435666a36446d2dedc
