[INFO] cloning repository https://github.com/trevortomlin/twelve-projects-of-codemas
[INFO] running `Command { std: "git" "-c" "credential.helper=" "-c" "credential.helper=/workspace/cargo-home/bin/git-credential-null" "clone" "--bare" "https://github.com/trevortomlin/twelve-projects-of-codemas" "/workspace/cache/git-repos/https%3A%2F%2Fgithub.com%2Ftrevortomlin%2Ftwelve-projects-of-codemas", kill_on_drop: false }`
[INFO] [stderr] Cloning into bare repository '/workspace/cache/git-repos/https%3A%2F%2Fgithub.com%2Ftrevortomlin%2Ftwelve-projects-of-codemas'...
[INFO] running `Command { std: "git" "rev-parse" "HEAD", kill_on_drop: false }`
[INFO] [stdout] 18134afa5f2b054bfe3aa445cacdca83f65f420c
[INFO] testing trevortomlin/twelve-projects-of-codemas against 1.75.0 for beta-1.76-1
[INFO] running `Command { std: "git" "clone" "/workspace/cache/git-repos/https%3A%2F%2Fgithub.com%2Ftrevortomlin%2Ftwelve-projects-of-codemas" "/workspace/builds/worker-3-tc1/source", kill_on_drop: false }`
[INFO] [stderr] Cloning into '/workspace/builds/worker-3-tc1/source'...
[INFO] [stderr] done.
[INFO] validating manifest of git repo https://github.com/trevortomlin/twelve-projects-of-codemas on toolchain 1.75.0
[INFO] running `Command { std: CARGO_HOME="/workspace/cargo-home" RUSTUP_HOME="/workspace/rustup-home" "/workspace/cargo-home/bin/cargo" "+1.75.0" "metadata" "--manifest-path" "Cargo.toml" "--no-deps", kill_on_drop: false }`
[INFO] removed /workspace/builds/worker-3-tc1/source/.cargo/config
[INFO] started tweaking git repo https://github.com/trevortomlin/twelve-projects-of-codemas
[INFO] finished tweaking git repo https://github.com/trevortomlin/twelve-projects-of-codemas
[INFO] tweaked toml for git repo https://github.com/trevortomlin/twelve-projects-of-codemas written to /workspace/builds/worker-3-tc1/source/Cargo.toml
[INFO] crate git repo https://github.com/trevortomlin/twelve-projects-of-codemas already has a lockfile, it will not be regenerated
[INFO] running `Command { std: CARGO_HOME="/workspace/cargo-home" RUSTUP_HOME="/workspace/rustup-home" "/workspace/cargo-home/bin/cargo" "+1.75.0" "fetch" "--manifest-path" "Cargo.toml", kill_on_drop: false }`
[INFO] [stderr]     Blocking waiting for file lock on package cache
[INFO] [stderr]     Updating crates.io index
[INFO] [stderr]     Blocking waiting for file lock on package cache
[ERROR] error running command: no output for 300 seconds
[ERROR] this task or one of its parent failed!
[ERROR] no output for 300 seconds
[ERROR] note: run with `RUST_BACKTRACE=1` to display a backtrace.
[INFO] testing trevortomlin/twelve-projects-of-codemas against beta-2023-12-22 for beta-1.76-1
[INFO] running `Command { std: "git" "clone" "/workspace/cache/git-repos/https%3A%2F%2Fgithub.com%2Ftrevortomlin%2Ftwelve-projects-of-codemas" "/workspace/builds/worker-3-tc2/source", kill_on_drop: false }`
[INFO] [stderr] Cloning into '/workspace/builds/worker-3-tc2/source'...
[INFO] [stderr] done.
[INFO] validating manifest of git repo https://github.com/trevortomlin/twelve-projects-of-codemas on toolchain beta-2023-12-22
[INFO] running `Command { std: CARGO_HOME="/workspace/cargo-home" RUSTUP_HOME="/workspace/rustup-home" "/workspace/cargo-home/bin/cargo" "+beta-2023-12-22" "metadata" "--manifest-path" "Cargo.toml" "--no-deps", kill_on_drop: false }`
[INFO] removed /workspace/builds/worker-3-tc2/source/.cargo/config
[INFO] started tweaking git repo https://github.com/trevortomlin/twelve-projects-of-codemas
[INFO] finished tweaking git repo https://github.com/trevortomlin/twelve-projects-of-codemas
[INFO] tweaked toml for git repo https://github.com/trevortomlin/twelve-projects-of-codemas written to /workspace/builds/worker-3-tc2/source/Cargo.toml
[INFO] crate git repo https://github.com/trevortomlin/twelve-projects-of-codemas already has a lockfile, it will not be regenerated
[INFO] running `Command { std: CARGO_HOME="/workspace/cargo-home" RUSTUP_HOME="/workspace/rustup-home" "/workspace/cargo-home/bin/cargo" "+beta-2023-12-22" "fetch" "--manifest-path" "Cargo.toml", kill_on_drop: false }`
[INFO] [stderr]     Blocking waiting for file lock on package cache
[INFO] [stderr]     Blocking waiting for file lock on package cache
[ERROR] error running command: no output for 300 seconds
[INFO] testing trevortomlin/twelve-projects-of-codemas against beta-2023-12-22 for beta-1.76-1
[INFO] running `Command { std: "git" "clone" "/workspace/cache/git-repos/https%3A%2F%2Fgithub.com%2Ftrevortomlin%2Ftwelve-projects-of-codemas" "/workspace/builds/worker-3-tc2/source", kill_on_drop: false }`
[INFO] [stderr] Cloning into '/workspace/builds/worker-3-tc2/source'...
[INFO] [stderr] done.
[INFO] validating manifest of git repo https://github.com/trevortomlin/twelve-projects-of-codemas on toolchain beta-2023-12-22
[INFO] running `Command { std: CARGO_HOME="/workspace/cargo-home" RUSTUP_HOME="/workspace/rustup-home" "/workspace/cargo-home/bin/cargo" "+beta-2023-12-22" "metadata" "--manifest-path" "Cargo.toml" "--no-deps", kill_on_drop: false }`
[INFO] removed /workspace/builds/worker-3-tc2/source/.cargo/config
[INFO] started tweaking git repo https://github.com/trevortomlin/twelve-projects-of-codemas
[INFO] finished tweaking git repo https://github.com/trevortomlin/twelve-projects-of-codemas
[INFO] tweaked toml for git repo https://github.com/trevortomlin/twelve-projects-of-codemas written to /workspace/builds/worker-3-tc2/source/Cargo.toml
[INFO] crate git repo https://github.com/trevortomlin/twelve-projects-of-codemas already has a lockfile, it will not be regenerated
[INFO] running `Command { std: CARGO_HOME="/workspace/cargo-home" RUSTUP_HOME="/workspace/rustup-home" "/workspace/cargo-home/bin/cargo" "+beta-2023-12-22" "fetch" "--manifest-path" "Cargo.toml", kill_on_drop: false }`
[INFO] [stderr]     Blocking waiting for file lock on package cache
[INFO] [stderr]     Blocking waiting for file lock on package cache
[ERROR] error running command: no output for 300 seconds
[INFO] testing trevortomlin/twelve-projects-of-codemas against beta-2023-12-22 for beta-1.76-1
[INFO] running `Command { std: "git" "clone" "/workspace/cache/git-repos/https%3A%2F%2Fgithub.com%2Ftrevortomlin%2Ftwelve-projects-of-codemas" "/workspace/builds/worker-3-tc2/source", kill_on_drop: false }`
[INFO] [stderr] Cloning into '/workspace/builds/worker-3-tc2/source'...
[INFO] [stderr] done.
[INFO] validating manifest of git repo https://github.com/trevortomlin/twelve-projects-of-codemas on toolchain beta-2023-12-22
[INFO] running `Command { std: CARGO_HOME="/workspace/cargo-home" RUSTUP_HOME="/workspace/rustup-home" "/workspace/cargo-home/bin/cargo" "+beta-2023-12-22" "metadata" "--manifest-path" "Cargo.toml" "--no-deps", kill_on_drop: false }`
[INFO] removed /workspace/builds/worker-3-tc2/source/.cargo/config
[INFO] started tweaking git repo https://github.com/trevortomlin/twelve-projects-of-codemas
[INFO] finished tweaking git repo https://github.com/trevortomlin/twelve-projects-of-codemas
[INFO] tweaked toml for git repo https://github.com/trevortomlin/twelve-projects-of-codemas written to /workspace/builds/worker-3-tc2/source/Cargo.toml
[INFO] crate git repo https://github.com/trevortomlin/twelve-projects-of-codemas already has a lockfile, it will not be regenerated
[INFO] running `Command { std: CARGO_HOME="/workspace/cargo-home" RUSTUP_HOME="/workspace/rustup-home" "/workspace/cargo-home/bin/cargo" "+beta-2023-12-22" "fetch" "--manifest-path" "Cargo.toml", kill_on_drop: false }`
[INFO] [stderr]     Blocking waiting for file lock on package cache
[INFO] [stderr]     Blocking waiting for file lock on package cache
[ERROR] error running command: no output for 300 seconds
[INFO] testing trevortomlin/twelve-projects-of-codemas against beta-2023-12-22 for beta-1.76-1
[INFO] running `Command { std: "git" "clone" "/workspace/cache/git-repos/https%3A%2F%2Fgithub.com%2Ftrevortomlin%2Ftwelve-projects-of-codemas" "/workspace/builds/worker-3-tc2/source", kill_on_drop: false }`
[INFO] [stderr] Cloning into '/workspace/builds/worker-3-tc2/source'...
[INFO] [stderr] done.
[INFO] validating manifest of git repo https://github.com/trevortomlin/twelve-projects-of-codemas on toolchain beta-2023-12-22
[INFO] running `Command { std: CARGO_HOME="/workspace/cargo-home" RUSTUP_HOME="/workspace/rustup-home" "/workspace/cargo-home/bin/cargo" "+beta-2023-12-22" "metadata" "--manifest-path" "Cargo.toml" "--no-deps", kill_on_drop: false }`
[INFO] removed /workspace/builds/worker-3-tc2/source/.cargo/config
[INFO] started tweaking git repo https://github.com/trevortomlin/twelve-projects-of-codemas
[INFO] finished tweaking git repo https://github.com/trevortomlin/twelve-projects-of-codemas
[INFO] tweaked toml for git repo https://github.com/trevortomlin/twelve-projects-of-codemas written to /workspace/builds/worker-3-tc2/source/Cargo.toml
[INFO] crate git repo https://github.com/trevortomlin/twelve-projects-of-codemas already has a lockfile, it will not be regenerated
[INFO] running `Command { std: CARGO_HOME="/workspace/cargo-home" RUSTUP_HOME="/workspace/rustup-home" "/workspace/cargo-home/bin/cargo" "+beta-2023-12-22" "fetch" "--manifest-path" "Cargo.toml", kill_on_drop: false }`
[INFO] [stderr]     Blocking waiting for file lock on package cache
[INFO] [stderr]     Blocking waiting for file lock on package cache
[ERROR] error running command: no output for 300 seconds
[INFO] testing trevortomlin/twelve-projects-of-codemas against beta-2023-12-22 for beta-1.76-1
[INFO] running `Command { std: "git" "clone" "/workspace/cache/git-repos/https%3A%2F%2Fgithub.com%2Ftrevortomlin%2Ftwelve-projects-of-codemas" "/workspace/builds/worker-3-tc2/source", kill_on_drop: false }`
[INFO] [stderr] Cloning into '/workspace/builds/worker-3-tc2/source'...
[INFO] [stderr] done.
[INFO] validating manifest of git repo https://github.com/trevortomlin/twelve-projects-of-codemas on toolchain beta-2023-12-22
[INFO] running `Command { std: CARGO_HOME="/workspace/cargo-home" RUSTUP_HOME="/workspace/rustup-home" "/workspace/cargo-home/bin/cargo" "+beta-2023-12-22" "metadata" "--manifest-path" "Cargo.toml" "--no-deps", kill_on_drop: false }`
[INFO] removed /workspace/builds/worker-3-tc2/source/.cargo/config
[INFO] started tweaking git repo https://github.com/trevortomlin/twelve-projects-of-codemas
[INFO] finished tweaking git repo https://github.com/trevortomlin/twelve-projects-of-codemas
[INFO] tweaked toml for git repo https://github.com/trevortomlin/twelve-projects-of-codemas written to /workspace/builds/worker-3-tc2/source/Cargo.toml
[INFO] crate git repo https://github.com/trevortomlin/twelve-projects-of-codemas already has a lockfile, it will not be regenerated
[INFO] running `Command { std: CARGO_HOME="/workspace/cargo-home" RUSTUP_HOME="/workspace/rustup-home" "/workspace/cargo-home/bin/cargo" "+beta-2023-12-22" "fetch" "--manifest-path" "Cargo.toml", kill_on_drop: false }`
[INFO] [stderr]     Blocking waiting for file lock on package cache
[INFO] [stderr]     Blocking waiting for file lock on package cache
[INFO] [stderr]  Downloading crates ...
[INFO] [stderr]   Downloaded rp-pico v0.8.0
[INFO] [stderr]   Downloaded rp2040-hal v0.9.1
[INFO] [stderr]   Downloaded defmt-serial v0.7.0
[INFO] running `Command { std: "docker" "create" "-v" "/var/lib/crater-agent-workspace/builds/worker-3-tc2/target:/opt/rustwide/target:rw,Z" "-v" "/var/lib/crater-agent-workspace/builds/worker-3-tc2/source:/opt/rustwide/workdir:ro,Z" "-v" "/var/lib/crater-agent-workspace/cargo-home:/opt/rustwide/cargo-home:ro,Z" "-v" "/var/lib/crater-agent-workspace/rustup-home:/opt/rustwide/rustup-home:ro,Z" "-e" "SOURCE_DIR=/opt/rustwide/workdir" "-e" "CARGO_TARGET_DIR=/opt/rustwide/target" "-e" "CARGO_HOME=/opt/rustwide/cargo-home" "-e" "RUSTUP_HOME=/opt/rustwide/rustup-home" "-w" "/opt/rustwide/workdir" "-m" "1610612736" "--user" "0:0" "--network" "none" "ghcr.io/rust-lang/crates-build-env/linux@sha256:2788e3201cd34a07e3172128adcd8b3090168a8e3bcc40d7c032b9dda1df7d1c" "/opt/rustwide/cargo-home/bin/cargo" "+beta-2023-12-22" "metadata" "--no-deps" "--format-version=1", kill_on_drop: false }`
[INFO] [stdout] f86ed7772adbe2967257476323366051e237bf261375b12a947ccf373c1efa80
[INFO] running `Command { std: "docker" "start" "-a" "f86ed7772adbe2967257476323366051e237bf261375b12a947ccf373c1efa80", kill_on_drop: false }`
[INFO] running `Command { std: "docker" "inspect" "f86ed7772adbe2967257476323366051e237bf261375b12a947ccf373c1efa80", kill_on_drop: false }`
[INFO] running `Command { std: "docker" "rm" "-f" "f86ed7772adbe2967257476323366051e237bf261375b12a947ccf373c1efa80", kill_on_drop: false }`
[INFO] [stdout] f86ed7772adbe2967257476323366051e237bf261375b12a947ccf373c1efa80
[INFO] running `Command { std: "docker" "create" "-v" "/var/lib/crater-agent-workspace/builds/worker-3-tc2/target:/opt/rustwide/target:rw,Z" "-v" "/var/lib/crater-agent-workspace/builds/worker-3-tc2/source:/opt/rustwide/workdir:ro,Z" "-v" "/var/lib/crater-agent-workspace/cargo-home:/opt/rustwide/cargo-home:ro,Z" "-v" "/var/lib/crater-agent-workspace/rustup-home:/opt/rustwide/rustup-home:ro,Z" "-e" "SOURCE_DIR=/opt/rustwide/workdir" "-e" "CARGO_TARGET_DIR=/opt/rustwide/target" "-e" "CARGO_INCREMENTAL=0" "-e" "RUST_BACKTRACE=full" "-e" "RUSTFLAGS=--cap-lints=warn" "-e" "RUSTDOCFLAGS=--cap-lints=warn" "-e" "CARGO_HOME=/opt/rustwide/cargo-home" "-e" "RUSTUP_HOME=/opt/rustwide/rustup-home" "-w" "/opt/rustwide/workdir" "-m" "1610612736" "--user" "0:0" "--network" "none" "ghcr.io/rust-lang/crates-build-env/linux@sha256:2788e3201cd34a07e3172128adcd8b3090168a8e3bcc40d7c032b9dda1df7d1c" "/opt/rustwide/cargo-home/bin/cargo" "+beta-2023-12-22" "build" "--frozen" "--message-format=json", kill_on_drop: false }`
[INFO] [stdout] 12ee909220f9e6d0ee1c66853ad0ba752f3680635de851887247abb09d9d0f7f
[INFO] running `Command { std: "docker" "start" "-a" "12ee909220f9e6d0ee1c66853ad0ba752f3680635de851887247abb09d9d0f7f", kill_on_drop: false }`
[INFO] [stderr]    Compiling proc-macro2 v1.0.70
[INFO] [stderr]    Compiling unicode-ident v1.0.12
[INFO] [stderr]    Compiling syn v1.0.109
[INFO] [stderr]    Compiling version_check v0.9.4
[INFO] [stderr]    Compiling thiserror v1.0.50
[INFO] [stderr]    Compiling semver-parser v0.7.0
[INFO] [stderr]    Compiling cortex-m-rt v0.7.3
[INFO] [stderr]    Compiling nb v1.1.0
[INFO] [stderr]    Compiling defmt-macros v0.3.6
[INFO] [stderr]    Compiling nb v0.1.3
[INFO] [stderr]    Compiling semver v0.9.0
[INFO] [stderr]    Compiling rustc_version v0.2.3
[INFO] [stderr]    Compiling proc-macro-error-attr v1.0.4
[INFO] [stderr]    Compiling proc-macro-error v1.0.4
[INFO] [stderr]    Compiling void v1.0.2
[INFO] [stderr]    Compiling cortex-m v0.7.7
[INFO] [stderr]    Compiling defmt v0.3.5
[INFO] [stderr]    Compiling embedded-hal v0.2.7
[INFO] [stderr]    Compiling bitflags v1.3.2
[INFO] [stderr]    Compiling bare-metal v0.2.5
[INFO] [stderr]    Compiling vcell v0.1.3
[INFO] [stderr]    Compiling quote v1.0.33
[INFO] [stderr]    Compiling frunk_core v0.4.2
[INFO] [stderr]    Compiling paste v1.0.14
[INFO] [stderr]    Compiling debug-helper v0.3.13
[INFO] [stderr]    Compiling volatile-register v0.2.2
[INFO] [stderr]    Compiling syn v2.0.39
[INFO] [stderr]    Compiling crc-any v2.4.3
[INFO] [stderr]    Compiling rp2040-pac v0.5.0
[INFO] [stderr]    Compiling bitfield v0.13.2
[INFO] [stderr]    Compiling critical-section v1.1.2
[INFO] [stderr]    Compiling rp2040-boot2 v0.3.0
[INFO] [stderr]    Compiling either v1.9.0
[INFO] [stderr]    Compiling stable_deref_trait v1.2.0
[INFO] [stderr]    Compiling arrayvec v0.7.4
[INFO] [stderr]    Compiling gcd v2.3.0
[INFO] [stderr]    Compiling embedded-dma v0.2.0
[INFO] [stderr]    Compiling itertools v0.10.5
[INFO] [stderr]    Compiling rp-pico v0.8.0
[INFO] [stderr]    Compiling usb-device v0.2.9
[INFO] [stderr]    Compiling rand_core v0.6.4
[INFO] [stderr]    Compiling panic-halt v0.2.0
[INFO] [stderr]    Compiling frunk_proc_macro_helpers v0.1.2
[INFO] [stderr]    Compiling thiserror-impl v1.0.50
[INFO] [stderr]    Compiling frunk_derives v0.4.2
[INFO] [stderr]    Compiling frunk v0.4.2
[INFO] [stderr]    Compiling cortex-m-rt-macros v0.7.0
[INFO] [stderr]    Compiling num_enum_derive v0.5.11
[INFO] [stderr]    Compiling defmt-parser v0.3.3
[INFO] [stderr]    Compiling rp2040-hal-macros v0.1.0
[INFO] [stderr]    Compiling num_enum v0.5.11
[INFO] [stderr]    Compiling pio v0.2.1
[INFO] [stderr]    Compiling fugit v0.3.7
[INFO] [stderr]    Compiling defmt-serial v0.7.0
[INFO] [stderr]    Compiling rp2040-hal v0.9.1
[INFO] [stderr]    Compiling twelve-projects-of-codemas v0.1.0 (/opt/rustwide/workdir)
[INFO] [stdout] error: language item required, but not found: `eh_personality`
[INFO] [stdout]   |
[INFO] [stdout]   = note: this can occur when a binary crate with `#![no_std]` is compiled for a target where `eh_personality` is defined in the standard library
[INFO] [stdout]   = help: you may be able to compile for a target that doesn't need `eh_personality`, specify a target with `--target` or in `.cargo/config`
[INFO] [stdout] 
[INFO] [stdout] 
[INFO] [stdout] error: aborting due to 1 previous error
[INFO] [stdout] 
[INFO] [stdout] 
[INFO] [stdout] warning: unused import: `embedded_hal::digital::v2::InputPin`
[INFO] [stdout]  --> src/bin/day6.rs:6:5
[INFO] [stdout]   |
[INFO] [stdout] 6 | use embedded_hal::digital::v2::InputPin;
[INFO] [stdout]   |     ^^^^^^^^^^^^^^^^^^^^^^^^^^^^^^^^^^^
[INFO] [stdout]   |
[INFO] [stdout]   = note: `#[warn(unused_imports)]` on by default
[INFO] [stdout] 
[INFO] [stdout] 
[INFO] [stderr] error: could not compile `twelve-projects-of-codemas` (bin "day3") due to 2 previous errors
[INFO] [stderr] warning: build failed, waiting for other jobs to finish...
[INFO] [stdout] error: language item required, but not found: `eh_personality`
[INFO] [stdout]   |
[INFO] [stdout]   = note: this can occur when a binary crate with `#![no_std]` is compiled for a target where `eh_personality` is defined in the standard library
[INFO] [stdout]   = help: you may be able to compile for a target that doesn't need `eh_personality`, specify a target with `--target` or in `.cargo/config`
[INFO] [stdout] 
[INFO] [stdout] 
[INFO] [stdout] error: language item required, but not found: `eh_personality`
[INFO] [stdout]   |
[INFO] [stdout]   = note: this can occur when a binary crate with `#![no_std]` is compiled for a target where `eh_personality` is defined in the standard library
[INFO] [stdout]   = help: you may be able to compile for a target that doesn't need `eh_personality`, specify a target with `--target` or in `.cargo/config`
[INFO] [stdout] 
[INFO] [stdout] 
[INFO] [stdout] error: aborting due to 1 previous error
[INFO] [stdout] 
[INFO] [stdout] 
[INFO] [stdout] warning: unused import: `embedded_hal::adc::OneShot`
[INFO] [stdout]  --> src/bin/day5.rs:6:5
[INFO] [stdout]   |
[INFO] [stdout] 6 | use embedded_hal::adc::OneShot;
[INFO] [stdout]   |     ^^^^^^^^^^^^^^^^^^^^^^^^^^
[INFO] [stdout]   |
[INFO] [stdout]   = note: `#[warn(unused_imports)]` on by default
[INFO] [stdout] 
[INFO] [stdout] 
[INFO] [stdout] error: language item required, but not found: `eh_personality`
[INFO] [stdout]   |
[INFO] [stdout]   = note: this can occur when a binary crate with `#![no_std]` is compiled for a target where `eh_personality` is defined in the standard library
[INFO] [stdout]   = help: you may be able to compile for a target that doesn't need `eh_personality`, specify a target with `--target` or in `.cargo/config`
[INFO] [stdout] 
[INFO] [stdout] 
[INFO] [stdout] warning: unused import: `embedded_hal::can::nb`
[INFO] [stdout]  --> src/bin/day5.rs:7:5
[INFO] [stdout]   |
[INFO] [stdout] 7 | use embedded_hal::can::nb;
[INFO] [stdout]   |     ^^^^^^^^^^^^^^^^^^^^^
[INFO] [stdout] 
[INFO] [stdout] 
[INFO] [stdout] warning: unused import: `embedded_hal::digital::v2::InputPin`
[INFO] [stdout]  --> src/bin/day5.rs:8:5
[INFO] [stdout]   |
[INFO] [stdout] 8 | use embedded_hal::digital::v2::InputPin;
[INFO] [stdout]   |     ^^^^^^^^^^^^^^^^^^^^^^^^^^^^^^^^^^^
[INFO] [stdout] 
[INFO] [stdout] 
[INFO] [stdout] warning: unused import: `embedded_hal::digital::v2::OutputPin`
[INFO] [stdout]  --> src/bin/day5.rs:9:5
[INFO] [stdout]   |
[INFO] [stdout] 9 | use embedded_hal::digital::v2::OutputPin;
[INFO] [stdout]   |     ^^^^^^^^^^^^^^^^^^^^^^^^^^^^^^^^^^^^
[INFO] [stdout] 
[INFO] [stdout] 
[INFO] [stdout] warning: unused import: `rp_pico::hal::adc::AdcPin`
[INFO] [stdout]   --> src/bin/day5.rs:14:5
[INFO] [stdout]    |
[INFO] [stdout] 14 | use rp_pico::hal::adc::AdcPin;
[INFO] [stdout]    |     ^^^^^^^^^^^^^^^^^^^^^^^^^
[INFO] [stdout] 
[INFO] [stdout] 
[INFO] [stdout] warning: unused import: `rp_pico::hal::pwm::InputHighRunning`
[INFO] [stdout]   --> src/bin/day5.rs:18:5
[INFO] [stdout]    |
[INFO] [stdout] 18 | use rp_pico::hal::pwm::InputHighRunning;
[INFO] [stdout]    |     ^^^^^^^^^^^^^^^^^^^^^^^^^^^^^^^^^^^
[INFO] [stdout] 
[INFO] [stdout] 
[INFO] [stdout] warning: unused import: `rp_pico::hal::Adc`
[INFO] [stdout]   --> src/bin/day5.rs:22:5
[INFO] [stdout]    |
[INFO] [stdout] 22 | use rp_pico::hal::Adc;
[INFO] [stdout]    |     ^^^^^^^^^^^^^^^^^
[INFO] [stdout] 
[INFO] [stdout] 
[INFO] [stdout] error: aborting due to 1 previous error; 1 warning emitted
[INFO] [stdout] 
[INFO] [stdout] 
[INFO] [stdout] error: language item required, but not found: `eh_personality`
[INFO] [stdout]   |
[INFO] [stdout]   = note: this can occur when a binary crate with `#![no_std]` is compiled for a target where `eh_personality` is defined in the standard library
[INFO] [stdout]   = help: you may be able to compile for a target that doesn't need `eh_personality`, specify a target with `--target` or in `.cargo/config`
[INFO] [stdout] 
[INFO] [stdout] 
[INFO] [stdout] warning: unused import: `embedded_hal::digital::v2::InputPin`
[INFO] [stdout]  --> src/bin/day4-pt2.rs:6:5
[INFO] [stdout]   |
[INFO] [stdout] 6 | use embedded_hal::digital::v2::InputPin;
[INFO] [stdout]   |     ^^^^^^^^^^^^^^^^^^^^^^^^^^^^^^^^^^^
[INFO] [stdout]   |
[INFO] [stdout]   = note: `#[warn(unused_imports)]` on by default
[INFO] [stdout] 
[INFO] [stdout] 
[INFO] [stdout] warning: unused import: `embedded_hal::digital::v2::OutputPin`
[INFO] [stdout]  --> src/bin/day4-pt2.rs:7:5
[INFO] [stdout]   |
[INFO] [stdout] 7 | use embedded_hal::digital::v2::OutputPin;
[INFO] [stdout]   |     ^^^^^^^^^^^^^^^^^^^^^^^^^^^^^^^^^^^^
[INFO] [stdout] 
[INFO] [stdout] 
[INFO] [stdout] warning: unused import: `rp_pico::hal::pwm::InputHighRunning`
[INFO] [stdout]   --> src/bin/day4-pt2.rs:15:5
[INFO] [stdout]    |
[INFO] [stdout] 15 | use rp_pico::hal::pwm::InputHighRunning;
[INFO] [stdout]    |     ^^^^^^^^^^^^^^^^^^^^^^^^^^^^^^^^^^^
[INFO] [stdout] 
[INFO] [stdout] 
[INFO] [stdout] error: language item required, but not found: `eh_personality`
[INFO] [stdout]   |
[INFO] [stdout]   = note: this can occur when a binary crate with `#![no_std]` is compiled for a target where `eh_personality` is defined in the standard library
[INFO] [stdout]   = help: you may be able to compile for a target that doesn't need `eh_personality`, specify a target with `--target` or in `.cargo/config`
[INFO] [stdout] 
[INFO] [stdout] 
[INFO] [stdout] warning: unused import: `embedded_hal::adc::OneShot`
[INFO] [stdout]  --> src/bin/day7.rs:5:5
[INFO] [stdout]   |
[INFO] [stdout] 5 | use embedded_hal::adc::OneShot;
[INFO] [stdout]   |     ^^^^^^^^^^^^^^^^^^^^^^^^^^
[INFO] [stdout]   |
[INFO] [stdout]   = note: `#[warn(unused_imports)]` on by default
[INFO] [stdout] 
[INFO] [stdout] 
[INFO] [stdout] warning: unused import: `rp_pico::hal::adc::AdcPin`
[INFO] [stdout]   --> src/bin/day7.rs:11:5
[INFO] [stdout]    |
[INFO] [stdout] 11 | use rp_pico::hal::adc::AdcPin;
[INFO] [stdout]    |     ^^^^^^^^^^^^^^^^^^^^^^^^^
[INFO] [stdout] 
[INFO] [stdout] 
[INFO] [stdout] warning: unused import: `rp_pico::hal::Adc`
[INFO] [stdout]   --> src/bin/day7.rs:14:5
[INFO] [stdout]    |
[INFO] [stdout] 14 | use rp_pico::hal::Adc;
[INFO] [stdout]    |     ^^^^^^^^^^^^^^^^^
[INFO] [stdout] 
[INFO] [stdout] 
[INFO] [stderr] error: could not compile `twelve-projects-of-codemas` (bin "day6") due to 2 previous errors; 1 warning emitted
[INFO] [stdout] warning: unused import: `embedded_hal::digital::v2::InputPin`
[INFO] [stdout]  --> src/bin/day4.rs:6:5
[INFO] [stdout]   |
[INFO] [stdout] 6 | use embedded_hal::digital::v2::InputPin;
[INFO] [stdout]   |     ^^^^^^^^^^^^^^^^^^^^^^^^^^^^^^^^^^^
[INFO] [stdout]   |
[INFO] [stdout]   = note: `#[warn(unused_imports)]` on by default
[INFO] [stdout] 
[INFO] [stdout] 
[INFO] [stdout] error: aborting due to 1 previous error; 7 warnings emitted
[INFO] [stdout] 
[INFO] [stdout] 
[INFO] [stdout] error: aborting due to 1 previous error; 3 warnings emitted
[INFO] [stdout] 
[INFO] [stdout] 
[INFO] [stderr] error: could not compile `twelve-projects-of-codemas` (bin "day4-pt2") due to 2 previous errors; 3 warnings emitted
[INFO] [stdout] error: language item required, but not found: `eh_personality`
[INFO] [stdout]   |
[INFO] [stdout]   = note: this can occur when a binary crate with `#![no_std]` is compiled for a target where `eh_personality` is defined in the standard library
[INFO] [stdout]   = help: you may be able to compile for a target that doesn't need `eh_personality`, specify a target with `--target` or in `.cargo/config`
[INFO] [stdout] 
[INFO] [stdout] 
[INFO] [stdout] error: aborting due to 1 previous error
[INFO] [stdout] 
[INFO] [stdout] 
[INFO] [stderr] error: could not compile `twelve-projects-of-codemas` (bin "day5") due to 2 previous errors; 7 warnings emitted
[INFO] [stdout] error: language item required, but not found: `eh_personality`
[INFO] [stdout]   |
[INFO] [stdout]   = note: this can occur when a binary crate with `#![no_std]` is compiled for a target where `eh_personality` is defined in the standard library
[INFO] [stdout]   = help: you may be able to compile for a target that doesn't need `eh_personality`, specify a target with `--target` or in `.cargo/config`
[INFO] [stdout] 
[INFO] [stdout] 
[INFO] [stderr] error: could not compile `twelve-projects-of-codemas` (bin "day1") due to 2 previous errors
[INFO] [stderr] error: could not compile `twelve-projects-of-codemas` (bin "day2") due to 2 previous errors
[INFO] [stdout] error: aborting due to 1 previous error; 3 warnings emitted
[INFO] [stdout] 
[INFO] [stdout] 
[INFO] [stdout] error: aborting due to 1 previous error; 1 warning emitted
[INFO] [stdout] 
[INFO] [stdout] 
[INFO] [stderr] error: could not compile `twelve-projects-of-codemas` (bin "day4") due to 2 previous errors; 1 warning emitted
[INFO] [stderr] error: could not compile `twelve-projects-of-codemas` (bin "day7") due to 2 previous errors; 3 warnings emitted
[INFO] running `Command { std: "docker" "inspect" "12ee909220f9e6d0ee1c66853ad0ba752f3680635de851887247abb09d9d0f7f", kill_on_drop: false }`
[INFO] running `Command { std: "docker" "rm" "-f" "12ee909220f9e6d0ee1c66853ad0ba752f3680635de851887247abb09d9d0f7f", kill_on_drop: false }`
[INFO] [stdout] 12ee909220f9e6d0ee1c66853ad0ba752f3680635de851887247abb09d9d0f7f
