[INFO] cloning repository https://github.com/trailofbits/circomspect
[INFO] running `Command { std: "git" "-c" "credential.helper=" "-c" "credential.helper=/workspace/cargo-home/bin/git-credential-null" "clone" "--bare" "https://github.com/trailofbits/circomspect" "/workspace/cache/git-repos/https%3A%2F%2Fgithub.com%2Ftrailofbits%2Fcircomspect", kill_on_drop: false }`
[INFO] [stderr] Cloning into bare repository '/workspace/cache/git-repos/https%3A%2F%2Fgithub.com%2Ftrailofbits%2Fcircomspect'...
[INFO] running `Command { std: "git" "rev-parse" "HEAD", kill_on_drop: false }`
[INFO] [stdout] f746fd1d4913a755379397f07e467604a70d51cc
[INFO] testing trailofbits/circomspect against 1.75.0 for beta-1.76-1
[INFO] running `Command { std: "git" "clone" "/workspace/cache/git-repos/https%3A%2F%2Fgithub.com%2Ftrailofbits%2Fcircomspect" "/workspace/builds/worker-6-tc1/source", kill_on_drop: false }`
[INFO] [stderr] Cloning into '/workspace/builds/worker-6-tc1/source'...
[INFO] [stderr] done.
[INFO] validating manifest of git repo https://github.com/trailofbits/circomspect on toolchain 1.75.0
[INFO] running `Command { std: CARGO_HOME="/workspace/cargo-home" RUSTUP_HOME="/workspace/rustup-home" "/workspace/cargo-home/bin/cargo" "+1.75.0" "metadata" "--manifest-path" "Cargo.toml" "--no-deps", kill_on_drop: false }`
[INFO] started tweaking git repo https://github.com/trailofbits/circomspect
[INFO] finished tweaking git repo https://github.com/trailofbits/circomspect
[INFO] tweaked toml for git repo https://github.com/trailofbits/circomspect written to /workspace/builds/worker-6-tc1/source/Cargo.toml
[INFO] crate git repo https://github.com/trailofbits/circomspect already has a lockfile, it will not be regenerated
[INFO] running `Command { std: CARGO_HOME="/workspace/cargo-home" RUSTUP_HOME="/workspace/rustup-home" "/workspace/cargo-home/bin/cargo" "+1.75.0" "fetch" "--manifest-path" "Cargo.toml", kill_on_drop: false }`
[INFO] [stderr] warning: virtual workspace defaulting to `resolver = "1"` despite one or more workspace members being on edition 2021 which implies `resolver = "2"`
[INFO] [stderr] note: to keep the current resolver, specify `workspace.resolver = "1"` in the workspace root's manifest
[INFO] [stderr] note: to use the edition 2021 resolver, specify `workspace.resolver = "2"` in the workspace root's manifest
[INFO] [stderr] note: for more details see https://doc.rust-lang.org/cargo/reference/resolver.html#resolver-versions
[INFO] [stderr]     Blocking waiting for file lock on package cache
[INFO] [stderr]     Blocking waiting for file lock on package cache
[ERROR] error running command: no output for 300 seconds
[ERROR] this task or one of its parent failed!
[ERROR] no output for 300 seconds
[ERROR] note: run with `RUST_BACKTRACE=1` to display a backtrace.
[INFO] testing trailofbits/circomspect against beta-2023-12-22 for beta-1.76-1
[INFO] running `Command { std: "git" "clone" "/workspace/cache/git-repos/https%3A%2F%2Fgithub.com%2Ftrailofbits%2Fcircomspect" "/workspace/builds/worker-6-tc2/source", kill_on_drop: false }`
[INFO] [stderr] Cloning into '/workspace/builds/worker-6-tc2/source'...
[INFO] [stderr] done.
[INFO] validating manifest of git repo https://github.com/trailofbits/circomspect on toolchain beta-2023-12-22
[INFO] running `Command { std: CARGO_HOME="/workspace/cargo-home" RUSTUP_HOME="/workspace/rustup-home" "/workspace/cargo-home/bin/cargo" "+beta-2023-12-22" "metadata" "--manifest-path" "Cargo.toml" "--no-deps", kill_on_drop: false }`
[INFO] started tweaking git repo https://github.com/trailofbits/circomspect
[INFO] finished tweaking git repo https://github.com/trailofbits/circomspect
[INFO] tweaked toml for git repo https://github.com/trailofbits/circomspect written to /workspace/builds/worker-6-tc2/source/Cargo.toml
[INFO] crate git repo https://github.com/trailofbits/circomspect already has a lockfile, it will not be regenerated
[INFO] running `Command { std: CARGO_HOME="/workspace/cargo-home" RUSTUP_HOME="/workspace/rustup-home" "/workspace/cargo-home/bin/cargo" "+beta-2023-12-22" "fetch" "--manifest-path" "Cargo.toml", kill_on_drop: false }`
[INFO] [stderr] warning: virtual workspace defaulting to `resolver = "1"` despite one or more workspace members being on edition 2021 which implies `resolver = "2"`
[INFO] [stderr] note: to keep the current resolver, specify `workspace.resolver = "1"` in the workspace root's manifest
[INFO] [stderr] note: to use the edition 2021 resolver, specify `workspace.resolver = "2"` in the workspace root's manifest
[INFO] [stderr] note: for more details see https://doc.rust-lang.org/cargo/reference/resolver.html#resolver-versions
[INFO] [stderr]     Blocking waiting for file lock on package cache
[INFO] [stderr]     Blocking waiting for file lock on package cache
[INFO] [stderr]  Downloading crates ...
[INFO] [stderr]   Downloaded serde-sarif v0.3.7
[INFO] running `Command { std: "docker" "create" "-v" "/var/lib/crater-agent-workspace/builds/worker-6-tc2/target:/opt/rustwide/target:rw,Z" "-v" "/var/lib/crater-agent-workspace/builds/worker-6-tc2/source:/opt/rustwide/workdir:ro,Z" "-v" "/var/lib/crater-agent-workspace/cargo-home:/opt/rustwide/cargo-home:ro,Z" "-v" "/var/lib/crater-agent-workspace/rustup-home:/opt/rustwide/rustup-home:ro,Z" "-e" "SOURCE_DIR=/opt/rustwide/workdir" "-e" "CARGO_TARGET_DIR=/opt/rustwide/target" "-e" "CARGO_HOME=/opt/rustwide/cargo-home" "-e" "RUSTUP_HOME=/opt/rustwide/rustup-home" "-w" "/opt/rustwide/workdir" "-m" "1610612736" "--user" "0:0" "--network" "none" "ghcr.io/rust-lang/crates-build-env/linux@sha256:2788e3201cd34a07e3172128adcd8b3090168a8e3bcc40d7c032b9dda1df7d1c" "/opt/rustwide/cargo-home/bin/cargo" "+beta-2023-12-22" "metadata" "--no-deps" "--format-version=1", kill_on_drop: false }`
[INFO] [stdout] b6ee2ef206bae5955dd75c65d327b16a9036988c14cd5592247376b4d4dff10e
[INFO] running `Command { std: "docker" "start" "-a" "b6ee2ef206bae5955dd75c65d327b16a9036988c14cd5592247376b4d4dff10e", kill_on_drop: false }`
[INFO] running `Command { std: "docker" "inspect" "b6ee2ef206bae5955dd75c65d327b16a9036988c14cd5592247376b4d4dff10e", kill_on_drop: false }`
[INFO] running `Command { std: "docker" "rm" "-f" "b6ee2ef206bae5955dd75c65d327b16a9036988c14cd5592247376b4d4dff10e", kill_on_drop: false }`
[INFO] [stdout] b6ee2ef206bae5955dd75c65d327b16a9036988c14cd5592247376b4d4dff10e
[INFO] running `Command { std: "docker" "create" "-v" "/var/lib/crater-agent-workspace/builds/worker-6-tc2/target:/opt/rustwide/target:rw,Z" "-v" "/var/lib/crater-agent-workspace/builds/worker-6-tc2/source:/opt/rustwide/workdir:ro,Z" "-v" "/var/lib/crater-agent-workspace/cargo-home:/opt/rustwide/cargo-home:ro,Z" "-v" "/var/lib/crater-agent-workspace/rustup-home:/opt/rustwide/rustup-home:ro,Z" "-e" "SOURCE_DIR=/opt/rustwide/workdir" "-e" "CARGO_TARGET_DIR=/opt/rustwide/target" "-e" "CARGO_INCREMENTAL=0" "-e" "RUST_BACKTRACE=full" "-e" "RUSTFLAGS=--cap-lints=warn" "-e" "RUSTDOCFLAGS=--cap-lints=warn" "-e" "CARGO_HOME=/opt/rustwide/cargo-home" "-e" "RUSTUP_HOME=/opt/rustwide/rustup-home" "-w" "/opt/rustwide/workdir" "-m" "1610612736" "--user" "0:0" "--network" "none" "ghcr.io/rust-lang/crates-build-env/linux@sha256:2788e3201cd34a07e3172128adcd8b3090168a8e3bcc40d7c032b9dda1df7d1c" "/opt/rustwide/cargo-home/bin/cargo" "+beta-2023-12-22" "build" "--frozen" "--message-format=json", kill_on_drop: false }`
[INFO] [stdout] 9dcd2e5ce451c79c58991d700876f3309d8beacbf1159439a9e027c633b15cc1
[INFO] running `Command { std: "docker" "start" "-a" "9dcd2e5ce451c79c58991d700876f3309d8beacbf1159439a9e027c633b15cc1", kill_on_drop: false }`
[INFO] [stderr] warning: virtual workspace defaulting to `resolver = "1"` despite one or more workspace members being on edition 2021 which implies `resolver = "2"`
[INFO] [stderr] note: to keep the current resolver, specify `workspace.resolver = "1"` in the workspace root's manifest
[INFO] [stderr] note: to use the edition 2021 resolver, specify `workspace.resolver = "2"` in the workspace root's manifest
[INFO] [stderr] note: for more details see https://doc.rust-lang.org/cargo/reference/resolver.html#resolver-versions
[INFO] [stderr]    Compiling proc-macro2 v1.0.52
[INFO] [stderr]    Compiling quote v1.0.26
[INFO] [stderr]    Compiling unicode-ident v1.0.8
[INFO] [stderr]    Compiling autocfg v1.1.0
[INFO] [stderr]    Compiling libc v0.2.140
[INFO] [stderr]    Compiling cfg-if v1.0.0
[INFO] [stderr]    Compiling syn v1.0.109
[INFO] [stderr]    Compiling memchr v2.5.0
[INFO] [stderr]    Compiling serde_derive v1.0.158
[INFO] [stderr]    Compiling serde v1.0.158
[INFO] [stderr]    Compiling regex-syntax v0.6.28
[INFO] [stderr]    Compiling spin v0.5.2
[INFO] [stderr]    Compiling fnv v1.0.7
[INFO] [stderr]    Compiling libm v0.2.6
[INFO] [stderr]    Compiling ppv-lite86 v0.2.17
[INFO] [stderr]    Compiling smallvec v1.10.0
[INFO] [stderr]    Compiling log v0.4.17
[INFO] [stderr]    Compiling strsim v0.10.0
[INFO] [stderr]    Compiling getrandom v0.1.16
[INFO] [stderr]    Compiling lazy_static v1.4.0
[INFO] [stderr]    Compiling serde_json v1.0.94
[INFO] [stderr]    Compiling ident_case v1.0.1
[INFO] [stderr]    Compiling itoa v1.0.6
[INFO] [stderr]    Compiling ryu v1.0.13
[INFO] [stderr]    Compiling parking_lot_core v0.9.7
[INFO] [stderr]    Compiling byteorder v1.4.3
[INFO] [stderr]    Compiling prettyplease v0.1.25
[INFO] [stderr]    Compiling termcolor v1.2.0
[INFO] [stderr]    Compiling num-traits v0.2.15
[INFO] [stderr]    Compiling num-integer v0.1.45
[INFO] [stderr]    Compiling num-iter v0.1.43
[INFO] [stderr]    Compiling indexmap v1.9.2
[INFO] [stderr]    Compiling lock_api v0.4.9
[INFO] [stderr]    Compiling anyhow v1.0.70
[INFO] [stderr]    Compiling scopeguard v1.1.0
[INFO] [stderr]    Compiling crunchy v0.2.2
[INFO] [stderr]    Compiling hashbrown v0.12.3
[INFO] [stderr]    Compiling aho-corasick v0.7.20
[INFO] [stderr]    Compiling autocfg v0.1.8
[INFO] [stderr]    Compiling uriparse v0.6.4
[INFO] [stderr]    Compiling once_cell v1.17.1
[INFO] [stderr]    Compiling syn v2.0.4
[INFO] [stderr]    Compiling tiny-keccak v2.0.2
[INFO] [stderr]    Compiling siphasher v0.3.10
[INFO] [stderr]    Compiling heck v0.4.1
[INFO] [stderr]    Compiling rustversion v1.0.12
[INFO] [stderr]    Compiling version_check v0.9.4
[INFO] [stderr]    Compiling phf_shared v0.10.0
[INFO] [stderr]    Compiling num-bigint-dig v0.6.1
[INFO] [stderr]    Compiling either v1.8.1
[INFO] [stderr]    Compiling bit-vec v0.6.3
[INFO] [stderr]    Compiling precomputed-hash v0.1.1
[INFO] [stderr]    Compiling num-bigint-dig v0.8.2
[INFO] [stderr]    Compiling new_debug_unreachable v1.0.4
[INFO] [stderr]    Compiling fixedbitset v0.4.2
[INFO] [stderr]    Compiling thiserror v1.0.40
[INFO] [stderr]    Compiling itertools v0.10.5
[INFO] [stderr]    Compiling bit-set v0.5.3
[INFO] [stderr]    Compiling ena v0.14.2
[INFO] [stderr]    Compiling regex v1.7.1
[INFO] [stderr]    Compiling petgraph v0.6.3
[INFO] [stderr]    Compiling diff v0.1.13
[INFO] [stderr]    Compiling rustc-hex v2.1.0
[INFO] [stderr]    Compiling pico-args v0.4.2
[INFO] [stderr]    Compiling unicode-width v0.1.10
[INFO] [stderr]    Compiling unicode-xid v0.2.4
[INFO] [stderr]    Compiling proc-macro-error-attr v1.0.4
[INFO] [stderr]    Compiling codespan-reporting v0.11.1
[INFO] [stderr]    Compiling atty v0.2.14
[INFO] [stderr]    Compiling dirs-sys-next v0.1.2
[INFO] [stderr]    Compiling getrandom v0.2.8
[INFO] [stderr]    Compiling dirs-next v2.0.0
[INFO] [stderr]    Compiling rand_core v0.6.4
[INFO] [stderr]    Compiling rand_core v0.5.1
[INFO] [stderr]    Compiling term v0.7.0
[INFO] [stderr]    Compiling strum v0.24.1
[INFO] [stderr]    Compiling parking_lot v0.12.1
[INFO] [stderr]    Compiling rand_chacha v0.3.1
[INFO] [stderr]    Compiling rand_chacha v0.2.2
[INFO] [stderr]    Compiling codespan v0.11.1
[INFO] [stderr]    Compiling proc-macro-error v1.0.4
[INFO] [stderr]    Compiling ascii-canvas v3.0.0
[INFO] [stderr]    Compiling rand v0.7.3
[INFO] [stderr]    Compiling rand v0.8.5
[INFO] [stderr]    Compiling string_cache v0.8.7
[INFO] [stderr]    Compiling Inflector v0.11.4
[INFO] [stderr]    Compiling lalrpop-util v0.19.8
[INFO] [stderr]    Compiling quick-error v1.2.3
[INFO] [stderr]    Compiling os_str_bytes v6.5.0
[INFO] [stderr]    Compiling humantime v1.3.0
[INFO] [stderr]    Compiling textwrap v0.16.0
[INFO] [stderr]    Compiling bitflags v1.3.2
[INFO] [stderr]    Compiling clap_lex v0.2.4
[INFO] [stderr]    Compiling env_logger v0.7.1
[INFO] [stderr]    Compiling lalrpop v0.19.8
[INFO] [stderr]    Compiling pretty_env_logger v0.4.0
[INFO] [stderr]    Compiling thiserror-impl v1.0.40
[INFO] [stderr]    Compiling darling_core v0.14.4
[INFO] [stderr]    Compiling strum_macros v0.24.3
[INFO] [stderr]    Compiling clap_derive v3.2.18
[INFO] [stderr]    Compiling darling_macro v0.14.4
[INFO] [stderr]    Compiling darling v0.14.4
[INFO] [stderr]    Compiling derive_builder_core v0.12.0
[INFO] [stderr]    Compiling clap v3.2.23
[INFO] [stderr]    Compiling derive_builder_macro v0.12.0
[INFO] [stderr]    Compiling derive_builder v0.12.0
[INFO] [stderr]    Compiling schemafy_core v0.6.0
[INFO] [stderr]    Compiling schemafy_lib v0.6.0
[INFO] [stderr]    Compiling circomspect-circom-algebra v2.0.2 (/opt/rustwide/workdir/circom_algebra)
[INFO] [stderr]    Compiling serde-sarif v0.3.7
[INFO] [stderr]    Compiling circomspect-parser v2.1.3 (/opt/rustwide/workdir/parser)
[INFO] [stderr]    Compiling circomspect-program-structure v2.1.3 (/opt/rustwide/workdir/program_structure)
[INFO] [stderr]    Compiling circomspect-program-analysis v0.8.1 (/opt/rustwide/workdir/program_analysis)
[INFO] [stderr]    Compiling circomspect-program-structure-tests v0.8.0 (/opt/rustwide/workdir/program_structure_tests)
[INFO] [stderr]    Compiling circomspect v0.8.1 (/opt/rustwide/workdir/cli)
[INFO] [stderr]     Finished dev [unoptimized + debuginfo] target(s) in 51.51s
[INFO] [stderr] warning: the following packages contain code that will be rejected by a future version of Rust: lalrpop v0.19.8
[INFO] [stderr] note: to see what the problems were, use the option `--future-incompat-report`, or run `cargo report future-incompatibilities --id 1`
[INFO] running `Command { std: "docker" "inspect" "9dcd2e5ce451c79c58991d700876f3309d8beacbf1159439a9e027c633b15cc1", kill_on_drop: false }`
[INFO] running `Command { std: "docker" "rm" "-f" "9dcd2e5ce451c79c58991d700876f3309d8beacbf1159439a9e027c633b15cc1", kill_on_drop: false }`
[INFO] [stdout] 9dcd2e5ce451c79c58991d700876f3309d8beacbf1159439a9e027c633b15cc1
[INFO] running `Command { std: "docker" "create" "-v" "/var/lib/crater-agent-workspace/builds/worker-6-tc2/target:/opt/rustwide/target:rw,Z" "-v" "/var/lib/crater-agent-workspace/builds/worker-6-tc2/source:/opt/rustwide/workdir:ro,Z" "-v" "/var/lib/crater-agent-workspace/cargo-home:/opt/rustwide/cargo-home:ro,Z" "-v" "/var/lib/crater-agent-workspace/rustup-home:/opt/rustwide/rustup-home:ro,Z" "-e" "SOURCE_DIR=/opt/rustwide/workdir" "-e" "CARGO_TARGET_DIR=/opt/rustwide/target" "-e" "CARGO_INCREMENTAL=0" "-e" "RUST_BACKTRACE=full" "-e" "RUSTFLAGS=--cap-lints=warn" "-e" "RUSTDOCFLAGS=--cap-lints=warn" "-e" "CARGO_HOME=/opt/rustwide/cargo-home" "-e" "RUSTUP_HOME=/opt/rustwide/rustup-home" "-w" "/opt/rustwide/workdir" "-m" "1610612736" "--user" "0:0" "--network" "none" "ghcr.io/rust-lang/crates-build-env/linux@sha256:2788e3201cd34a07e3172128adcd8b3090168a8e3bcc40d7c032b9dda1df7d1c" "/opt/rustwide/cargo-home/bin/cargo" "+beta-2023-12-22" "test" "--frozen" "--no-run" "--message-format=json", kill_on_drop: false }`
[INFO] [stdout] 56573db426d1674bbfae0c7f63915ed44cdc10be296bdde81bd15463c68641b8
[INFO] running `Command { std: "docker" "start" "-a" "56573db426d1674bbfae0c7f63915ed44cdc10be296bdde81bd15463c68641b8", kill_on_drop: false }`
[INFO] [stderr] warning: virtual workspace defaulting to `resolver = "1"` despite one or more workspace members being on edition 2021 which implies `resolver = "2"`
[INFO] [stderr] note: to keep the current resolver, specify `workspace.resolver = "1"` in the workspace root's manifest
[INFO] [stderr] note: to use the edition 2021 resolver, specify `workspace.resolver = "2"` in the workspace root's manifest
[INFO] [stderr] note: for more details see https://doc.rust-lang.org/cargo/reference/resolver.html#resolver-versions
[INFO] [stderr]    Compiling fnv v1.0.7
[INFO] [stderr]    Compiling io-lifetimes v1.0.9
[INFO] [stderr]    Compiling rustix v0.36.11
[INFO] [stderr]    Compiling linux-raw-sys v0.1.4
[INFO] [stderr]    Compiling fastrand v1.9.0
[INFO] [stderr]    Compiling wait-timeout v0.2.0
[INFO] [stderr]    Compiling rand_xorshift v0.3.0
[INFO] [stderr]    Compiling quick-error v2.0.1
[INFO] [stderr]    Compiling unarray v0.1.4
[INFO] [stderr]    Compiling circomspect-circom-algebra v2.0.2 (/opt/rustwide/workdir/circom_algebra)
[INFO] [stderr]    Compiling darling_core v0.14.4
[INFO] [stderr]    Compiling uriparse v0.6.4
[INFO] [stderr]    Compiling schemafy_lib v0.6.0
[INFO] [stderr]    Compiling darling_macro v0.14.4
[INFO] [stderr]    Compiling serde-sarif v0.3.7
[INFO] [stderr]    Compiling darling v0.14.4
[INFO] [stderr]    Compiling derive_builder_core v0.12.0
[INFO] [stderr]    Compiling tempfile v3.4.0
[INFO] [stderr]    Compiling rusty-fork v0.3.0
[INFO] [stderr]    Compiling proptest v1.1.0
[INFO] [stderr]    Compiling derive_builder_macro v0.12.0
[INFO] [stderr]    Compiling derive_builder v0.12.0
[INFO] [stderr]    Compiling circomspect-program-structure v2.1.3 (/opt/rustwide/workdir/program_structure)
[INFO] [stderr]    Compiling circomspect-parser v2.1.3 (/opt/rustwide/workdir/parser)
[INFO] [stderr]    Compiling circomspect-program-analysis v0.8.1 (/opt/rustwide/workdir/program_analysis)
[INFO] [stderr]    Compiling circomspect-program-structure-tests v0.8.0 (/opt/rustwide/workdir/program_structure_tests)
[INFO] [stderr]    Compiling circomspect v0.8.1 (/opt/rustwide/workdir/cli)
[INFO] [stderr]     Finished test [unoptimized + debuginfo] target(s) in 21.82s
[INFO] [stderr] warning: the following packages contain code that will be rejected by a future version of Rust: lalrpop v0.19.8
[INFO] [stderr] note: to see what the problems were, use the option `--future-incompat-report`, or run `cargo report future-incompatibilities --id 1`
[INFO] running `Command { std: "docker" "inspect" "56573db426d1674bbfae0c7f63915ed44cdc10be296bdde81bd15463c68641b8", kill_on_drop: false }`
[INFO] running `Command { std: "docker" "rm" "-f" "56573db426d1674bbfae0c7f63915ed44cdc10be296bdde81bd15463c68641b8", kill_on_drop: false }`
[INFO] [stdout] 56573db426d1674bbfae0c7f63915ed44cdc10be296bdde81bd15463c68641b8
[INFO] running `Command { std: "docker" "create" "-v" "/var/lib/crater-agent-workspace/builds/worker-6-tc2/target:/opt/rustwide/target:rw,Z" "-v" "/var/lib/crater-agent-workspace/builds/worker-6-tc2/source:/opt/rustwide/workdir:ro,Z" "-v" "/var/lib/crater-agent-workspace/cargo-home:/opt/rustwide/cargo-home:ro,Z" "-v" "/var/lib/crater-agent-workspace/rustup-home:/opt/rustwide/rustup-home:ro,Z" "-e" "SOURCE_DIR=/opt/rustwide/workdir" "-e" "CARGO_TARGET_DIR=/opt/rustwide/target" "-e" "CARGO_INCREMENTAL=0" "-e" "RUST_BACKTRACE=full" "-e" "RUSTFLAGS=--cap-lints=warn" "-e" "RUSTDOCFLAGS=--cap-lints=warn" "-e" "CARGO_HOME=/opt/rustwide/cargo-home" "-e" "RUSTUP_HOME=/opt/rustwide/rustup-home" "-w" "/opt/rustwide/workdir" "-m" "1610612736" "--user" "0:0" "--network" "none" "ghcr.io/rust-lang/crates-build-env/linux@sha256:2788e3201cd34a07e3172128adcd8b3090168a8e3bcc40d7c032b9dda1df7d1c" "/opt/rustwide/cargo-home/bin/cargo" "+beta-2023-12-22" "test" "--frozen", kill_on_drop: false }`
[INFO] [stdout] aca5a486615d5d80a20277a8dcd163296f1fe37ca657d05cd20f09415871f441
[INFO] running `Command { std: "docker" "start" "-a" "aca5a486615d5d80a20277a8dcd163296f1fe37ca657d05cd20f09415871f441", kill_on_drop: false }`
[INFO] [stderr] warning: virtual workspace defaulting to `resolver = "1"` despite one or more workspace members being on edition 2021 which implies `resolver = "2"`
[INFO] [stderr] note: to keep the current resolver, specify `workspace.resolver = "1"` in the workspace root's manifest
[INFO] [stderr] note: to use the edition 2021 resolver, specify `workspace.resolver = "2"` in the workspace root's manifest
[INFO] [stderr] note: for more details see https://doc.rust-lang.org/cargo/reference/resolver.html#resolver-versions
[INFO] [stderr]     Finished test [unoptimized + debuginfo] target(s) in 0.25s
[INFO] [stderr] warning: the following packages contain code that will be rejected by a future version of Rust: lalrpop v0.19.8
[INFO] [stderr] note: to see what the problems were, use the option `--future-incompat-report`, or run `cargo report future-incompatibilities --id 1`
[INFO] [stderr]      Running unittests src/main.rs (/opt/rustwide/target/debug/deps/circomspect-edc58ed7ffeef006)
[INFO] [stdout] 
[INFO] [stdout] running 0 tests
[INFO] [stdout] 
[INFO] [stdout] test result: ok. 0 passed; 0 failed; 0 ignored; 0 measured; 0 filtered out; finished in 0.00s
[INFO] [stdout] 
[INFO] [stderr]      Running unittests src/lib.rs (/opt/rustwide/target/debug/deps/circomspect_circom_algebra-164b6b94ccfa2835)
[INFO] [stdout] 
[INFO] [stdout] running 5 tests
[INFO] [stdout] test modular_arithmetic::tests::mod_operation_check ... ok
[INFO] [stdout] test modular_arithmetic::tests::comparison_check ... ok
[INFO] [stdout] test modular_arithmetic::tests::mod_check ... ok
[INFO] [stdout] test modular_arithmetic::tests::lesser_eq_test ... ok
[INFO] [stdout] test modular_arithmetic::tests::complement_of_complement_is_the_original_test ... ok
[INFO] [stdout] 
[INFO] [stdout] test result: ok. 5 passed; 0 failed; 0 ignored; 0 measured; 0 filtered out; finished in 0.02s
[INFO] [stdout] 
[INFO] [stderr]      Running unittests src/lib.rs (/opt/rustwide/target/debug/deps/circomspect_parser-96f5a65661edcccb)
[INFO] [stdout] 
[INFO] [stdout] running 5 tests
[INFO] [stdout] test tests::test_compiler_version ... ok
[INFO] [stdout] test syntax_sugar_remover::tests::test_invalid_tuples ... ok
[INFO] [stdout] test syntax_sugar_remover::tests::test_desugar_multi_sub ... ok
[INFO] [stdout] test parser_logic::tests::test_parse_string ... ok
[INFO] [stderr]      Running unittests src/lib.rs (/opt/rustwide/target/debug/deps/circomspect_program_analysis-af5737fe2af663c9)
[INFO] [stdout] test syntax_sugar_remover::tests::test_nested_tuples ... ok
[INFO] [stdout] 
[INFO] [stdout] test result: ok. 5 passed; 0 failed; 0 ignored; 0 measured; 0 filtered out; finished in 0.13s
[INFO] [stdout] 
[INFO] [stdout] 
[INFO] [stdout] running 20 tests
[INFO] [stdout] test bitwise_complement::tests::test_bitwise_complement ... ok
[INFO] [stdout] test bn254_specific_circuit::tests::test_num2bits_strict ... ok
[INFO] [stdout] test analysis_runner::tests::test_function ... ok
[INFO] [stdout] test unused_output_signal::tests::test_maybe_accesses ... ok
[INFO] [stdout] test unused_output_signal::tests::test_maybe_equal ... ok
[INFO] [stdout] test field_comparisons::tests::test_field_comparisons ... ok
[INFO] [stdout] test analysis_runner::tests::test_underlying_str ... ok
[INFO] [stdout] test field_arithmetic::tests::test_field_arithmetic ... ok
[INFO] [stdout] test under_constrained_signals::tests::test_under_constrained_signals ... ok
[INFO] [stdout] test constant_conditional::tests::test_constant_conditional ... ok
[INFO] [stdout] test signal_assignments::tests::test_signal_assignments ... ok
[INFO] [stdout] test analysis_runner::tests::test_template ... ok
[INFO] [stdout] test unconstrained_less_than::tests::test_unconstrained_less_than ... ok
[INFO] [stdout] test definition_complexity::tests::test_small_template ... ok
[INFO] [stdout] test taint_analysis::tests::test_taint_analysis ... ok
[INFO] [stdout] test constraint_analysis::tests::test_single_step_constraint ... ok
[INFO] [stdout] test nonstrict_binary_conversion::tests::test_nonstrict_num2bits ... ok
[INFO] [stdout] test side_effect_analysis::tests::test_side_effect_analysis ... ok
[INFO] [stdout] test unconstrained_division::tests::test_unconstrained_less_than ... ok
[INFO] [stdout] test unused_output_signal::tests::test_unused_output_signal ... ok
[INFO] [stderr]      Running unittests src/lib.rs (/opt/rustwide/target/debug/deps/circomspect_program_structure-f354851b5a0a35bf)
[INFO] [stdout] 
[INFO] [stdout] test result: ok. 20 passed; 0 failed; 0 ignored; 0 measured; 0 filtered out; finished in 0.78s
[INFO] [stdout] 
[INFO] [stdout] 
[INFO] [stdout] running 6 tests
[INFO] [stdout] test intermediate_representation::degree_meta::tests::test_value_knowledge ... ok
[INFO] [stdout] test intermediate_representation::expression_impl::tests::test_propagate_values ... ok
[INFO] [stdout] test intermediate_representation::value_meta::tests::test_value_knowledge ... ok
[INFO] [stdout] test intermediate_representation::lifting::tests::variable_name_from_string ... ok
[INFO] [stdout] test intermediate_representation::lifting::tests::variable_name_with_suffix_from_string ... ok
[INFO] [stdout] test intermediate_representation::lifting::tests::variable_name_from_invalid_string ... ok
[INFO] [stderr]      Running unittests src/lib.rs (/opt/rustwide/target/debug/deps/circomspect_program_structure_tests-4bcca7db84c489e5)
[INFO] [stdout] 
[INFO] [stdout] test result: ok. 6 passed; 0 failed; 0 ignored; 0 measured; 0 filtered out; finished in 0.22s
[INFO] [stdout] 
[INFO] [stdout] 
[INFO] [stdout] running 18 tests
[INFO] [stdout] test control_flow_graph::test_cfg_from_if_then_else ... ok
[INFO] [stdout] test static_single_assignment::test_ssa_from_nested_if ... ok
[INFO] [stdout] test control_flow_graph::test_branches_from_nested_if ... ok
[INFO] [stdout] test control_flow_graph::test_dominance_from_nested_if ... ok
[INFO] [stdout] test control_flow_graph::test_cfg_from_nested_while ... ok
[INFO] [stdout] test static_single_assignment::test_ssa_with_components_and_signals ... ok
[INFO] [stdout] test control_flow_graph::test_cfg_with_non_unique_variables ... ok
[INFO] [stdout] test static_single_assignment::test_ssa_from_nested_while ... ok
[INFO] [stdout] test control_flow_graph::test_cfg_from_while ... ok
[INFO] [stdout] test control_flow_graph::test_branches_from_nested_if_then_else ... ok
[INFO] [stdout] test static_single_assignment::test_ssa_from_if_then_else ... ok
[INFO] [stdout] test control_flow_graph::test_cfg_from_nested_if ... ok
[INFO] [stdout] test static_single_assignment::test_ssa_from_if ... ok
[INFO] [stdout] test control_flow_graph::test_dominance_from_nested_if_then_else ... ok
[INFO] [stdout] test static_single_assignment::test_ssa_from_while ... ok
[INFO] [stdout] test static_single_assignment::test_ssa_with_non_unique_variables ... ok
[INFO] [stdout] test control_flow_graph::test_cfg_from_if ... ok
[INFO] [stdout] test static_single_assignment::test_ssa_with_array ... ok
[INFO] [stdout] 
[INFO] [stdout] test result: ok. 18 passed; 0 failed; 0 ignored; 0 measured; 0 filtered out; finished in 0.48s
[INFO] [stdout] 
[INFO] [stderr]    Doc-tests circomspect-circom-algebra
[INFO] [stdout] 
[INFO] [stdout] running 0 tests
[INFO] [stdout] 
[INFO] [stdout] test result: ok. 0 passed; 0 failed; 0 ignored; 0 measured; 0 filtered out; finished in 0.00s
[INFO] [stdout] 
[INFO] [stderr]    Doc-tests circomspect-parser
[INFO] [stdout] 
[INFO] [stdout] running 0 tests
[INFO] [stdout] 
[INFO] [stdout] test result: ok. 0 passed; 0 failed; 0 ignored; 0 measured; 0 filtered out; finished in 0.00s
[INFO] [stdout] 
[INFO] [stderr]    Doc-tests circomspect-program-analysis
[INFO] [stdout] 
[INFO] [stderr]    Doc-tests circomspect-program-structure
[INFO] [stdout] running 0 tests
[INFO] [stdout] 
[INFO] [stdout] test result: ok. 0 passed; 0 failed; 0 ignored; 0 measured; 0 filtered out; finished in 0.00s
[INFO] [stdout] 
[INFO] [stdout] 
[INFO] [stdout] running 5 tests
[INFO] [stdout] test program_structure/src/utils/nonempty_vec.rs - utils::nonempty_vec::NonEmptyVec<T>::len (line 90) ... ok
[INFO] [stdout] test program_structure/src/utils/nonempty_vec.rs - utils::nonempty_vec::NonEmptyVec<T>::pop (line 76) ... ok
[INFO] [stdout] test program_structure/src/utils/nonempty_vec.rs - utils::nonempty_vec::NonEmptyVec (line 23) ... ok
[INFO] [stdout] test program_structure/src/utils/nonempty_vec.rs - utils::nonempty_vec::NonEmptyVec (line 11) ... ok
[INFO] [stderr]    Doc-tests circomspect-program-structure-tests
[INFO] [stdout] test program_structure/src/utils/nonempty_vec.rs - utils::nonempty_vec::NonEmptyIter (line 125) ... ok
[INFO] [stdout] 
[INFO] [stdout] test result: ok. 5 passed; 0 failed; 0 ignored; 0 measured; 0 filtered out; finished in 1.28s
[INFO] [stdout] 
[INFO] [stdout] 
[INFO] [stdout] running 0 tests
[INFO] [stdout] 
[INFO] [stdout] test result: ok. 0 passed; 0 failed; 0 ignored; 0 measured; 0 filtered out; finished in 0.00s
[INFO] [stdout] 
[INFO] running `Command { std: "docker" "inspect" "aca5a486615d5d80a20277a8dcd163296f1fe37ca657d05cd20f09415871f441", kill_on_drop: false }`
[INFO] running `Command { std: "docker" "rm" "-f" "aca5a486615d5d80a20277a8dcd163296f1fe37ca657d05cd20f09415871f441", kill_on_drop: false }`
[INFO] [stdout] aca5a486615d5d80a20277a8dcd163296f1fe37ca657d05cd20f09415871f441
