[INFO] cloning repository https://github.com/tot-truong/payable-example
[INFO] running `Command { std: "git" "-c" "credential.helper=" "-c" "credential.helper=/workspace/cargo-home/bin/git-credential-null" "clone" "--bare" "https://github.com/tot-truong/payable-example" "/workspace/cache/git-repos/https%3A%2F%2Fgithub.com%2Ftot-truong%2Fpayable-example", kill_on_drop: false }`
[INFO] [stderr] Cloning into bare repository '/workspace/cache/git-repos/https%3A%2F%2Fgithub.com%2Ftot-truong%2Fpayable-example'...
[INFO] running `Command { std: "git" "rev-parse" "HEAD", kill_on_drop: false }`
[INFO] [stdout] 0caadcbf8a01a072a09951b4b0272d085ec9ba5d
[INFO] testing tot-truong/payable-example against 1.75.0 for beta-1.76-1
[INFO] running `Command { std: "git" "clone" "/workspace/cache/git-repos/https%3A%2F%2Fgithub.com%2Ftot-truong%2Fpayable-example" "/workspace/builds/worker-4-tc1/source", kill_on_drop: false }`
[INFO] [stderr] Cloning into '/workspace/builds/worker-4-tc1/source'...
[INFO] [stderr] done.
[INFO] validating manifest of git repo https://github.com/tot-truong/payable-example on toolchain 1.75.0
[INFO] running `Command { std: CARGO_HOME="/workspace/cargo-home" RUSTUP_HOME="/workspace/rustup-home" "/workspace/cargo-home/bin/cargo" "+1.75.0" "metadata" "--manifest-path" "Cargo.toml" "--no-deps", kill_on_drop: false }`
[INFO] removed /workspace/builds/worker-4-tc1/source/.cargo/config
[INFO] started tweaking git repo https://github.com/tot-truong/payable-example
[INFO] finished tweaking git repo https://github.com/tot-truong/payable-example
[INFO] tweaked toml for git repo https://github.com/tot-truong/payable-example written to /workspace/builds/worker-4-tc1/source/Cargo.toml
[INFO] crate git repo https://github.com/tot-truong/payable-example already has a lockfile, it will not be regenerated
[INFO] running `Command { std: CARGO_HOME="/workspace/cargo-home" RUSTUP_HOME="/workspace/rustup-home" "/workspace/cargo-home/bin/cargo" "+1.75.0" "fetch" "--manifest-path" "Cargo.toml", kill_on_drop: false }`
[INFO] [stderr]     Blocking waiting for file lock on package cache
[ERROR] error running command: no output for 300 seconds
[ERROR] this task or one of its parent failed!
[ERROR] no output for 300 seconds
[ERROR] note: run with `RUST_BACKTRACE=1` to display a backtrace.
[INFO] testing tot-truong/payable-example against beta-2023-12-22 for beta-1.76-1
[INFO] running `Command { std: "git" "clone" "/workspace/cache/git-repos/https%3A%2F%2Fgithub.com%2Ftot-truong%2Fpayable-example" "/workspace/builds/worker-4-tc2/source", kill_on_drop: false }`
[INFO] [stderr] Cloning into '/workspace/builds/worker-4-tc2/source'...
[INFO] [stderr] done.
[INFO] validating manifest of git repo https://github.com/tot-truong/payable-example on toolchain beta-2023-12-22
[INFO] running `Command { std: CARGO_HOME="/workspace/cargo-home" RUSTUP_HOME="/workspace/rustup-home" "/workspace/cargo-home/bin/cargo" "+beta-2023-12-22" "metadata" "--manifest-path" "Cargo.toml" "--no-deps", kill_on_drop: false }`
[INFO] removed /workspace/builds/worker-4-tc2/source/.cargo/config
[INFO] started tweaking git repo https://github.com/tot-truong/payable-example
[INFO] finished tweaking git repo https://github.com/tot-truong/payable-example
[INFO] tweaked toml for git repo https://github.com/tot-truong/payable-example written to /workspace/builds/worker-4-tc2/source/Cargo.toml
[INFO] crate git repo https://github.com/tot-truong/payable-example already has a lockfile, it will not be regenerated
[INFO] running `Command { std: CARGO_HOME="/workspace/cargo-home" RUSTUP_HOME="/workspace/rustup-home" "/workspace/cargo-home/bin/cargo" "+beta-2023-12-22" "fetch" "--manifest-path" "Cargo.toml", kill_on_drop: false }`
[INFO] [stderr]     Blocking waiting for file lock on package cache
[INFO] [stderr]     Blocking waiting for file lock on package cache
[ERROR] error running command: no output for 300 seconds
[INFO] testing tot-truong/payable-example against beta-2023-12-22 for beta-1.76-1
[INFO] running `Command { std: "git" "clone" "/workspace/cache/git-repos/https%3A%2F%2Fgithub.com%2Ftot-truong%2Fpayable-example" "/workspace/builds/worker-4-tc2/source", kill_on_drop: false }`
[INFO] [stderr] Cloning into '/workspace/builds/worker-4-tc2/source'...
[INFO] [stderr] done.
[INFO] validating manifest of git repo https://github.com/tot-truong/payable-example on toolchain beta-2023-12-22
[INFO] running `Command { std: CARGO_HOME="/workspace/cargo-home" RUSTUP_HOME="/workspace/rustup-home" "/workspace/cargo-home/bin/cargo" "+beta-2023-12-22" "metadata" "--manifest-path" "Cargo.toml" "--no-deps", kill_on_drop: false }`
[INFO] removed /workspace/builds/worker-4-tc2/source/.cargo/config
[INFO] started tweaking git repo https://github.com/tot-truong/payable-example
[INFO] finished tweaking git repo https://github.com/tot-truong/payable-example
[INFO] tweaked toml for git repo https://github.com/tot-truong/payable-example written to /workspace/builds/worker-4-tc2/source/Cargo.toml
[INFO] crate git repo https://github.com/tot-truong/payable-example already has a lockfile, it will not be regenerated
[INFO] running `Command { std: CARGO_HOME="/workspace/cargo-home" RUSTUP_HOME="/workspace/rustup-home" "/workspace/cargo-home/bin/cargo" "+beta-2023-12-22" "fetch" "--manifest-path" "Cargo.toml", kill_on_drop: false }`
[INFO] [stderr]     Blocking waiting for file lock on package cache
[INFO] [stderr]     Blocking waiting for file lock on package cache
[INFO] running `Command { std: "docker" "create" "-v" "/var/lib/crater-agent-workspace/builds/worker-4-tc2/target:/opt/rustwide/target:rw,Z" "-v" "/var/lib/crater-agent-workspace/builds/worker-4-tc2/source:/opt/rustwide/workdir:ro,Z" "-v" "/var/lib/crater-agent-workspace/cargo-home:/opt/rustwide/cargo-home:ro,Z" "-v" "/var/lib/crater-agent-workspace/rustup-home:/opt/rustwide/rustup-home:ro,Z" "-e" "SOURCE_DIR=/opt/rustwide/workdir" "-e" "CARGO_TARGET_DIR=/opt/rustwide/target" "-e" "CARGO_HOME=/opt/rustwide/cargo-home" "-e" "RUSTUP_HOME=/opt/rustwide/rustup-home" "-w" "/opt/rustwide/workdir" "-m" "1610612736" "--user" "0:0" "--network" "none" "ghcr.io/rust-lang/crates-build-env/linux@sha256:2788e3201cd34a07e3172128adcd8b3090168a8e3bcc40d7c032b9dda1df7d1c" "/opt/rustwide/cargo-home/bin/cargo" "+beta-2023-12-22" "metadata" "--no-deps" "--format-version=1", kill_on_drop: false }`
[INFO] [stdout] a9b72b45e9061e65d1b39bfdf9576b594a12161d8ebb71e3e1ed600a4cfa1247
[INFO] running `Command { std: "docker" "start" "-a" "a9b72b45e9061e65d1b39bfdf9576b594a12161d8ebb71e3e1ed600a4cfa1247", kill_on_drop: false }`
[INFO] running `Command { std: "docker" "inspect" "a9b72b45e9061e65d1b39bfdf9576b594a12161d8ebb71e3e1ed600a4cfa1247", kill_on_drop: false }`
[INFO] running `Command { std: "docker" "rm" "-f" "a9b72b45e9061e65d1b39bfdf9576b594a12161d8ebb71e3e1ed600a4cfa1247", kill_on_drop: false }`
[INFO] [stdout] a9b72b45e9061e65d1b39bfdf9576b594a12161d8ebb71e3e1ed600a4cfa1247
[INFO] running `Command { std: "docker" "create" "-v" "/var/lib/crater-agent-workspace/builds/worker-4-tc2/target:/opt/rustwide/target:rw,Z" "-v" "/var/lib/crater-agent-workspace/builds/worker-4-tc2/source:/opt/rustwide/workdir:ro,Z" "-v" "/var/lib/crater-agent-workspace/cargo-home:/opt/rustwide/cargo-home:ro,Z" "-v" "/var/lib/crater-agent-workspace/rustup-home:/opt/rustwide/rustup-home:ro,Z" "-e" "SOURCE_DIR=/opt/rustwide/workdir" "-e" "CARGO_TARGET_DIR=/opt/rustwide/target" "-e" "CARGO_INCREMENTAL=0" "-e" "RUST_BACKTRACE=full" "-e" "RUSTFLAGS=--cap-lints=warn" "-e" "RUSTDOCFLAGS=--cap-lints=warn" "-e" "CARGO_HOME=/opt/rustwide/cargo-home" "-e" "RUSTUP_HOME=/opt/rustwide/rustup-home" "-w" "/opt/rustwide/workdir" "-m" "1610612736" "--user" "0:0" "--network" "none" "ghcr.io/rust-lang/crates-build-env/linux@sha256:2788e3201cd34a07e3172128adcd8b3090168a8e3bcc40d7c032b9dda1df7d1c" "/opt/rustwide/cargo-home/bin/cargo" "+beta-2023-12-22" "build" "--frozen" "--message-format=json", kill_on_drop: false }`
[INFO] [stdout] b5c02f3c374d6ecd2d9847bec21bd3686ed737377de38507d62e8716c0d49a98
[INFO] running `Command { std: "docker" "start" "-a" "b5c02f3c374d6ecd2d9847bec21bd3686ed737377de38507d62e8716c0d49a98", kill_on_drop: false }`
[INFO] [stderr]    Compiling typenum v1.15.0
[INFO] [stderr]    Compiling version_check v0.9.4
[INFO] [stderr]    Compiling libc v0.2.126
[INFO] [stderr]    Compiling cfg-if v1.0.0
[INFO] [stderr]    Compiling proc-macro2 v1.0.39
[INFO] [stderr]    Compiling unicode-ident v1.0.0
[INFO] [stderr]    Compiling syn v1.0.95
[INFO] [stderr]    Compiling subtle v2.4.1
[INFO] [stderr]    Compiling zeroize v1.5.5
[INFO] [stderr]    Compiling const-oid v0.7.1
[INFO] [stderr]    Compiling serde_derive v1.0.137
[INFO] [stderr]    Compiling serde v1.0.137
[INFO] [stderr]    Compiling generic-array v0.14.5
[INFO] [stderr]    Compiling der v0.5.1
[INFO] [stderr]    Compiling base64ct v1.5.0
[INFO] [stderr]    Compiling getrandom v0.1.16
[INFO] [stderr]    Compiling byteorder v1.4.3
[INFO] [stderr]    Compiling opaque-debug v0.3.0
[INFO] [stderr]    Compiling base16ct v0.1.1
[INFO] [stderr]    Compiling cpufeatures v0.2.2
[INFO] [stderr]    Compiling hex v0.4.3
[INFO] [stderr]    Compiling crunchy v0.2.2
[INFO] [stderr]    Compiling quote v1.0.18
[INFO] [stderr]    Compiling serde_json v1.0.81
[INFO] [stderr]    Compiling schemars v0.8.9
[INFO] [stderr]    Compiling getrandom v0.2.6
[INFO] [stderr]    Compiling spki v0.5.4
[INFO] [stderr]    Compiling rand_core v0.6.3
[INFO] [stderr]    Compiling pkcs8 v0.8.0
[INFO] [stderr]    Compiling ff v0.11.1
[INFO] [stderr]    Compiling group v0.11.0
[INFO] [stderr]    Compiling itoa v1.0.2
[INFO] [stderr]    Compiling ryu v1.0.10
[INFO] [stderr]    Compiling rand_core v0.5.1
[INFO] [stderr]    Compiling dyn-clone v1.0.5
[INFO] [stderr]    Compiling static_assertions v1.1.0
[INFO] [stderr]    Compiling base64 v0.13.0
[INFO] [stderr]    Compiling forward_ref v1.0.0
[INFO] [stderr]    Compiling uint v0.9.3
[INFO] [stderr]    Compiling digest v0.9.0
[INFO] [stderr]    Compiling crypto-mac v0.11.1
[INFO] [stderr]    Compiling crypto-bigint v0.3.2
[INFO] [stderr]    Compiling sec1 v0.2.1
[INFO] [stderr]    Compiling block-buffer v0.9.0
[INFO] [stderr]    Compiling signature v1.4.0
[INFO] [stderr]    Compiling curve25519-dalek v3.2.0
[INFO] [stderr]    Compiling hmac v0.11.0
[INFO] [stderr]    Compiling sha2 v0.9.9
[INFO] [stderr]    Compiling elliptic-curve v0.11.12
[INFO] [stderr]    Compiling rfc6979 v0.1.0
[INFO] [stderr]    Compiling ecdsa v0.13.4
[INFO] [stderr]    Compiling k256 v0.10.4
[INFO] [stderr]    Compiling serde_derive_internals v0.26.0
[INFO] [stderr]    Compiling thiserror-impl v1.0.31
[INFO] [stderr]    Compiling schemars_derive v0.8.9
[INFO] [stderr]    Compiling cosmwasm-derive v1.0.0
[INFO] [stderr]    Compiling thiserror v1.0.31
[INFO] [stderr]    Compiling ed25519-zebra v3.0.0
[INFO] [stderr]    Compiling serde-json-wasm v0.4.1
[INFO] [stderr]    Compiling cosmwasm-crypto v1.0.0
[INFO] [stderr]    Compiling cosmwasm-std v1.0.0
[INFO] [stderr]    Compiling cw-utils v0.13.4
[INFO] [stderr]    Compiling cw-storage-plus v0.13.2
[INFO] [stderr]    Compiling cosmwasm-storage v1.0.0
[INFO] [stderr]    Compiling cw20 v0.13.4
[INFO] [stderr]    Compiling cw2 v0.13.2
[INFO] [stderr]    Compiling payable-example v0.1.0 (/opt/rustwide/workdir)
[INFO] [stderr]     Finished dev [unoptimized + debuginfo] target(s) in 16.37s
[INFO] running `Command { std: "docker" "inspect" "b5c02f3c374d6ecd2d9847bec21bd3686ed737377de38507d62e8716c0d49a98", kill_on_drop: false }`
[INFO] running `Command { std: "docker" "rm" "-f" "b5c02f3c374d6ecd2d9847bec21bd3686ed737377de38507d62e8716c0d49a98", kill_on_drop: false }`
[INFO] [stdout] b5c02f3c374d6ecd2d9847bec21bd3686ed737377de38507d62e8716c0d49a98
[INFO] running `Command { std: "docker" "create" "-v" "/var/lib/crater-agent-workspace/builds/worker-4-tc2/target:/opt/rustwide/target:rw,Z" "-v" "/var/lib/crater-agent-workspace/builds/worker-4-tc2/source:/opt/rustwide/workdir:ro,Z" "-v" "/var/lib/crater-agent-workspace/cargo-home:/opt/rustwide/cargo-home:ro,Z" "-v" "/var/lib/crater-agent-workspace/rustup-home:/opt/rustwide/rustup-home:ro,Z" "-e" "SOURCE_DIR=/opt/rustwide/workdir" "-e" "CARGO_TARGET_DIR=/opt/rustwide/target" "-e" "CARGO_INCREMENTAL=0" "-e" "RUST_BACKTRACE=full" "-e" "RUSTFLAGS=--cap-lints=warn" "-e" "RUSTDOCFLAGS=--cap-lints=warn" "-e" "CARGO_HOME=/opt/rustwide/cargo-home" "-e" "RUSTUP_HOME=/opt/rustwide/rustup-home" "-w" "/opt/rustwide/workdir" "-m" "1610612736" "--user" "0:0" "--network" "none" "ghcr.io/rust-lang/crates-build-env/linux@sha256:2788e3201cd34a07e3172128adcd8b3090168a8e3bcc40d7c032b9dda1df7d1c" "/opt/rustwide/cargo-home/bin/cargo" "+beta-2023-12-22" "test" "--frozen" "--no-run" "--message-format=json", kill_on_drop: false }`
[INFO] [stdout] 7b533671399630003a4f38e56de32e7191229a365039f2f1aba1aae6df2a59de
[INFO] running `Command { std: "docker" "start" "-a" "7b533671399630003a4f38e56de32e7191229a365039f2f1aba1aae6df2a59de", kill_on_drop: false }`
[INFO] [stderr]    Compiling anyhow v1.0.57
[INFO] [stderr]    Compiling either v1.6.1
[INFO] [stderr]    Compiling bytes v1.1.0
[INFO] [stderr]    Compiling derivative v2.2.0
[INFO] [stderr]    Compiling cosmwasm-schema v1.0.0
[INFO] [stderr]    Compiling itertools v0.10.3
[INFO] [stderr]    Compiling prost-derive v0.9.0
[INFO] [stderr]    Compiling prost v0.9.0
[INFO] [stderr]    Compiling cw-multi-test v0.13.2
[INFO] [stderr]    Compiling payable-example v0.1.0 (/opt/rustwide/workdir)
[INFO] [stdout] warning: unused import: `crate::state`
[INFO] [stdout]    --> src/contract.rs:135:9
[INFO] [stdout]     |
[INFO] [stdout] 135 |     use crate::state;
[INFO] [stdout]     |         ^^^^^^^^^^^^
[INFO] [stdout]     |
[INFO] [stdout]     = note: `#[warn(unused_imports)]` on by default
[INFO] [stdout] 
[INFO] [stdout] 
[INFO] [stdout] warning: 1 warning emitted
[INFO] [stdout] 
[INFO] [stdout] 
[INFO] [stderr]     Finished test [unoptimized + debuginfo] target(s) in 3.69s
[INFO] running `Command { std: "docker" "inspect" "7b533671399630003a4f38e56de32e7191229a365039f2f1aba1aae6df2a59de", kill_on_drop: false }`
[INFO] running `Command { std: "docker" "rm" "-f" "7b533671399630003a4f38e56de32e7191229a365039f2f1aba1aae6df2a59de", kill_on_drop: false }`
[INFO] [stdout] 7b533671399630003a4f38e56de32e7191229a365039f2f1aba1aae6df2a59de
[INFO] running `Command { std: "docker" "create" "-v" "/var/lib/crater-agent-workspace/builds/worker-4-tc2/target:/opt/rustwide/target:rw,Z" "-v" "/var/lib/crater-agent-workspace/builds/worker-4-tc2/source:/opt/rustwide/workdir:ro,Z" "-v" "/var/lib/crater-agent-workspace/cargo-home:/opt/rustwide/cargo-home:ro,Z" "-v" "/var/lib/crater-agent-workspace/rustup-home:/opt/rustwide/rustup-home:ro,Z" "-e" "SOURCE_DIR=/opt/rustwide/workdir" "-e" "CARGO_TARGET_DIR=/opt/rustwide/target" "-e" "CARGO_INCREMENTAL=0" "-e" "RUST_BACKTRACE=full" "-e" "RUSTFLAGS=--cap-lints=warn" "-e" "RUSTDOCFLAGS=--cap-lints=warn" "-e" "CARGO_HOME=/opt/rustwide/cargo-home" "-e" "RUSTUP_HOME=/opt/rustwide/rustup-home" "-w" "/opt/rustwide/workdir" "-m" "1610612736" "--user" "0:0" "--network" "none" "ghcr.io/rust-lang/crates-build-env/linux@sha256:2788e3201cd34a07e3172128adcd8b3090168a8e3bcc40d7c032b9dda1df7d1c" "/opt/rustwide/cargo-home/bin/cargo" "+beta-2023-12-22" "test" "--frozen", kill_on_drop: false }`
[INFO] [stdout] 36cace5e929b9ea3bfdaeae631edf8b9c98a525841ad3aefb5a8b7c74ecedb85
[INFO] running `Command { std: "docker" "start" "-a" "36cace5e929b9ea3bfdaeae631edf8b9c98a525841ad3aefb5a8b7c74ecedb85", kill_on_drop: false }`
[INFO] [stderr] warning: unused import: `crate::state`
[INFO] [stderr]    --> src/contract.rs:135:9
[INFO] [stderr]     |
[INFO] [stderr] 135 |     use crate::state;
[INFO] [stderr]     |         ^^^^^^^^^^^^
[INFO] [stderr]     |
[INFO] [stderr]     = note: `#[warn(unused_imports)]` on by default
[INFO] [stderr] 
[INFO] [stderr] warning: `payable-example` (lib test) generated 1 warning (run `cargo fix --lib -p payable-example --tests` to apply 1 suggestion)
[INFO] [stderr]     Finished test [unoptimized + debuginfo] target(s) in 0.04s
[INFO] [stderr]      Running unittests src/lib.rs (/opt/rustwide/target/debug/deps/payable_example-7fe866ba7683cd8c)
[INFO] [stdout] 
[INFO] [stdout] running 4 tests
[INFO] [stdout] test contract::tests::proper_initialization ... ok
[INFO] [stdout] test contract::tests::reset ... ok
[INFO] [stdout] test contract::tests::increment ... ok
[INFO] [stdout] test integration_tests::tests::count::count ... ok
[INFO] [stdout] 
[INFO] [stdout] test result: ok. 4 passed; 0 failed; 0 ignored; 0 measured; 0 filtered out; finished in 0.00s
[INFO] [stdout] 
[INFO] [stderr]    Doc-tests payable-example
[INFO] [stdout] 
[INFO] [stdout] running 0 tests
[INFO] [stdout] 
[INFO] [stdout] test result: ok. 0 passed; 0 failed; 0 ignored; 0 measured; 0 filtered out; finished in 0.00s
[INFO] [stdout] 
[INFO] running `Command { std: "docker" "inspect" "36cace5e929b9ea3bfdaeae631edf8b9c98a525841ad3aefb5a8b7c74ecedb85", kill_on_drop: false }`
[INFO] running `Command { std: "docker" "rm" "-f" "36cace5e929b9ea3bfdaeae631edf8b9c98a525841ad3aefb5a8b7c74ecedb85", kill_on_drop: false }`
[INFO] [stdout] 36cace5e929b9ea3bfdaeae631edf8b9c98a525841ad3aefb5a8b7c74ecedb85
