[INFO] cloning repository https://github.com/tonygoold/awspolicy
[INFO] running `Command { std: "git" "-c" "credential.helper=" "-c" "credential.helper=/workspace/cargo-home/bin/git-credential-null" "clone" "--bare" "https://github.com/tonygoold/awspolicy" "/workspace/cache/git-repos/https%3A%2F%2Fgithub.com%2Ftonygoold%2Fawspolicy", kill_on_drop: false }`
[INFO] [stderr] Cloning into bare repository '/workspace/cache/git-repos/https%3A%2F%2Fgithub.com%2Ftonygoold%2Fawspolicy'...
[INFO] running `Command { std: "git" "rev-parse" "HEAD", kill_on_drop: false }`
[INFO] [stdout] 37fb719d3d5537579aa12f58ce982c0f060c550f
[INFO] testing tonygoold/awspolicy against 1.75.0 for beta-1.76-1
[INFO] running `Command { std: "git" "clone" "/workspace/cache/git-repos/https%3A%2F%2Fgithub.com%2Ftonygoold%2Fawspolicy" "/workspace/builds/worker-7-tc1/source", kill_on_drop: false }`
[INFO] [stderr] Cloning into '/workspace/builds/worker-7-tc1/source'...
[INFO] [stderr] done.
[INFO] validating manifest of git repo https://github.com/tonygoold/awspolicy on toolchain 1.75.0
[INFO] running `Command { std: CARGO_HOME="/workspace/cargo-home" RUSTUP_HOME="/workspace/rustup-home" "/workspace/cargo-home/bin/cargo" "+1.75.0" "metadata" "--manifest-path" "Cargo.toml" "--no-deps", kill_on_drop: false }`
[INFO] started tweaking git repo https://github.com/tonygoold/awspolicy
[INFO] finished tweaking git repo https://github.com/tonygoold/awspolicy
[INFO] tweaked toml for git repo https://github.com/tonygoold/awspolicy written to /workspace/builds/worker-7-tc1/source/Cargo.toml
[INFO] crate git repo https://github.com/tonygoold/awspolicy already has a lockfile, it will not be regenerated
[INFO] running `Command { std: CARGO_HOME="/workspace/cargo-home" RUSTUP_HOME="/workspace/rustup-home" "/workspace/cargo-home/bin/cargo" "+1.75.0" "fetch" "--manifest-path" "Cargo.toml", kill_on_drop: false }`
[INFO] [stderr]     Blocking waiting for file lock on package cache
[ERROR] error running command: no output for 300 seconds
[ERROR] this task or one of its parent failed!
[ERROR] no output for 300 seconds
[ERROR] note: run with `RUST_BACKTRACE=1` to display a backtrace.
[INFO] testing tonygoold/awspolicy against beta-2023-12-22 for beta-1.76-1
[INFO] running `Command { std: "git" "clone" "/workspace/cache/git-repos/https%3A%2F%2Fgithub.com%2Ftonygoold%2Fawspolicy" "/workspace/builds/worker-7-tc2/source", kill_on_drop: false }`
[INFO] [stderr] Cloning into '/workspace/builds/worker-7-tc2/source'...
[INFO] [stderr] done.
[INFO] validating manifest of git repo https://github.com/tonygoold/awspolicy on toolchain beta-2023-12-22
[INFO] running `Command { std: CARGO_HOME="/workspace/cargo-home" RUSTUP_HOME="/workspace/rustup-home" "/workspace/cargo-home/bin/cargo" "+beta-2023-12-22" "metadata" "--manifest-path" "Cargo.toml" "--no-deps", kill_on_drop: false }`
[INFO] started tweaking git repo https://github.com/tonygoold/awspolicy
[INFO] finished tweaking git repo https://github.com/tonygoold/awspolicy
[INFO] tweaked toml for git repo https://github.com/tonygoold/awspolicy written to /workspace/builds/worker-7-tc2/source/Cargo.toml
[INFO] crate git repo https://github.com/tonygoold/awspolicy already has a lockfile, it will not be regenerated
[INFO] running `Command { std: CARGO_HOME="/workspace/cargo-home" RUSTUP_HOME="/workspace/rustup-home" "/workspace/cargo-home/bin/cargo" "+beta-2023-12-22" "fetch" "--manifest-path" "Cargo.toml", kill_on_drop: false }`
[INFO] [stderr]     Blocking waiting for file lock on package cache
[INFO] [stderr]     Blocking waiting for file lock on package cache
[INFO] running `Command { std: "docker" "create" "-v" "/var/lib/crater-agent-workspace/builds/worker-7-tc2/target:/opt/rustwide/target:rw,Z" "-v" "/var/lib/crater-agent-workspace/builds/worker-7-tc2/source:/opt/rustwide/workdir:ro,Z" "-v" "/var/lib/crater-agent-workspace/cargo-home:/opt/rustwide/cargo-home:ro,Z" "-v" "/var/lib/crater-agent-workspace/rustup-home:/opt/rustwide/rustup-home:ro,Z" "-e" "SOURCE_DIR=/opt/rustwide/workdir" "-e" "CARGO_TARGET_DIR=/opt/rustwide/target" "-e" "CARGO_HOME=/opt/rustwide/cargo-home" "-e" "RUSTUP_HOME=/opt/rustwide/rustup-home" "-w" "/opt/rustwide/workdir" "-m" "1610612736" "--user" "0:0" "--network" "none" "ghcr.io/rust-lang/crates-build-env/linux@sha256:2788e3201cd34a07e3172128adcd8b3090168a8e3bcc40d7c032b9dda1df7d1c" "/opt/rustwide/cargo-home/bin/cargo" "+beta-2023-12-22" "metadata" "--no-deps" "--format-version=1", kill_on_drop: false }`
[INFO] [stdout] e8f603e93e00ebf2f9c73f3b57b41680f2df398003c5d3742c63cf5dbf3522b2
[INFO] running `Command { std: "docker" "start" "-a" "e8f603e93e00ebf2f9c73f3b57b41680f2df398003c5d3742c63cf5dbf3522b2", kill_on_drop: false }`
[INFO] running `Command { std: "docker" "inspect" "e8f603e93e00ebf2f9c73f3b57b41680f2df398003c5d3742c63cf5dbf3522b2", kill_on_drop: false }`
[INFO] running `Command { std: "docker" "rm" "-f" "e8f603e93e00ebf2f9c73f3b57b41680f2df398003c5d3742c63cf5dbf3522b2", kill_on_drop: false }`
[INFO] [stdout] e8f603e93e00ebf2f9c73f3b57b41680f2df398003c5d3742c63cf5dbf3522b2
[INFO] running `Command { std: "docker" "create" "-v" "/var/lib/crater-agent-workspace/builds/worker-7-tc2/target:/opt/rustwide/target:rw,Z" "-v" "/var/lib/crater-agent-workspace/builds/worker-7-tc2/source:/opt/rustwide/workdir:ro,Z" "-v" "/var/lib/crater-agent-workspace/cargo-home:/opt/rustwide/cargo-home:ro,Z" "-v" "/var/lib/crater-agent-workspace/rustup-home:/opt/rustwide/rustup-home:ro,Z" "-e" "SOURCE_DIR=/opt/rustwide/workdir" "-e" "CARGO_TARGET_DIR=/opt/rustwide/target" "-e" "CARGO_INCREMENTAL=0" "-e" "RUST_BACKTRACE=full" "-e" "RUSTFLAGS=--cap-lints=warn" "-e" "RUSTDOCFLAGS=--cap-lints=warn" "-e" "CARGO_HOME=/opt/rustwide/cargo-home" "-e" "RUSTUP_HOME=/opt/rustwide/rustup-home" "-w" "/opt/rustwide/workdir" "-m" "1610612736" "--user" "0:0" "--network" "none" "ghcr.io/rust-lang/crates-build-env/linux@sha256:2788e3201cd34a07e3172128adcd8b3090168a8e3bcc40d7c032b9dda1df7d1c" "/opt/rustwide/cargo-home/bin/cargo" "+beta-2023-12-22" "build" "--frozen" "--message-format=json", kill_on_drop: false }`
[INFO] [stdout] 3e178821c0cc25735ffa90b93bb5bb7b3578aa5f3a7297c70582370a2a5157a0
[INFO] running `Command { std: "docker" "start" "-a" "3e178821c0cc25735ffa90b93bb5bb7b3578aa5f3a7297c70582370a2a5157a0", kill_on_drop: false }`
[INFO] [stderr]    Compiling autocfg v1.1.0
[INFO] [stderr]    Compiling proc-macro2 v1.0.40
[INFO] [stderr]    Compiling version_check v0.9.4
[INFO] [stderr]    Compiling quote v1.0.20
[INFO] [stderr]    Compiling unicode-ident v1.0.2
[INFO] [stderr]    Compiling libc v0.2.126
[INFO] [stderr]    Compiling syn v1.0.98
[INFO] [stderr]    Compiling memchr v2.5.0
[INFO] [stderr]    Compiling serde v1.0.139
[INFO] [stderr]    Compiling anyhow v1.0.58
[INFO] [stderr]    Compiling os_str_bytes v6.2.0
[INFO] [stderr]    Compiling heck v0.4.0
[INFO] [stderr]    Compiling hashbrown v0.12.3
[INFO] [stderr]    Compiling strsim v0.10.0
[INFO] [stderr]    Compiling termcolor v1.1.3
[INFO] [stderr]    Compiling once_cell v1.13.0
[INFO] [stderr]    Compiling regex-syntax v0.6.27
[INFO] [stderr]    Compiling clap_lex v0.2.4
[INFO] [stderr]    Compiling bitflags v1.3.2
[INFO] [stderr]    Compiling textwrap v0.15.0
[INFO] [stderr]    Compiling json v0.12.4
[INFO] [stderr]    Compiling base64 v0.13.0
[INFO] [stderr]    Compiling proc-macro-error-attr v1.0.4
[INFO] [stderr]    Compiling num-traits v0.2.15
[INFO] [stderr]    Compiling proc-macro-error v1.0.4
[INFO] [stderr]    Compiling num-integer v0.1.45
[INFO] [stderr]    Compiling indexmap v1.9.1
[INFO] [stderr]    Compiling aho-corasick v0.7.18
[INFO] [stderr]    Compiling atty v0.2.14
[INFO] [stderr]    Compiling time v0.1.44
[INFO] [stderr]    Compiling chrono v0.4.19
[INFO] [stderr]    Compiling regex v1.6.0
[INFO] [stderr]    Compiling ipnetwork v0.20.0
[INFO] [stderr]    Compiling clap_derive v3.2.7
[INFO] [stderr]    Compiling clap v3.2.12
[INFO] [stderr]    Compiling awspolicy v0.1.0 (/opt/rustwide/workdir)
[INFO] [stderr]     Finished dev [unoptimized + debuginfo] target(s) in 14.12s
[INFO] running `Command { std: "docker" "inspect" "3e178821c0cc25735ffa90b93bb5bb7b3578aa5f3a7297c70582370a2a5157a0", kill_on_drop: false }`
[INFO] running `Command { std: "docker" "rm" "-f" "3e178821c0cc25735ffa90b93bb5bb7b3578aa5f3a7297c70582370a2a5157a0", kill_on_drop: false }`
[INFO] [stdout] 3e178821c0cc25735ffa90b93bb5bb7b3578aa5f3a7297c70582370a2a5157a0
[INFO] running `Command { std: "docker" "create" "-v" "/var/lib/crater-agent-workspace/builds/worker-7-tc2/target:/opt/rustwide/target:rw,Z" "-v" "/var/lib/crater-agent-workspace/builds/worker-7-tc2/source:/opt/rustwide/workdir:ro,Z" "-v" "/var/lib/crater-agent-workspace/cargo-home:/opt/rustwide/cargo-home:ro,Z" "-v" "/var/lib/crater-agent-workspace/rustup-home:/opt/rustwide/rustup-home:ro,Z" "-e" "SOURCE_DIR=/opt/rustwide/workdir" "-e" "CARGO_TARGET_DIR=/opt/rustwide/target" "-e" "CARGO_INCREMENTAL=0" "-e" "RUST_BACKTRACE=full" "-e" "RUSTFLAGS=--cap-lints=warn" "-e" "RUSTDOCFLAGS=--cap-lints=warn" "-e" "CARGO_HOME=/opt/rustwide/cargo-home" "-e" "RUSTUP_HOME=/opt/rustwide/rustup-home" "-w" "/opt/rustwide/workdir" "-m" "1610612736" "--user" "0:0" "--network" "none" "ghcr.io/rust-lang/crates-build-env/linux@sha256:2788e3201cd34a07e3172128adcd8b3090168a8e3bcc40d7c032b9dda1df7d1c" "/opt/rustwide/cargo-home/bin/cargo" "+beta-2023-12-22" "test" "--frozen" "--no-run" "--message-format=json", kill_on_drop: false }`
[INFO] [stdout] 5ceec805fc0d6ae13dc5f77af960e85fd33be6c54697581bc23262704c3b165d
[INFO] running `Command { std: "docker" "start" "-a" "5ceec805fc0d6ae13dc5f77af960e85fd33be6c54697581bc23262704c3b165d", kill_on_drop: false }`
[INFO] [stderr]    Compiling awspolicy v0.1.0 (/opt/rustwide/workdir)
[INFO] [stderr]     Finished test [unoptimized + debuginfo] target(s) in 1.26s
[INFO] running `Command { std: "docker" "inspect" "5ceec805fc0d6ae13dc5f77af960e85fd33be6c54697581bc23262704c3b165d", kill_on_drop: false }`
[INFO] running `Command { std: "docker" "rm" "-f" "5ceec805fc0d6ae13dc5f77af960e85fd33be6c54697581bc23262704c3b165d", kill_on_drop: false }`
[INFO] [stdout] 5ceec805fc0d6ae13dc5f77af960e85fd33be6c54697581bc23262704c3b165d
[INFO] running `Command { std: "docker" "create" "-v" "/var/lib/crater-agent-workspace/builds/worker-7-tc2/target:/opt/rustwide/target:rw,Z" "-v" "/var/lib/crater-agent-workspace/builds/worker-7-tc2/source:/opt/rustwide/workdir:ro,Z" "-v" "/var/lib/crater-agent-workspace/cargo-home:/opt/rustwide/cargo-home:ro,Z" "-v" "/var/lib/crater-agent-workspace/rustup-home:/opt/rustwide/rustup-home:ro,Z" "-e" "SOURCE_DIR=/opt/rustwide/workdir" "-e" "CARGO_TARGET_DIR=/opt/rustwide/target" "-e" "CARGO_INCREMENTAL=0" "-e" "RUST_BACKTRACE=full" "-e" "RUSTFLAGS=--cap-lints=warn" "-e" "RUSTDOCFLAGS=--cap-lints=warn" "-e" "CARGO_HOME=/opt/rustwide/cargo-home" "-e" "RUSTUP_HOME=/opt/rustwide/rustup-home" "-w" "/opt/rustwide/workdir" "-m" "1610612736" "--user" "0:0" "--network" "none" "ghcr.io/rust-lang/crates-build-env/linux@sha256:2788e3201cd34a07e3172128adcd8b3090168a8e3bcc40d7c032b9dda1df7d1c" "/opt/rustwide/cargo-home/bin/cargo" "+beta-2023-12-22" "test" "--frozen", kill_on_drop: false }`
[INFO] [stdout] 8289e080346096faf1374411c008d547bb3593898e8e011543869c76972d2c06
[INFO] running `Command { std: "docker" "start" "-a" "8289e080346096faf1374411c008d547bb3593898e8e011543869c76972d2c06", kill_on_drop: false }`
[INFO] [stderr]     Finished test [unoptimized + debuginfo] target(s) in 0.03s
[INFO] [stderr]      Running unittests src/lib.rs (/opt/rustwide/target/debug/deps/awspolicy-b270bc0918779c1e)
[INFO] [stdout] 
[INFO] [stdout] running 42 tests
[INFO] [stdout] test aws::arn::test::parse_with_globs ... ok
[INFO] [stdout] test aws::arn::test::parse_with_resource_colons ... ok
[INFO] [stdout] test aws::glob::test::test_literal ... ok
[INFO] [stdout] test aws::arn::test::parse_empty_portions ... ok
[INFO] [stdout] test aws::arn::test::parse_fully_specified ... ok
[INFO] [stdout] test aws::glob::test::test_literal_pattern ... ok
[INFO] [stdout] test aws::glob::test::test_multi_wildcard_pattern ... ok
[INFO] [stdout] test aws::glob::test::test_single_wildcard_pattern ... ok
[INFO] [stdout] test policy::condition::nullable::test::expect_evaluates_operator ... ok
[INFO] [stdout] test policy::condition::nullable::test::expect_is_required ... ok
[INFO] [stdout] test policy::condition::nullable::test::if_exists_evaluates_operator ... ok
[INFO] [stdout] test policy::condition::nullable::test::if_exists_is_optional ... ok
[INFO] [stdout] test aws::glob::test::test_single_wildcard ... ok
[INFO] [stdout] test policy::condition::nullable::test::is_null_checks_existence ... ok
[INFO] [stdout] test policy::condition::quantifier::test::forall_empty ... ok
[INFO] [stdout] test aws::glob::test::test_multi_wildcard ... ok
[INFO] [stdout] test policy::condition::quantifier::test::forall_multi_targets_all ... ok
[INFO] [stdout] test policy::condition::quantifier::test::forall_single_target_all ... ok
[INFO] [stdout] test policy::condition::quantifier::test::forall_multi_targets_not_all ... ok
[INFO] [stdout] test policy::condition::quantifier::test::forall_single_target_not_all ... ok
[INFO] [stdout] test policy::condition::quantifier::test::forany_empty ... ok
[INFO] [stdout] test policy::condition::quantifier::test::forany_multi_target_none ... ok
[INFO] [stdout] test policy::condition::quantifier::test::forany_single_target_none ... ok
[INFO] [stdout] test policy::condition::quantifier::test::forany_multi_target_some ... ok
[INFO] [stdout] test policy::condition::quantifier::test::null_checks_empty ... ok
[INFO] [stdout] test policy::condition::quantifier::test::forany_single_target_some ... ok
[INFO] [stdout] test policy::condition::quantifier::test::null_takes_single_target ... ok
[INFO] [stdout] test policy::condition::test::condition_list_string_equals ... ok
[INFO] [stdout] test policy::condition::test::op_binary_equals ... ok
[INFO] [stdout] test policy::condition::test::op_binary_invalid ... ok
[INFO] [stdout] test policy::condition::test::op_bool_equals ... ok
[INFO] [stdout] test policy::condition::test::op_bool_invalid ... ok
[INFO] [stdout] test policy::condition::test::op_date_invalid ... ok
[INFO] [stdout] test policy::condition::test::op_ipaddress ... ok
[INFO] [stdout] test policy::condition::test::op_num_invalid ... ok
[INFO] [stdout] test policy::condition::test::op_num_compare ... ok
[INFO] [stdout] test policy::condition::test::op_date_compare ... ok
[INFO] [stdout] test policy::condition::test::op_ipaddress_invalid ... ok
[INFO] [stdout] test policy::condition::test::op_string_equals ... ok
[INFO] [stdout] test policy::condition::test::op_string_equals_ignore_case ... ok
[INFO] [stdout] test policy::condition::test::op_string_like ... ok
[INFO] [stdout] test policy::condition::test::op_arn ... ok
[INFO] [stdout] 
[INFO] [stdout] test result: ok. 42 passed; 0 failed; 0 ignored; 0 measured; 0 filtered out; finished in 0.01s
[INFO] [stdout] 
[INFO] [stderr]      Running unittests src/main.rs (/opt/rustwide/target/debug/deps/awspolicy-9ed8e71c6740cfcf)
[INFO] [stdout] 
[INFO] [stdout] running 0 tests
[INFO] [stdout] 
[INFO] [stdout] test result: ok. 0 passed; 0 failed; 0 ignored; 0 measured; 0 filtered out; finished in 0.00s
[INFO] [stdout] 
[INFO] [stderr]    Doc-tests awspolicy
[INFO] [stdout] 
[INFO] [stdout] running 0 tests
[INFO] [stdout] 
[INFO] [stdout] test result: ok. 0 passed; 0 failed; 0 ignored; 0 measured; 0 filtered out; finished in 0.00s
[INFO] [stdout] 
[INFO] running `Command { std: "docker" "inspect" "8289e080346096faf1374411c008d547bb3593898e8e011543869c76972d2c06", kill_on_drop: false }`
[INFO] running `Command { std: "docker" "rm" "-f" "8289e080346096faf1374411c008d547bb3593898e8e011543869c76972d2c06", kill_on_drop: false }`
[INFO] [stdout] 8289e080346096faf1374411c008d547bb3593898e8e011543869c76972d2c06
