[INFO] cloning repository https://github.com/tontinton/dbeel
[INFO] running `Command { std: "git" "-c" "credential.helper=" "-c" "credential.helper=/workspace/cargo-home/bin/git-credential-null" "clone" "--bare" "https://github.com/tontinton/dbeel" "/workspace/cache/git-repos/https%3A%2F%2Fgithub.com%2Ftontinton%2Fdbeel", kill_on_drop: false }`
[INFO] [stderr] Cloning into bare repository '/workspace/cache/git-repos/https%3A%2F%2Fgithub.com%2Ftontinton%2Fdbeel'...
[INFO] running `Command { std: "git" "rev-parse" "HEAD", kill_on_drop: false }`
[INFO] [stdout] 1b8643456909ed2cd207e80a2e49a1b72e51daba
[INFO] testing tontinton/dbeel against 1.75.0 for beta-1.76-1
[INFO] running `Command { std: "git" "clone" "/workspace/cache/git-repos/https%3A%2F%2Fgithub.com%2Ftontinton%2Fdbeel" "/workspace/builds/worker-1-tc1/source", kill_on_drop: false }`
[INFO] [stderr] Cloning into '/workspace/builds/worker-1-tc1/source'...
[INFO] [stderr] done.
[INFO] validating manifest of git repo https://github.com/tontinton/dbeel on toolchain 1.75.0
[INFO] running `Command { std: CARGO_HOME="/workspace/cargo-home" RUSTUP_HOME="/workspace/rustup-home" "/workspace/cargo-home/bin/cargo" "+1.75.0" "metadata" "--manifest-path" "Cargo.toml" "--no-deps", kill_on_drop: false }`
[INFO] started tweaking git repo https://github.com/tontinton/dbeel
[INFO] finished tweaking git repo https://github.com/tontinton/dbeel
[INFO] tweaked toml for git repo https://github.com/tontinton/dbeel written to /workspace/builds/worker-1-tc1/source/Cargo.toml
[INFO] crate git repo https://github.com/tontinton/dbeel already has a lockfile, it will not be regenerated
[INFO] running `Command { std: CARGO_HOME="/workspace/cargo-home" RUSTUP_HOME="/workspace/rustup-home" "/workspace/cargo-home/bin/cargo" "+1.75.0" "fetch" "--manifest-path" "Cargo.toml", kill_on_drop: false }`
[INFO] [stderr]     Blocking waiting for file lock on package cache
[ERROR] error running command: no output for 300 seconds
[ERROR] this task or one of its parent failed!
[ERROR] no output for 300 seconds
[ERROR] note: run with `RUST_BACKTRACE=1` to display a backtrace.
[INFO] testing tontinton/dbeel against beta-2023-12-22 for beta-1.76-1
[INFO] running `Command { std: "git" "clone" "/workspace/cache/git-repos/https%3A%2F%2Fgithub.com%2Ftontinton%2Fdbeel" "/workspace/builds/worker-1-tc2/source", kill_on_drop: false }`
[INFO] [stderr] Cloning into '/workspace/builds/worker-1-tc2/source'...
[INFO] [stderr] done.
[INFO] validating manifest of git repo https://github.com/tontinton/dbeel on toolchain beta-2023-12-22
[INFO] running `Command { std: CARGO_HOME="/workspace/cargo-home" RUSTUP_HOME="/workspace/rustup-home" "/workspace/cargo-home/bin/cargo" "+beta-2023-12-22" "metadata" "--manifest-path" "Cargo.toml" "--no-deps", kill_on_drop: false }`
[INFO] started tweaking git repo https://github.com/tontinton/dbeel
[INFO] finished tweaking git repo https://github.com/tontinton/dbeel
[INFO] tweaked toml for git repo https://github.com/tontinton/dbeel written to /workspace/builds/worker-1-tc2/source/Cargo.toml
[INFO] crate git repo https://github.com/tontinton/dbeel already has a lockfile, it will not be regenerated
[INFO] running `Command { std: CARGO_HOME="/workspace/cargo-home" RUSTUP_HOME="/workspace/rustup-home" "/workspace/cargo-home/bin/cargo" "+beta-2023-12-22" "fetch" "--manifest-path" "Cargo.toml", kill_on_drop: false }`
[INFO] [stderr]     Blocking waiting for file lock on package cache
[INFO] [stderr]     Updating git repository `https://github.com/tontinton/glommio.git`
[INFO] [stderr]     Updating git submodule `git://git.kernel.dk/liburing`
[INFO] [stderr]     Updating crates.io index
[INFO] [stderr]     Blocking waiting for file lock on package cache
[ERROR] error running command: no output for 300 seconds
[INFO] testing tontinton/dbeel against beta-2023-12-22 for beta-1.76-1
[INFO] running `Command { std: "git" "clone" "/workspace/cache/git-repos/https%3A%2F%2Fgithub.com%2Ftontinton%2Fdbeel" "/workspace/builds/worker-1-tc2/source", kill_on_drop: false }`
[INFO] [stderr] Cloning into '/workspace/builds/worker-1-tc2/source'...
[INFO] [stderr] done.
[INFO] validating manifest of git repo https://github.com/tontinton/dbeel on toolchain beta-2023-12-22
[INFO] running `Command { std: CARGO_HOME="/workspace/cargo-home" RUSTUP_HOME="/workspace/rustup-home" "/workspace/cargo-home/bin/cargo" "+beta-2023-12-22" "metadata" "--manifest-path" "Cargo.toml" "--no-deps", kill_on_drop: false }`
[INFO] started tweaking git repo https://github.com/tontinton/dbeel
[INFO] finished tweaking git repo https://github.com/tontinton/dbeel
[INFO] tweaked toml for git repo https://github.com/tontinton/dbeel written to /workspace/builds/worker-1-tc2/source/Cargo.toml
[INFO] crate git repo https://github.com/tontinton/dbeel already has a lockfile, it will not be regenerated
[INFO] running `Command { std: CARGO_HOME="/workspace/cargo-home" RUSTUP_HOME="/workspace/rustup-home" "/workspace/cargo-home/bin/cargo" "+beta-2023-12-22" "fetch" "--manifest-path" "Cargo.toml", kill_on_drop: false }`
[INFO] [stderr]     Blocking waiting for file lock on package cache
[INFO] [stderr]     Blocking waiting for file lock on package cache
[INFO] [stderr]  Downloading crates ...
[INFO] [stderr]   Downloaded primeorder v0.13.3
[INFO] [stderr]   Downloaded count-min-sketch v0.1.7
[INFO] [stderr]   Downloaded async-rwlock v1.3.0
[INFO] [stderr]   Downloaded wtinylfu v0.1.0
[INFO] [stderr]   Downloaded bloomfilter v1.0.12
[INFO] [stderr]   Downloaded rpm v0.12.1
[INFO] running `Command { std: "docker" "create" "-v" "/var/lib/crater-agent-workspace/builds/worker-1-tc2/target:/opt/rustwide/target:rw,Z" "-v" "/var/lib/crater-agent-workspace/builds/worker-1-tc2/source:/opt/rustwide/workdir:ro,Z" "-v" "/var/lib/crater-agent-workspace/cargo-home:/opt/rustwide/cargo-home:ro,Z" "-v" "/var/lib/crater-agent-workspace/rustup-home:/opt/rustwide/rustup-home:ro,Z" "-e" "SOURCE_DIR=/opt/rustwide/workdir" "-e" "CARGO_TARGET_DIR=/opt/rustwide/target" "-e" "CARGO_HOME=/opt/rustwide/cargo-home" "-e" "RUSTUP_HOME=/opt/rustwide/rustup-home" "-w" "/opt/rustwide/workdir" "-m" "1610612736" "--user" "0:0" "--network" "none" "ghcr.io/rust-lang/crates-build-env/linux@sha256:2788e3201cd34a07e3172128adcd8b3090168a8e3bcc40d7c032b9dda1df7d1c" "/opt/rustwide/cargo-home/bin/cargo" "+beta-2023-12-22" "metadata" "--no-deps" "--format-version=1", kill_on_drop: false }`
[INFO] [stdout] 36a60d7579fede32b8029e9ea88d221561e1fbccb696bff017209b94cd609ebc
[INFO] running `Command { std: "docker" "start" "-a" "36a60d7579fede32b8029e9ea88d221561e1fbccb696bff017209b94cd609ebc", kill_on_drop: false }`
[INFO] running `Command { std: "docker" "inspect" "36a60d7579fede32b8029e9ea88d221561e1fbccb696bff017209b94cd609ebc", kill_on_drop: false }`
[INFO] running `Command { std: "docker" "rm" "-f" "36a60d7579fede32b8029e9ea88d221561e1fbccb696bff017209b94cd609ebc", kill_on_drop: false }`
[INFO] [stdout] 36a60d7579fede32b8029e9ea88d221561e1fbccb696bff017209b94cd609ebc
[INFO] running `Command { std: "docker" "create" "-v" "/var/lib/crater-agent-workspace/builds/worker-1-tc2/target:/opt/rustwide/target:rw,Z" "-v" "/var/lib/crater-agent-workspace/builds/worker-1-tc2/source:/opt/rustwide/workdir:ro,Z" "-v" "/var/lib/crater-agent-workspace/cargo-home:/opt/rustwide/cargo-home:ro,Z" "-v" "/var/lib/crater-agent-workspace/rustup-home:/opt/rustwide/rustup-home:ro,Z" "-e" "SOURCE_DIR=/opt/rustwide/workdir" "-e" "CARGO_TARGET_DIR=/opt/rustwide/target" "-e" "CARGO_INCREMENTAL=0" "-e" "RUST_BACKTRACE=full" "-e" "RUSTFLAGS=--cap-lints=warn" "-e" "RUSTDOCFLAGS=--cap-lints=warn" "-e" "CARGO_HOME=/opt/rustwide/cargo-home" "-e" "RUSTUP_HOME=/opt/rustwide/rustup-home" "-w" "/opt/rustwide/workdir" "-m" "1610612736" "--user" "0:0" "--network" "none" "ghcr.io/rust-lang/crates-build-env/linux@sha256:2788e3201cd34a07e3172128adcd8b3090168a8e3bcc40d7c032b9dda1df7d1c" "/opt/rustwide/cargo-home/bin/cargo" "+beta-2023-12-22" "build" "--frozen" "--message-format=json", kill_on_drop: false }`
[INFO] [stdout] 5a60a0e5d115330cb7b585cdedfff24e7f7dcf9dfba144b297f1325fa8584773
[INFO] running `Command { std: "docker" "start" "-a" "5a60a0e5d115330cb7b585cdedfff24e7f7dcf9dfba144b297f1325fa8584773", kill_on_drop: false }`
[INFO] [stderr]    Compiling proc-macro2 v1.0.69
[INFO] [stderr]    Compiling unicode-ident v1.0.12
[INFO] [stderr]    Compiling autocfg v1.1.0
[INFO] [stderr]    Compiling libc v0.2.149
[INFO] [stderr]    Compiling cfg-if v1.0.0
[INFO] [stderr]    Compiling memchr v2.6.4
[INFO] [stderr]    Compiling crossbeam-utils v0.8.16
[INFO] [stderr]    Compiling serde v1.0.190
[INFO] [stderr]    Compiling futures-core v0.3.29
[INFO] [stderr]    Compiling scopeguard v1.2.0
[INFO] [stderr]    Compiling once_cell v1.18.0
[INFO] [stderr]    Compiling version_check v0.9.4
[INFO] [stderr]    Compiling futures-sink v0.3.29
[INFO] [stderr]    Compiling pin-project-lite v0.2.13
[INFO] [stderr]    Compiling paste v1.0.14
[INFO] [stderr]    Compiling futures-channel v0.3.29
[INFO] [stderr]    Compiling futures-task v0.3.29
[INFO] [stderr]    Compiling futures-io v0.3.29
[INFO] [stderr]    Compiling regex-syntax v0.8.2
[INFO] [stderr]    Compiling utf8parse v0.2.1
[INFO] [stderr]    Compiling ppv-lite86 v0.2.17
[INFO] [stderr]    Compiling futures-util v0.3.29
[INFO] [stderr]    Compiling crossbeam-queue v0.3.8
[INFO] [stderr]    Compiling anstyle-parse v0.2.2
[INFO] [stderr]    Compiling adler v1.0.2
[INFO] [stderr]    Compiling ahash v0.7.7
[INFO] [stderr]    Compiling memoffset v0.9.0
[INFO] [stderr]    Compiling slab v0.4.9
[INFO] [stderr]    Compiling crossbeam-epoch v0.9.15
[INFO] [stderr]    Compiling lock_api v0.4.11
[INFO] [stderr]    Compiling num-traits v0.2.17
[INFO] [stderr]    Compiling memoffset v0.6.5
[INFO] [stderr]    Compiling quote v1.0.33
[INFO] [stderr]    Compiling aho-corasick v1.1.2
[INFO] [stderr]    Compiling quick-error v1.2.3
[INFO] [stderr]    Compiling byteorder v1.5.0
[INFO] [stderr]    Compiling anstyle-query v1.0.0
[INFO] [stderr]    Compiling syn v2.0.38
[INFO] [stderr]    Compiling colorchoice v1.0.0
[INFO] [stderr]    Compiling gimli v0.28.0
[INFO] [stderr]    Compiling anstyle v1.0.4
[INFO] [stderr]    Compiling typenum v1.17.0
[INFO] [stderr]    Compiling pin-utils v0.1.0
[INFO] [stderr]    Compiling thiserror v1.0.50
[INFO] [stderr]    Compiling signal-hook v0.3.17
[INFO] [stderr]    Compiling log v0.4.20
[INFO] [stderr]    Compiling unicode-segmentation v1.10.1
[INFO] [stderr]    Compiling cc v1.0.83
[INFO] [stderr]    Compiling anstream v0.6.4
[INFO] [stderr]    Compiling spin v0.9.8
[INFO] [stderr]    Compiling humantime v1.3.0
[INFO] [stderr]    Compiling crossbeam-channel v0.5.8
[INFO] [stderr]    Compiling crossbeam-deque v0.8.3
[INFO] [stderr]    Compiling object v0.32.1
[INFO] [stderr]    Compiling convert_case v0.6.0
[INFO] [stderr]    Compiling miniz_oxide v0.7.1
[INFO] [stderr]    Compiling tracing-core v0.1.32
[INFO] [stderr]    Compiling rustc-demangle v0.1.23
[INFO] [stderr]    Compiling waker-fn v1.1.1
[INFO] [stderr]    Compiling fastrand v1.9.0
[INFO] [stderr]    Compiling clap_lex v0.6.0
[INFO] [stderr]    Compiling regex-automata v0.4.3
[INFO] [stderr]    Compiling termcolor v1.3.0
[INFO] [stderr]    Compiling cache-padded v1.3.0
[INFO] [stderr]    Compiling strsim v0.10.0
[INFO] [stderr]    Compiling owned-alloc v0.2.0
[INFO] [stderr]    Compiling heck v0.4.1
[INFO] [stderr]    Compiling parking v2.2.0
[INFO] [stderr]    Compiling bitflags v1.3.2
[INFO] [stderr]    Compiling powerfmt v0.2.0
[INFO] [stderr]    Compiling siphasher v0.3.11
[INFO] [stderr]    Compiling lockfree v0.5.1
[INFO] [stderr]    Compiling getrandom v0.2.10
[INFO] [stderr]    Compiling atty v0.2.14
[INFO] [stderr]    Compiling rand_core v0.6.4
[INFO] [stderr]    Compiling nanorand v0.7.0
[INFO] [stderr]    Compiling signal-hook-registry v1.4.1
[INFO] [stderr]    Compiling rmp v0.8.12
[INFO] [stderr]    Compiling rand_chacha v0.3.1
[INFO] [stderr]    Compiling hashbrown v0.12.3
[INFO] [stderr]    Compiling nix v0.23.2
[INFO] [stderr]    Compiling socket2 v0.4.10
[INFO] [stderr]    Compiling rlimit v0.6.2
[INFO] [stderr]    Compiling futures-lite v1.13.0
[INFO] [stderr]    Compiling rand v0.8.5
[INFO] [stderr]    Compiling backtrace v0.3.69
[INFO] [stderr]    Compiling glommio v0.8.0 (https://github.com/tontinton/glommio.git?branch=my-master#920fd5db)
[INFO] [stderr]    Compiling clap_builder v4.4.7
[INFO] [stderr]    Compiling concurrent-queue v1.2.4
[INFO] [stderr]    Compiling lru v0.7.8
[INFO] [stderr]    Compiling crossbeam v0.8.2
[INFO] [stderr]    Compiling concurrent-queue v2.3.0
[INFO] [stderr]    Compiling intrusive-collections v0.9.6
[INFO] [stderr]    Compiling smallvec v1.11.1
[INFO] [stderr]    Compiling buddy-alloc v0.4.2
[INFO] [stderr]    Compiling event-listener v2.5.3
[INFO] [stderr]    Compiling count-min-sketch v0.1.7
[INFO] [stderr]    Compiling sketches-ddsketch v0.1.3
[INFO] [stderr]    Compiling either v1.9.0
[INFO] [stderr]    Compiling time-core v0.1.2
[INFO] [stderr]    Compiling bitflags v2.4.1
[INFO] [stderr]    Compiling scoped-tls v1.0.1
[INFO] [stderr]    Compiling bitmaps v3.2.0
[INFO] [stderr]    Compiling lazy_static v1.4.0
[INFO] [stderr]    Compiling enclose v1.1.8
[INFO] [stderr]    Compiling itertools v0.11.0
[INFO] [stderr]    Compiling async-channel v1.9.0
[INFO] [stderr]    Compiling rmpv v1.0.1
[INFO] [stderr]    Compiling rustc-hash v1.1.0
[INFO] [stderr]    Compiling addr2line v0.21.0
[INFO] [stderr]    Compiling murmur3 v0.5.2
[INFO] [stderr]    Compiling regex v1.10.2
[INFO] [stderr]    Compiling env_logger v0.7.1
[INFO] [stderr]    Compiling pretty_env_logger v0.4.0
[INFO] [stderr]    Compiling serde_derive v1.0.190
[INFO] [stderr]    Compiling pin-project-internal v1.1.3
[INFO] [stderr]    Compiling futures-macro v0.3.29
[INFO] [stderr]    Compiling tracing-attributes v0.1.27
[INFO] [stderr]    Compiling thiserror-impl v1.0.50
[INFO] [stderr]    Compiling clap_derive v4.4.7
[INFO] [stderr]    Compiling kinded_macros v0.3.0
[INFO] [stderr]    Compiling stupid-from-num v0.1.0 (/opt/rustwide/workdir/stupid_from_num)
[INFO] [stderr]    Compiling kinded v0.3.0
[INFO] [stderr]    Compiling pin-project v1.1.3
[INFO] [stderr]    Compiling flume v0.10.14
[INFO] [stderr]    Compiling rbtree-arena v0.1.0 (/opt/rustwide/workdir/rbtree_arena)
[INFO] [stderr]    Compiling tracing v0.1.40
[INFO] [stderr]    Compiling clap v4.4.7
[INFO] [stderr]    Compiling futures-executor v0.3.29
[INFO] [stderr]    Compiling futures v0.3.29
[INFO] [stderr]    Compiling bit-vec v0.6.3
[INFO] [stderr]    Compiling siphasher v1.0.0
[INFO] [stderr]    Compiling deranged v0.3.9
[INFO] [stderr]    Compiling bincode v1.3.3
[INFO] [stderr]    Compiling rmp-serde v1.1.2
[INFO] [stderr]    Compiling bloomfilter v1.0.12
[INFO] [stderr]    Compiling wtinylfu v0.1.0
[INFO] [stderr]    Compiling time v0.3.30
[INFO] [stderr]    Compiling dbeel v0.1.0 (/opt/rustwide/workdir)
[INFO] [stderr]     Finished dev [unoptimized + debuginfo] target(s) in 34.46s
[INFO] running `Command { std: "docker" "inspect" "5a60a0e5d115330cb7b585cdedfff24e7f7dcf9dfba144b297f1325fa8584773", kill_on_drop: false }`
[INFO] running `Command { std: "docker" "rm" "-f" "5a60a0e5d115330cb7b585cdedfff24e7f7dcf9dfba144b297f1325fa8584773", kill_on_drop: false }`
[INFO] [stdout] 5a60a0e5d115330cb7b585cdedfff24e7f7dcf9dfba144b297f1325fa8584773
[INFO] running `Command { std: "docker" "create" "-v" "/var/lib/crater-agent-workspace/builds/worker-1-tc2/target:/opt/rustwide/target:rw,Z" "-v" "/var/lib/crater-agent-workspace/builds/worker-1-tc2/source:/opt/rustwide/workdir:ro,Z" "-v" "/var/lib/crater-agent-workspace/cargo-home:/opt/rustwide/cargo-home:ro,Z" "-v" "/var/lib/crater-agent-workspace/rustup-home:/opt/rustwide/rustup-home:ro,Z" "-e" "SOURCE_DIR=/opt/rustwide/workdir" "-e" "CARGO_TARGET_DIR=/opt/rustwide/target" "-e" "CARGO_INCREMENTAL=0" "-e" "RUST_BACKTRACE=full" "-e" "RUSTFLAGS=--cap-lints=warn" "-e" "RUSTDOCFLAGS=--cap-lints=warn" "-e" "CARGO_HOME=/opt/rustwide/cargo-home" "-e" "RUSTUP_HOME=/opt/rustwide/rustup-home" "-w" "/opt/rustwide/workdir" "-m" "1610612736" "--user" "0:0" "--network" "none" "ghcr.io/rust-lang/crates-build-env/linux@sha256:2788e3201cd34a07e3172128adcd8b3090168a8e3bcc40d7c032b9dda1df7d1c" "/opt/rustwide/cargo-home/bin/cargo" "+beta-2023-12-22" "test" "--frozen" "--no-run" "--message-format=json", kill_on_drop: false }`
[INFO] [stdout] 9e034373f410db4fd5cba133c1ffeb6d68b736c92170ffee0048b64897bc267c
[INFO] running `Command { std: "docker" "start" "-a" "9e034373f410db4fd5cba133c1ffeb6d68b736c92170ffee0048b64897bc267c", kill_on_drop: false }`
[INFO] [stderr]    Compiling const-oid v0.9.5
[INFO] [stderr]    Compiling subtle v2.5.0
[INFO] [stderr]    Compiling libc v0.2.149
[INFO] [stderr]    Compiling libm v0.2.8
[INFO] [stderr]    Compiling semver v1.0.20
[INFO] [stderr]    Compiling base64ct v1.6.0
[INFO] [stderr]    Compiling generic-array v0.14.7
[INFO] [stderr]    Compiling num-traits v0.2.17
[INFO] [stderr]    Compiling syn v1.0.109
[INFO] [stderr]    Compiling smallvec v1.11.1
[INFO] [stderr]    Compiling syn v2.0.38
[INFO] [stderr]    Compiling pkg-config v0.3.27
[INFO] [stderr]    Compiling num-integer v0.1.45
[INFO] [stderr]    Compiling bitflags v2.4.1
[INFO] [stderr]    Compiling spin v0.5.2
[INFO] [stderr]    Compiling cpufeatures v0.2.11
[INFO] [stderr]    Compiling miniz_oxide v0.7.1
[INFO] [stderr]    Compiling lazy_static v1.4.0
[INFO] [stderr]    Compiling ff v0.13.0
[INFO] [stderr]    Compiling base16ct v0.2.0
[INFO] [stderr]    Compiling ident_case v1.0.1
[INFO] [stderr]    Compiling fnv v1.0.7
[INFO] [stderr]    Compiling group v0.13.0
[INFO] [stderr]    Compiling pem-rfc7468 v0.7.0
[INFO] [stderr]    Compiling num-iter v0.1.43
[INFO] [stderr]    Compiling platforms v3.2.0
[INFO] [stderr]    Compiling rustix v0.38.21
[INFO] [stderr]    Compiling num-bigint v0.4.4
[INFO] [stderr]    Compiling num-bigint-dig v0.8.4
[INFO] [stderr]    Compiling linux-raw-sys v0.4.10
[INFO] [stderr]    Compiling crc32fast v1.3.2
[INFO] [stderr]    Compiling rustc_version v0.4.0
[INFO] [stderr]    Compiling num-rational v0.4.1
[INFO] [stderr]    Compiling zstd-safe v6.0.6
[INFO] [stderr]    Compiling parking_lot_core v0.9.9
[INFO] [stderr]    Compiling crc24 v0.1.6
[INFO] [stderr]    Compiling safemem v0.3.3
[INFO] [stderr]    Compiling keccak v0.1.4
[INFO] [stderr]    Compiling iana-time-zone v0.1.58
[INFO] [stderr]    Compiling minimal-lexical v0.2.1
[INFO] [stderr]    Compiling curve25519-dalek v4.1.1
[INFO] [stderr]    Compiling rstest_macros v0.18.2
[INFO] [stderr]    Compiling jobserver v0.1.27
[INFO] [stderr]    Compiling flate2 v1.0.28
[INFO] [stderr]    Compiling buffer-redux v1.0.0
[INFO] [stderr]    Compiling nom v7.1.3
[INFO] [stderr]    Compiling bstr v1.7.0
[INFO] [stderr]    Compiling bitfield v0.14.0
[INFO] [stderr]    Compiling hex v0.4.3
[INFO] [stderr]    Compiling cc v1.0.83
[INFO] [stderr]    Compiling humantime v2.1.0
[INFO] [stderr]    Compiling base64 v0.21.5
[INFO] [stderr]    Compiling async-mutex v1.4.0
[INFO] [stderr]    Compiling capctl v0.2.3
[INFO] [stderr]    Compiling hashbrown v0.14.2
[INFO] [stderr]    Compiling relative-path v1.9.0
[INFO] [stderr]    Compiling glob v0.3.1
[INFO] [stderr]    Compiling cpio v0.2.2
[INFO] [stderr]    Compiling async-rwlock v1.3.0
[INFO] [stderr]    Compiling parking_lot v0.12.1
[INFO] [stderr]    Compiling futures-timer v3.0.2
[INFO] [stderr]    Compiling rmp v0.8.12
[INFO] [stderr]    Compiling chrono v0.4.31
[INFO] [stderr]    Compiling num-complex v0.4.4
[INFO] [stderr]    Compiling fastrand v2.0.1
[INFO] [stderr]    Compiling rmpv v1.0.1
[INFO] [stderr]    Compiling dashmap v5.5.3
[INFO] [stderr]    Compiling event-listener v3.0.1
[INFO] [stderr]    Compiling backtrace v0.3.69
[INFO] [stderr]    Compiling zstd-sys v2.0.9+zstd.1.5.5
[INFO] [stderr]    Compiling glommio v0.8.0 (https://github.com/tontinton/glommio.git?branch=my-master#920fd5db)
[INFO] [stderr]    Compiling lzma-sys v0.1.20
[INFO] [stderr]    Compiling xz2 v0.1.7
[INFO] [stderr]    Compiling color-backtrace v0.5.1
[INFO] [stderr]    Compiling is-terminal v0.4.9
[INFO] [stderr]    Compiling tempfile v3.8.1
[INFO] [stderr]    Compiling env_logger v0.10.0
[INFO] [stderr]    Compiling num v0.4.1
[INFO] [stderr]    Compiling pretty_env_logger v0.5.0
[INFO] [stderr]    Compiling darling_core v0.14.4
[INFO] [stderr]    Compiling zeroize_derive v1.4.2
[INFO] [stderr]    Compiling serde_derive v1.0.190
[INFO] [stderr]    Compiling futures-macro v0.3.29
[INFO] [stderr]    Compiling thiserror-impl v1.0.50
[INFO] [stderr]    Compiling pin-project-internal v1.1.3
[INFO] [stderr]    Compiling tracing-attributes v0.1.27
[INFO] [stderr]    Compiling curve25519-dalek-derive v0.1.1
[INFO] [stderr]    Compiling kinded_macros v0.3.0
[INFO] [stderr]    Compiling clap_derive v4.4.7
[INFO] [stderr]    Compiling stupid-from-num v0.1.0 (/opt/rustwide/workdir/stupid_from_num)
[INFO] [stderr]    Compiling num-derive v0.4.1
[INFO] [stderr]    Compiling enum-primitive-derive v0.2.2
[INFO] [stderr]    Compiling zeroize v1.6.0
[INFO] [stderr]    Compiling enum-display-derive v0.1.1
[INFO] [stderr]    Compiling der v0.7.8
[INFO] [stderr]    Compiling futures-util v0.3.29
[INFO] [stderr]    Compiling darling_macro v0.14.4
[INFO] [stderr]    Compiling serial_test_derive v2.0.0
[INFO] [stderr]    Compiling ctor v0.2.5
[INFO] [stderr]    Compiling kinded v0.3.0
[INFO] [stderr]    Compiling crypto-common v0.1.6
[INFO] [stderr]    Compiling block-buffer v0.10.4
[INFO] [stderr]    Compiling inout v0.1.3
[INFO] [stderr]    Compiling digest v0.10.7
[INFO] [stderr]    Compiling crypto-bigint v0.5.3
[INFO] [stderr]    Compiling thiserror v1.0.50
[INFO] [stderr]    Compiling cipher v0.4.4
[INFO] [stderr]    Compiling block-padding v0.3.3
[INFO] [stderr]    Compiling rbtree-arena v0.1.0 (/opt/rustwide/workdir/rbtree_arena)
[INFO] [stderr]    Compiling hmac v0.12.1
[INFO] [stderr]    Compiling signature v2.1.0
[INFO] [stderr]    Compiling pin-project v1.1.3
[INFO] [stderr]    Compiling darling v0.14.4
[INFO] [stderr]    Compiling sha2 v0.10.8
[INFO] [stderr]    Compiling flume v0.10.14
[INFO] [stderr]    Compiling hkdf v0.12.3
[INFO] [stderr]    Compiling rfc6979 v0.4.0
[INFO] [stderr]    Compiling derive_builder_core v0.12.0
[INFO] [stderr]    Compiling tracing v0.1.40
[INFO] [stderr]    Compiling ed25519 v2.2.3
[INFO] [stderr]    Compiling cfb-mode v0.8.2
[INFO] [stderr]    Compiling des v0.8.1
[INFO] [stderr]    Compiling spki v0.7.2
[INFO] [stderr]    Compiling blowfish v0.9.1
[INFO] [stderr]    Compiling cast5 v0.11.1
[INFO] [stderr]    Compiling idea v0.5.1
[INFO] [stderr]    Compiling pkcs8 v0.10.2
[INFO] [stderr]    Compiling camellia v0.1.0
[INFO] [stderr]    Compiling aes v0.8.3
[INFO] [stderr]    Compiling clap v4.4.7
[INFO] [stderr]    Compiling twofish v0.7.1
[INFO] [stderr]    Compiling sha3 v0.10.8
[INFO] [stderr]    Compiling sec1 v0.7.3
[INFO] [stderr]    Compiling pkcs1 v0.7.5
[INFO] [stderr]    Compiling md-5 v0.10.6
[INFO] [stderr]    Compiling ripemd v0.1.3
[INFO] [stderr]    Compiling sha1 v0.10.6
[INFO] [stderr]    Compiling derive_builder_macro v0.12.0
[INFO] [stderr]    Compiling ed25519-dalek v2.0.0
[INFO] [stderr]    Compiling x25519-dalek v2.0.0
[INFO] [stderr]    Compiling zstd v0.12.4
[INFO] [stderr]    Compiling elliptic-curve v0.13.6
[INFO] [stderr]    Compiling derive_builder v0.12.0
[INFO] [stderr]    Compiling ecdsa v0.16.8
[INFO] [stderr]    Compiling primeorder v0.13.3
[INFO] [stderr]    Compiling serde v1.0.190
[INFO] [stderr]    Compiling futures-executor v0.3.29
[INFO] [stderr]    Compiling futures v0.3.29
[INFO] [stderr]    Compiling serial_test v2.0.0
[INFO] [stderr]    Compiling p384 v0.13.0
[INFO] [stderr]    Compiling p256 v0.13.2
[INFO] [stderr]    Compiling rstest v0.18.2
[INFO] [stderr]    Compiling bit-vec v0.6.3
[INFO] [stderr]    Compiling siphasher v1.0.0
[INFO] [stderr]    Compiling deranged v0.3.9
[INFO] [stderr]    Compiling bincode v1.3.3
[INFO] [stderr]    Compiling rmp-serde v1.1.2
[INFO] [stderr]    Compiling bloomfilter v1.0.12
[INFO] [stderr]    Compiling wtinylfu v0.1.0
[INFO] [stderr]    Compiling time v0.3.30
[INFO] [stderr]    Compiling rsa v0.9.3
[INFO] [stderr]    Compiling pgp v0.10.2
[INFO] [stderr]    Compiling dbeel v0.1.0 (/opt/rustwide/workdir)
[INFO] [stderr]    Compiling test-utils v0.1.0 (/opt/rustwide/workdir/test_utils)
[INFO] [stderr]    Compiling rpm v0.12.1
[INFO] [stderr]    Compiling dbeel-client v0.1.0 (/opt/rustwide/workdir/dbeel_client)
[INFO] [stderr] error: could not compile `dbeel` (lib test)
[INFO] [stderr] 
[INFO] [stderr] Caused by:
[INFO] [stderr]   process didn't exit successfully: `/opt/rustwide/rustup-home/toolchains/beta-2023-12-22-x86_64-unknown-linux-gnu/bin/rustc --crate-name dbeel --edition=2021 src/lib.rs --error-format=json --json=diagnostic-rendered-ansi,artifacts,future-incompat --emit=dep-info,link -C embed-bitcode=no -C debuginfo=2 --test --cfg 'feature="flow-events"' -C metadata=82e9c54121659dad -C extra-filename=-82e9c54121659dad --out-dir /opt/rustwide/target/debug/deps -L dependency=/opt/rustwide/target/debug/deps --extern async_channel=/opt/rustwide/target/debug/deps/libasync_channel-9a5b24c2066e07eb.rlib --extern bincode=/opt/rustwide/target/debug/deps/libbincode-47f9f6d3cf29dd75.rlib --extern bloomfilter=/opt/rustwide/target/debug/deps/libbloomfilter-6ff6e44baf5103a7.rlib --extern clap=/opt/rustwide/target/debug/deps/libclap-7dac5883434f924c.rlib --extern color_backtrace=/opt/rustwide/target/debug/deps/libcolor_backtrace-3eba875703034047.rlib --extern ctor=/opt/rustwide/target/debug/deps/libctor-da804622aa30bd84.so --extern dbeel=/opt/rustwide/target/debug/deps/libdbeel-492f2433467a6370.rlib --extern dbeel_client=/opt/rustwide/target/debug/deps/libdbeel_client-5ad3bf9bbfc2fa92.rlib --extern event_listener=/opt/rustwide/target/debug/deps/libevent_listener-1926ba20c8d93e75.rlib --extern futures=/opt/rustwide/target/debug/deps/libfutures-add558edba25f51e.rlib --extern futures_lite=/opt/rustwide/target/debug/deps/libfutures_lite-34eda784324dadcf.rlib --extern glommio=/opt/rustwide/target/debug/deps/libglommio-5fd59b58d2859265.rlib --extern itertools=/opt/rustwide/target/debug/deps/libitertools-3e36947ab397505c.rlib --extern kinded=/opt/rustwide/target/debug/deps/libkinded-33257fcfb7120c61.rlib --extern log=/opt/rustwide/target/debug/deps/liblog-2cf4a51dfa4e790a.rlib --extern murmur3=/opt/rustwide/target/debug/deps/libmurmur3-6a484740ef271321.rlib --extern once_cell=/opt/rustwide/target/debug/deps/libonce_cell-728f13abc4f8cf5f.rlib --extern pin_project_lite=/opt/rustwide/target/debug/deps/libpin_project_lite-085b19c93bbb2231.rlib --extern pretty_env_logger=/opt/rustwide/target/debug/deps/libpretty_env_logger-562141f73f1d812f.rlib --extern rand=/opt/rustwide/target/debug/deps/librand-2e268df8ab3fee49.rlib --extern rbtree_arena=/opt/rustwide/target/debug/deps/librbtree_arena-de51df8dc16687e7.rlib --extern regex=/opt/rustwide/target/debug/deps/libregex-303fb85dd4918125.rlib --extern rmp=/opt/rustwide/target/debug/deps/librmp-dedfca7adbd9b053.rlib --extern rmp_serde=/opt/rustwide/target/debug/deps/librmp_serde-9121e07ca76ccdb3.rlib --extern rmpv=/opt/rustwide/target/debug/deps/librmpv-e0d110a029bd5859.rlib --extern rstest=/opt/rustwide/target/debug/deps/librstest-4f959471af64015d.rlib --extern rustc_hash=/opt/rustwide/target/debug/deps/librustc_hash-d8dd0847b35f1832.rlib --extern serde=/opt/rustwide/target/debug/deps/libserde-17b261bd2f445884.rlib --extern serial_test=/opt/rustwide/target/debug/deps/libserial_test-7b0ef87e6d8d74a7.rlib --extern stupid_from_num=/opt/rustwide/target/debug/deps/libstupid_from_num-b791d70d728b7635.so --extern tempfile=/opt/rustwide/target/debug/deps/libtempfile-6c492e78c3cce417.rlib --extern test_utils=/opt/rustwide/target/debug/deps/libtest_utils-96afb9f57e00a46b.rlib --extern thiserror=/opt/rustwide/target/debug/deps/libthiserror-416d97b0bce7ef9e.rlib --extern time=/opt/rustwide/target/debug/deps/libtime-7f8bfb9bde8fcec6.rlib --extern wtinylfu=/opt/rustwide/target/debug/deps/libwtinylfu-e744cba0829b6081.rlib --cap-lints=warn -L native=/opt/rustwide/target/debug/build/glommio-d154f40064044d6d/out -L native=/opt/rustwide/target/debug/build/glommio-d154f40064044d6d/out -L native=/usr/lib/x86_64-linux-gnu -L native=/opt/rustwide/target/debug/build/zstd-sys-c8beeac926dd99d4/out` (signal: 9, SIGKILL: kill)
[INFO] [stderr] warning: build failed, waiting for other jobs to finish...
[INFO] [stdout] error: linking with `cc` failed: exit status: 1
[INFO] [stdout]   |
[INFO] [stdout]   = note: LC_ALL="C" PATH="/opt/rustwide/rustup-home/toolchains/beta-2023-12-22-x86_64-unknown-linux-gnu/lib/rustlib/x86_64-unknown-linux-gnu/bin:/opt/rustwide/cargo-home/bin:/usr/local/sbin:/usr/local/bin:/usr/sbin:/usr/bin:/sbin:/bin" VSLANG="1033" "cc" "-m64" "/tmp/rustc1GifOa/symbols.o" "/opt/rustwide/target/debug/deps/dbeel-40ec6b257d3faf89.dbeel.a485de49dfac77b7-cgu.0.rcgu.o" "/opt/rustwide/target/debug/deps/dbeel-40ec6b257d3faf89.dbeel.a485de49dfac77b7-cgu.1.rcgu.o" "/opt/rustwide/target/debug/deps/dbeel-40ec6b257d3faf89.dbeel.a485de49dfac77b7-cgu.2.rcgu.o" "/opt/rustwide/target/debug/deps/dbeel-40ec6b257d3faf89.dbeel.a485de49dfac77b7-cgu.3.rcgu.o" "/opt/rustwide/target/debug/deps/dbeel-40ec6b257d3faf89.dbeel.a485de49dfac77b7-cgu.4.rcgu.o" "/opt/rustwide/target/debug/deps/dbeel-40ec6b257d3faf89.dbeel.a485de49dfac77b7-cgu.5.rcgu.o" "/opt/rustwide/target/debug/deps/dbeel-40ec6b257d3faf89.dbeel.a485de49dfac77b7-cgu.6.rcgu.o" "/opt/rustwide/target/debug/deps/dbeel-40ec6b257d3faf89.dbeel.a485de49dfac77b7-cgu.7.rcgu.o" "/opt/rustwide/target/debug/deps/dbeel-40ec6b257d3faf89.dbeel.a485de49dfac77b7-cgu.8.rcgu.o" "/opt/rustwide/target/debug/deps/dbeel-40ec6b257d3faf89.3svt1efz56rnluw3.rcgu.o" "-Wl,--as-needed" "-L" "/opt/rustwide/target/debug/deps" "-L" "/opt/rustwide/target/debug/build/glommio-d154f40064044d6d/out" "-L" "/opt/rustwide/target/debug/build/glommio-d154f40064044d6d/out" "-L" "/opt/rustwide/rustup-home/toolchains/beta-2023-12-22-x86_64-unknown-linux-gnu/lib/rustlib/x86_64-unknown-linux-gnu/lib" "-Wl,-Bstatic" "/opt/rustwide/target/debug/deps/libdbeel-492f2433467a6370.rlib" "/opt/rustwide/target/debug/deps/librmpv-e0d110a029bd5859.rlib" "/opt/rustwide/target/debug/deps/librmp_serde-9121e07ca76ccdb3.rlib" "/opt/rustwide/target/debug/deps/librmp-dedfca7adbd9b053.rlib" "/opt/rustwide/target/debug/deps/libbyteorder-6ac88002c46ec63a.rlib" "/opt/rustwide/target/debug/deps/libnum_traits-81d77c7d940d9054.rlib" "/opt/rustwide/target/debug/deps/libwtinylfu-e744cba0829b6081.rlib" "/opt/rustwide/target/debug/deps/libcount_min_sketch-4628ddbc73296623.rlib" "/opt/rustwide/target/debug/deps/libsiphasher-8c98df6e4615cbd6.rlib" "/opt/rustwide/target/debug/deps/liblru-214bd049985e3cf4.rlib" "/opt/rustwide/target/debug/deps/libhashbrown-a7b8502809743377.rlib" "/opt/rustwide/target/debug/deps/librbtree_arena-de51df8dc16687e7.rlib" "/opt/rustwide/target/debug/deps/libbloomfilter-6ff6e44baf5103a7.rlib" "/opt/rustwide/target/debug/deps/libsiphasher-a0dfd017579299b2.rlib" "/opt/rustwide/target/debug/deps/libbit_vec-7e0c04046b11dc53.rlib" "/opt/rustwide/target/debug/deps/librustc_hash-d8dd0847b35f1832.rlib" "/opt/rustwide/target/debug/deps/librand-2e268df8ab3fee49.rlib" "/opt/rustwide/target/debug/deps/librand_chacha-886400b3e3698869.rlib" "/opt/rustwide/target/debug/deps/libppv_lite86-db48c90fa293bcfe.rlib" "/opt/rustwide/target/debug/deps/librand_core-3e6cd468efbb8a4c.rlib" "/opt/rustwide/target/debug/deps/libmurmur3-6a484740ef271321.rlib" "/opt/rustwide/target/debug/deps/libitertools-3e36947ab397505c.rlib" "/opt/rustwide/target/debug/deps/libeither-49b31dd90481588d.rlib" "/opt/rustwide/target/debug/deps/libglommio-5fd59b58d2859265.rlib" "/opt/rustwide/target/debug/deps/libsignal_hook-4a0b9dfb9b5c5aca.rlib" "/opt/rustwide/target/debug/deps/libsignal_hook_registry-38631b34819b3d78.rlib" "/opt/rustwide/target/debug/deps/libbacktrace-52e1411102bcff02.rlib" "/opt/rustwide/target/debug/deps/libminiz_oxide-fdd9e74574a7bd2a.rlib" "/opt/rustwide/target/debug/deps/libadler-eba61f23bb3cdb48.rlib" "/opt/rustwide/target/debug/deps/libobject-5569cf7b299b27e0.rlib" "/opt/rustwide/target/debug/deps/libaddr2line-499a251e1921cb3a.rlib" "/opt/rustwide/target/debug/deps/libgimli-f7efda45803631e0.rlib" "/opt/rustwide/target/debug/deps/librustc_demangle-880659badff80dc2.rlib" "/opt/rustwide/target/debug/deps/libcrossbeam-7d04b1358a4159ed.rlib" "/opt/rustwide/target/debug/deps/libcrossbeam_channel-954622735befc289.rlib" "/opt/rustwide/target/debug/deps/libcrossbeam_deque-347f7cea8448b5b3.rlib" "/opt/rustwide/target/debug/deps/libcrossbeam_queue-e2929614cf546f59.rlib" "/opt/rustwide/target/debug/deps/libcrossbeam_epoch-b626bb8b8257a0f1.rlib" "/opt/rustwide/target/debug/deps/libscoped_tls-f6838ea757d14c0f.rlib" "/opt/rustwide/target/debug/deps/libbitflags-52f05aea2267c407.rlib" "/opt/rustwide/target/debug/deps/libsketches_ddsketch-c71dc2dbe833ad9b.rlib" "/opt/rustwide/target/debug/deps/libenclose-773c1e912237cbd3.rlib" "/opt/rustwide/target/debug/deps/libsocket2-e5d000e96a749603.rlib" "/opt/rustwide/target/debug/deps/libtracing-409c113199ebffb6.rlib" "/opt/rustwide/target/debug/deps/libtracing_core-6547972a0886d4d8.rlib" "/opt/rustwide/target/debug/deps/libintrusive_collections-69c66d50bbeee5cb.rlib" "/opt/rustwide/target/debug/deps/libmemoffset-70be0b3efc76ca6c.rlib" "/opt/rustwide/target/debug/deps/libbuddy_alloc-b4ba11545f7025db.rlib" "/opt/rustwide/target/debug/deps/librlimit-f33d9296c2ea481c.rlib" "/opt/rustwide/target/debug/deps/libfutures_lite-34eda784324dadcf.rlib" "/opt/rustwide/target/debug/deps/libfastrand-9a0695f12d217e0d.rlib" "/opt/rustwide/target/debug/deps/libwaker_fn-5e274d8e0cf6c0b6.rlib" "/opt/rustwide/target/debug/deps/libparking-c0eec4b85623c35c.rlib" "/opt/rustwide/target/debug/deps/libflume-4c526604d818b8b8.rlib" "/opt/rustwide/target/debug/deps/libspin-b46a388c6957df11.rlib" "/opt/rustwide/target/debug/deps/liblock_api-f3ffe3870d1fb452.rlib" "/opt/rustwide/target/debug/deps/libpin_project-b7c3876761f816c9.rlib" "/opt/rustwide/target/debug/deps/libnanorand-99a32f112bcf9f56.rlib" "/opt/rustwide/target/debug/deps/libsmallvec-b127e03d6a576850.rlib" "/opt/rustwide/target/debug/deps/libahash-e71f9664d22ca875.rlib" "/opt/rustwide/target/debug/deps/libgetrandom-9123a25b434e2fe3.rlib" "/opt/rustwide/target/debug/deps/libonce_cell-728f13abc4f8cf5f.rlib" "/opt/rustwide/target/debug/deps/libscopeguard-1a234dcd8bf514e4.rlib" "/opt/rustwide/target/debug/deps/liblazy_static-50650112bfaef7d3.rlib" "/opt/rustwide/target/debug/deps/libspin-e858d3468b8e3abd.rlib" "/opt/rustwide/target/debug/deps/libnix-5fac820abd8467ef.rlib" "/opt/rustwide/target/debug/deps/libbitflags-85e13ed1e0c6d910.rlib" "/opt/rustwide/target/debug/deps/libmemoffset-3b8b6c5d2cb3d911.rlib" "/opt/rustwide/target/debug/deps/libfutures-add558edba25f51e.rlib" "/opt/rustwide/target/debug/deps/libfutures_executor-9bf36cde156f3e10.rlib" "/opt/rustwide/target/debug/deps/libfutures_util-4d8da9a352a60bc8.rlib" "/opt/rustwide/target/debug/deps/libfutures_io-d5c5bf1c0dfd3da2.rlib" "/opt/rustwide/target/debug/deps/libslab-0a39a638bccea296.rlib" "/opt/rustwide/target/debug/deps/libfutures_channel-16a8513ebfc0b754.rlib" "/opt/rustwide/target/debug/deps/libpin_project_lite-085b19c93bbb2231.rlib" "/opt/rustwide/target/debug/deps/libfutures_sink-41100c249ff162f0.rlib" "/opt/rustwide/target/debug/deps/libfutures_task-8a8d0b282fffed3e.rlib" "/opt/rustwide/target/debug/deps/libpin_utils-9c5dcf17efb91bff.rlib" "/opt/rustwide/target/debug/deps/libtime-7f8bfb9bde8fcec6.rlib" "/opt/rustwide/target/debug/deps/libtime_core-acdcdbb0edad8681.rlib" "/opt/rustwide/target/debug/deps/libderanged-f4c70fc08b27d5d0.rlib" "/opt/rustwide/target/debug/deps/libpowerfmt-a584063b8a4e44a4.rlib" "/opt/rustwide/target/debug/deps/libbincode-47f9f6d3cf29dd75.rlib" "/opt/rustwide/target/debug/deps/libthiserror-416d97b0bce7ef9e.rlib" "/opt/rustwide/target/debug/deps/libserde-17b261bd2f445884.rlib" "/opt/rustwide/target/debug/deps/libkinded-33257fcfb7120c61.rlib" "/opt/rustwide/target/debug/deps/libasync_channel-9a5b24c2066e07eb.rlib" "/opt/rustwide/target/debug/deps/libfutures_core-c75aab8011a428b1.rlib" "/opt/rustwide/target/debug/deps/libevent_listener-769af95c79f2a6ea.rlib" "/opt/rustwide/target/debug/deps/libconcurrent_queue-914ed65cd3a0d951.rlib" "/opt/rustwide/target/debug/deps/libcrossbeam_utils-3a0831db25663408.rlib" "/opt/rustwide/target/debug/deps/libcfg_if-e7002d307f97bc56.rlib" "/opt/rustwide/target/debug/deps/libclap-7dac5883434f924c.rlib" "/opt/rustwide/target/debug/deps/libclap_builder-dfafda38f344f0ad.rlib" "/opt/rustwide/target/debug/deps/libstrsim-7c2291ed86ef7041.rlib" "/opt/rustwide/target/debug/deps/libanstream-ec271d1208406169.rlib" "/opt/rustwide/target/debug/deps/libanstyle_query-6489b1baa85495ab.rlib" "/opt/rustwide/target/debug/deps/libcolorchoice-d395abfad8a7a372.rlib" "/opt/rustwide/target/debug/deps/libanstyle_parse-d6f1857d2a868ff9.rlib" "/opt/rustwide/target/debug/deps/libutf8parse-39ed42569342c469.rlib" "/opt/rustwide/target/debug/deps/libclap_lex-347d2b47ecabb312.rlib" "/opt/rustwide/target/debug/deps/libanstyle-da4958938b82d234.rlib" "/opt/rustwide/target/debug/deps/libpretty_env_logger-562141f73f1d812f.rlib" "/opt/rustwide/target/debug/deps/libenv_logger-796e49c27c794d2e.rlib" "/opt/rustwide/target/debug/deps/libtermcolor-52d1aec1f7b0ccaa.rlib" "/opt/rustwide/target/debug/deps/libatty-ef5bbfc9884653cf.rlib" "/opt/rustwide/target/debug/deps/liblibc-bee1a846c06b5f5f.rlib" "/opt/rustwide/target/debug/deps/libhumantime-ece634daf940afa5.rlib" "/opt/rustwide/target/debug/deps/libquick_error-4f8a11f127df9c4f.rlib" "/opt/rustwide/target/debug/deps/liblog-2cf4a51dfa4e790a.rlib" "/opt/rustwide/target/debug/deps/libregex-303fb85dd4918125.rlib" "/opt/rustwide/target/debug/deps/libregex_automata-b87278bb9bc2845e.rlib" "/opt/rustwide/target/debug/deps/libaho_corasick-42eca8b16757950a.rlib" "/opt/rustwide/target/debug/deps/libmemchr-996a195865583db1.rlib" "/opt/rustwide/target/debug/deps/libregex_syntax-2fba322c2516c6a3.rlib" "/opt/rustwide/rustup-home/toolchains/beta-2023-12-22-x86_64-unknown-linux-gnu/lib/rustlib/x86_64-unknown-linux-gnu/lib/libstd-0672489a78b613de.rlib" "/opt/rustwide/rustup-home/toolchains/beta-2023-12-22-x86_64-unknown-linux-gnu/lib/rustlib/x86_64-unknown-linux-gnu/lib/libpanic_unwind-7eb3ffc34a49f675.rlib" "/opt/rustwide/rustup-home/toolchains/beta-2023-12-22-x86_64-unknown-linux-gnu/lib/rustlib/x86_64-unknown-linux-gnu/lib/libobject-6478a9daa4bee8e2.rlib" "/opt/rustwide/rustup-home/toolchains/beta-2023-12-22-x86_64-unknown-linux-gnu/lib/rustlib/x86_64-unknown-linux-gnu/lib/libmemchr-0c75d871a5c3923d.rlib" "/opt/rustwide/rustup-home/toolchains/beta-2023-12-22-x86_64-unknown-linux-gnu/lib/rustlib/x86_64-unknown-linux-gnu/lib/libaddr2line-d163ef63ad37bb71.rlib" "/opt/rustwide/rustup-home/toolchains/beta-2023-12-22-x86_64-unknown-linux-gnu/lib/rustlib/x86_64-unknown-linux-gnu/lib/libgimli-8a3fd810a85b9f4c.rlib" "/opt/rustwide/rustup-home/toolchains/beta-2023-12-22-x86_64-unknown-linux-gnu/lib/rustlib/x86_64-unknown-linux-gnu/lib/librustc_demangle-462a2cde8c5dfc10.rlib" "/opt/rustwide/rustup-home/toolchains/beta-2023-12-22-x86_64-unknown-linux-gnu/lib/rustlib/x86_64-unknown-linux-gnu/lib/libstd_detect-cb06ac9f54713f71.rlib" "/opt/rustwide/rustup-home/toolchains/beta-2023-12-22-x86_64-unknown-linux-gnu/lib/rustlib/x86_64-unknown-linux-gnu/lib/libhashbrown-f20bfd1f8e59b393.rlib" "/opt/rustwide/rustup-home/toolchains/beta-2023-12-22-x86_64-unknown-linux-gnu/lib/rustlib/x86_64-unknown-linux-gnu/lib/librustc_std_workspace_alloc-1ef460949b49da4b.rlib" "/opt/rustwide/rustup-home/toolchains/beta-2023-12-22-x86_64-unknown-linux-gnu/lib/rustlib/x86_64-unknown-linux-gnu/lib/libminiz_oxide-2cb0c0ffe4f87514.rlib" "/opt/rustwide/rustup-home/toolchains/beta-2023-12-22-x86_64-unknown-linux-gnu/lib/rustlib/x86_64-unknown-linux-gnu/lib/libadler-58d841eb322a11a2.rlib" "/opt/rustwide/rustup-home/toolchains/beta-2023-12-22-x86_64-unknown-linux-gnu/lib/rustlib/x86_64-unknown-linux-gnu/lib/libunwind-aa2ae0b0a9d11533.rlib" "/opt/rustwide/rustup-home/toolchains/beta-2023-12-22-x86_64-unknown-linux-gnu/lib/rustlib/x86_64-unknown-linux-gnu/lib/libcfg_if-23874e15830ed336.rlib" "/opt/rustwide/rustup-home/toolchains/beta-2023-12-22-x86_64-unknown-linux-gnu/lib/rustlib/x86_64-unknown-linux-gnu/lib/liblibc-e47cddc003bce885.rlib" "/opt/rustwide/rustup-home/toolchains/beta-2023-12-22-x86_64-unknown-linux-gnu/lib/rustlib/x86_64-unknown-linux-gnu/lib/liballoc-c22b13b48a8f128e.rlib" "/opt/rustwide/rustup-home/toolchains/beta-2023-12-22-x86_64-unknown-linux-gnu/lib/rustlib/x86_64-unknown-linux-gnu/lib/librustc_std_workspace_core-e46bc3da6d7c462f.rlib" "/opt/rustwide/rustup-home/toolchains/beta-2023-12-22-x86_64-unknown-linux-gnu/lib/rustlib/x86_64-unknown-linux-gnu/lib/libcore-8d1ac131d3cb2645.rlib" "/opt/rustwide/rustup-home/toolchains/beta-2023-12-22-x86_64-unknown-linux-gnu/lib/rustlib/x86_64-unknown-linux-gnu/lib/libcompiler_builtins-a1b43df8c6899c1f.rlib" "-Wl,-Bdynamic" "-lgcc_s" "-lutil" "-lrt" "-lpthread" "-lm" "-ldl" "-lc" "-Wl,--eh-frame-hdr" "-Wl,-z,noexecstack" "-L" "/opt/rustwide/rustup-home/toolchains/beta-2023-12-22-x86_64-unknown-linux-gnu/lib/rustlib/x86_64-unknown-linux-gnu/lib" "-o" "/opt/rustwide/target/debug/deps/dbeel-40ec6b257d3faf89" "-Wl,--gc-sections" "-pie" "-Wl,-z,relro,-z,now" "-nodefaultlibs"
[INFO] [stdout]   = note: collect2: fatal error: ld terminated with signal 9 [Killed]
[INFO] [stdout]           compilation terminated.
[INFO] [stdout]           
[INFO] [stdout] 
[INFO] [stdout] 
[INFO] [stdout] error: aborting due to 1 previous error
[INFO] [stdout] 
[INFO] [stdout] 
[INFO] [stderr] error: could not compile `dbeel` (bin "dbeel") due to 2 previous errors
[INFO] [stdout] error: linking with `cc` failed: exit status: 1
[INFO] [stdout]   |
[INFO] [stdout]   = note: LC_ALL="C" PATH="/opt/rustwide/rustup-home/toolchains/beta-2023-12-22-x86_64-unknown-linux-gnu/lib/rustlib/x86_64-unknown-linux-gnu/bin:/opt/rustwide/cargo-home/bin:/usr/local/sbin:/usr/local/bin:/usr/sbin:/usr/bin:/sbin:/bin" VSLANG="1033" "cc" "-m64" "/tmp/rustc1wVgfY/symbols.o" "/opt/rustwide/target/debug/deps/node_discovery-b756efc97fb200c6.node_discovery.ca016e98d2a68edc-cgu.00.rcgu.o" "/opt/rustwide/target/debug/deps/node_discovery-b756efc97fb200c6.node_discovery.ca016e98d2a68edc-cgu.01.rcgu.o" "/opt/rustwide/target/debug/deps/node_discovery-b756efc97fb200c6.node_discovery.ca016e98d2a68edc-cgu.02.rcgu.o" "/opt/rustwide/target/debug/deps/node_discovery-b756efc97fb200c6.node_discovery.ca016e98d2a68edc-cgu.03.rcgu.o" "/opt/rustwide/target/debug/deps/node_discovery-b756efc97fb200c6.node_discovery.ca016e98d2a68edc-cgu.04.rcgu.o" "/opt/rustwide/target/debug/deps/node_discovery-b756efc97fb200c6.node_discovery.ca016e98d2a68edc-cgu.05.rcgu.o" "/opt/rustwide/target/debug/deps/node_discovery-b756efc97fb200c6.node_discovery.ca016e98d2a68edc-cgu.06.rcgu.o" "/opt/rustwide/target/debug/deps/node_discovery-b756efc97fb200c6.node_discovery.ca016e98d2a68edc-cgu.07.rcgu.o" "/opt/rustwide/target/debug/deps/node_discovery-b756efc97fb200c6.node_discovery.ca016e98d2a68edc-cgu.08.rcgu.o" "/opt/rustwide/target/debug/deps/node_discovery-b756efc97fb200c6.node_discovery.ca016e98d2a68edc-cgu.09.rcgu.o" "/opt/rustwide/target/debug/deps/node_discovery-b756efc97fb200c6.node_discovery.ca016e98d2a68edc-cgu.10.rcgu.o" "/opt/rustwide/target/debug/deps/node_discovery-b756efc97fb200c6.node_discovery.ca016e98d2a68edc-cgu.11.rcgu.o" "/opt/rustwide/target/debug/deps/node_discovery-b756efc97fb200c6.node_discovery.ca016e98d2a68edc-cgu.12.rcgu.o" "/opt/rustwide/target/debug/deps/node_discovery-b756efc97fb200c6.node_discovery.ca016e98d2a68edc-cgu.13.rcgu.o" "/opt/rustwide/target/debug/deps/node_discovery-b756efc97fb200c6.node_discovery.ca016e98d2a68edc-cgu.14.rcgu.o" "/opt/rustwide/target/debug/deps/node_discovery-b756efc97fb200c6.node_discovery.ca016e98d2a68edc-cgu.15.rcgu.o" "/opt/rustwide/target/debug/deps/node_discovery-b756efc97fb200c6.2j0k16cqp65dowtn.rcgu.o" "-Wl,--as-needed" "-L" "/opt/rustwide/target/debug/deps" "-L" "/opt/rustwide/target/debug/build/glommio-d154f40064044d6d/out" "-L" "/opt/rustwide/target/debug/build/glommio-d154f40064044d6d/out" "-L" "/usr/lib/x86_64-linux-gnu" "-L" "/opt/rustwide/target/debug/build/zstd-sys-c8beeac926dd99d4/out" "-L" "/opt/rustwide/rustup-home/toolchains/beta-2023-12-22-x86_64-unknown-linux-gnu/lib/rustlib/x86_64-unknown-linux-gnu/lib" "-Wl,-Bstatic" "/opt/rustwide/rustup-home/toolchains/beta-2023-12-22-x86_64-unknown-linux-gnu/lib/rustlib/x86_64-unknown-linux-gnu/lib/libtest-cbab71697df97b00.rlib" "/opt/rustwide/rustup-home/toolchains/beta-2023-12-22-x86_64-unknown-linux-gnu/lib/rustlib/x86_64-unknown-linux-gnu/lib/libgetopts-2a2cf8f16c536007.rlib" "/opt/rustwide/rustup-home/toolchains/beta-2023-12-22-x86_64-unknown-linux-gnu/lib/rustlib/x86_64-unknown-linux-gnu/lib/libunicode_width-c5f3cc3cceaf9070.rlib" "/opt/rustwide/rustup-home/toolchains/beta-2023-12-22-x86_64-unknown-linux-gnu/lib/rustlib/x86_64-unknown-linux-gnu/lib/librustc_std_workspace_std-a31324ec815b09db.rlib" "/opt/rustwide/target/debug/deps/libtest_utils-96afb9f57e00a46b.rlib" "/opt/rustwide/target/debug/deps/libpretty_env_logger-7e92bc02cb03b220.rlib" "/opt/rustwide/target/debug/deps/libenv_logger-bfaded627ac62a81.rlib" "/opt/rustwide/target/debug/deps/libtermcolor-52d1aec1f7b0ccaa.rlib" "/opt/rustwide/target/debug/deps/libis_terminal-c55d2b82a4f8f983.rlib" "/opt/rustwide/target/debug/deps/librustix-491bd477ec94ad37.rlib" "/opt/rustwide/target/debug/deps/liblinux_raw_sys-556a71bfc97df2fa.rlib" "/opt/rustwide/target/debug/deps/libhumantime-ce381c4933d03978.rlib" "/opt/rustwide/target/debug/deps/libserial_test-7b0ef87e6d8d74a7.rlib" "/opt/rustwide/target/debug/deps/libparking_lot-cca269dc70f21784.rlib" "/opt/rustwide/target/debug/deps/libdashmap-9b061646fda478f0.rlib" "/opt/rustwide/target/debug/deps/libparking_lot_core-493672e9b60a1871.rlib" "/opt/rustwide/target/debug/deps/libhashbrown-d9a2893f1e7a96e5.rlib" "/opt/rustwide/target/debug/deps/librstest-4f959471af64015d.rlib" "/opt/rustwide/target/debug/deps/libfutures_timer-105eb334315356f5.rlib" "/opt/rustwide/target/debug/deps/libdbeel-492f2433467a6370.rlib" "/opt/rustwide/target/debug/deps/librmpv-e0d110a029bd5859.rlib" "/opt/rustwide/target/debug/deps/librmp_serde-9121e07ca76ccdb3.rlib" "/opt/rustwide/target/debug/deps/librmp-dedfca7adbd9b053.rlib" "/opt/rustwide/target/debug/deps/libbyteorder-6ac88002c46ec63a.rlib" "/opt/rustwide/target/debug/deps/libnum_traits-81d77c7d940d9054.rlib" "/opt/rustwide/target/debug/deps/libwtinylfu-e744cba0829b6081.rlib" "/opt/rustwide/target/debug/deps/libcount_min_sketch-4628ddbc73296623.rlib" "/opt/rustwide/target/debug/deps/libsiphasher-8c98df6e4615cbd6.rlib" "/opt/rustwide/target/debug/deps/liblru-214bd049985e3cf4.rlib" "/opt/rustwide/target/debug/deps/libhashbrown-a7b8502809743377.rlib" "/opt/rustwide/target/debug/deps/librbtree_arena-de51df8dc16687e7.rlib" "/opt/rustwide/target/debug/deps/libbloomfilter-6ff6e44baf5103a7.rlib" "/opt/rustwide/target/debug/deps/libsiphasher-a0dfd017579299b2.rlib" "/opt/rustwide/target/debug/deps/libbit_vec-7e0c04046b11dc53.rlib" "/opt/rustwide/target/debug/deps/librustc_hash-d8dd0847b35f1832.rlib" "/opt/rustwide/target/debug/deps/libregex-303fb85dd4918125.rlib" "/opt/rustwide/target/debug/deps/libregex_automata-b87278bb9bc2845e.rlib" "/opt/rustwide/target/debug/deps/libaho_corasick-42eca8b16757950a.rlib" "/opt/rustwide/target/debug/deps/libregex_syntax-2fba322c2516c6a3.rlib" "/opt/rustwide/target/debug/deps/librand-2e268df8ab3fee49.rlib" "/opt/rustwide/target/debug/deps/librand_chacha-886400b3e3698869.rlib" "/opt/rustwide/target/debug/deps/libppv_lite86-db48c90fa293bcfe.rlib" "/opt/rustwide/target/debug/deps/librand_core-3e6cd468efbb8a4c.rlib" "/opt/rustwide/target/debug/deps/libmurmur3-6a484740ef271321.rlib" "/opt/rustwide/target/debug/deps/libitertools-3e36947ab397505c.rlib" "/opt/rustwide/target/debug/deps/libeither-49b31dd90481588d.rlib" "/opt/rustwide/target/debug/deps/libglommio-5fd59b58d2859265.rlib" "/opt/rustwide/target/debug/deps/libsignal_hook-4a0b9dfb9b5c5aca.rlib" "/opt/rustwide/target/debug/deps/libsignal_hook_registry-38631b34819b3d78.rlib" "/opt/rustwide/target/debug/deps/libbacktrace-52e1411102bcff02.rlib" "/opt/rustwide/target/debug/deps/libminiz_oxide-fdd9e74574a7bd2a.rlib" "/opt/rustwide/target/debug/deps/libadler-eba61f23bb3cdb48.rlib" "/opt/rustwide/target/debug/deps/libobject-5569cf7b299b27e0.rlib" "/opt/rustwide/target/debug/deps/libaddr2line-499a251e1921cb3a.rlib" "/opt/rustwide/target/debug/deps/libgimli-f7efda45803631e0.rlib" "/opt/rustwide/target/debug/deps/librustc_demangle-880659badff80dc2.rlib" "/opt/rustwide/target/debug/deps/libcrossbeam-7d04b1358a4159ed.rlib" "/opt/rustwide/target/debug/deps/libcrossbeam_channel-954622735befc289.rlib" "/opt/rustwide/target/debug/deps/libcrossbeam_deque-347f7cea8448b5b3.rlib" "/opt/rustwide/target/debug/deps/libcrossbeam_queue-e2929614cf546f59.rlib" "/opt/rustwide/target/debug/deps/libcrossbeam_epoch-b626bb8b8257a0f1.rlib" "/opt/rustwide/target/debug/deps/libscoped_tls-f6838ea757d14c0f.rlib" "/opt/rustwide/target/debug/deps/libbitflags-52f05aea2267c407.rlib" "/opt/rustwide/target/debug/deps/libsketches_ddsketch-c71dc2dbe833ad9b.rlib" "/opt/rustwide/target/debug/deps/libenclose-773c1e912237cbd3.rlib" "/opt/rustwide/target/debug/deps/libsocket2-e5d000e96a749603.rlib" "/opt/rustwide/target/debug/deps/libtracing-409c113199ebffb6.rlib" "/opt/rustwide/target/debug/deps/libtracing_core-6547972a0886d4d8.rlib" "/opt/rustwide/target/debug/deps/libintrusive_collections-69c66d50bbeee5cb.rlib" "/opt/rustwide/target/debug/deps/libmemoffset-70be0b3efc76ca6c.rlib" "/opt/rustwide/target/debug/deps/libbuddy_alloc-b4ba11545f7025db.rlib" "/opt/rustwide/target/debug/deps/librlimit-f33d9296c2ea481c.rlib" "/opt/rustwide/target/debug/deps/libfutures_lite-34eda784324dadcf.rlib" "/opt/rustwide/target/debug/deps/libfastrand-9a0695f12d217e0d.rlib" "/opt/rustwide/target/debug/deps/libwaker_fn-5e274d8e0cf6c0b6.rlib" "/opt/rustwide/target/debug/deps/libparking-c0eec4b85623c35c.rlib" "/opt/rustwide/target/debug/deps/libflume-4c526604d818b8b8.rlib" "/opt/rustwide/target/debug/deps/libspin-b46a388c6957df11.rlib" "/opt/rustwide/target/debug/deps/liblock_api-f3ffe3870d1fb452.rlib" "/opt/rustwide/target/debug/deps/libpin_project-b7c3876761f816c9.rlib" "/opt/rustwide/target/debug/deps/libnanorand-99a32f112bcf9f56.rlib" "/opt/rustwide/target/debug/deps/libsmallvec-b127e03d6a576850.rlib" "/opt/rustwide/target/debug/deps/liblog-2cf4a51dfa4e790a.rlib" "/opt/rustwide/target/debug/deps/libahash-e71f9664d22ca875.rlib" "/opt/rustwide/target/debug/deps/libgetrandom-9123a25b434e2fe3.rlib" "/opt/rustwide/target/debug/deps/libonce_cell-728f13abc4f8cf5f.rlib" "/opt/rustwide/target/debug/deps/libscopeguard-1a234dcd8bf514e4.rlib" "/opt/rustwide/target/debug/deps/liblazy_static-50650112bfaef7d3.rlib" "/opt/rustwide/target/debug/deps/libspin-e858d3468b8e3abd.rlib" "/opt/rustwide/target/debug/deps/libnix-5fac820abd8467ef.rlib" "/opt/rustwide/target/debug/deps/libbitflags-85e13ed1e0c6d910.rlib" "/opt/rustwide/target/debug/deps/libmemoffset-3b8b6c5d2cb3d911.rlib" "/opt/rustwide/target/debug/deps/liblibc-bee1a846c06b5f5f.rlib" "/opt/rustwide/target/debug/deps/libfutures-add558edba25f51e.rlib" "/opt/rustwide/target/debug/deps/libfutures_executor-9bf36cde156f3e10.rlib" "/opt/rustwide/target/debug/deps/libfutures_util-4d8da9a352a60bc8.rlib" "/opt/rustwide/target/debug/deps/libmemchr-996a195865583db1.rlib" "/opt/rustwide/target/debug/deps/libfutures_io-d5c5bf1c0dfd3da2.rlib" "/opt/rustwide/target/debug/deps/libslab-0a39a638bccea296.rlib" "/opt/rustwide/target/debug/deps/libfutures_channel-16a8513ebfc0b754.rlib" "/opt/rustwide/target/debug/deps/libpin_project_lite-085b19c93bbb2231.rlib" "/opt/rustwide/target/debug/deps/libfutures_sink-41100c249ff162f0.rlib" "/opt/rustwide/target/debug/deps/libfutures_task-8a8d0b282fffed3e.rlib" "/opt/rustwide/target/debug/deps/libpin_utils-9c5dcf17efb91bff.rlib" "/opt/rustwide/target/debug/deps/libtime-7f8bfb9bde8fcec6.rlib" "/opt/rustwide/target/debug/deps/libtime_core-acdcdbb0edad8681.rlib" "/opt/rustwide/target/debug/deps/libderanged-f4c70fc08b27d5d0.rlib" "/opt/rustwide/target/debug/deps/libpowerfmt-a584063b8a4e44a4.rlib" "/opt/rustwide/target/debug/deps/libbincode-47f9f6d3cf29dd75.rlib" "/opt/rustwide/target/debug/deps/libthiserror-416d97b0bce7ef9e.rlib" "/opt/rustwide/target/debug/deps/libserde-17b261bd2f445884.rlib" "/opt/rustwide/target/debug/deps/libkinded-33257fcfb7120c61.rlib" "/opt/rustwide/target/debug/deps/libasync_channel-9a5b24c2066e07eb.rlib" "/opt/rustwide/target/debug/deps/libfutures_core-c75aab8011a428b1.rlib" "/opt/rustwide/target/debug/deps/libevent_listener-769af95c79f2a6ea.rlib" "/opt/rustwide/target/debug/deps/libconcurrent_queue-914ed65cd3a0d951.rlib" "/opt/rustwide/target/debug/deps/libcrossbeam_utils-3a0831db25663408.rlib" "/opt/rustwide/target/debug/deps/libcfg_if-e7002d307f97bc56.rlib" "/opt/rustwide/target/debug/deps/libclap-7dac5883434f924c.rlib" "/opt/rustwide/target/debug/deps/libclap_builder-dfafda38f344f0ad.rlib" "/opt/rustwide/target/debug/deps/libstrsim-7c2291ed86ef7041.rlib" "/opt/rustwide/target/debug/deps/libanstream-ec271d1208406169.rlib" "/opt/rustwide/target/debug/deps/libanstyle_query-6489b1baa85495ab.rlib" "/opt/rustwide/target/debug/deps/libcolorchoice-d395abfad8a7a372.rlib" "/opt/rustwide/target/debug/deps/libanstyle_parse-d6f1857d2a868ff9.rlib" "/opt/rustwide/target/debug/deps/libutf8parse-39ed42569342c469.rlib" "/opt/rustwide/target/debug/deps/libclap_lex-347d2b47ecabb312.rlib" "/opt/rustwide/target/debug/deps/libanstyle-da4958938b82d234.rlib" "/opt/rustwide/rustup-home/toolchains/beta-2023-12-22-x86_64-unknown-linux-gnu/lib/rustlib/x86_64-unknown-linux-gnu/lib/libstd-0672489a78b613de.rlib" "/opt/rustwide/rustup-home/toolchains/beta-2023-12-22-x86_64-unknown-linux-gnu/lib/rustlib/x86_64-unknown-linux-gnu/lib/libpanic_unwind-7eb3ffc34a49f675.rlib" "/opt/rustwide/rustup-home/toolchains/beta-2023-12-22-x86_64-unknown-linux-gnu/lib/rustlib/x86_64-unknown-linux-gnu/lib/libobject-6478a9daa4bee8e2.rlib" "/opt/rustwide/rustup-home/toolchains/beta-2023-12-22-x86_64-unknown-linux-gnu/lib/rustlib/x86_64-unknown-linux-gnu/lib/libmemchr-0c75d871a5c3923d.rlib" "/opt/rustwide/rustup-home/toolchains/beta-2023-12-22-x86_64-unknown-linux-gnu/lib/rustlib/x86_64-unknown-linux-gnu/lib/libaddr2line-d163ef63ad37bb71.rlib" "/opt/rustwide/rustup-home/toolchains/beta-2023-12-22-x86_64-unknown-linux-gnu/lib/rustlib/x86_64-unknown-linux-gnu/lib/libgimli-8a3fd810a85b9f4c.rlib" "/opt/rustwide/rustup-home/toolchains/beta-2023-12-22-x86_64-unknown-linux-gnu/lib/rustlib/x86_64-unknown-linux-gnu/lib/librustc_demangle-462a2cde8c5dfc10.rlib" "/opt/rustwide/rustup-home/toolchains/beta-2023-12-22-x86_64-unknown-linux-gnu/lib/rustlib/x86_64-unknown-linux-gnu/lib/libstd_detect-cb06ac9f54713f71.rlib" "/opt/rustwide/rustup-home/toolchains/beta-2023-12-22-x86_64-unknown-linux-gnu/lib/rustlib/x86_64-unknown-linux-gnu/lib/libhashbrown-f20bfd1f8e59b393.rlib" "/opt/rustwide/rustup-home/toolchains/beta-2023-12-22-x86_64-unknown-linux-gnu/lib/rustlib/x86_64-unknown-linux-gnu/lib/librustc_std_workspace_alloc-1ef460949b49da4b.rlib" "/opt/rustwide/rustup-home/toolchains/beta-2023-12-22-x86_64-unknown-linux-gnu/lib/rustlib/x86_64-unknown-linux-gnu/lib/libminiz_oxide-2cb0c0ffe4f87514.rlib" "/opt/rustwide/rustup-home/toolchains/beta-2023-12-22-x86_64-unknown-linux-gnu/lib/rustlib/x86_64-unknown-linux-gnu/lib/libadler-58d841eb322a11a2.rlib" "/opt/rustwide/rustup-home/toolchains/beta-2023-12-22-x86_64-unknown-linux-gnu/lib/rustlib/x86_64-unknown-linux-gnu/lib/libunwind-aa2ae0b0a9d11533.rlib" "/opt/rustwide/rustup-home/toolchains/beta-2023-12-22-x86_64-unknown-linux-gnu/lib/rustlib/x86_64-unknown-linux-gnu/lib/libcfg_if-23874e15830ed336.rlib" "/opt/rustwide/rustup-home/toolchains/beta-2023-12-22-x86_64-unknown-linux-gnu/lib/rustlib/x86_64-unknown-linux-gnu/lib/liblibc-e47cddc003bce885.rlib" "/opt/rustwide/rustup-home/toolchains/beta-2023-12-22-x86_64-unknown-linux-gnu/lib/rustlib/x86_64-unknown-linux-gnu/lib/liballoc-c22b13b48a8f128e.rlib" "/opt/rustwide/rustup-home/toolchains/beta-2023-12-22-x86_64-unknown-linux-gnu/lib/rustlib/x86_64-unknown-linux-gnu/lib/librustc_std_workspace_core-e46bc3da6d7c462f.rlib" "/opt/rustwide/rustup-home/toolchains/beta-2023-12-22-x86_64-unknown-linux-gnu/lib/rustlib/x86_64-unknown-linux-gnu/lib/libcore-8d1ac131d3cb2645.rlib" "/opt/rustwide/rustup-home/toolchains/beta-2023-12-22-x86_64-unknown-linux-gnu/lib/rustlib/x86_64-unknown-linux-gnu/lib/libcompiler_builtins-a1b43df8c6899c1f.rlib" "-Wl,-Bdynamic" "-lgcc_s" "-lutil" "-lrt" "-lpthread" "-lm" "-ldl" "-lc" "-Wl,--eh-frame-hdr" "-Wl,-z,noexecstack" "-L" "/opt/rustwide/rustup-home/toolchains/beta-2023-12-22-x86_64-unknown-linux-gnu/lib/rustlib/x86_64-unknown-linux-gnu/lib" "-o" "/opt/rustwide/target/debug/deps/node_discovery-b756efc97fb200c6" "-Wl,--gc-sections" "-pie" "-Wl,-z,relro,-z,now" "-nodefaultlibs"
[INFO] [stdout]   = note: collect2: fatal error: ld terminated with signal 9 [Killed]
[INFO] [stdout]           compilation terminated.
[INFO] [stdout]           
[INFO] [stdout] 
[INFO] [stdout] 
[INFO] [stdout] error: aborting due to 1 previous error
[INFO] [stdout] 
[INFO] [stdout] 
[INFO] [stderr] error: could not compile `dbeel` (test "node_discovery") due to 2 previous errors
[INFO] [stdout] error: linking with `cc` failed: exit status: 1
[INFO] [stdout]   |
[INFO] [stdout]   = note: LC_ALL="C" PATH="/opt/rustwide/rustup-home/toolchains/beta-2023-12-22-x86_64-unknown-linux-gnu/lib/rustlib/x86_64-unknown-linux-gnu/bin:/opt/rustwide/cargo-home/bin:/usr/local/sbin:/usr/local/bin:/usr/sbin:/usr/bin:/sbin:/bin" VSLANG="1033" "cc" "-m64" "/tmp/rustcmgjqFT/symbols.o" "/opt/rustwide/target/debug/deps/collection_discovery-cfff41a21b930d12.collection_discovery.a738f5096674a21e-cgu.00.rcgu.o" "/opt/rustwide/target/debug/deps/collection_discovery-cfff41a21b930d12.collection_discovery.a738f5096674a21e-cgu.01.rcgu.o" "/opt/rustwide/target/debug/deps/collection_discovery-cfff41a21b930d12.collection_discovery.a738f5096674a21e-cgu.02.rcgu.o" "/opt/rustwide/target/debug/deps/collection_discovery-cfff41a21b930d12.collection_discovery.a738f5096674a21e-cgu.03.rcgu.o" "/opt/rustwide/target/debug/deps/collection_discovery-cfff41a21b930d12.collection_discovery.a738f5096674a21e-cgu.04.rcgu.o" "/opt/rustwide/target/debug/deps/collection_discovery-cfff41a21b930d12.collection_discovery.a738f5096674a21e-cgu.05.rcgu.o" "/opt/rustwide/target/debug/deps/collection_discovery-cfff41a21b930d12.collection_discovery.a738f5096674a21e-cgu.06.rcgu.o" "/opt/rustwide/target/debug/deps/collection_discovery-cfff41a21b930d12.collection_discovery.a738f5096674a21e-cgu.07.rcgu.o" "/opt/rustwide/target/debug/deps/collection_discovery-cfff41a21b930d12.collection_discovery.a738f5096674a21e-cgu.08.rcgu.o" "/opt/rustwide/target/debug/deps/collection_discovery-cfff41a21b930d12.collection_discovery.a738f5096674a21e-cgu.09.rcgu.o" "/opt/rustwide/target/debug/deps/collection_discovery-cfff41a21b930d12.collection_discovery.a738f5096674a21e-cgu.10.rcgu.o" "/opt/rustwide/target/debug/deps/collection_discovery-cfff41a21b930d12.collection_discovery.a738f5096674a21e-cgu.11.rcgu.o" "/opt/rustwide/target/debug/deps/collection_discovery-cfff41a21b930d12.collection_discovery.a738f5096674a21e-cgu.12.rcgu.o" "/opt/rustwide/target/debug/deps/collection_discovery-cfff41a21b930d12.collection_discovery.a738f5096674a21e-cgu.13.rcgu.o" "/opt/rustwide/target/debug/deps/collection_discovery-cfff41a21b930d12.collection_discovery.a738f5096674a21e-cgu.14.rcgu.o" "/opt/rustwide/target/debug/deps/collection_discovery-cfff41a21b930d12.collection_discovery.a738f5096674a21e-cgu.15.rcgu.o" "/opt/rustwide/target/debug/deps/collection_discovery-cfff41a21b930d12.u5vxpeubhb7p3tq.rcgu.o" "-Wl,--as-needed" "-L" "/opt/rustwide/target/debug/deps" "-L" "/opt/rustwide/target/debug/build/glommio-d154f40064044d6d/out" "-L" "/opt/rustwide/target/debug/build/glommio-d154f40064044d6d/out" "-L" "/usr/lib/x86_64-linux-gnu" "-L" "/opt/rustwide/target/debug/build/zstd-sys-c8beeac926dd99d4/out" "-L" "/opt/rustwide/rustup-home/toolchains/beta-2023-12-22-x86_64-unknown-linux-gnu/lib/rustlib/x86_64-unknown-linux-gnu/lib" "-Wl,-Bstatic" "/opt/rustwide/rustup-home/toolchains/beta-2023-12-22-x86_64-unknown-linux-gnu/lib/rustlib/x86_64-unknown-linux-gnu/lib/libtest-cbab71697df97b00.rlib" "/opt/rustwide/rustup-home/toolchains/beta-2023-12-22-x86_64-unknown-linux-gnu/lib/rustlib/x86_64-unknown-linux-gnu/lib/libgetopts-2a2cf8f16c536007.rlib" "/opt/rustwide/rustup-home/toolchains/beta-2023-12-22-x86_64-unknown-linux-gnu/lib/rustlib/x86_64-unknown-linux-gnu/lib/libunicode_width-c5f3cc3cceaf9070.rlib" "/opt/rustwide/rustup-home/toolchains/beta-2023-12-22-x86_64-unknown-linux-gnu/lib/rustlib/x86_64-unknown-linux-gnu/lib/librustc_std_workspace_std-a31324ec815b09db.rlib" "/opt/rustwide/target/debug/deps/libtest_utils-96afb9f57e00a46b.rlib" "/opt/rustwide/target/debug/deps/libpretty_env_logger-7e92bc02cb03b220.rlib" "/opt/rustwide/target/debug/deps/libenv_logger-bfaded627ac62a81.rlib" "/opt/rustwide/target/debug/deps/libtermcolor-52d1aec1f7b0ccaa.rlib" "/opt/rustwide/target/debug/deps/libis_terminal-c55d2b82a4f8f983.rlib" "/opt/rustwide/target/debug/deps/librustix-491bd477ec94ad37.rlib" "/opt/rustwide/target/debug/deps/liblinux_raw_sys-556a71bfc97df2fa.rlib" "/opt/rustwide/target/debug/deps/libhumantime-ce381c4933d03978.rlib" "/opt/rustwide/target/debug/deps/libserial_test-7b0ef87e6d8d74a7.rlib" "/opt/rustwide/target/debug/deps/libparking_lot-cca269dc70f21784.rlib" "/opt/rustwide/target/debug/deps/libdashmap-9b061646fda478f0.rlib" "/opt/rustwide/target/debug/deps/libparking_lot_core-493672e9b60a1871.rlib" "/opt/rustwide/target/debug/deps/libhashbrown-d9a2893f1e7a96e5.rlib" "/opt/rustwide/target/debug/deps/librstest-4f959471af64015d.rlib" "/opt/rustwide/target/debug/deps/libfutures_timer-105eb334315356f5.rlib" "/opt/rustwide/target/debug/deps/libdbeel_client-5ad3bf9bbfc2fa92.rlib" "/opt/rustwide/target/debug/deps/libasync_rwlock-7ddef4d3c3c34342.rlib" "/opt/rustwide/target/debug/deps/libasync_mutex-531aedd33febc26c.rlib" "/opt/rustwide/target/debug/deps/libdbeel-492f2433467a6370.rlib" "/opt/rustwide/target/debug/deps/librmpv-e0d110a029bd5859.rlib" "/opt/rustwide/target/debug/deps/librmp_serde-9121e07ca76ccdb3.rlib" "/opt/rustwide/target/debug/deps/librmp-dedfca7adbd9b053.rlib" "/opt/rustwide/target/debug/deps/libbyteorder-6ac88002c46ec63a.rlib" "/opt/rustwide/target/debug/deps/libnum_traits-81d77c7d940d9054.rlib" "/opt/rustwide/target/debug/deps/libwtinylfu-e744cba0829b6081.rlib" "/opt/rustwide/target/debug/deps/libcount_min_sketch-4628ddbc73296623.rlib" "/opt/rustwide/target/debug/deps/libsiphasher-8c98df6e4615cbd6.rlib" "/opt/rustwide/target/debug/deps/liblru-214bd049985e3cf4.rlib" "/opt/rustwide/target/debug/deps/libhashbrown-a7b8502809743377.rlib" "/opt/rustwide/target/debug/deps/librbtree_arena-de51df8dc16687e7.rlib" "/opt/rustwide/target/debug/deps/libbloomfilter-6ff6e44baf5103a7.rlib" "/opt/rustwide/target/debug/deps/libsiphasher-a0dfd017579299b2.rlib" "/opt/rustwide/target/debug/deps/libbit_vec-7e0c04046b11dc53.rlib" "/opt/rustwide/target/debug/deps/librustc_hash-d8dd0847b35f1832.rlib" "/opt/rustwide/target/debug/deps/libregex-303fb85dd4918125.rlib" "/opt/rustwide/target/debug/deps/libregex_automata-b87278bb9bc2845e.rlib" "/opt/rustwide/target/debug/deps/libaho_corasick-42eca8b16757950a.rlib" "/opt/rustwide/target/debug/deps/libregex_syntax-2fba322c2516c6a3.rlib" "/opt/rustwide/target/debug/deps/librand-2e268df8ab3fee49.rlib" "/opt/rustwide/target/debug/deps/librand_chacha-886400b3e3698869.rlib" "/opt/rustwide/target/debug/deps/libppv_lite86-db48c90fa293bcfe.rlib" "/opt/rustwide/target/debug/deps/librand_core-3e6cd468efbb8a4c.rlib" "/opt/rustwide/target/debug/deps/libmurmur3-6a484740ef271321.rlib" "/opt/rustwide/target/debug/deps/libitertools-3e36947ab397505c.rlib" "/opt/rustwide/target/debug/deps/libeither-49b31dd90481588d.rlib" "/opt/rustwide/target/debug/deps/libglommio-5fd59b58d2859265.rlib" "/opt/rustwide/target/debug/deps/libsignal_hook-4a0b9dfb9b5c5aca.rlib" "/opt/rustwide/target/debug/deps/libsignal_hook_registry-38631b34819b3d78.rlib" "/opt/rustwide/target/debug/deps/libbacktrace-52e1411102bcff02.rlib" "/opt/rustwide/target/debug/deps/libminiz_oxide-fdd9e74574a7bd2a.rlib" "/opt/rustwide/target/debug/deps/libadler-eba61f23bb3cdb48.rlib" "/opt/rustwide/target/debug/deps/libobject-5569cf7b299b27e0.rlib" "/opt/rustwide/target/debug/deps/libaddr2line-499a251e1921cb3a.rlib" "/opt/rustwide/target/debug/deps/libgimli-f7efda45803631e0.rlib" "/opt/rustwide/target/debug/deps/librustc_demangle-880659badff80dc2.rlib" "/opt/rustwide/target/debug/deps/libcrossbeam-7d04b1358a4159ed.rlib" "/opt/rustwide/target/debug/deps/libcrossbeam_channel-954622735befc289.rlib" "/opt/rustwide/target/debug/deps/libcrossbeam_deque-347f7cea8448b5b3.rlib" "/opt/rustwide/target/debug/deps/libcrossbeam_queue-e2929614cf546f59.rlib" "/opt/rustwide/target/debug/deps/libcrossbeam_epoch-b626bb8b8257a0f1.rlib" "/opt/rustwide/target/debug/deps/libscoped_tls-f6838ea757d14c0f.rlib" "/opt/rustwide/target/debug/deps/libbitflags-52f05aea2267c407.rlib" "/opt/rustwide/target/debug/deps/libsketches_ddsketch-c71dc2dbe833ad9b.rlib" "/opt/rustwide/target/debug/deps/libenclose-773c1e912237cbd3.rlib" "/opt/rustwide/target/debug/deps/libsocket2-e5d000e96a749603.rlib" "/opt/rustwide/target/debug/deps/libtracing-409c113199ebffb6.rlib" "/opt/rustwide/target/debug/deps/libtracing_core-6547972a0886d4d8.rlib" "/opt/rustwide/target/debug/deps/libintrusive_collections-69c66d50bbeee5cb.rlib" "/opt/rustwide/target/debug/deps/libmemoffset-70be0b3efc76ca6c.rlib" "/opt/rustwide/target/debug/deps/libbuddy_alloc-b4ba11545f7025db.rlib" "/opt/rustwide/target/debug/deps/librlimit-f33d9296c2ea481c.rlib" "/opt/rustwide/target/debug/deps/libfutures_lite-34eda784324dadcf.rlib" "/opt/rustwide/target/debug/deps/libfastrand-9a0695f12d217e0d.rlib" "/opt/rustwide/target/debug/deps/libwaker_fn-5e274d8e0cf6c0b6.rlib" "/opt/rustwide/target/debug/deps/libparking-c0eec4b85623c35c.rlib" "/opt/rustwide/target/debug/deps/libflume-4c526604d818b8b8.rlib" "/opt/rustwide/target/debug/deps/libspin-b46a388c6957df11.rlib" "/opt/rustwide/target/debug/deps/liblock_api-f3ffe3870d1fb452.rlib" "/opt/rustwide/target/debug/deps/libpin_project-b7c3876761f816c9.rlib" "/opt/rustwide/target/debug/deps/libnanorand-99a32f112bcf9f56.rlib" "/opt/rustwide/target/debug/deps/libsmallvec-b127e03d6a576850.rlib" "/opt/rustwide/target/debug/deps/liblog-2cf4a51dfa4e790a.rlib" "/opt/rustwide/target/debug/deps/libahash-e71f9664d22ca875.rlib" "/opt/rustwide/target/debug/deps/libgetrandom-9123a25b434e2fe3.rlib" "/opt/rustwide/target/debug/deps/libonce_cell-728f13abc4f8cf5f.rlib" "/opt/rustwide/target/debug/deps/libscopeguard-1a234dcd8bf514e4.rlib" "/opt/rustwide/target/debug/deps/liblazy_static-50650112bfaef7d3.rlib" "/opt/rustwide/target/debug/deps/libspin-e858d3468b8e3abd.rlib" "/opt/rustwide/target/debug/deps/libnix-5fac820abd8467ef.rlib" "/opt/rustwide/target/debug/deps/libbitflags-85e13ed1e0c6d910.rlib" "/opt/rustwide/target/debug/deps/libmemoffset-3b8b6c5d2cb3d911.rlib" "/opt/rustwide/target/debug/deps/liblibc-bee1a846c06b5f5f.rlib" "/opt/rustwide/target/debug/deps/libfutures-add558edba25f51e.rlib" "/opt/rustwide/target/debug/deps/libfutures_executor-9bf36cde156f3e10.rlib" "/opt/rustwide/target/debug/deps/libfutures_util-4d8da9a352a60bc8.rlib" "/opt/rustwide/target/debug/deps/libmemchr-996a195865583db1.rlib" "/opt/rustwide/target/debug/deps/libfutures_io-d5c5bf1c0dfd3da2.rlib" "/opt/rustwide/target/debug/deps/libslab-0a39a638bccea296.rlib" "/opt/rustwide/target/debug/deps/libfutures_channel-16a8513ebfc0b754.rlib" "/opt/rustwide/target/debug/deps/libpin_project_lite-085b19c93bbb2231.rlib" "/opt/rustwide/target/debug/deps/libfutures_sink-41100c249ff162f0.rlib" "/opt/rustwide/target/debug/deps/libfutures_task-8a8d0b282fffed3e.rlib" "/opt/rustwide/target/debug/deps/libpin_utils-9c5dcf17efb91bff.rlib" "/opt/rustwide/target/debug/deps/libtime-7f8bfb9bde8fcec6.rlib" "/opt/rustwide/target/debug/deps/libtime_core-acdcdbb0edad8681.rlib" "/opt/rustwide/target/debug/deps/libderanged-f4c70fc08b27d5d0.rlib" "/opt/rustwide/target/debug/deps/libpowerfmt-a584063b8a4e44a4.rlib" "/opt/rustwide/target/debug/deps/libbincode-47f9f6d3cf29dd75.rlib" "/opt/rustwide/target/debug/deps/libthiserror-416d97b0bce7ef9e.rlib" "/opt/rustwide/target/debug/deps/libserde-17b261bd2f445884.rlib" "/opt/rustwide/target/debug/deps/libkinded-33257fcfb7120c61.rlib" "/opt/rustwide/target/debug/deps/libasync_channel-9a5b24c2066e07eb.rlib" "/opt/rustwide/target/debug/deps/libfutures_core-c75aab8011a428b1.rlib" "/opt/rustwide/target/debug/deps/libevent_listener-769af95c79f2a6ea.rlib" "/opt/rustwide/target/debug/deps/libconcurrent_queue-914ed65cd3a0d951.rlib" "/opt/rustwide/target/debug/deps/libcrossbeam_utils-3a0831db25663408.rlib" "/opt/rustwide/target/debug/deps/libcfg_if-e7002d307f97bc56.rlib" "/opt/rustwide/target/debug/deps/libclap-7dac5883434f924c.rlib" "/opt/rustwide/target/debug/deps/libclap_builder-dfafda38f344f0ad.rlib" "/opt/rustwide/target/debug/deps/libstrsim-7c2291ed86ef7041.rlib" "/opt/rustwide/target/debug/deps/libanstream-ec271d1208406169.rlib" "/opt/rustwide/target/debug/deps/libanstyle_query-6489b1baa85495ab.rlib" "/opt/rustwide/target/debug/deps/libcolorchoice-d395abfad8a7a372.rlib" "/opt/rustwide/target/debug/deps/libanstyle_parse-d6f1857d2a868ff9.rlib" "/opt/rustwide/target/debug/deps/libutf8parse-39ed42569342c469.rlib" "/opt/rustwide/target/debug/deps/libclap_lex-347d2b47ecabb312.rlib" "/opt/rustwide/target/debug/deps/libanstyle-da4958938b82d234.rlib" "/opt/rustwide/rustup-home/toolchains/beta-2023-12-22-x86_64-unknown-linux-gnu/lib/rustlib/x86_64-unknown-linux-gnu/lib/libstd-0672489a78b613de.rlib" "/opt/rustwide/rustup-home/toolchains/beta-2023-12-22-x86_64-unknown-linux-gnu/lib/rustlib/x86_64-unknown-linux-gnu/lib/libpanic_unwind-7eb3ffc34a49f675.rlib" "/opt/rustwide/rustup-home/toolchains/beta-2023-12-22-x86_64-unknown-linux-gnu/lib/rustlib/x86_64-unknown-linux-gnu/lib/libobject-6478a9daa4bee8e2.rlib" "/opt/rustwide/rustup-home/toolchains/beta-2023-12-22-x86_64-unknown-linux-gnu/lib/rustlib/x86_64-unknown-linux-gnu/lib/libmemchr-0c75d871a5c3923d.rlib" "/opt/rustwide/rustup-home/toolchains/beta-2023-12-22-x86_64-unknown-linux-gnu/lib/rustlib/x86_64-unknown-linux-gnu/lib/libaddr2line-d163ef63ad37bb71.rlib" "/opt/rustwide/rustup-home/toolchains/beta-2023-12-22-x86_64-unknown-linux-gnu/lib/rustlib/x86_64-unknown-linux-gnu/lib/libgimli-8a3fd810a85b9f4c.rlib" "/opt/rustwide/rustup-home/toolchains/beta-2023-12-22-x86_64-unknown-linux-gnu/lib/rustlib/x86_64-unknown-linux-gnu/lib/librustc_demangle-462a2cde8c5dfc10.rlib" "/opt/rustwide/rustup-home/toolchains/beta-2023-12-22-x86_64-unknown-linux-gnu/lib/rustlib/x86_64-unknown-linux-gnu/lib/libstd_detect-cb06ac9f54713f71.rlib" "/opt/rustwide/rustup-home/toolchains/beta-2023-12-22-x86_64-unknown-linux-gnu/lib/rustlib/x86_64-unknown-linux-gnu/lib/libhashbrown-f20bfd1f8e59b393.rlib" "/opt/rustwide/rustup-home/toolchains/beta-2023-12-22-x86_64-unknown-linux-gnu/lib/rustlib/x86_64-unknown-linux-gnu/lib/librustc_std_workspace_alloc-1ef460949b49da4b.rlib" "/opt/rustwide/rustup-home/toolchains/beta-2023-12-22-x86_64-unknown-linux-gnu/lib/rustlib/x86_64-unknown-linux-gnu/lib/libminiz_oxide-2cb0c0ffe4f87514.rlib" "/opt/rustwide/rustup-home/toolchains/beta-2023-12-22-x86_64-unknown-linux-gnu/lib/rustlib/x86_64-unknown-linux-gnu/lib/libadler-58d841eb322a11a2.rlib" "/opt/rustwide/rustup-home/toolchains/beta-2023-12-22-x86_64-unknown-linux-gnu/lib/rustlib/x86_64-unknown-linux-gnu/lib/libunwind-aa2ae0b0a9d11533.rlib" "/opt/rustwide/rustup-home/toolchains/beta-2023-12-22-x86_64-unknown-linux-gnu/lib/rustlib/x86_64-unknown-linux-gnu/lib/libcfg_if-23874e15830ed336.rlib" "/opt/rustwide/rustup-home/toolchains/beta-2023-12-22-x86_64-unknown-linux-gnu/lib/rustlib/x86_64-unknown-linux-gnu/lib/liblibc-e47cddc003bce885.rlib" "/opt/rustwide/rustup-home/toolchains/beta-2023-12-22-x86_64-unknown-linux-gnu/lib/rustlib/x86_64-unknown-linux-gnu/lib/liballoc-c22b13b48a8f128e.rlib" "/opt/rustwide/rustup-home/toolchains/beta-2023-12-22-x86_64-unknown-linux-gnu/lib/rustlib/x86_64-unknown-linux-gnu/lib/librustc_std_workspace_core-e46bc3da6d7c462f.rlib" "/opt/rustwide/rustup-home/toolchains/beta-2023-12-22-x86_64-unknown-linux-gnu/lib/rustlib/x86_64-unknown-linux-gnu/lib/libcore-8d1ac131d3cb2645.rlib" "/opt/rustwide/rustup-home/toolchains/beta-2023-12-22-x86_64-unknown-linux-gnu/lib/rustlib/x86_64-unknown-linux-gnu/lib/libcompiler_builtins-a1b43df8c6899c1f.rlib" "-Wl,-Bdynamic" "-lgcc_s" "-lutil" "-lrt" "-lpthread" "-lm" "-ldl" "-lc" "-Wl,--eh-frame-hdr" "-Wl,-z,noexecstack" "-L" "/opt/rustwide/rustup-home/toolchains/beta-2023-12-22-x86_64-unknown-linux-gnu/lib/rustlib/x86_64-unknown-linux-gnu/lib" "-o" "/opt/rustwide/target/debug/deps/collection_discovery-cfff41a21b930d12" "-Wl,--gc-sections" "-pie" "-Wl,-z,relro,-z,now" "-nodefaultlibs"
[INFO] [stdout]   = note: collect2: fatal error: ld terminated with signal 9 [Killed]
[INFO] [stdout]           compilation terminated.
[INFO] [stdout]           
[INFO] [stdout] 
[INFO] [stdout] 
[INFO] [stdout] error: aborting due to 1 previous error
[INFO] [stdout] 
[INFO] [stdout] 
[INFO] [stderr] error: could not compile `dbeel` (test "collection_discovery") due to 2 previous errors
[INFO] running `Command { std: "docker" "inspect" "9e034373f410db4fd5cba133c1ffeb6d68b736c92170ffee0048b64897bc267c", kill_on_drop: false }`
[INFO] running `Command { std: "docker" "rm" "-f" "9e034373f410db4fd5cba133c1ffeb6d68b736c92170ffee0048b64897bc267c", kill_on_drop: false }`
[INFO] [stdout] 9e034373f410db4fd5cba133c1ffeb6d68b736c92170ffee0048b64897bc267c
