[INFO] cloning repository https://github.com/tommyip/yatc
[INFO] running `Command { std: "git" "-c" "credential.helper=" "-c" "credential.helper=/workspace/cargo-home/bin/git-credential-null" "clone" "--bare" "https://github.com/tommyip/yatc" "/workspace/cache/git-repos/https%3A%2F%2Fgithub.com%2Ftommyip%2Fyatc", kill_on_drop: false }`
[INFO] [stderr] Cloning into bare repository '/workspace/cache/git-repos/https%3A%2F%2Fgithub.com%2Ftommyip%2Fyatc'...
[INFO] running `Command { std: "git" "rev-parse" "HEAD", kill_on_drop: false }`
[INFO] [stdout] a6392d594d1c3de31ea40f7f66bc7ddc687037bf
[INFO] testing tommyip/yatc against 1.75.0 for beta-1.76-1
[INFO] running `Command { std: "git" "clone" "/workspace/cache/git-repos/https%3A%2F%2Fgithub.com%2Ftommyip%2Fyatc" "/workspace/builds/worker-0-tc1/source", kill_on_drop: false }`
[INFO] [stderr] Cloning into '/workspace/builds/worker-0-tc1/source'...
[INFO] [stderr] done.
[INFO] validating manifest of git repo https://github.com/tommyip/yatc on toolchain 1.75.0
[INFO] running `Command { std: CARGO_HOME="/workspace/cargo-home" RUSTUP_HOME="/workspace/rustup-home" "/workspace/cargo-home/bin/cargo" "+1.75.0" "metadata" "--manifest-path" "Cargo.toml" "--no-deps", kill_on_drop: false }`
[INFO] started tweaking git repo https://github.com/tommyip/yatc
[INFO] finished tweaking git repo https://github.com/tommyip/yatc
[INFO] tweaked toml for git repo https://github.com/tommyip/yatc written to /workspace/builds/worker-0-tc1/source/Cargo.toml
[INFO] crate git repo https://github.com/tommyip/yatc already has a lockfile, it will not be regenerated
[INFO] running `Command { std: CARGO_HOME="/workspace/cargo-home" RUSTUP_HOME="/workspace/rustup-home" "/workspace/cargo-home/bin/cargo" "+1.75.0" "fetch" "--manifest-path" "Cargo.toml", kill_on_drop: false }`
[INFO] [stderr]     Blocking waiting for file lock on package cache
[ERROR] error running command: no output for 300 seconds
[ERROR] this task or one of its parent failed!
[ERROR] no output for 300 seconds
[ERROR] note: run with `RUST_BACKTRACE=1` to display a backtrace.
[INFO] testing tommyip/yatc against beta-2023-12-22 for beta-1.76-1
[INFO] running `Command { std: "git" "clone" "/workspace/cache/git-repos/https%3A%2F%2Fgithub.com%2Ftommyip%2Fyatc" "/workspace/builds/worker-0-tc2/source", kill_on_drop: false }`
[INFO] [stderr] Cloning into '/workspace/builds/worker-0-tc2/source'...
[INFO] [stderr] done.
[INFO] validating manifest of git repo https://github.com/tommyip/yatc on toolchain beta-2023-12-22
[INFO] running `Command { std: CARGO_HOME="/workspace/cargo-home" RUSTUP_HOME="/workspace/rustup-home" "/workspace/cargo-home/bin/cargo" "+beta-2023-12-22" "metadata" "--manifest-path" "Cargo.toml" "--no-deps", kill_on_drop: false }`
[INFO] started tweaking git repo https://github.com/tommyip/yatc
[INFO] finished tweaking git repo https://github.com/tommyip/yatc
[INFO] tweaked toml for git repo https://github.com/tommyip/yatc written to /workspace/builds/worker-0-tc2/source/Cargo.toml
[INFO] crate git repo https://github.com/tommyip/yatc already has a lockfile, it will not be regenerated
[INFO] running `Command { std: CARGO_HOME="/workspace/cargo-home" RUSTUP_HOME="/workspace/rustup-home" "/workspace/cargo-home/bin/cargo" "+beta-2023-12-22" "fetch" "--manifest-path" "Cargo.toml", kill_on_drop: false }`
[INFO] [stderr]     Blocking waiting for file lock on package cache
[INFO] [stderr]     Blocking waiting for file lock on package cache
[ERROR] error running command: no output for 300 seconds
[INFO] testing tommyip/yatc against beta-2023-12-22 for beta-1.76-1
[INFO] running `Command { std: "git" "clone" "/workspace/cache/git-repos/https%3A%2F%2Fgithub.com%2Ftommyip%2Fyatc" "/workspace/builds/worker-0-tc2/source", kill_on_drop: false }`
[INFO] [stderr] Cloning into '/workspace/builds/worker-0-tc2/source'...
[INFO] [stderr] done.
[INFO] validating manifest of git repo https://github.com/tommyip/yatc on toolchain beta-2023-12-22
[INFO] running `Command { std: CARGO_HOME="/workspace/cargo-home" RUSTUP_HOME="/workspace/rustup-home" "/workspace/cargo-home/bin/cargo" "+beta-2023-12-22" "metadata" "--manifest-path" "Cargo.toml" "--no-deps", kill_on_drop: false }`
[INFO] started tweaking git repo https://github.com/tommyip/yatc
[INFO] finished tweaking git repo https://github.com/tommyip/yatc
[INFO] tweaked toml for git repo https://github.com/tommyip/yatc written to /workspace/builds/worker-0-tc2/source/Cargo.toml
[INFO] crate git repo https://github.com/tommyip/yatc already has a lockfile, it will not be regenerated
[INFO] running `Command { std: CARGO_HOME="/workspace/cargo-home" RUSTUP_HOME="/workspace/rustup-home" "/workspace/cargo-home/bin/cargo" "+beta-2023-12-22" "fetch" "--manifest-path" "Cargo.toml", kill_on_drop: false }`
[INFO] [stderr]     Blocking waiting for file lock on package cache
[INFO] [stderr]     Blocking waiting for file lock on package cache
[INFO] running `Command { std: "docker" "create" "-v" "/var/lib/crater-agent-workspace/builds/worker-0-tc2/target:/opt/rustwide/target:rw,Z" "-v" "/var/lib/crater-agent-workspace/builds/worker-0-tc2/source:/opt/rustwide/workdir:ro,Z" "-v" "/var/lib/crater-agent-workspace/cargo-home:/opt/rustwide/cargo-home:ro,Z" "-v" "/var/lib/crater-agent-workspace/rustup-home:/opt/rustwide/rustup-home:ro,Z" "-e" "SOURCE_DIR=/opt/rustwide/workdir" "-e" "CARGO_TARGET_DIR=/opt/rustwide/target" "-e" "CARGO_HOME=/opt/rustwide/cargo-home" "-e" "RUSTUP_HOME=/opt/rustwide/rustup-home" "-w" "/opt/rustwide/workdir" "-m" "1610612736" "--user" "0:0" "--network" "none" "ghcr.io/rust-lang/crates-build-env/linux@sha256:2788e3201cd34a07e3172128adcd8b3090168a8e3bcc40d7c032b9dda1df7d1c" "/opt/rustwide/cargo-home/bin/cargo" "+beta-2023-12-22" "metadata" "--no-deps" "--format-version=1", kill_on_drop: false }`
[INFO] [stdout] af8bf126d04e459322fcaa58c2cdc4b3c53666aeb03cd5d7ca1375ad6b8acb47
[INFO] running `Command { std: "docker" "start" "-a" "af8bf126d04e459322fcaa58c2cdc4b3c53666aeb03cd5d7ca1375ad6b8acb47", kill_on_drop: false }`
[INFO] running `Command { std: "docker" "inspect" "af8bf126d04e459322fcaa58c2cdc4b3c53666aeb03cd5d7ca1375ad6b8acb47", kill_on_drop: false }`
[INFO] running `Command { std: "docker" "rm" "-f" "af8bf126d04e459322fcaa58c2cdc4b3c53666aeb03cd5d7ca1375ad6b8acb47", kill_on_drop: false }`
[INFO] [stdout] af8bf126d04e459322fcaa58c2cdc4b3c53666aeb03cd5d7ca1375ad6b8acb47
[INFO] running `Command { std: "docker" "create" "-v" "/var/lib/crater-agent-workspace/builds/worker-0-tc2/target:/opt/rustwide/target:rw,Z" "-v" "/var/lib/crater-agent-workspace/builds/worker-0-tc2/source:/opt/rustwide/workdir:ro,Z" "-v" "/var/lib/crater-agent-workspace/cargo-home:/opt/rustwide/cargo-home:ro,Z" "-v" "/var/lib/crater-agent-workspace/rustup-home:/opt/rustwide/rustup-home:ro,Z" "-e" "SOURCE_DIR=/opt/rustwide/workdir" "-e" "CARGO_TARGET_DIR=/opt/rustwide/target" "-e" "CARGO_INCREMENTAL=0" "-e" "RUST_BACKTRACE=full" "-e" "RUSTFLAGS=--cap-lints=warn" "-e" "RUSTDOCFLAGS=--cap-lints=warn" "-e" "CARGO_HOME=/opt/rustwide/cargo-home" "-e" "RUSTUP_HOME=/opt/rustwide/rustup-home" "-w" "/opt/rustwide/workdir" "-m" "1610612736" "--user" "0:0" "--network" "none" "ghcr.io/rust-lang/crates-build-env/linux@sha256:2788e3201cd34a07e3172128adcd8b3090168a8e3bcc40d7c032b9dda1df7d1c" "/opt/rustwide/cargo-home/bin/cargo" "+beta-2023-12-22" "build" "--frozen" "--message-format=json", kill_on_drop: false }`
[INFO] [stdout] 94655e6b102f3d98c0c6a7114f18144bf156caf2b55424c8614638e5ed16ce46
[INFO] running `Command { std: "docker" "start" "-a" "94655e6b102f3d98c0c6a7114f18144bf156caf2b55424c8614638e5ed16ce46", kill_on_drop: false }`
[INFO] [stderr]    Compiling yatc v0.1.0 (/opt/rustwide/workdir)
[INFO] [stdout] warning: field `ptr` is never read
[INFO] [stdout]   --> src/parser.rs:30:5
[INFO] [stdout]    |
[INFO] [stdout] 28 | pub struct Parser<'a> {
[INFO] [stdout]    |            ------ field in this struct
[INFO] [stdout] 29 |     token_stream: VecDeque<Token<'a>>,
[INFO] [stdout] 30 |     ptr: usize,
[INFO] [stdout]    |     ^^^
[INFO] [stdout]    |
[INFO] [stdout]    = note: `Parser` has a derived impl for the trait `Debug`, but this is intentionally ignored during dead code analysis
[INFO] [stdout]    = note: `#[warn(dead_code)]` on by default
[INFO] [stdout] 
[INFO] [stdout] 
[INFO] [stdout] warning: 1 warning emitted
[INFO] [stdout] 
[INFO] [stdout] 
[INFO] [stderr]     Finished dev [unoptimized + debuginfo] target(s) in 0.31s
[INFO] running `Command { std: "docker" "inspect" "94655e6b102f3d98c0c6a7114f18144bf156caf2b55424c8614638e5ed16ce46", kill_on_drop: false }`
[INFO] running `Command { std: "docker" "rm" "-f" "94655e6b102f3d98c0c6a7114f18144bf156caf2b55424c8614638e5ed16ce46", kill_on_drop: false }`
[INFO] [stdout] 94655e6b102f3d98c0c6a7114f18144bf156caf2b55424c8614638e5ed16ce46
[INFO] running `Command { std: "docker" "create" "-v" "/var/lib/crater-agent-workspace/builds/worker-0-tc2/target:/opt/rustwide/target:rw,Z" "-v" "/var/lib/crater-agent-workspace/builds/worker-0-tc2/source:/opt/rustwide/workdir:ro,Z" "-v" "/var/lib/crater-agent-workspace/cargo-home:/opt/rustwide/cargo-home:ro,Z" "-v" "/var/lib/crater-agent-workspace/rustup-home:/opt/rustwide/rustup-home:ro,Z" "-e" "SOURCE_DIR=/opt/rustwide/workdir" "-e" "CARGO_TARGET_DIR=/opt/rustwide/target" "-e" "CARGO_INCREMENTAL=0" "-e" "RUST_BACKTRACE=full" "-e" "RUSTFLAGS=--cap-lints=warn" "-e" "RUSTDOCFLAGS=--cap-lints=warn" "-e" "CARGO_HOME=/opt/rustwide/cargo-home" "-e" "RUSTUP_HOME=/opt/rustwide/rustup-home" "-w" "/opt/rustwide/workdir" "-m" "1610612736" "--user" "0:0" "--network" "none" "ghcr.io/rust-lang/crates-build-env/linux@sha256:2788e3201cd34a07e3172128adcd8b3090168a8e3bcc40d7c032b9dda1df7d1c" "/opt/rustwide/cargo-home/bin/cargo" "+beta-2023-12-22" "test" "--frozen" "--no-run" "--message-format=json", kill_on_drop: false }`
[INFO] [stdout] e0e992ca1c904ab1c604cb012528d5e24da8ca046dc7aac6644ff30e20dc7ef3
[INFO] running `Command { std: "docker" "start" "-a" "e0e992ca1c904ab1c604cb012528d5e24da8ca046dc7aac6644ff30e20dc7ef3", kill_on_drop: false }`
[INFO] [stderr]    Compiling yatc v0.1.0 (/opt/rustwide/workdir)
[INFO] [stdout] warning: field `ptr` is never read
[INFO] [stdout]   --> src/parser.rs:30:5
[INFO] [stdout]    |
[INFO] [stdout] 28 | pub struct Parser<'a> {
[INFO] [stdout]    |            ------ field in this struct
[INFO] [stdout] 29 |     token_stream: VecDeque<Token<'a>>,
[INFO] [stdout] 30 |     ptr: usize,
[INFO] [stdout]    |     ^^^
[INFO] [stdout]    |
[INFO] [stdout]    = note: `Parser` has a derived impl for the trait `Debug`, but this is intentionally ignored during dead code analysis
[INFO] [stdout]    = note: `#[warn(dead_code)]` on by default
[INFO] [stdout] 
[INFO] [stdout] 
[INFO] [stdout] warning: 1 warning emitted
[INFO] [stdout] 
[INFO] [stdout] 
[INFO] [stderr]     Finished test [unoptimized + debuginfo] target(s) in 0.51s
[INFO] running `Command { std: "docker" "inspect" "e0e992ca1c904ab1c604cb012528d5e24da8ca046dc7aac6644ff30e20dc7ef3", kill_on_drop: false }`
[INFO] running `Command { std: "docker" "rm" "-f" "e0e992ca1c904ab1c604cb012528d5e24da8ca046dc7aac6644ff30e20dc7ef3", kill_on_drop: false }`
[INFO] [stdout] e0e992ca1c904ab1c604cb012528d5e24da8ca046dc7aac6644ff30e20dc7ef3
[INFO] running `Command { std: "docker" "create" "-v" "/var/lib/crater-agent-workspace/builds/worker-0-tc2/target:/opt/rustwide/target:rw,Z" "-v" "/var/lib/crater-agent-workspace/builds/worker-0-tc2/source:/opt/rustwide/workdir:ro,Z" "-v" "/var/lib/crater-agent-workspace/cargo-home:/opt/rustwide/cargo-home:ro,Z" "-v" "/var/lib/crater-agent-workspace/rustup-home:/opt/rustwide/rustup-home:ro,Z" "-e" "SOURCE_DIR=/opt/rustwide/workdir" "-e" "CARGO_TARGET_DIR=/opt/rustwide/target" "-e" "CARGO_INCREMENTAL=0" "-e" "RUST_BACKTRACE=full" "-e" "RUSTFLAGS=--cap-lints=warn" "-e" "RUSTDOCFLAGS=--cap-lints=warn" "-e" "CARGO_HOME=/opt/rustwide/cargo-home" "-e" "RUSTUP_HOME=/opt/rustwide/rustup-home" "-w" "/opt/rustwide/workdir" "-m" "1610612736" "--user" "0:0" "--network" "none" "ghcr.io/rust-lang/crates-build-env/linux@sha256:2788e3201cd34a07e3172128adcd8b3090168a8e3bcc40d7c032b9dda1df7d1c" "/opt/rustwide/cargo-home/bin/cargo" "+beta-2023-12-22" "test" "--frozen", kill_on_drop: false }`
[INFO] [stdout] d72757fa59608c43b1e0ea443ddf8dd6e1c7cb8c80414eb8398de11a287c176b
[INFO] running `Command { std: "docker" "start" "-a" "d72757fa59608c43b1e0ea443ddf8dd6e1c7cb8c80414eb8398de11a287c176b", kill_on_drop: false }`
[INFO] [stderr] warning: field `ptr` is never read
[INFO] [stdout] 
[INFO] [stderr]   --> src/parser.rs:30:5
[INFO] [stdout] running 1 test
[INFO] [stderr]    |
[INFO] [stderr] 28 | pub struct Parser<'a> {
[INFO] [stderr]    |            ------ field in this struct
[INFO] [stderr] 29 |     token_stream: VecDeque<Token<'a>>,
[INFO] [stderr] 30 |     ptr: usize,
[INFO] [stderr]    |     ^^^
[INFO] [stderr]    |
[INFO] [stderr]    = note: `Parser` has a derived impl for the trait `Debug`, but this is intentionally ignored during dead code analysis
[INFO] [stderr]    = note: `#[warn(dead_code)]` on by default
[INFO] [stderr] 
[INFO] [stderr] warning: `yatc` (bin "yatc" test) generated 1 warning
[INFO] [stderr]     Finished test [unoptimized + debuginfo] target(s) in 0.01s
[INFO] [stderr]      Running unittests src/main.rs (/opt/rustwide/target/debug/deps/yatc-82940860dedf02f6)
[INFO] [stdout] test lexer::tests::simple_statement ... ok
[INFO] [stdout] 
[INFO] [stdout] test result: ok. 1 passed; 0 failed; 0 ignored; 0 measured; 0 filtered out; finished in 0.00s
[INFO] [stdout] 
[INFO] running `Command { std: "docker" "inspect" "d72757fa59608c43b1e0ea443ddf8dd6e1c7cb8c80414eb8398de11a287c176b", kill_on_drop: false }`
[INFO] running `Command { std: "docker" "rm" "-f" "d72757fa59608c43b1e0ea443ddf8dd6e1c7cb8c80414eb8398de11a287c176b", kill_on_drop: false }`
[INFO] [stdout] d72757fa59608c43b1e0ea443ddf8dd6e1c7cb8c80414eb8398de11a287c176b
