[INFO] cloning repository https://github.com/tk-o/cw-template
[INFO] running `Command { std: "git" "-c" "credential.helper=" "-c" "credential.helper=/workspace/cargo-home/bin/git-credential-null" "clone" "--bare" "https://github.com/tk-o/cw-template" "/workspace/cache/git-repos/https%3A%2F%2Fgithub.com%2Ftk-o%2Fcw-template", kill_on_drop: false }`
[INFO] [stderr] Cloning into bare repository '/workspace/cache/git-repos/https%3A%2F%2Fgithub.com%2Ftk-o%2Fcw-template'...
[INFO] running `Command { std: "git" "rev-parse" "HEAD", kill_on_drop: false }`
[INFO] [stdout] 628ef8df937e33f81c3e256ac8c99b9a6e2d6b6d
[INFO] testing tk-o/cw-template against 1.75.0 for beta-1.76-1
[INFO] running `Command { std: "git" "clone" "/workspace/cache/git-repos/https%3A%2F%2Fgithub.com%2Ftk-o%2Fcw-template" "/workspace/builds/worker-0-tc1/source", kill_on_drop: false }`
[INFO] [stderr] Cloning into '/workspace/builds/worker-0-tc1/source'...
[INFO] [stderr] done.
[INFO] validating manifest of git repo https://github.com/tk-o/cw-template on toolchain 1.75.0
[INFO] running `Command { std: CARGO_HOME="/workspace/cargo-home" RUSTUP_HOME="/workspace/rustup-home" "/workspace/cargo-home/bin/cargo" "+1.75.0" "metadata" "--manifest-path" "Cargo.toml" "--no-deps", kill_on_drop: false }`
[INFO] removed /workspace/builds/worker-0-tc1/source/.cargo/config
[INFO] started tweaking git repo https://github.com/tk-o/cw-template
[INFO] finished tweaking git repo https://github.com/tk-o/cw-template
[INFO] tweaked toml for git repo https://github.com/tk-o/cw-template written to /workspace/builds/worker-0-tc1/source/Cargo.toml
[INFO] crate git repo https://github.com/tk-o/cw-template already has a lockfile, it will not be regenerated
[INFO] running `Command { std: CARGO_HOME="/workspace/cargo-home" RUSTUP_HOME="/workspace/rustup-home" "/workspace/cargo-home/bin/cargo" "+1.75.0" "fetch" "--manifest-path" "Cargo.toml", kill_on_drop: false }`
[INFO] [stderr]     Blocking waiting for file lock on package cache
[ERROR] error running command: no output for 300 seconds
[ERROR] this task or one of its parent failed!
[ERROR] no output for 300 seconds
[ERROR] note: run with `RUST_BACKTRACE=1` to display a backtrace.
[INFO] testing tk-o/cw-template against beta-2023-12-22 for beta-1.76-1
[INFO] running `Command { std: "git" "clone" "/workspace/cache/git-repos/https%3A%2F%2Fgithub.com%2Ftk-o%2Fcw-template" "/workspace/builds/worker-0-tc2/source", kill_on_drop: false }`
[INFO] [stderr] Cloning into '/workspace/builds/worker-0-tc2/source'...
[INFO] [stderr] done.
[INFO] validating manifest of git repo https://github.com/tk-o/cw-template on toolchain beta-2023-12-22
[INFO] running `Command { std: CARGO_HOME="/workspace/cargo-home" RUSTUP_HOME="/workspace/rustup-home" "/workspace/cargo-home/bin/cargo" "+beta-2023-12-22" "metadata" "--manifest-path" "Cargo.toml" "--no-deps", kill_on_drop: false }`
[INFO] removed /workspace/builds/worker-0-tc2/source/.cargo/config
[INFO] started tweaking git repo https://github.com/tk-o/cw-template
[INFO] finished tweaking git repo https://github.com/tk-o/cw-template
[INFO] tweaked toml for git repo https://github.com/tk-o/cw-template written to /workspace/builds/worker-0-tc2/source/Cargo.toml
[INFO] crate git repo https://github.com/tk-o/cw-template already has a lockfile, it will not be regenerated
[INFO] running `Command { std: CARGO_HOME="/workspace/cargo-home" RUSTUP_HOME="/workspace/rustup-home" "/workspace/cargo-home/bin/cargo" "+beta-2023-12-22" "fetch" "--manifest-path" "Cargo.toml", kill_on_drop: false }`
[INFO] [stderr]     Blocking waiting for file lock on package cache
[INFO] [stderr]     Blocking waiting for file lock on package cache
[INFO] [stderr]  Downloading crates ...
[INFO] [stderr]   Downloaded cosmwasm-derive v1.0.0-beta6
[INFO] [stderr]   Downloaded cosmwasm-crypto v1.0.0-beta6
[INFO] [stderr]   Downloaded cw2 v0.13.0
[INFO] [stderr]   Downloaded cosmwasm-schema v1.0.0-beta6
[INFO] [stderr]   Downloaded cw-multi-test v0.13.0
[INFO] [stderr]   Downloaded cosmwasm-std v1.0.0-beta6
[INFO] [stderr]   Downloaded cw-utils v0.13.0
[INFO] [stderr]   Downloaded cosmwasm-storage v1.0.0-beta6
[INFO] [stderr]   Downloaded cw-storage-plus v0.13.0
[INFO] running `Command { std: "docker" "create" "-v" "/var/lib/crater-agent-workspace/builds/worker-0-tc2/target:/opt/rustwide/target:rw,Z" "-v" "/var/lib/crater-agent-workspace/builds/worker-0-tc2/source:/opt/rustwide/workdir:ro,Z" "-v" "/var/lib/crater-agent-workspace/cargo-home:/opt/rustwide/cargo-home:ro,Z" "-v" "/var/lib/crater-agent-workspace/rustup-home:/opt/rustwide/rustup-home:ro,Z" "-e" "SOURCE_DIR=/opt/rustwide/workdir" "-e" "CARGO_TARGET_DIR=/opt/rustwide/target" "-e" "CARGO_HOME=/opt/rustwide/cargo-home" "-e" "RUSTUP_HOME=/opt/rustwide/rustup-home" "-w" "/opt/rustwide/workdir" "-m" "1610612736" "--user" "0:0" "--network" "none" "ghcr.io/rust-lang/crates-build-env/linux@sha256:2788e3201cd34a07e3172128adcd8b3090168a8e3bcc40d7c032b9dda1df7d1c" "/opt/rustwide/cargo-home/bin/cargo" "+beta-2023-12-22" "metadata" "--no-deps" "--format-version=1", kill_on_drop: false }`
[INFO] [stdout] 1dc5350b3734eb70b2a51f91b57003461a9a79bc7b4f7a0a96482f59c6ef6c61
[INFO] running `Command { std: "docker" "start" "-a" "1dc5350b3734eb70b2a51f91b57003461a9a79bc7b4f7a0a96482f59c6ef6c61", kill_on_drop: false }`
[INFO] running `Command { std: "docker" "inspect" "1dc5350b3734eb70b2a51f91b57003461a9a79bc7b4f7a0a96482f59c6ef6c61", kill_on_drop: false }`
[INFO] running `Command { std: "docker" "rm" "-f" "1dc5350b3734eb70b2a51f91b57003461a9a79bc7b4f7a0a96482f59c6ef6c61", kill_on_drop: false }`
[INFO] [stdout] 1dc5350b3734eb70b2a51f91b57003461a9a79bc7b4f7a0a96482f59c6ef6c61
[INFO] running `Command { std: "docker" "create" "-v" "/var/lib/crater-agent-workspace/builds/worker-0-tc2/target:/opt/rustwide/target:rw,Z" "-v" "/var/lib/crater-agent-workspace/builds/worker-0-tc2/source:/opt/rustwide/workdir:ro,Z" "-v" "/var/lib/crater-agent-workspace/cargo-home:/opt/rustwide/cargo-home:ro,Z" "-v" "/var/lib/crater-agent-workspace/rustup-home:/opt/rustwide/rustup-home:ro,Z" "-e" "SOURCE_DIR=/opt/rustwide/workdir" "-e" "CARGO_TARGET_DIR=/opt/rustwide/target" "-e" "CARGO_INCREMENTAL=0" "-e" "RUST_BACKTRACE=full" "-e" "RUSTFLAGS=--cap-lints=warn" "-e" "RUSTDOCFLAGS=--cap-lints=warn" "-e" "CARGO_HOME=/opt/rustwide/cargo-home" "-e" "RUSTUP_HOME=/opt/rustwide/rustup-home" "-w" "/opt/rustwide/workdir" "-m" "1610612736" "--user" "0:0" "--network" "none" "ghcr.io/rust-lang/crates-build-env/linux@sha256:2788e3201cd34a07e3172128adcd8b3090168a8e3bcc40d7c032b9dda1df7d1c" "/opt/rustwide/cargo-home/bin/cargo" "+beta-2023-12-22" "build" "--frozen" "--message-format=json", kill_on_drop: false }`
[INFO] [stdout] 6e2f8c16fcde63ffccf069319bb3e519798aaaa8e5a339aa64d8250af3437943
[INFO] running `Command { std: "docker" "start" "-a" "6e2f8c16fcde63ffccf069319bb3e519798aaaa8e5a339aa64d8250af3437943", kill_on_drop: false }`
[INFO] [stderr]    Compiling proc-macro2 v1.0.36
[INFO] [stderr]    Compiling libc v0.2.121
[INFO] [stderr]    Compiling version_check v0.9.4
[INFO] [stderr]    Compiling typenum v1.15.0
[INFO] [stderr]    Compiling cfg-if v1.0.0
[INFO] [stderr]    Compiling unicode-xid v0.2.2
[INFO] [stderr]    Compiling syn v1.0.89
[INFO] [stderr]    Compiling subtle v2.4.1
[INFO] [stderr]    Compiling serde_derive v1.0.136
[INFO] [stderr]    Compiling const-oid v0.6.2
[INFO] [stderr]    Compiling serde v1.0.136
[INFO] [stderr]    Compiling zeroize v1.4.3
[INFO] [stderr]    Compiling getrandom v0.1.16
[INFO] [stderr]    Compiling opaque-debug v0.3.0
[INFO] [stderr]    Compiling cpufeatures v0.2.2
[INFO] [stderr]    Compiling byteorder v1.4.3
[INFO] [stderr]    Compiling crunchy v0.2.2
[INFO] [stderr]    Compiling hex v0.4.3
[INFO] [stderr]    Compiling serde_json v1.0.79
[INFO] [stderr]    Compiling ryu v1.0.9
[INFO] [stderr]    Compiling itoa v1.0.1
[INFO] [stderr]    Compiling schemars v0.8.8
[INFO] [stderr]    Compiling der v0.4.5
[INFO] [stderr]    Compiling static_assertions v1.1.0
[INFO] [stderr]    Compiling dyn-clone v1.0.5
[INFO] [stderr]    Compiling generic-array v0.14.5
[INFO] [stderr]    Compiling base64 v0.13.0
[INFO] [stderr]    Compiling forward_ref v1.0.0
[INFO] [stderr]    Compiling uint v0.9.1
[INFO] [stderr]    Compiling getrandom v0.2.5
[INFO] [stderr]    Compiling rand_core v0.6.3
[INFO] [stderr]    Compiling quote v1.0.16
[INFO] [stderr]    Compiling rand_core v0.5.1
[INFO] [stderr]    Compiling spki v0.4.1
[INFO] [stderr]    Compiling ff v0.10.1
[INFO] [stderr]    Compiling pkcs8 v0.7.6
[INFO] [stderr]    Compiling group v0.10.0
[INFO] [stderr]    Compiling digest v0.9.0
[INFO] [stderr]    Compiling block-buffer v0.9.0
[INFO] [stderr]    Compiling crypto-bigint v0.2.11
[INFO] [stderr]    Compiling crypto-mac v0.11.1
[INFO] [stderr]    Compiling signature v1.3.2
[INFO] [stderr]    Compiling curve25519-dalek v3.2.0
[INFO] [stderr]    Compiling sha2 v0.9.9
[INFO] [stderr]    Compiling hmac v0.11.0
[INFO] [stderr]    Compiling elliptic-curve v0.10.6
[INFO] [stderr]    Compiling ecdsa v0.12.4
[INFO] [stderr]    Compiling k256 v0.9.6
[INFO] [stderr]    Compiling serde_derive_internals v0.25.0
[INFO] [stderr]    Compiling thiserror-impl v1.0.30
[INFO] [stderr]    Compiling schemars_derive v0.8.8
[INFO] [stderr]    Compiling cosmwasm-derive v1.0.0-beta6
[INFO] [stderr]    Compiling thiserror v1.0.30
[INFO] [stderr]    Compiling ed25519-zebra v2.2.0
[INFO] [stderr]    Compiling serde-json-wasm v0.3.2
[INFO] [stderr]    Compiling cosmwasm-crypto v1.0.0-beta6
[INFO] [stderr]    Compiling cosmwasm-std v1.0.0-beta6
[INFO] [stderr]    Compiling cw-storage-plus v0.13.0
[INFO] [stderr]    Compiling cosmwasm-storage v1.0.0-beta6
[INFO] [stderr]    Compiling cw2 v0.13.0
[INFO] [stderr]    Compiling cw-gateway v0.1.0 (/opt/rustwide/workdir/contracts/gateway)
[INFO] [stderr]    Compiling cw-bridge v0.1.0 (/opt/rustwide/workdir/contracts/bridge)
[INFO] [stderr]     Finished dev [unoptimized + debuginfo] target(s) in 19.70s
[INFO] running `Command { std: "docker" "inspect" "6e2f8c16fcde63ffccf069319bb3e519798aaaa8e5a339aa64d8250af3437943", kill_on_drop: false }`
[INFO] running `Command { std: "docker" "rm" "-f" "6e2f8c16fcde63ffccf069319bb3e519798aaaa8e5a339aa64d8250af3437943", kill_on_drop: false }`
[INFO] [stdout] 6e2f8c16fcde63ffccf069319bb3e519798aaaa8e5a339aa64d8250af3437943
[INFO] running `Command { std: "docker" "create" "-v" "/var/lib/crater-agent-workspace/builds/worker-0-tc2/target:/opt/rustwide/target:rw,Z" "-v" "/var/lib/crater-agent-workspace/builds/worker-0-tc2/source:/opt/rustwide/workdir:ro,Z" "-v" "/var/lib/crater-agent-workspace/cargo-home:/opt/rustwide/cargo-home:ro,Z" "-v" "/var/lib/crater-agent-workspace/rustup-home:/opt/rustwide/rustup-home:ro,Z" "-e" "SOURCE_DIR=/opt/rustwide/workdir" "-e" "CARGO_TARGET_DIR=/opt/rustwide/target" "-e" "CARGO_INCREMENTAL=0" "-e" "RUST_BACKTRACE=full" "-e" "RUSTFLAGS=--cap-lints=warn" "-e" "RUSTDOCFLAGS=--cap-lints=warn" "-e" "CARGO_HOME=/opt/rustwide/cargo-home" "-e" "RUSTUP_HOME=/opt/rustwide/rustup-home" "-w" "/opt/rustwide/workdir" "-m" "1610612736" "--user" "0:0" "--network" "none" "ghcr.io/rust-lang/crates-build-env/linux@sha256:2788e3201cd34a07e3172128adcd8b3090168a8e3bcc40d7c032b9dda1df7d1c" "/opt/rustwide/cargo-home/bin/cargo" "+beta-2023-12-22" "test" "--frozen" "--no-run" "--message-format=json", kill_on_drop: false }`
[INFO] [stdout] f3056de32adde7a9f94c7259dc283a819d3a362847e96e568fd31b7674a56ce5
[INFO] running `Command { std: "docker" "start" "-a" "f3056de32adde7a9f94c7259dc283a819d3a362847e96e568fd31b7674a56ce5", kill_on_drop: false }`
[INFO] [stderr]    Compiling anyhow v1.0.56
[INFO] [stderr]    Compiling either v1.6.1
[INFO] [stderr]    Compiling bytes v1.1.0
[INFO] [stderr]    Compiling derivative v2.2.0
[INFO] [stderr]    Compiling cosmwasm-schema v1.0.0-beta6
[INFO] [stderr]    Compiling cw-utils v0.13.0
[INFO] [stderr]    Compiling itertools v0.10.3
[INFO] [stderr]    Compiling prost-derive v0.9.0
[INFO] [stderr]    Compiling prost v0.9.0
[INFO] [stderr]    Compiling cw-multi-test v0.13.0
[INFO] [stderr]    Compiling cw-bridge v0.1.0 (/opt/rustwide/workdir/contracts/bridge)
[INFO] [stderr]    Compiling cw-gateway v0.1.0 (/opt/rustwide/workdir/contracts/gateway)
[INFO] [stderr]     Finished test [unoptimized + debuginfo] target(s) in 4.69s
[INFO] running `Command { std: "docker" "inspect" "f3056de32adde7a9f94c7259dc283a819d3a362847e96e568fd31b7674a56ce5", kill_on_drop: false }`
[INFO] running `Command { std: "docker" "rm" "-f" "f3056de32adde7a9f94c7259dc283a819d3a362847e96e568fd31b7674a56ce5", kill_on_drop: false }`
[INFO] [stdout] f3056de32adde7a9f94c7259dc283a819d3a362847e96e568fd31b7674a56ce5
[INFO] running `Command { std: "docker" "create" "-v" "/var/lib/crater-agent-workspace/builds/worker-0-tc2/target:/opt/rustwide/target:rw,Z" "-v" "/var/lib/crater-agent-workspace/builds/worker-0-tc2/source:/opt/rustwide/workdir:ro,Z" "-v" "/var/lib/crater-agent-workspace/cargo-home:/opt/rustwide/cargo-home:ro,Z" "-v" "/var/lib/crater-agent-workspace/rustup-home:/opt/rustwide/rustup-home:ro,Z" "-e" "SOURCE_DIR=/opt/rustwide/workdir" "-e" "CARGO_TARGET_DIR=/opt/rustwide/target" "-e" "CARGO_INCREMENTAL=0" "-e" "RUST_BACKTRACE=full" "-e" "RUSTFLAGS=--cap-lints=warn" "-e" "RUSTDOCFLAGS=--cap-lints=warn" "-e" "CARGO_HOME=/opt/rustwide/cargo-home" "-e" "RUSTUP_HOME=/opt/rustwide/rustup-home" "-w" "/opt/rustwide/workdir" "-m" "1610612736" "--user" "0:0" "--network" "none" "ghcr.io/rust-lang/crates-build-env/linux@sha256:2788e3201cd34a07e3172128adcd8b3090168a8e3bcc40d7c032b9dda1df7d1c" "/opt/rustwide/cargo-home/bin/cargo" "+beta-2023-12-22" "test" "--frozen", kill_on_drop: false }`
[INFO] [stdout] 440972bb1b35d603ad4d2c371c23964b9c8b5f96c90a062bf67c498429b23248
[INFO] running `Command { std: "docker" "start" "-a" "440972bb1b35d603ad4d2c371c23964b9c8b5f96c90a062bf67c498429b23248", kill_on_drop: false }`
[INFO] [stderr]     Finished test [unoptimized + debuginfo] target(s) in 0.04s
[INFO] [stderr]      Running unittests src/lib.rs (/opt/rustwide/target/debug/deps/cw_bridge-59b4032dc6b9a9db)
[INFO] [stdout] 
[INFO] [stdout] running 1 test
[INFO] [stdout] test integration_tests::tests::transfers::initiate_transfer_when_locking_funds_submessage_fails ... ok
[INFO] [stdout] 
[INFO] [stdout] test result: ok. 1 passed; 0 failed; 0 ignored; 0 measured; 0 filtered out; finished in 0.00s
[INFO] [stdout] 
[INFO] [stderr]      Running unittests src/lib.rs (/opt/rustwide/target/debug/deps/cw_gateway-6f4e188e366c4ef5)
[INFO] [stdout] 
[INFO] [stdout] running 0 tests
[INFO] [stdout] 
[INFO] [stdout] test result: ok. 0 passed; 0 failed; 0 ignored; 0 measured; 0 filtered out; finished in 0.00s
[INFO] [stdout] 
[INFO] [stderr]    Doc-tests cw-bridge
[INFO] [stdout] 
[INFO] [stdout] running 0 tests
[INFO] [stdout] 
[INFO] [stdout] test result: ok. 0 passed; 0 failed; 0 ignored; 0 measured; 0 filtered out; finished in 0.00s
[INFO] [stdout] 
[INFO] [stderr]    Doc-tests cw-gateway
[INFO] [stdout] 
[INFO] [stdout] running 0 tests
[INFO] [stdout] 
[INFO] [stdout] test result: ok. 0 passed; 0 failed; 0 ignored; 0 measured; 0 filtered out; finished in 0.00s
[INFO] [stdout] 
[INFO] running `Command { std: "docker" "inspect" "440972bb1b35d603ad4d2c371c23964b9c8b5f96c90a062bf67c498429b23248", kill_on_drop: false }`
[INFO] running `Command { std: "docker" "rm" "-f" "440972bb1b35d603ad4d2c371c23964b9c8b5f96c90a062bf67c498429b23248", kill_on_drop: false }`
[INFO] [stdout] 440972bb1b35d603ad4d2c371c23964b9c8b5f96c90a062bf67c498429b23248
