[INFO] cloning repository https://github.com/timelens/timelens
[INFO] running `Command { std: "git" "-c" "credential.helper=" "-c" "credential.helper=/workspace/cargo-home/bin/git-credential-null" "clone" "--bare" "https://github.com/timelens/timelens" "/workspace/cache/git-repos/https%3A%2F%2Fgithub.com%2Ftimelens%2Ftimelens", kill_on_drop: false }`
[INFO] [stderr] Cloning into bare repository '/workspace/cache/git-repos/https%3A%2F%2Fgithub.com%2Ftimelens%2Ftimelens'...
[INFO] running `Command { std: "git" "rev-parse" "HEAD", kill_on_drop: false }`
[INFO] [stdout] 988c9f4773b25916aa404801c9e0f468f8052321
[INFO] testing timelens/timelens against 1.75.0 for beta-1.76-1
[INFO] running `Command { std: "git" "clone" "/workspace/cache/git-repos/https%3A%2F%2Fgithub.com%2Ftimelens%2Ftimelens" "/workspace/builds/worker-2-tc1/source", kill_on_drop: false }`
[INFO] [stderr] Cloning into '/workspace/builds/worker-2-tc1/source'...
[INFO] [stderr] done.
[INFO] validating manifest of git repo https://github.com/timelens/timelens on toolchain 1.75.0
[INFO] running `Command { std: CARGO_HOME="/workspace/cargo-home" RUSTUP_HOME="/workspace/rustup-home" "/workspace/cargo-home/bin/cargo" "+1.75.0" "metadata" "--manifest-path" "Cargo.toml" "--no-deps", kill_on_drop: false }`
[INFO] started tweaking git repo https://github.com/timelens/timelens
[INFO] finished tweaking git repo https://github.com/timelens/timelens
[INFO] tweaked toml for git repo https://github.com/timelens/timelens written to /workspace/builds/worker-2-tc1/source/Cargo.toml
[INFO] crate git repo https://github.com/timelens/timelens already has a lockfile, it will not be regenerated
[INFO] running `Command { std: CARGO_HOME="/workspace/cargo-home" RUSTUP_HOME="/workspace/rustup-home" "/workspace/cargo-home/bin/cargo" "+1.75.0" "fetch" "--manifest-path" "Cargo.toml", kill_on_drop: false }`
[INFO] [stderr]     Blocking waiting for file lock on package cache
[ERROR] error running command: no output for 300 seconds
[ERROR] this task or one of its parent failed!
[ERROR] no output for 300 seconds
[ERROR] note: run with `RUST_BACKTRACE=1` to display a backtrace.
[INFO] testing timelens/timelens against beta-2023-12-22 for beta-1.76-1
[INFO] running `Command { std: "git" "clone" "/workspace/cache/git-repos/https%3A%2F%2Fgithub.com%2Ftimelens%2Ftimelens" "/workspace/builds/worker-2-tc2/source", kill_on_drop: false }`
[INFO] [stderr] Cloning into '/workspace/builds/worker-2-tc2/source'...
[INFO] [stderr] done.
[INFO] validating manifest of git repo https://github.com/timelens/timelens on toolchain beta-2023-12-22
[INFO] running `Command { std: CARGO_HOME="/workspace/cargo-home" RUSTUP_HOME="/workspace/rustup-home" "/workspace/cargo-home/bin/cargo" "+beta-2023-12-22" "metadata" "--manifest-path" "Cargo.toml" "--no-deps", kill_on_drop: false }`
[INFO] started tweaking git repo https://github.com/timelens/timelens
[INFO] finished tweaking git repo https://github.com/timelens/timelens
[INFO] tweaked toml for git repo https://github.com/timelens/timelens written to /workspace/builds/worker-2-tc2/source/Cargo.toml
[INFO] crate git repo https://github.com/timelens/timelens already has a lockfile, it will not be regenerated
[INFO] running `Command { std: CARGO_HOME="/workspace/cargo-home" RUSTUP_HOME="/workspace/rustup-home" "/workspace/cargo-home/bin/cargo" "+beta-2023-12-22" "fetch" "--manifest-path" "Cargo.toml", kill_on_drop: false }`
[INFO] [stderr]     Blocking waiting for file lock on package cache
[INFO] [stderr]     Updating crates.io index
[INFO] [stderr]     Blocking waiting for file lock on package cache
[INFO] [stderr]  Downloading crates ...
[INFO] [stderr]   Downloaded globwalk v0.5.0
[INFO] [stderr]   Downloaded assert_fs v0.11.3
[INFO] [stderr]   Downloaded muldiv v0.2.1
[INFO] [stderr]   Downloaded glib v0.6.1
[INFO] [stderr]   Downloaded gstreamer-base-sys v0.6.2
[INFO] [stderr]   Downloaded gstreamer-app-sys v0.6.2
[INFO] [stderr]   Downloaded gstreamer-app v0.12.2
[INFO] [stderr]   Downloaded gstreamer-base v0.12.2
[INFO] [stderr]   Downloaded gstreamer-sys v0.6.2
[INFO] [stderr]   Downloaded gstreamer v0.12.2
[INFO] running `Command { std: "docker" "create" "-v" "/var/lib/crater-agent-workspace/builds/worker-2-tc2/target:/opt/rustwide/target:rw,Z" "-v" "/var/lib/crater-agent-workspace/builds/worker-2-tc2/source:/opt/rustwide/workdir:ro,Z" "-v" "/var/lib/crater-agent-workspace/cargo-home:/opt/rustwide/cargo-home:ro,Z" "-v" "/var/lib/crater-agent-workspace/rustup-home:/opt/rustwide/rustup-home:ro,Z" "-e" "SOURCE_DIR=/opt/rustwide/workdir" "-e" "CARGO_TARGET_DIR=/opt/rustwide/target" "-e" "CARGO_HOME=/opt/rustwide/cargo-home" "-e" "RUSTUP_HOME=/opt/rustwide/rustup-home" "-w" "/opt/rustwide/workdir" "-m" "1610612736" "--user" "0:0" "--network" "none" "ghcr.io/rust-lang/crates-build-env/linux@sha256:2788e3201cd34a07e3172128adcd8b3090168a8e3bcc40d7c032b9dda1df7d1c" "/opt/rustwide/cargo-home/bin/cargo" "+beta-2023-12-22" "metadata" "--no-deps" "--format-version=1", kill_on_drop: false }`
[INFO] [stdout] c6b214e1b2ed980305b1bc642e5e324b270217961d16f088e208152ad5ae3806
[INFO] running `Command { std: "docker" "start" "-a" "c6b214e1b2ed980305b1bc642e5e324b270217961d16f088e208152ad5ae3806", kill_on_drop: false }`
[INFO] running `Command { std: "docker" "inspect" "c6b214e1b2ed980305b1bc642e5e324b270217961d16f088e208152ad5ae3806", kill_on_drop: false }`
[INFO] running `Command { std: "docker" "rm" "-f" "c6b214e1b2ed980305b1bc642e5e324b270217961d16f088e208152ad5ae3806", kill_on_drop: false }`
[INFO] [stdout] c6b214e1b2ed980305b1bc642e5e324b270217961d16f088e208152ad5ae3806
[INFO] running `Command { std: "docker" "create" "-v" "/var/lib/crater-agent-workspace/builds/worker-2-tc2/target:/opt/rustwide/target:rw,Z" "-v" "/var/lib/crater-agent-workspace/builds/worker-2-tc2/source:/opt/rustwide/workdir:ro,Z" "-v" "/var/lib/crater-agent-workspace/cargo-home:/opt/rustwide/cargo-home:ro,Z" "-v" "/var/lib/crater-agent-workspace/rustup-home:/opt/rustwide/rustup-home:ro,Z" "-e" "SOURCE_DIR=/opt/rustwide/workdir" "-e" "CARGO_TARGET_DIR=/opt/rustwide/target" "-e" "CARGO_INCREMENTAL=0" "-e" "RUST_BACKTRACE=full" "-e" "RUSTFLAGS=--cap-lints=warn" "-e" "RUSTDOCFLAGS=--cap-lints=warn" "-e" "CARGO_HOME=/opt/rustwide/cargo-home" "-e" "RUSTUP_HOME=/opt/rustwide/rustup-home" "-w" "/opt/rustwide/workdir" "-m" "1610612736" "--user" "0:0" "--network" "none" "ghcr.io/rust-lang/crates-build-env/linux@sha256:2788e3201cd34a07e3172128adcd8b3090168a8e3bcc40d7c032b9dda1df7d1c" "/opt/rustwide/cargo-home/bin/cargo" "+beta-2023-12-22" "build" "--frozen" "--message-format=json", kill_on_drop: false }`
[INFO] [stdout] 611ad510cb7ec53767d606ff232ddb0483b6035e0730f3b163e4a806bbd8db34
[INFO] running `Command { std: "docker" "start" "-a" "611ad510cb7ec53767d606ff232ddb0483b6035e0730f3b163e4a806bbd8db34", kill_on_drop: false }`
[INFO] [stderr]    Compiling pkg-config v0.3.25
[INFO] [stderr]    Compiling libc v0.2.134
[INFO] [stderr]    Compiling autocfg v1.1.0
[INFO] [stderr]    Compiling bitflags v1.3.2
[INFO] [stderr]    Compiling lazy_static v1.4.0
[INFO] [stderr]    Compiling gstreamer v0.12.2
[INFO] [stderr]    Compiling gstreamer-base v0.12.2
[INFO] [stderr]    Compiling muldiv v0.2.1
[INFO] [stderr]    Compiling cfg-if v0.1.10
[INFO] [stderr]    Compiling gstreamer-app v0.12.2
[INFO] [stderr]    Compiling unicode-width v0.1.10
[INFO] [stderr]    Compiling ansi_term v0.12.1
[INFO] [stderr]    Compiling strsim v0.8.0
[INFO] [stderr]    Compiling vec_map v0.8.2
[INFO] [stderr]    Compiling num-traits v0.2.15
[INFO] [stderr]    Compiling num-integer v0.1.45
[INFO] [stderr]    Compiling num-rational v0.2.4
[INFO] [stderr]    Compiling glib-sys v0.7.0
[INFO] [stderr]    Compiling gobject-sys v0.7.0
[INFO] [stderr]    Compiling gstreamer-sys v0.6.2
[INFO] [stderr]    Compiling gstreamer-base-sys v0.6.2
[INFO] [stderr]    Compiling gstreamer-app-sys v0.6.2
[INFO] [stderr] error: failed to run custom build command for `gstreamer-app-sys v0.6.2`
[INFO] [stderr] note: To improve backtraces for build dependencies, set the CARGO_PROFILE_DEV_BUILD_OVERRIDE_DEBUG=true environment variable to enable debug information generation.
[INFO] [stderr] 
[INFO] [stderr] Caused by:
[INFO] [stderr]   process didn't exit successfully: `/opt/rustwide/target/debug/build/gstreamer-app-sys-fe3da0138f181027/build-script-build` (exit status: 1)
[INFO] [stderr]   --- stdout
[INFO] [stderr]   cargo:rerun-if-env-changed=GSTREAMER_APP_1.0_NO_PKG_CONFIG
[INFO] [stderr]   cargo:rerun-if-env-changed=PKG_CONFIG_x86_64-unknown-linux-gnu
[INFO] [stderr]   cargo:rerun-if-env-changed=PKG_CONFIG_x86_64_unknown_linux_gnu
[INFO] [stderr]   cargo:rerun-if-env-changed=HOST_PKG_CONFIG
[INFO] [stderr]   cargo:rerun-if-env-changed=PKG_CONFIG
[INFO] [stderr]   cargo:rerun-if-env-changed=GSTREAMER_APP_1.0_STATIC
[INFO] [stderr]   cargo:rerun-if-env-changed=GSTREAMER_APP_1.0_DYNAMIC
[INFO] [stderr]   cargo:rerun-if-env-changed=PKG_CONFIG_ALL_STATIC
[INFO] [stderr]   cargo:rerun-if-env-changed=PKG_CONFIG_ALL_DYNAMIC
[INFO] [stderr]   cargo:rerun-if-env-changed=PKG_CONFIG_PATH_x86_64-unknown-linux-gnu
[INFO] [stderr]   cargo:rerun-if-env-changed=PKG_CONFIG_PATH_x86_64_unknown_linux_gnu
[INFO] [stderr]   cargo:rerun-if-env-changed=HOST_PKG_CONFIG_PATH
[INFO] [stderr]   cargo:rerun-if-env-changed=PKG_CONFIG_PATH
[INFO] [stderr]   cargo:rerun-if-env-changed=PKG_CONFIG_LIBDIR_x86_64-unknown-linux-gnu
[INFO] [stderr]   cargo:rerun-if-env-changed=PKG_CONFIG_LIBDIR_x86_64_unknown_linux_gnu
[INFO] [stderr]   cargo:rerun-if-env-changed=HOST_PKG_CONFIG_LIBDIR
[INFO] [stderr]   cargo:rerun-if-env-changed=PKG_CONFIG_LIBDIR
[INFO] [stderr]   cargo:rerun-if-env-changed=PKG_CONFIG_SYSROOT_DIR_x86_64-unknown-linux-gnu
[INFO] [stderr]   cargo:rerun-if-env-changed=PKG_CONFIG_SYSROOT_DIR_x86_64_unknown_linux_gnu
[INFO] [stderr]   cargo:rerun-if-env-changed=HOST_PKG_CONFIG_SYSROOT_DIR
[INFO] [stderr]   cargo:rerun-if-env-changed=PKG_CONFIG_SYSROOT_DIR
[INFO] [stderr] 
[INFO] [stderr]   --- stderr
[INFO] [stderr]   `PKG_CONFIG_ALLOW_SYSTEM_CFLAGS="1" "pkg-config" "--libs" "--cflags" "gstreamer-app-1.0" "gstreamer-app-1.0 >= 1.8"` did not exit successfully: exit status: 1
[INFO] [stderr]   error: could not find system library 'gstreamer-app-1.0' required by the 'gstreamer-app-sys' crate
[INFO] [stderr] 
[INFO] [stderr]   --- stderr
[INFO] [stderr]   Package gstreamer-app-1.0 was not found in the pkg-config search path.
[INFO] [stderr]   Perhaps you should add the directory containing `gstreamer-app-1.0.pc'
[INFO] [stderr]   to the PKG_CONFIG_PATH environment variable
[INFO] [stderr]   No package 'gstreamer-app-1.0' found
[INFO] [stderr]   Package gstreamer-app-1.0 was not found in the pkg-config search path.
[INFO] [stderr]   Perhaps you should add the directory containing `gstreamer-app-1.0.pc'
[INFO] [stderr]   to the PKG_CONFIG_PATH environment variable
[INFO] [stderr]   No package 'gstreamer-app-1.0' found
[INFO] [stderr] 
[INFO] [stderr] warning: build failed, waiting for other jobs to finish...
[INFO] running `Command { std: "docker" "inspect" "611ad510cb7ec53767d606ff232ddb0483b6035e0730f3b163e4a806bbd8db34", kill_on_drop: false }`
[INFO] running `Command { std: "docker" "rm" "-f" "611ad510cb7ec53767d606ff232ddb0483b6035e0730f3b163e4a806bbd8db34", kill_on_drop: false }`
[INFO] [stdout] 611ad510cb7ec53767d606ff232ddb0483b6035e0730f3b163e4a806bbd8db34
