[INFO] cloning repository https://github.com/ticklepoke/rust-lox
[INFO] running `Command { std: "git" "-c" "credential.helper=" "-c" "credential.helper=/workspace/cargo-home/bin/git-credential-null" "clone" "--bare" "https://github.com/ticklepoke/rust-lox" "/workspace/cache/git-repos/https%3A%2F%2Fgithub.com%2Fticklepoke%2Frust-lox", kill_on_drop: false }`
[INFO] [stderr] Cloning into bare repository '/workspace/cache/git-repos/https%3A%2F%2Fgithub.com%2Fticklepoke%2Frust-lox'...
[INFO] running `Command { std: "git" "rev-parse" "HEAD", kill_on_drop: false }`
[INFO] [stdout] 9d08c0953a6485ba9c54ee37642b763e7757cc3e
[INFO] testing ticklepoke/rust-lox against 1.75.0 for beta-1.76-1
[INFO] running `Command { std: "git" "clone" "/workspace/cache/git-repos/https%3A%2F%2Fgithub.com%2Fticklepoke%2Frust-lox" "/workspace/builds/worker-0-tc1/source", kill_on_drop: false }`
[INFO] [stderr] Cloning into '/workspace/builds/worker-0-tc1/source'...
[INFO] [stderr] done.
[INFO] validating manifest of git repo https://github.com/ticklepoke/rust-lox on toolchain 1.75.0
[INFO] running `Command { std: CARGO_HOME="/workspace/cargo-home" RUSTUP_HOME="/workspace/rustup-home" "/workspace/cargo-home/bin/cargo" "+1.75.0" "metadata" "--manifest-path" "Cargo.toml" "--no-deps", kill_on_drop: false }`
[INFO] started tweaking git repo https://github.com/ticklepoke/rust-lox
[INFO] finished tweaking git repo https://github.com/ticklepoke/rust-lox
[INFO] tweaked toml for git repo https://github.com/ticklepoke/rust-lox written to /workspace/builds/worker-0-tc1/source/Cargo.toml
[INFO] crate git repo https://github.com/ticklepoke/rust-lox already has a lockfile, it will not be regenerated
[INFO] running `Command { std: CARGO_HOME="/workspace/cargo-home" RUSTUP_HOME="/workspace/rustup-home" "/workspace/cargo-home/bin/cargo" "+1.75.0" "fetch" "--manifest-path" "Cargo.toml", kill_on_drop: false }`
[INFO] [stderr]     Blocking waiting for file lock on package cache
[ERROR] error running command: no output for 300 seconds
[ERROR] this task or one of its parent failed!
[ERROR] no output for 300 seconds
[ERROR] note: run with `RUST_BACKTRACE=1` to display a backtrace.
[INFO] testing ticklepoke/rust-lox against beta-2023-12-22 for beta-1.76-1
[INFO] running `Command { std: "git" "clone" "/workspace/cache/git-repos/https%3A%2F%2Fgithub.com%2Fticklepoke%2Frust-lox" "/workspace/builds/worker-0-tc2/source", kill_on_drop: false }`
[INFO] [stderr] Cloning into '/workspace/builds/worker-0-tc2/source'...
[INFO] [stderr] done.
[INFO] validating manifest of git repo https://github.com/ticklepoke/rust-lox on toolchain beta-2023-12-22
[INFO] running `Command { std: CARGO_HOME="/workspace/cargo-home" RUSTUP_HOME="/workspace/rustup-home" "/workspace/cargo-home/bin/cargo" "+beta-2023-12-22" "metadata" "--manifest-path" "Cargo.toml" "--no-deps", kill_on_drop: false }`
[INFO] started tweaking git repo https://github.com/ticklepoke/rust-lox
[INFO] finished tweaking git repo https://github.com/ticklepoke/rust-lox
[INFO] tweaked toml for git repo https://github.com/ticklepoke/rust-lox written to /workspace/builds/worker-0-tc2/source/Cargo.toml
[INFO] crate git repo https://github.com/ticklepoke/rust-lox already has a lockfile, it will not be regenerated
[INFO] running `Command { std: CARGO_HOME="/workspace/cargo-home" RUSTUP_HOME="/workspace/rustup-home" "/workspace/cargo-home/bin/cargo" "+beta-2023-12-22" "fetch" "--manifest-path" "Cargo.toml", kill_on_drop: false }`
[INFO] [stderr]     Blocking waiting for file lock on package cache
[INFO] [stderr]     Blocking waiting for file lock on package cache
[INFO] running `Command { std: "docker" "create" "-v" "/var/lib/crater-agent-workspace/builds/worker-0-tc2/target:/opt/rustwide/target:rw,Z" "-v" "/var/lib/crater-agent-workspace/builds/worker-0-tc2/source:/opt/rustwide/workdir:ro,Z" "-v" "/var/lib/crater-agent-workspace/cargo-home:/opt/rustwide/cargo-home:ro,Z" "-v" "/var/lib/crater-agent-workspace/rustup-home:/opt/rustwide/rustup-home:ro,Z" "-e" "SOURCE_DIR=/opt/rustwide/workdir" "-e" "CARGO_TARGET_DIR=/opt/rustwide/target" "-e" "CARGO_HOME=/opt/rustwide/cargo-home" "-e" "RUSTUP_HOME=/opt/rustwide/rustup-home" "-w" "/opt/rustwide/workdir" "-m" "1610612736" "--user" "0:0" "--network" "none" "ghcr.io/rust-lang/crates-build-env/linux@sha256:2788e3201cd34a07e3172128adcd8b3090168a8e3bcc40d7c032b9dda1df7d1c" "/opt/rustwide/cargo-home/bin/cargo" "+beta-2023-12-22" "metadata" "--no-deps" "--format-version=1", kill_on_drop: false }`
[INFO] [stdout] c0024d39275dc841cea45b859fc345e1ee982670a6b2cf6d545cd69923264926
[INFO] running `Command { std: "docker" "start" "-a" "c0024d39275dc841cea45b859fc345e1ee982670a6b2cf6d545cd69923264926", kill_on_drop: false }`
[INFO] running `Command { std: "docker" "inspect" "c0024d39275dc841cea45b859fc345e1ee982670a6b2cf6d545cd69923264926", kill_on_drop: false }`
[INFO] running `Command { std: "docker" "rm" "-f" "c0024d39275dc841cea45b859fc345e1ee982670a6b2cf6d545cd69923264926", kill_on_drop: false }`
[INFO] [stdout] c0024d39275dc841cea45b859fc345e1ee982670a6b2cf6d545cd69923264926
[INFO] running `Command { std: "docker" "create" "-v" "/var/lib/crater-agent-workspace/builds/worker-0-tc2/target:/opt/rustwide/target:rw,Z" "-v" "/var/lib/crater-agent-workspace/builds/worker-0-tc2/source:/opt/rustwide/workdir:ro,Z" "-v" "/var/lib/crater-agent-workspace/cargo-home:/opt/rustwide/cargo-home:ro,Z" "-v" "/var/lib/crater-agent-workspace/rustup-home:/opt/rustwide/rustup-home:ro,Z" "-e" "SOURCE_DIR=/opt/rustwide/workdir" "-e" "CARGO_TARGET_DIR=/opt/rustwide/target" "-e" "CARGO_INCREMENTAL=0" "-e" "RUST_BACKTRACE=full" "-e" "RUSTFLAGS=--cap-lints=warn" "-e" "RUSTDOCFLAGS=--cap-lints=warn" "-e" "CARGO_HOME=/opt/rustwide/cargo-home" "-e" "RUSTUP_HOME=/opt/rustwide/rustup-home" "-w" "/opt/rustwide/workdir" "-m" "1610612736" "--user" "0:0" "--network" "none" "ghcr.io/rust-lang/crates-build-env/linux@sha256:2788e3201cd34a07e3172128adcd8b3090168a8e3bcc40d7c032b9dda1df7d1c" "/opt/rustwide/cargo-home/bin/cargo" "+beta-2023-12-22" "build" "--frozen" "--message-format=json", kill_on_drop: false }`
[INFO] [stdout] e622ff69b275749dce98af0044a803d45fe3d2961dfd7a9df56fa7884298297c
[INFO] running `Command { std: "docker" "start" "-a" "e622ff69b275749dce98af0044a803d45fe3d2961dfd7a9df56fa7884298297c", kill_on_drop: false }`
[INFO] [stderr]    Compiling utils v0.1.0 (/opt/rustwide/workdir/utils)
[INFO] [stderr]    Compiling vm v0.1.0 (/opt/rustwide/workdir/vm)
[INFO] [stderr]    Compiling frontend v0.1.0 (/opt/rustwide/workdir/frontend)
[INFO] [stdout] warning: unnecessary parentheses around match arm expression
[INFO] [stdout]   --> frontend/src/literal.rs:52:67
[INFO] [stdout]    |
[INFO] [stdout] 52 |             (&Literal::String(ref s), &Literal::String(ref o)) => (s == o),
[INFO] [stdout]    |                                                                   ^      ^
[INFO] [stdout]    |
[INFO] [stdout]    = note: `#[warn(unused_parens)]` on by default
[INFO] [stdout] help: remove these parentheses
[INFO] [stdout]    |
[INFO] [stdout] 52 -             (&Literal::String(ref s), &Literal::String(ref o)) => (s == o),
[INFO] [stdout] 52 +             (&Literal::String(ref s), &Literal::String(ref o)) => s == o,
[INFO] [stdout]    |
[INFO] [stdout] 
[INFO] [stdout] 
[INFO] [stdout] warning: unnecessary parentheses around match arm expression
[INFO] [stdout]   --> frontend/src/literal.rs:53:67
[INFO] [stdout]    |
[INFO] [stdout] 53 |             (&Literal::Number(ref s), &Literal::Number(ref o)) => (s == o),
[INFO] [stdout]    |                                                                   ^      ^
[INFO] [stdout]    |
[INFO] [stdout] help: remove these parentheses
[INFO] [stdout]    |
[INFO] [stdout] 53 -             (&Literal::Number(ref s), &Literal::Number(ref o)) => (s == o),
[INFO] [stdout] 53 +             (&Literal::Number(ref s), &Literal::Number(ref o)) => s == o,
[INFO] [stdout]    |
[INFO] [stdout] 
[INFO] [stdout] 
[INFO] [stdout] warning: unnecessary parentheses around match arm expression
[INFO] [stdout]   --> frontend/src/literal.rs:54:69
[INFO] [stdout]    |
[INFO] [stdout] 54 |             (&Literal::Boolean(ref s), &Literal::Boolean(ref o)) => (s == o),
[INFO] [stdout]    |                                                                     ^      ^
[INFO] [stdout]    |
[INFO] [stdout] help: remove these parentheses
[INFO] [stdout]    |
[INFO] [stdout] 54 -             (&Literal::Boolean(ref s), &Literal::Boolean(ref o)) => (s == o),
[INFO] [stdout] 54 +             (&Literal::Boolean(ref s), &Literal::Boolean(ref o)) => s == o,
[INFO] [stdout]    |
[INFO] [stdout] 
[INFO] [stdout] 
[INFO] [stderr]    Compiling interpreter v0.1.0 (/opt/rustwide/workdir/interpreter)
[INFO] [stdout] warning: 3 warnings emitted
[INFO] [stdout] 
[INFO] [stdout] 
[INFO] [stderr]    Compiling lox v0.1.0 (/opt/rustwide/workdir/lox)
[INFO] [stderr]     Finished dev [unoptimized + debuginfo] target(s) in 1.42s
[INFO] running `Command { std: "docker" "inspect" "e622ff69b275749dce98af0044a803d45fe3d2961dfd7a9df56fa7884298297c", kill_on_drop: false }`
[INFO] running `Command { std: "docker" "rm" "-f" "e622ff69b275749dce98af0044a803d45fe3d2961dfd7a9df56fa7884298297c", kill_on_drop: false }`
[INFO] [stdout] e622ff69b275749dce98af0044a803d45fe3d2961dfd7a9df56fa7884298297c
[INFO] running `Command { std: "docker" "create" "-v" "/var/lib/crater-agent-workspace/builds/worker-0-tc2/target:/opt/rustwide/target:rw,Z" "-v" "/var/lib/crater-agent-workspace/builds/worker-0-tc2/source:/opt/rustwide/workdir:ro,Z" "-v" "/var/lib/crater-agent-workspace/cargo-home:/opt/rustwide/cargo-home:ro,Z" "-v" "/var/lib/crater-agent-workspace/rustup-home:/opt/rustwide/rustup-home:ro,Z" "-e" "SOURCE_DIR=/opt/rustwide/workdir" "-e" "CARGO_TARGET_DIR=/opt/rustwide/target" "-e" "CARGO_INCREMENTAL=0" "-e" "RUST_BACKTRACE=full" "-e" "RUSTFLAGS=--cap-lints=warn" "-e" "RUSTDOCFLAGS=--cap-lints=warn" "-e" "CARGO_HOME=/opt/rustwide/cargo-home" "-e" "RUSTUP_HOME=/opt/rustwide/rustup-home" "-w" "/opt/rustwide/workdir" "-m" "1610612736" "--user" "0:0" "--network" "none" "ghcr.io/rust-lang/crates-build-env/linux@sha256:2788e3201cd34a07e3172128adcd8b3090168a8e3bcc40d7c032b9dda1df7d1c" "/opt/rustwide/cargo-home/bin/cargo" "+beta-2023-12-22" "test" "--frozen" "--no-run" "--message-format=json", kill_on_drop: false }`
[INFO] [stdout] cd56b14ad4cdfe87aa4817d141df6b561c1450e4fc4a371469eeaa154282c7d6
[INFO] running `Command { std: "docker" "start" "-a" "cd56b14ad4cdfe87aa4817d141df6b561c1450e4fc4a371469eeaa154282c7d6", kill_on_drop: false }`
[INFO] [stderr]    Compiling interpreter v0.1.0 (/opt/rustwide/workdir/interpreter)
[INFO] [stderr]    Compiling frontend v0.1.0 (/opt/rustwide/workdir/frontend)
[INFO] [stdout] warning: unnecessary parentheses around match arm expression
[INFO] [stdout]   --> frontend/src/literal.rs:52:67
[INFO] [stdout]    |
[INFO] [stdout] 52 |             (&Literal::String(ref s), &Literal::String(ref o)) => (s == o),
[INFO] [stdout]    |                                                                   ^      ^
[INFO] [stdout]    |
[INFO] [stdout]    = note: `#[warn(unused_parens)]` on by default
[INFO] [stdout] help: remove these parentheses
[INFO] [stdout]    |
[INFO] [stdout] 52 -             (&Literal::String(ref s), &Literal::String(ref o)) => (s == o),
[INFO] [stdout] 52 +             (&Literal::String(ref s), &Literal::String(ref o)) => s == o,
[INFO] [stdout]    |
[INFO] [stdout] 
[INFO] [stdout] 
[INFO] [stderr]    Compiling vm v0.1.0 (/opt/rustwide/workdir/vm)
[INFO] [stdout] warning: unnecessary parentheses around match arm expression
[INFO] [stdout]   --> frontend/src/literal.rs:53:67
[INFO] [stdout]    |
[INFO] [stdout] 53 |             (&Literal::Number(ref s), &Literal::Number(ref o)) => (s == o),
[INFO] [stdout]    |                                                                   ^      ^
[INFO] [stdout]    |
[INFO] [stdout] help: remove these parentheses
[INFO] [stdout]    |
[INFO] [stdout] 53 -             (&Literal::Number(ref s), &Literal::Number(ref o)) => (s == o),
[INFO] [stdout] 53 +             (&Literal::Number(ref s), &Literal::Number(ref o)) => s == o,
[INFO] [stdout]    |
[INFO] [stdout] 
[INFO] [stdout] 
[INFO] [stderr]    Compiling lox v0.1.0 (/opt/rustwide/workdir/lox)
[INFO] [stdout] warning: unnecessary parentheses around match arm expression
[INFO] [stdout]   --> frontend/src/literal.rs:54:69
[INFO] [stdout]    |
[INFO] [stdout] 54 |             (&Literal::Boolean(ref s), &Literal::Boolean(ref o)) => (s == o),
[INFO] [stdout]    |                                                                     ^      ^
[INFO] [stdout]    |
[INFO] [stdout] help: remove these parentheses
[INFO] [stdout]    |
[INFO] [stdout] 54 -             (&Literal::Boolean(ref s), &Literal::Boolean(ref o)) => (s == o),
[INFO] [stdout] 54 +             (&Literal::Boolean(ref s), &Literal::Boolean(ref o)) => s == o,
[INFO] [stdout]    |
[INFO] [stdout] 
[INFO] [stdout] 
[INFO] [stdout] warning: 3 warnings emitted
[INFO] [stdout] 
[INFO] [stdout] 
[INFO] [stderr]    Compiling utils v0.1.0 (/opt/rustwide/workdir/utils)
[INFO] [stdout] warning: unnecessary parentheses around match arm expression
[INFO] [stdout]   --> frontend/src/literal.rs:52:67
[INFO] [stdout]    |
[INFO] [stdout] 52 |             (&Literal::String(ref s), &Literal::String(ref o)) => (s == o),
[INFO] [stdout]    |                                                                   ^      ^
[INFO] [stdout]    |
[INFO] [stdout]    = note: `#[warn(unused_parens)]` on by default
[INFO] [stdout] help: remove these parentheses
[INFO] [stdout]    |
[INFO] [stdout] 52 -             (&Literal::String(ref s), &Literal::String(ref o)) => (s == o),
[INFO] [stdout] 52 +             (&Literal::String(ref s), &Literal::String(ref o)) => s == o,
[INFO] [stdout]    |
[INFO] [stdout] 
[INFO] [stdout] 
[INFO] [stdout] warning: unnecessary parentheses around match arm expression
[INFO] [stdout]   --> frontend/src/literal.rs:53:67
[INFO] [stdout]    |
[INFO] [stdout] 53 |             (&Literal::Number(ref s), &Literal::Number(ref o)) => (s == o),
[INFO] [stdout]    |                                                                   ^      ^
[INFO] [stdout]    |
[INFO] [stdout] help: remove these parentheses
[INFO] [stdout]    |
[INFO] [stdout] 53 -             (&Literal::Number(ref s), &Literal::Number(ref o)) => (s == o),
[INFO] [stdout] 53 +             (&Literal::Number(ref s), &Literal::Number(ref o)) => s == o,
[INFO] [stdout]    |
[INFO] [stdout] 
[INFO] [stdout] 
[INFO] [stdout] warning: unnecessary parentheses around match arm expression
[INFO] [stdout]   --> frontend/src/literal.rs:54:69
[INFO] [stdout]    |
[INFO] [stdout] 54 |             (&Literal::Boolean(ref s), &Literal::Boolean(ref o)) => (s == o),
[INFO] [stdout]    |                                                                     ^      ^
[INFO] [stdout]    |
[INFO] [stdout] help: remove these parentheses
[INFO] [stdout]    |
[INFO] [stdout] 54 -             (&Literal::Boolean(ref s), &Literal::Boolean(ref o)) => (s == o),
[INFO] [stdout] 54 +             (&Literal::Boolean(ref s), &Literal::Boolean(ref o)) => s == o,
[INFO] [stdout]    |
[INFO] [stdout] 
[INFO] [stdout] 
[INFO] [stdout] warning: 3 warnings emitted
[INFO] [stdout] 
[INFO] [stdout] 
[INFO] [stderr]     Finished test [unoptimized + debuginfo] target(s) in 1.05s
[INFO] running `Command { std: "docker" "inspect" "cd56b14ad4cdfe87aa4817d141df6b561c1450e4fc4a371469eeaa154282c7d6", kill_on_drop: false }`
[INFO] running `Command { std: "docker" "rm" "-f" "cd56b14ad4cdfe87aa4817d141df6b561c1450e4fc4a371469eeaa154282c7d6", kill_on_drop: false }`
[INFO] [stdout] cd56b14ad4cdfe87aa4817d141df6b561c1450e4fc4a371469eeaa154282c7d6
[INFO] running `Command { std: "docker" "create" "-v" "/var/lib/crater-agent-workspace/builds/worker-0-tc2/target:/opt/rustwide/target:rw,Z" "-v" "/var/lib/crater-agent-workspace/builds/worker-0-tc2/source:/opt/rustwide/workdir:ro,Z" "-v" "/var/lib/crater-agent-workspace/cargo-home:/opt/rustwide/cargo-home:ro,Z" "-v" "/var/lib/crater-agent-workspace/rustup-home:/opt/rustwide/rustup-home:ro,Z" "-e" "SOURCE_DIR=/opt/rustwide/workdir" "-e" "CARGO_TARGET_DIR=/opt/rustwide/target" "-e" "CARGO_INCREMENTAL=0" "-e" "RUST_BACKTRACE=full" "-e" "RUSTFLAGS=--cap-lints=warn" "-e" "RUSTDOCFLAGS=--cap-lints=warn" "-e" "CARGO_HOME=/opt/rustwide/cargo-home" "-e" "RUSTUP_HOME=/opt/rustwide/rustup-home" "-w" "/opt/rustwide/workdir" "-m" "1610612736" "--user" "0:0" "--network" "none" "ghcr.io/rust-lang/crates-build-env/linux@sha256:2788e3201cd34a07e3172128adcd8b3090168a8e3bcc40d7c032b9dda1df7d1c" "/opt/rustwide/cargo-home/bin/cargo" "+beta-2023-12-22" "test" "--frozen", kill_on_drop: false }`
[INFO] [stdout] 0e999fe915e704929850b7ea337fd2f8b7e2cc0aea847ac5cfdc10be2691df23
[INFO] running `Command { std: "docker" "start" "-a" "0e999fe915e704929850b7ea337fd2f8b7e2cc0aea847ac5cfdc10be2691df23", kill_on_drop: false }`
[INFO] [stderr] warning: unnecessary parentheses around match arm expression
[INFO] [stderr]   --> frontend/src/literal.rs:52:67
[INFO] [stderr]    |
[INFO] [stderr] 52 |             (&Literal::String(ref s), &Literal::String(ref o)) => (s == o),
[INFO] [stderr]    |                                                                   ^      ^
[INFO] [stderr]    |
[INFO] [stderr]    = note: `#[warn(unused_parens)]` on by default
[INFO] [stderr] help: remove these parentheses
[INFO] [stderr]    |
[INFO] [stderr] 52 -             (&Literal::String(ref s), &Literal::String(ref o)) => (s == o),
[INFO] [stderr] 52 +             (&Literal::String(ref s), &Literal::String(ref o)) => s == o,
[INFO] [stderr]    |
[INFO] [stderr] 
[INFO] [stderr] warning: unnecessary parentheses around match arm expression
[INFO] [stderr]   --> frontend/src/literal.rs:53:67
[INFO] [stderr]    |
[INFO] [stderr] 53 |             (&Literal::Number(ref s), &Literal::Number(ref o)) => (s == o),
[INFO] [stderr]    |                                                                   ^      ^
[INFO] [stderr]    |
[INFO] [stderr] help: remove these parentheses
[INFO] [stderr]    |
[INFO] [stderr] 53 -             (&Literal::Number(ref s), &Literal::Number(ref o)) => (s == o),
[INFO] [stderr] 53 +             (&Literal::Number(ref s), &Literal::Number(ref o)) => s == o,
[INFO] [stderr]    |
[INFO] [stderr] 
[INFO] [stderr] warning: unnecessary parentheses around match arm expression
[INFO] [stderr]   --> frontend/src/literal.rs:54:69
[INFO] [stderr]    |
[INFO] [stderr] 54 |             (&Literal::Boolean(ref s), &Literal::Boolean(ref o)) => (s == o),
[INFO] [stderr]    |                                                                     ^      ^
[INFO] [stderr]    |
[INFO] [stderr] help: remove these parentheses
[INFO] [stderr]    |
[INFO] [stderr] 54 -             (&Literal::Boolean(ref s), &Literal::Boolean(ref o)) => (s == o),
[INFO] [stderr] 54 +             (&Literal::Boolean(ref s), &Literal::Boolean(ref o)) => s == o,
[INFO] [stderr]    |
[INFO] [stderr] 
[INFO] [stderr] warning: `frontend` (lib) generated 3 warnings (run `cargo fix --lib -p frontend` to apply 3 suggestions)
[INFO] [stderr] warning: `frontend` (lib test) generated 3 warnings (3 duplicates)
[INFO] [stderr]     Finished test [unoptimized + debuginfo] target(s) in 0.01s
[INFO] [stderr]      Running unittests src/lib.rs (/opt/rustwide/target/debug/deps/frontend-a67ca2d1031c92bf)
[INFO] [stdout] 
[INFO] [stdout] running 1 test
[INFO] [stderr]      Running unittests src/lib.rs (/opt/rustwide/target/debug/deps/interpreter-fd578fc44c661d53)
[INFO] [stdout] test integration_tests::test_scanner ... ok
[INFO] [stdout] 
[INFO] [stdout] test result: ok. 1 passed; 0 failed; 0 ignored; 0 measured; 0 filtered out; finished in 0.01s
[INFO] [stdout] 
[INFO] [stdout] 
[INFO] [stdout] running 0 tests
[INFO] [stdout] 
[INFO] [stdout] test result: ok. 0 passed; 0 failed; 0 ignored; 0 measured; 0 filtered out; finished in 0.00s
[INFO] [stdout] 
[INFO] [stderr]      Running unittests src/main.rs (/opt/rustwide/target/debug/deps/lox-9ad704dfb8fb7911)
[INFO] [stdout] 
[INFO] [stdout] running 1 test
[INFO] [stdout] test integration_tests::run_file ... ok
[INFO] [stdout] 
[INFO] [stdout] test result: ok. 1 passed; 0 failed; 0 ignored; 0 measured; 0 filtered out; finished in 0.01s
[INFO] [stdout] 
[INFO] [stderr]      Running unittests src/lib.rs (/opt/rustwide/target/debug/deps/utils-c914f10c4f7e1cd6)
[INFO] [stdout] 
[INFO] [stdout] running 0 tests
[INFO] [stdout] 
[INFO] [stdout] test result: ok. 0 passed; 0 failed; 0 ignored; 0 measured; 0 filtered out; finished in 0.00s
[INFO] [stdout] 
[INFO] [stderr]      Running unittests src/lib.rs (/opt/rustwide/target/debug/deps/vm-c5d463efd2ab12b2)
[INFO] [stdout] 
[INFO] [stderr]    Doc-tests frontend
[INFO] [stdout] running 0 tests
[INFO] [stdout] 
[INFO] [stdout] test result: ok. 0 passed; 0 failed; 0 ignored; 0 measured; 0 filtered out; finished in 0.00s
[INFO] [stdout] 
[INFO] [stderr] warning: unnecessary parentheses around match arm expression
[INFO] [stderr]   --> frontend/src/literal.rs:52:67
[INFO] [stderr]    |
[INFO] [stderr] 52 |             (&Literal::String(ref s), &Literal::String(ref o)) => (s == o),
[INFO] [stderr]    |                                                                   ^      ^
[INFO] [stderr]    |
[INFO] [stderr]    = note: `#[warn(unused_parens)]` on by default
[INFO] [stderr] help: remove these parentheses
[INFO] [stderr]    |
[INFO] [stderr] 52 -             (&Literal::String(ref s), &Literal::String(ref o)) => (s == o),
[INFO] [stderr] 52 +             (&Literal::String(ref s), &Literal::String(ref o)) => s == o,
[INFO] [stderr]    |
[INFO] [stderr] 
[INFO] [stderr] warning: unnecessary parentheses around match arm expression
[INFO] [stderr]   --> frontend/src/literal.rs:53:67
[INFO] [stderr]    |
[INFO] [stderr] 53 |             (&Literal::Number(ref s), &Literal::Number(ref o)) => (s == o),
[INFO] [stderr]    |                                                                   ^      ^
[INFO] [stderr]    |
[INFO] [stderr] help: remove these parentheses
[INFO] [stderr]    |
[INFO] [stderr] 53 -             (&Literal::Number(ref s), &Literal::Number(ref o)) => (s == o),
[INFO] [stderr] 53 +             (&Literal::Number(ref s), &Literal::Number(ref o)) => s == o,
[INFO] [stderr]    |
[INFO] [stderr] 
[INFO] [stderr] warning: unnecessary parentheses around match arm expression
[INFO] [stderr]   --> frontend/src/literal.rs:54:69
[INFO] [stderr]    |
[INFO] [stderr] 54 |             (&Literal::Boolean(ref s), &Literal::Boolean(ref o)) => (s == o),
[INFO] [stderr]    |                                                                     ^      ^
[INFO] [stderr]    |
[INFO] [stderr] help: remove these parentheses
[INFO] [stderr]    |
[INFO] [stderr] 54 -             (&Literal::Boolean(ref s), &Literal::Boolean(ref o)) => (s == o),
[INFO] [stderr] 54 +             (&Literal::Boolean(ref s), &Literal::Boolean(ref o)) => s == o,
[INFO] [stderr]    |
[INFO] [stderr] 
[INFO] [stderr] warning: 3 warnings emitted
[INFO] [stderr] 
[INFO] [stdout] 
[INFO] [stderr]    Doc-tests interpreter
[INFO] [stdout] running 0 tests
[INFO] [stdout] 
[INFO] [stdout] test result: ok. 0 passed; 0 failed; 0 ignored; 0 measured; 0 filtered out; finished in 0.00s
[INFO] [stdout] 
[INFO] [stderr]    Doc-tests utils
[INFO] [stdout] 
[INFO] [stdout] running 0 tests
[INFO] [stdout] 
[INFO] [stdout] test result: ok. 0 passed; 0 failed; 0 ignored; 0 measured; 0 filtered out; finished in 0.00s
[INFO] [stdout] 
[INFO] [stdout] 
[INFO] [stderr]    Doc-tests vm
[INFO] [stdout] running 0 tests
[INFO] [stdout] 
[INFO] [stdout] test result: ok. 0 passed; 0 failed; 0 ignored; 0 measured; 0 filtered out; finished in 0.00s
[INFO] [stdout] 
[INFO] [stdout] 
[INFO] [stdout] running 0 tests
[INFO] [stdout] 
[INFO] [stdout] test result: ok. 0 passed; 0 failed; 0 ignored; 0 measured; 0 filtered out; finished in 0.00s
[INFO] [stdout] 
[INFO] running `Command { std: "docker" "inspect" "0e999fe915e704929850b7ea337fd2f8b7e2cc0aea847ac5cfdc10be2691df23", kill_on_drop: false }`
[INFO] running `Command { std: "docker" "rm" "-f" "0e999fe915e704929850b7ea337fd2f8b7e2cc0aea847ac5cfdc10be2691df23", kill_on_drop: false }`
[INFO] [stdout] 0e999fe915e704929850b7ea337fd2f8b7e2cc0aea847ac5cfdc10be2691df23
