[INFO] cloning repository https://github.com/thuchede/aoc-2020-rust
[INFO] running `Command { std: "git" "-c" "credential.helper=" "-c" "credential.helper=/workspace/cargo-home/bin/git-credential-null" "clone" "--bare" "https://github.com/thuchede/aoc-2020-rust" "/workspace/cache/git-repos/https%3A%2F%2Fgithub.com%2Fthuchede%2Faoc-2020-rust", kill_on_drop: false }`
[INFO] [stderr] Cloning into bare repository '/workspace/cache/git-repos/https%3A%2F%2Fgithub.com%2Fthuchede%2Faoc-2020-rust'...
[INFO] running `Command { std: "git" "rev-parse" "HEAD", kill_on_drop: false }`
[INFO] [stdout] e3173f884030b3bb3ed03e9fcd10bd1abdf4196b
[INFO] testing thuchede/aoc-2020-rust against 1.75.0 for beta-1.76-1
[INFO] running `Command { std: "git" "clone" "/workspace/cache/git-repos/https%3A%2F%2Fgithub.com%2Fthuchede%2Faoc-2020-rust" "/workspace/builds/worker-5-tc1/source", kill_on_drop: false }`
[INFO] [stderr] Cloning into '/workspace/builds/worker-5-tc1/source'...
[INFO] [stderr] done.
[INFO] validating manifest of git repo https://github.com/thuchede/aoc-2020-rust on toolchain 1.75.0
[INFO] running `Command { std: CARGO_HOME="/workspace/cargo-home" RUSTUP_HOME="/workspace/rustup-home" "/workspace/cargo-home/bin/cargo" "+1.75.0" "metadata" "--manifest-path" "Cargo.toml" "--no-deps", kill_on_drop: false }`
[INFO] started tweaking git repo https://github.com/thuchede/aoc-2020-rust
[INFO] finished tweaking git repo https://github.com/thuchede/aoc-2020-rust
[INFO] tweaked toml for git repo https://github.com/thuchede/aoc-2020-rust written to /workspace/builds/worker-5-tc1/source/Cargo.toml
[INFO] crate git repo https://github.com/thuchede/aoc-2020-rust already has a lockfile, it will not be regenerated
[INFO] running `Command { std: CARGO_HOME="/workspace/cargo-home" RUSTUP_HOME="/workspace/rustup-home" "/workspace/cargo-home/bin/cargo" "+1.75.0" "fetch" "--manifest-path" "Cargo.toml", kill_on_drop: false }`
[INFO] [stderr]     Blocking waiting for file lock on package cache
[ERROR] error running command: no output for 300 seconds
[ERROR] this task or one of its parent failed!
[ERROR] no output for 300 seconds
[ERROR] note: run with `RUST_BACKTRACE=1` to display a backtrace.
[INFO] testing thuchede/aoc-2020-rust against beta-2023-12-22 for beta-1.76-1
[INFO] running `Command { std: "git" "clone" "/workspace/cache/git-repos/https%3A%2F%2Fgithub.com%2Fthuchede%2Faoc-2020-rust" "/workspace/builds/worker-5-tc2/source", kill_on_drop: false }`
[INFO] [stderr] Cloning into '/workspace/builds/worker-5-tc2/source'...
[INFO] [stderr] done.
[INFO] validating manifest of git repo https://github.com/thuchede/aoc-2020-rust on toolchain beta-2023-12-22
[INFO] running `Command { std: CARGO_HOME="/workspace/cargo-home" RUSTUP_HOME="/workspace/rustup-home" "/workspace/cargo-home/bin/cargo" "+beta-2023-12-22" "metadata" "--manifest-path" "Cargo.toml" "--no-deps", kill_on_drop: false }`
[INFO] started tweaking git repo https://github.com/thuchede/aoc-2020-rust
[INFO] finished tweaking git repo https://github.com/thuchede/aoc-2020-rust
[INFO] tweaked toml for git repo https://github.com/thuchede/aoc-2020-rust written to /workspace/builds/worker-5-tc2/source/Cargo.toml
[INFO] crate git repo https://github.com/thuchede/aoc-2020-rust already has a lockfile, it will not be regenerated
[INFO] running `Command { std: CARGO_HOME="/workspace/cargo-home" RUSTUP_HOME="/workspace/rustup-home" "/workspace/cargo-home/bin/cargo" "+beta-2023-12-22" "fetch" "--manifest-path" "Cargo.toml", kill_on_drop: false }`
[INFO] [stderr]     Blocking waiting for file lock on package cache
[INFO] [stderr]  Downloading crates ...
[INFO] [stderr]   Downloaded fancy-regex v0.4.1
[INFO] running `Command { std: "docker" "create" "-v" "/var/lib/crater-agent-workspace/builds/worker-5-tc2/target:/opt/rustwide/target:rw,Z" "-v" "/var/lib/crater-agent-workspace/builds/worker-5-tc2/source:/opt/rustwide/workdir:ro,Z" "-v" "/var/lib/crater-agent-workspace/cargo-home:/opt/rustwide/cargo-home:ro,Z" "-v" "/var/lib/crater-agent-workspace/rustup-home:/opt/rustwide/rustup-home:ro,Z" "-e" "SOURCE_DIR=/opt/rustwide/workdir" "-e" "CARGO_TARGET_DIR=/opt/rustwide/target" "-e" "CARGO_HOME=/opt/rustwide/cargo-home" "-e" "RUSTUP_HOME=/opt/rustwide/rustup-home" "-w" "/opt/rustwide/workdir" "-m" "1610612736" "--user" "0:0" "--network" "none" "ghcr.io/rust-lang/crates-build-env/linux@sha256:2788e3201cd34a07e3172128adcd8b3090168a8e3bcc40d7c032b9dda1df7d1c" "/opt/rustwide/cargo-home/bin/cargo" "+beta-2023-12-22" "metadata" "--no-deps" "--format-version=1", kill_on_drop: false }`
[INFO] [stdout] 7da605eee47e8d23dacbfbdcfcd101d9b557c0fcd1ba522b580c2578dec1b5e7
[INFO] running `Command { std: "docker" "start" "-a" "7da605eee47e8d23dacbfbdcfcd101d9b557c0fcd1ba522b580c2578dec1b5e7", kill_on_drop: false }`
[INFO] running `Command { std: "docker" "inspect" "7da605eee47e8d23dacbfbdcfcd101d9b557c0fcd1ba522b580c2578dec1b5e7", kill_on_drop: false }`
[INFO] running `Command { std: "docker" "rm" "-f" "7da605eee47e8d23dacbfbdcfcd101d9b557c0fcd1ba522b580c2578dec1b5e7", kill_on_drop: false }`
[INFO] [stdout] 7da605eee47e8d23dacbfbdcfcd101d9b557c0fcd1ba522b580c2578dec1b5e7
[INFO] running `Command { std: "docker" "create" "-v" "/var/lib/crater-agent-workspace/builds/worker-5-tc2/target:/opt/rustwide/target:rw,Z" "-v" "/var/lib/crater-agent-workspace/builds/worker-5-tc2/source:/opt/rustwide/workdir:ro,Z" "-v" "/var/lib/crater-agent-workspace/cargo-home:/opt/rustwide/cargo-home:ro,Z" "-v" "/var/lib/crater-agent-workspace/rustup-home:/opt/rustwide/rustup-home:ro,Z" "-e" "SOURCE_DIR=/opt/rustwide/workdir" "-e" "CARGO_TARGET_DIR=/opt/rustwide/target" "-e" "CARGO_INCREMENTAL=0" "-e" "RUST_BACKTRACE=full" "-e" "RUSTFLAGS=--cap-lints=warn" "-e" "RUSTDOCFLAGS=--cap-lints=warn" "-e" "CARGO_HOME=/opt/rustwide/cargo-home" "-e" "RUSTUP_HOME=/opt/rustwide/rustup-home" "-w" "/opt/rustwide/workdir" "-m" "1610612736" "--user" "0:0" "--network" "none" "ghcr.io/rust-lang/crates-build-env/linux@sha256:2788e3201cd34a07e3172128adcd8b3090168a8e3bcc40d7c032b9dda1df7d1c" "/opt/rustwide/cargo-home/bin/cargo" "+beta-2023-12-22" "build" "--frozen" "--message-format=json", kill_on_drop: false }`
[INFO] [stdout] f075ca3bf4599ea07404ba6a371c055ddd9412356cf76f04919bfc84d3596ef1
[INFO] running `Command { std: "docker" "start" "-a" "f075ca3bf4599ea07404ba6a371c055ddd9412356cf76f04919bfc84d3596ef1", kill_on_drop: false }`
[INFO] [stderr]    Compiling memchr v2.3.4
[INFO] [stderr]    Compiling lazy_static v1.4.0
[INFO] [stderr]    Compiling bit-vec v0.6.2
[INFO] [stderr]    Compiling regex-syntax v0.6.21
[INFO] [stderr]    Compiling thread_local v1.0.1
[INFO] [stderr]    Compiling bit-set v0.5.2
[INFO] [stderr]    Compiling aho-corasick v0.7.15
[INFO] [stderr]    Compiling regex v1.4.2
[INFO] [stderr]    Compiling fancy-regex v0.4.1
[INFO] [stderr]    Compiling aoc-2020-rust v0.1.0 (/opt/rustwide/workdir)
[INFO] [stdout] warning: unused import: `Duration`
[INFO] [stdout]  --> src/main.rs:2:17
[INFO] [stdout]   |
[INFO] [stdout] 2 | use std::time::{Duration, Instant};
[INFO] [stdout]   |                 ^^^^^^^^
[INFO] [stdout]   |
[INFO] [stdout]   = note: `#[warn(unused_imports)]` on by default
[INFO] [stdout] 
[INFO] [stdout] 
[INFO] [stdout] warning: 1 warning emitted
[INFO] [stdout] 
[INFO] [stdout] 
[INFO] [stderr]     Finished dev [unoptimized + debuginfo] target(s) in 3.42s
[INFO] running `Command { std: "docker" "inspect" "f075ca3bf4599ea07404ba6a371c055ddd9412356cf76f04919bfc84d3596ef1", kill_on_drop: false }`
[INFO] running `Command { std: "docker" "rm" "-f" "f075ca3bf4599ea07404ba6a371c055ddd9412356cf76f04919bfc84d3596ef1", kill_on_drop: false }`
[INFO] [stdout] f075ca3bf4599ea07404ba6a371c055ddd9412356cf76f04919bfc84d3596ef1
[INFO] running `Command { std: "docker" "create" "-v" "/var/lib/crater-agent-workspace/builds/worker-5-tc2/target:/opt/rustwide/target:rw,Z" "-v" "/var/lib/crater-agent-workspace/builds/worker-5-tc2/source:/opt/rustwide/workdir:ro,Z" "-v" "/var/lib/crater-agent-workspace/cargo-home:/opt/rustwide/cargo-home:ro,Z" "-v" "/var/lib/crater-agent-workspace/rustup-home:/opt/rustwide/rustup-home:ro,Z" "-e" "SOURCE_DIR=/opt/rustwide/workdir" "-e" "CARGO_TARGET_DIR=/opt/rustwide/target" "-e" "CARGO_INCREMENTAL=0" "-e" "RUST_BACKTRACE=full" "-e" "RUSTFLAGS=--cap-lints=warn" "-e" "RUSTDOCFLAGS=--cap-lints=warn" "-e" "CARGO_HOME=/opt/rustwide/cargo-home" "-e" "RUSTUP_HOME=/opt/rustwide/rustup-home" "-w" "/opt/rustwide/workdir" "-m" "1610612736" "--user" "0:0" "--network" "none" "ghcr.io/rust-lang/crates-build-env/linux@sha256:2788e3201cd34a07e3172128adcd8b3090168a8e3bcc40d7c032b9dda1df7d1c" "/opt/rustwide/cargo-home/bin/cargo" "+beta-2023-12-22" "test" "--frozen" "--no-run" "--message-format=json", kill_on_drop: false }`
[INFO] [stdout] dfd1cd73f9d5dbc3debb87462e1fc5e7aab3aa6380399b9c6e9a793779da0a47
[INFO] running `Command { std: "docker" "start" "-a" "dfd1cd73f9d5dbc3debb87462e1fc5e7aab3aa6380399b9c6e9a793779da0a47", kill_on_drop: false }`
[INFO] [stderr]    Compiling aoc-2020-rust v0.1.0 (/opt/rustwide/workdir)
[INFO] [stdout] warning: unused import: `Duration`
[INFO] [stdout]  --> src/main.rs:2:17
[INFO] [stdout]   |
[INFO] [stdout] 2 | use std::time::{Duration, Instant};
[INFO] [stdout]   |                 ^^^^^^^^
[INFO] [stdout]   |
[INFO] [stdout]   = note: `#[warn(unused_imports)]` on by default
[INFO] [stdout] 
[INFO] [stdout] 
[INFO] [stdout] warning: 1 warning emitted
[INFO] [stdout] 
[INFO] [stdout] 
[INFO] [stderr]     Finished test [unoptimized + debuginfo] target(s) in 0.52s
[INFO] running `Command { std: "docker" "inspect" "dfd1cd73f9d5dbc3debb87462e1fc5e7aab3aa6380399b9c6e9a793779da0a47", kill_on_drop: false }`
[INFO] running `Command { std: "docker" "rm" "-f" "dfd1cd73f9d5dbc3debb87462e1fc5e7aab3aa6380399b9c6e9a793779da0a47", kill_on_drop: false }`
[INFO] [stdout] dfd1cd73f9d5dbc3debb87462e1fc5e7aab3aa6380399b9c6e9a793779da0a47
[INFO] running `Command { std: "docker" "create" "-v" "/var/lib/crater-agent-workspace/builds/worker-5-tc2/target:/opt/rustwide/target:rw,Z" "-v" "/var/lib/crater-agent-workspace/builds/worker-5-tc2/source:/opt/rustwide/workdir:ro,Z" "-v" "/var/lib/crater-agent-workspace/cargo-home:/opt/rustwide/cargo-home:ro,Z" "-v" "/var/lib/crater-agent-workspace/rustup-home:/opt/rustwide/rustup-home:ro,Z" "-e" "SOURCE_DIR=/opt/rustwide/workdir" "-e" "CARGO_TARGET_DIR=/opt/rustwide/target" "-e" "CARGO_INCREMENTAL=0" "-e" "RUST_BACKTRACE=full" "-e" "RUSTFLAGS=--cap-lints=warn" "-e" "RUSTDOCFLAGS=--cap-lints=warn" "-e" "CARGO_HOME=/opt/rustwide/cargo-home" "-e" "RUSTUP_HOME=/opt/rustwide/rustup-home" "-w" "/opt/rustwide/workdir" "-m" "1610612736" "--user" "0:0" "--network" "none" "ghcr.io/rust-lang/crates-build-env/linux@sha256:2788e3201cd34a07e3172128adcd8b3090168a8e3bcc40d7c032b9dda1df7d1c" "/opt/rustwide/cargo-home/bin/cargo" "+beta-2023-12-22" "test" "--frozen", kill_on_drop: false }`
[INFO] [stdout] 12f629865ee7346e50ad16cdba0dc71aa38b10d71e770334aa2dc3ecc9c677b5
[INFO] running `Command { std: "docker" "start" "-a" "12f629865ee7346e50ad16cdba0dc71aa38b10d71e770334aa2dc3ecc9c677b5", kill_on_drop: false }`
[INFO] [stderr] warning: unused import: `Duration`
[INFO] [stderr]  --> src/main.rs:2:17
[INFO] [stderr]   |
[INFO] [stderr] 2 | use std::time::{Duration, Instant};
[INFO] [stderr]   |                 ^^^^^^^^
[INFO] [stderr]   |
[INFO] [stderr]   = note: `#[warn(unused_imports)]` on by default
[INFO] [stderr] 
[INFO] [stderr] warning: `aoc-2020-rust` (bin "aoc-2020-rust" test) generated 1 warning (run `cargo fix --bin "aoc-2020-rust" --tests` to apply 1 suggestion)
[INFO] [stderr]     Finished test [unoptimized + debuginfo] target(s) in 0.01s
[INFO] [stderr]      Running unittests src/main.rs (/opt/rustwide/target/debug/deps/aoc_2020_rust-37de4ecca5a459bd)
[INFO] [stdout] 
[INFO] [stdout] running 11 tests
[INFO] [stdout] test day11::tests::test_adjacent_occupied_seat ... ok
[INFO] [stdout] test day11::tests::test_count_seats ... ok
[INFO] [stdout] test day11::tests::test_day11_sample1 ... ok
[INFO] [stdout] test day11::tests::test_next_seat ... ok
[INFO] [stdout] test day11::tests::test_new_seats ... ok
[INFO] [stdout] test day11::tests::test_los_occupied_seat ... ok
[INFO] [stdout] test tests::test_day1 ... ok
[INFO] [stdout] test tests::test_main ... ok
[INFO] [stdout] test day11::tests::test_day11_sample2 ... ok
[INFO] [stdout] test day11::tests::test_day11_1 ... ok
[INFO] [stdout] test day11::tests::test_day11_2 ... ok
[INFO] [stdout] 
[INFO] [stdout] test result: ok. 11 passed; 0 failed; 0 ignored; 0 measured; 0 filtered out; finished in 0.48s
[INFO] [stdout] 
[INFO] running `Command { std: "docker" "inspect" "12f629865ee7346e50ad16cdba0dc71aa38b10d71e770334aa2dc3ecc9c677b5", kill_on_drop: false }`
[INFO] running `Command { std: "docker" "rm" "-f" "12f629865ee7346e50ad16cdba0dc71aa38b10d71e770334aa2dc3ecc9c677b5", kill_on_drop: false }`
[INFO] [stdout] 12f629865ee7346e50ad16cdba0dc71aa38b10d71e770334aa2dc3ecc9c677b5
