[INFO] cloning repository https://github.com/thomasrebele/searchmail
[INFO] running `Command { std: "git" "-c" "credential.helper=" "-c" "credential.helper=/workspace/cargo-home/bin/git-credential-null" "clone" "--bare" "https://github.com/thomasrebele/searchmail" "/workspace/cache/git-repos/https%3A%2F%2Fgithub.com%2Fthomasrebele%2Fsearchmail", kill_on_drop: false }`
[INFO] [stderr] Cloning into bare repository '/workspace/cache/git-repos/https%3A%2F%2Fgithub.com%2Fthomasrebele%2Fsearchmail'...
[INFO] running `Command { std: "git" "rev-parse" "HEAD", kill_on_drop: false }`
[INFO] [stdout] 2513dae35af70ebc1969759dbddf44f7b8a5c686
[INFO] testing thomasrebele/searchmail against 1.75.0 for beta-1.76-1
[INFO] running `Command { std: "git" "clone" "/workspace/cache/git-repos/https%3A%2F%2Fgithub.com%2Fthomasrebele%2Fsearchmail" "/workspace/builds/worker-7-tc1/source", kill_on_drop: false }`
[INFO] [stderr] Cloning into '/workspace/builds/worker-7-tc1/source'...
[INFO] [stderr] done.
[INFO] validating manifest of git repo https://github.com/thomasrebele/searchmail on toolchain 1.75.0
[INFO] running `Command { std: CARGO_HOME="/workspace/cargo-home" RUSTUP_HOME="/workspace/rustup-home" "/workspace/cargo-home/bin/cargo" "+1.75.0" "metadata" "--manifest-path" "Cargo.toml" "--no-deps", kill_on_drop: false }`
[INFO] started tweaking git repo https://github.com/thomasrebele/searchmail
[INFO] finished tweaking git repo https://github.com/thomasrebele/searchmail
[INFO] tweaked toml for git repo https://github.com/thomasrebele/searchmail written to /workspace/builds/worker-7-tc1/source/Cargo.toml
[INFO] crate git repo https://github.com/thomasrebele/searchmail already has a lockfile, it will not be regenerated
[INFO] running `Command { std: CARGO_HOME="/workspace/cargo-home" RUSTUP_HOME="/workspace/rustup-home" "/workspace/cargo-home/bin/cargo" "+1.75.0" "fetch" "--manifest-path" "Cargo.toml", kill_on_drop: false }`
[INFO] [stderr]     Blocking waiting for file lock on package cache
[ERROR] error running command: no output for 300 seconds
[ERROR] this task or one of its parent failed!
[ERROR] no output for 300 seconds
[ERROR] note: run with `RUST_BACKTRACE=1` to display a backtrace.
[INFO] testing thomasrebele/searchmail against beta-2023-12-22 for beta-1.76-1
[INFO] running `Command { std: "git" "clone" "/workspace/cache/git-repos/https%3A%2F%2Fgithub.com%2Fthomasrebele%2Fsearchmail" "/workspace/builds/worker-7-tc2/source", kill_on_drop: false }`
[INFO] [stderr] Cloning into '/workspace/builds/worker-7-tc2/source'...
[INFO] [stderr] done.
[INFO] validating manifest of git repo https://github.com/thomasrebele/searchmail on toolchain beta-2023-12-22
[INFO] running `Command { std: CARGO_HOME="/workspace/cargo-home" RUSTUP_HOME="/workspace/rustup-home" "/workspace/cargo-home/bin/cargo" "+beta-2023-12-22" "metadata" "--manifest-path" "Cargo.toml" "--no-deps", kill_on_drop: false }`
[INFO] started tweaking git repo https://github.com/thomasrebele/searchmail
[INFO] finished tweaking git repo https://github.com/thomasrebele/searchmail
[INFO] tweaked toml for git repo https://github.com/thomasrebele/searchmail written to /workspace/builds/worker-7-tc2/source/Cargo.toml
[INFO] crate git repo https://github.com/thomasrebele/searchmail already has a lockfile, it will not be regenerated
[INFO] running `Command { std: CARGO_HOME="/workspace/cargo-home" RUSTUP_HOME="/workspace/rustup-home" "/workspace/cargo-home/bin/cargo" "+beta-2023-12-22" "fetch" "--manifest-path" "Cargo.toml", kill_on_drop: false }`
[INFO] [stderr]     Blocking waiting for file lock on package cache
[INFO] [stderr]     Blocking waiting for file lock on package cache
[INFO] [stderr]  Downloading crates ...
[INFO] [stderr]   Downloaded quoted_printable v0.4.0
[INFO] [stderr]   Downloaded mailparse v0.6.4
[INFO] running `Command { std: "docker" "create" "-v" "/var/lib/crater-agent-workspace/builds/worker-7-tc2/target:/opt/rustwide/target:rw,Z" "-v" "/var/lib/crater-agent-workspace/builds/worker-7-tc2/source:/opt/rustwide/workdir:ro,Z" "-v" "/var/lib/crater-agent-workspace/cargo-home:/opt/rustwide/cargo-home:ro,Z" "-v" "/var/lib/crater-agent-workspace/rustup-home:/opt/rustwide/rustup-home:ro,Z" "-e" "SOURCE_DIR=/opt/rustwide/workdir" "-e" "CARGO_TARGET_DIR=/opt/rustwide/target" "-e" "CARGO_HOME=/opt/rustwide/cargo-home" "-e" "RUSTUP_HOME=/opt/rustwide/rustup-home" "-w" "/opt/rustwide/workdir" "-m" "1610612736" "--user" "0:0" "--network" "none" "ghcr.io/rust-lang/crates-build-env/linux@sha256:2788e3201cd34a07e3172128adcd8b3090168a8e3bcc40d7c032b9dda1df7d1c" "/opt/rustwide/cargo-home/bin/cargo" "+beta-2023-12-22" "metadata" "--no-deps" "--format-version=1", kill_on_drop: false }`
[INFO] [stdout] ace6a44e33cecb05c1aeb2816866e320e742277c9372a969ddd492eb7c1ae861
[INFO] running `Command { std: "docker" "start" "-a" "ace6a44e33cecb05c1aeb2816866e320e742277c9372a969ddd492eb7c1ae861", kill_on_drop: false }`
[INFO] running `Command { std: "docker" "inspect" "ace6a44e33cecb05c1aeb2816866e320e742277c9372a969ddd492eb7c1ae861", kill_on_drop: false }`
[INFO] running `Command { std: "docker" "rm" "-f" "ace6a44e33cecb05c1aeb2816866e320e742277c9372a969ddd492eb7c1ae861", kill_on_drop: false }`
[INFO] [stdout] ace6a44e33cecb05c1aeb2816866e320e742277c9372a969ddd492eb7c1ae861
[INFO] running `Command { std: "docker" "create" "-v" "/var/lib/crater-agent-workspace/builds/worker-7-tc2/target:/opt/rustwide/target:rw,Z" "-v" "/var/lib/crater-agent-workspace/builds/worker-7-tc2/source:/opt/rustwide/workdir:ro,Z" "-v" "/var/lib/crater-agent-workspace/cargo-home:/opt/rustwide/cargo-home:ro,Z" "-v" "/var/lib/crater-agent-workspace/rustup-home:/opt/rustwide/rustup-home:ro,Z" "-e" "SOURCE_DIR=/opt/rustwide/workdir" "-e" "CARGO_TARGET_DIR=/opt/rustwide/target" "-e" "CARGO_INCREMENTAL=0" "-e" "RUST_BACKTRACE=full" "-e" "RUSTFLAGS=--cap-lints=warn" "-e" "RUSTDOCFLAGS=--cap-lints=warn" "-e" "CARGO_HOME=/opt/rustwide/cargo-home" "-e" "RUSTUP_HOME=/opt/rustwide/rustup-home" "-w" "/opt/rustwide/workdir" "-m" "1610612736" "--user" "0:0" "--network" "none" "ghcr.io/rust-lang/crates-build-env/linux@sha256:2788e3201cd34a07e3172128adcd8b3090168a8e3bcc40d7c032b9dda1df7d1c" "/opt/rustwide/cargo-home/bin/cargo" "+beta-2023-12-22" "build" "--frozen" "--message-format=json", kill_on_drop: false }`
[INFO] [stdout] 2fbe19d375c1f523ac4acc6a113a9ff0d0c4a04a1d7dbf2303866e0d6d768093
[INFO] running `Command { std: "docker" "start" "-a" "2fbe19d375c1f523ac4acc6a113a9ff0d0c4a04a1d7dbf2303866e0d6d768093", kill_on_drop: false }`
[INFO] [stderr]    Compiling libc v0.2.45
[INFO] [stderr]    Compiling encoding_index_tests v0.1.4
[INFO] [stderr]    Compiling proc-macro2 v0.4.24
[INFO] [stderr]    Compiling version_check v0.1.5
[INFO] [stderr]    Compiling unicode-xid v0.1.0
[INFO] [stderr]    Compiling cfg-if v0.1.6
[INFO] [stderr]    Compiling unicode-width v0.1.5
[INFO] [stderr]    Compiling unicode-segmentation v1.2.1
[INFO] [stderr]    Compiling encoding-index-simpchinese v1.20141219.5
[INFO] [stderr]    Compiling encoding-index-singlebyte v1.20141219.5
[INFO] [stderr]    Compiling textwrap v0.10.0
[INFO] [stderr]    Compiling encoding-index-korean v1.20141219.5
[INFO] [stderr]    Compiling encoding-index-japanese v1.20141219.5
[INFO] [stderr]    Compiling heck v0.3.1
[INFO] [stderr]    Compiling memchr v2.1.2
[INFO] [stderr]    Compiling encoding-index-tradchinese v1.20141219.5
[INFO] [stderr]    Compiling safemem v0.3.0
[INFO] [stderr]    Compiling byteorder v1.2.7
[INFO] [stderr]    Compiling ansi_term v0.11.0
[INFO] [stderr]    Compiling vec_map v0.8.1
[INFO] [stderr]    Compiling strsim v0.7.0
[INFO] [stderr]    Compiling bitflags v1.0.4
[INFO] [stderr]    Compiling regex v1.1.0
[INFO] [stderr]    Compiling lazy_static v1.2.0
[INFO] [stderr]    Compiling ucd-util v0.1.3
[INFO] [stderr]    Compiling encoding v0.2.33
[INFO] [stderr]    Compiling thread_local v0.3.6
[INFO] [stderr]    Compiling base64 v0.9.3
[INFO] [stderr]    Compiling quote v0.6.10
[INFO] [stderr]    Compiling atty v0.2.11
[INFO] [stderr]    Compiling clap v2.32.0
[INFO] [stderr]    Compiling regex-syntax v0.6.4
[INFO] [stderr]    Compiling quoted_printable v0.4.0
[INFO] [stderr]    Compiling syn v0.15.23
[INFO] [stderr]    Compiling utf8-ranges v1.0.2
[INFO] [stderr]    Compiling mailparse v0.6.4
[INFO] [stderr]    Compiling aho-corasick v0.6.9
[INFO] [stderr]    Compiling structopt-derive v0.2.14
[INFO] [stderr]    Compiling structopt v0.2.14
[INFO] [stderr]    Compiling searchmail v0.1.0 (/opt/rustwide/workdir)
[INFO] [stdout] warning: unused `#[macro_use]` import
[INFO] [stdout]  --> src/main.rs:5:1
[INFO] [stdout]   |
[INFO] [stdout] 5 | #[macro_use]
[INFO] [stdout]   | ^^^^^^^^^^^^
[INFO] [stdout]   |
[INFO] [stdout]   = note: `#[warn(unused_imports)]` on by default
[INFO] [stdout] 
[INFO] [stdout] 
[INFO] [stdout] warning: unused import: `std::env`
[INFO] [stdout]   --> src/main.rs:10:5
[INFO] [stdout]    |
[INFO] [stdout] 10 | use std::env;
[INFO] [stdout]    |     ^^^^^^^^
[INFO] [stdout] 
[INFO] [stdout] 
[INFO] [stdout] warning: trait objects without an explicit `dyn` are deprecated
[INFO] [stdout]   --> src/main.rs:45:27
[INFO] [stdout]    |
[INFO] [stdout] 45 | fn check(mut reader : Box<BufRead>, conf : &Conf) {
[INFO] [stdout]    |                           ^^^^^^^
[INFO] [stdout]    |
[INFO] [stdout]    = warning: this is accepted in the current edition (Rust 2015) but is a hard error in Rust 2021!
[INFO] [stdout]    = note: for more information, see <https://doc.rust-lang.org/nightly/edition-guide/rust-2021/warnings-promoted-to-error.html>
[INFO] [stdout]    = note: `#[warn(bare_trait_objects)]` on by default
[INFO] [stdout] help: use `dyn`
[INFO] [stdout]    |
[INFO] [stdout] 45 | fn check(mut reader : Box<dyn BufRead>, conf : &Conf) {
[INFO] [stdout]    |                           +++
[INFO] [stdout] 
[INFO] [stdout] 
[INFO] [stdout] warning: unused variable: `x`
[INFO] [stdout]   --> src/main.rs:54:17
[INFO] [stdout]    |
[INFO] [stdout] 54 |     if let Some(x) = conf.pattern.find(&body) {
[INFO] [stdout]    |                 ^ help: if this is intentional, prefix it with an underscore: `_x`
[INFO] [stdout]    |
[INFO] [stdout]    = note: `#[warn(unused_variables)]` on by default
[INFO] [stdout] 
[INFO] [stdout] 
[INFO] [stdout] warning: variable does not need to be mutable
[INFO] [stdout]   --> src/main.rs:92:17
[INFO] [stdout]    |
[INFO] [stdout] 92 |             let mut file = File::open(i).expect("file not found");
[INFO] [stdout]    |                 ----^^^^
[INFO] [stdout]    |                 |
[INFO] [stdout]    |                 help: remove this `mut`
[INFO] [stdout]    |
[INFO] [stdout]    = note: `#[warn(unused_mut)]` on by default
[INFO] [stdout] 
[INFO] [stdout] 
[INFO] [stdout] warning: unused `Result` that must be used
[INFO] [stdout]   --> src/main.rs:47:5
[INFO] [stdout]    |
[INFO] [stdout] 47 |     reader.read_to_string(&mut content);
[INFO] [stdout]    |     ^^^^^^^^^^^^^^^^^^^^^^^^^^^^^^^^^^^
[INFO] [stdout]    |
[INFO] [stdout]    = note: this `Result` may be an `Err` variant, which should be handled
[INFO] [stdout]    = note: `#[warn(unused_must_use)]` on by default
[INFO] [stdout] help: use `let _ = ...` to ignore the resulting value
[INFO] [stdout]    |
[INFO] [stdout] 47 |     let _ = reader.read_to_string(&mut content);
[INFO] [stdout]    |     +++++++
[INFO] [stdout] 
[INFO] [stdout] 
[INFO] [stdout] warning: 6 warnings emitted
[INFO] [stdout] 
[INFO] [stdout] 
[INFO] [stderr]     Finished dev [unoptimized + debuginfo] target(s) in 7.15s
[INFO] running `Command { std: "docker" "inspect" "2fbe19d375c1f523ac4acc6a113a9ff0d0c4a04a1d7dbf2303866e0d6d768093", kill_on_drop: false }`
[INFO] running `Command { std: "docker" "rm" "-f" "2fbe19d375c1f523ac4acc6a113a9ff0d0c4a04a1d7dbf2303866e0d6d768093", kill_on_drop: false }`
[INFO] [stdout] 2fbe19d375c1f523ac4acc6a113a9ff0d0c4a04a1d7dbf2303866e0d6d768093
[INFO] running `Command { std: "docker" "create" "-v" "/var/lib/crater-agent-workspace/builds/worker-7-tc2/target:/opt/rustwide/target:rw,Z" "-v" "/var/lib/crater-agent-workspace/builds/worker-7-tc2/source:/opt/rustwide/workdir:ro,Z" "-v" "/var/lib/crater-agent-workspace/cargo-home:/opt/rustwide/cargo-home:ro,Z" "-v" "/var/lib/crater-agent-workspace/rustup-home:/opt/rustwide/rustup-home:ro,Z" "-e" "SOURCE_DIR=/opt/rustwide/workdir" "-e" "CARGO_TARGET_DIR=/opt/rustwide/target" "-e" "CARGO_INCREMENTAL=0" "-e" "RUST_BACKTRACE=full" "-e" "RUSTFLAGS=--cap-lints=warn" "-e" "RUSTDOCFLAGS=--cap-lints=warn" "-e" "CARGO_HOME=/opt/rustwide/cargo-home" "-e" "RUSTUP_HOME=/opt/rustwide/rustup-home" "-w" "/opt/rustwide/workdir" "-m" "1610612736" "--user" "0:0" "--network" "none" "ghcr.io/rust-lang/crates-build-env/linux@sha256:2788e3201cd34a07e3172128adcd8b3090168a8e3bcc40d7c032b9dda1df7d1c" "/opt/rustwide/cargo-home/bin/cargo" "+beta-2023-12-22" "test" "--frozen" "--no-run" "--message-format=json", kill_on_drop: false }`
[INFO] [stdout] 743480b5f9661a9482d09aaa14834a2fbb3ad6606303b42fe3f73d1bf31390bf
[INFO] running `Command { std: "docker" "start" "-a" "743480b5f9661a9482d09aaa14834a2fbb3ad6606303b42fe3f73d1bf31390bf", kill_on_drop: false }`
[INFO] [stderr]    Compiling searchmail v0.1.0 (/opt/rustwide/workdir)
[INFO] [stdout] warning: unused `#[macro_use]` import
[INFO] [stdout]  --> src/main.rs:5:1
[INFO] [stdout]   |
[INFO] [stdout] 5 | #[macro_use]
[INFO] [stdout]   | ^^^^^^^^^^^^
[INFO] [stdout]   |
[INFO] [stdout]   = note: `#[warn(unused_imports)]` on by default
[INFO] [stdout] 
[INFO] [stdout] 
[INFO] [stdout] warning: unused import: `std::env`
[INFO] [stdout]   --> src/main.rs:10:5
[INFO] [stdout]    |
[INFO] [stdout] 10 | use std::env;
[INFO] [stdout]    |     ^^^^^^^^
[INFO] [stdout] 
[INFO] [stdout] 
[INFO] [stdout] warning: trait objects without an explicit `dyn` are deprecated
[INFO] [stdout]   --> src/main.rs:45:27
[INFO] [stdout]    |
[INFO] [stdout] 45 | fn check(mut reader : Box<BufRead>, conf : &Conf) {
[INFO] [stdout]    |                           ^^^^^^^
[INFO] [stdout]    |
[INFO] [stdout]    = warning: this is accepted in the current edition (Rust 2015) but is a hard error in Rust 2021!
[INFO] [stdout]    = note: for more information, see <https://doc.rust-lang.org/nightly/edition-guide/rust-2021/warnings-promoted-to-error.html>
[INFO] [stdout]    = note: `#[warn(bare_trait_objects)]` on by default
[INFO] [stdout] help: use `dyn`
[INFO] [stdout]    |
[INFO] [stdout] 45 | fn check(mut reader : Box<dyn BufRead>, conf : &Conf) {
[INFO] [stdout]    |                           +++
[INFO] [stdout] 
[INFO] [stdout] 
[INFO] [stdout] warning: unused variable: `x`
[INFO] [stdout]   --> src/main.rs:54:17
[INFO] [stdout]    |
[INFO] [stdout] 54 |     if let Some(x) = conf.pattern.find(&body) {
[INFO] [stdout]    |                 ^ help: if this is intentional, prefix it with an underscore: `_x`
[INFO] [stdout]    |
[INFO] [stdout]    = note: `#[warn(unused_variables)]` on by default
[INFO] [stdout] 
[INFO] [stdout] 
[INFO] [stdout] warning: variable does not need to be mutable
[INFO] [stdout]   --> src/main.rs:92:17
[INFO] [stdout]    |
[INFO] [stdout] 92 |             let mut file = File::open(i).expect("file not found");
[INFO] [stdout]    |                 ----^^^^
[INFO] [stdout]    |                 |
[INFO] [stdout]    |                 help: remove this `mut`
[INFO] [stdout]    |
[INFO] [stdout]    = note: `#[warn(unused_mut)]` on by default
[INFO] [stdout] 
[INFO] [stdout] 
[INFO] [stdout] warning: unused `Result` that must be used
[INFO] [stdout]   --> src/main.rs:47:5
[INFO] [stdout]    |
[INFO] [stdout] 47 |     reader.read_to_string(&mut content);
[INFO] [stdout]    |     ^^^^^^^^^^^^^^^^^^^^^^^^^^^^^^^^^^^
[INFO] [stdout]    |
[INFO] [stdout]    = note: this `Result` may be an `Err` variant, which should be handled
[INFO] [stdout]    = note: `#[warn(unused_must_use)]` on by default
[INFO] [stdout] help: use `let _ = ...` to ignore the resulting value
[INFO] [stdout]    |
[INFO] [stdout] 47 |     let _ = reader.read_to_string(&mut content);
[INFO] [stdout]    |     +++++++
[INFO] [stdout] 
[INFO] [stdout] 
[INFO] [stdout] warning: 6 warnings emitted
[INFO] [stdout] 
[INFO] [stdout] 
[INFO] [stderr]     Finished test [unoptimized + debuginfo] target(s) in 0.31s
[INFO] running `Command { std: "docker" "inspect" "743480b5f9661a9482d09aaa14834a2fbb3ad6606303b42fe3f73d1bf31390bf", kill_on_drop: false }`
[INFO] running `Command { std: "docker" "rm" "-f" "743480b5f9661a9482d09aaa14834a2fbb3ad6606303b42fe3f73d1bf31390bf", kill_on_drop: false }`
[INFO] [stdout] 743480b5f9661a9482d09aaa14834a2fbb3ad6606303b42fe3f73d1bf31390bf
[INFO] running `Command { std: "docker" "create" "-v" "/var/lib/crater-agent-workspace/builds/worker-7-tc2/target:/opt/rustwide/target:rw,Z" "-v" "/var/lib/crater-agent-workspace/builds/worker-7-tc2/source:/opt/rustwide/workdir:ro,Z" "-v" "/var/lib/crater-agent-workspace/cargo-home:/opt/rustwide/cargo-home:ro,Z" "-v" "/var/lib/crater-agent-workspace/rustup-home:/opt/rustwide/rustup-home:ro,Z" "-e" "SOURCE_DIR=/opt/rustwide/workdir" "-e" "CARGO_TARGET_DIR=/opt/rustwide/target" "-e" "CARGO_INCREMENTAL=0" "-e" "RUST_BACKTRACE=full" "-e" "RUSTFLAGS=--cap-lints=warn" "-e" "RUSTDOCFLAGS=--cap-lints=warn" "-e" "CARGO_HOME=/opt/rustwide/cargo-home" "-e" "RUSTUP_HOME=/opt/rustwide/rustup-home" "-w" "/opt/rustwide/workdir" "-m" "1610612736" "--user" "0:0" "--network" "none" "ghcr.io/rust-lang/crates-build-env/linux@sha256:2788e3201cd34a07e3172128adcd8b3090168a8e3bcc40d7c032b9dda1df7d1c" "/opt/rustwide/cargo-home/bin/cargo" "+beta-2023-12-22" "test" "--frozen", kill_on_drop: false }`
[INFO] [stdout] 544c8ff2e5e941809bc62684a3ad3f180abe982297ae2e8d07d9d7fbfd32eba4
[INFO] running `Command { std: "docker" "start" "-a" "544c8ff2e5e941809bc62684a3ad3f180abe982297ae2e8d07d9d7fbfd32eba4", kill_on_drop: false }`
[INFO] [stderr] warning: unused `#[macro_use]` import
[INFO] [stderr]  --> src/main.rs:5:1
[INFO] [stderr]   |
[INFO] [stderr] 5 | #[macro_use]
[INFO] [stderr]   | ^^^^^^^^^^^^
[INFO] [stderr]   |
[INFO] [stderr]   = note: `#[warn(unused_imports)]` on by default
[INFO] [stderr] 
[INFO] [stderr] warning: unused import: `std::env`
[INFO] [stderr]   --> src/main.rs:10:5
[INFO] [stderr]    |
[INFO] [stderr] 10 | use std::env;
[INFO] [stderr]    |     ^^^^^^^^
[INFO] [stderr] 
[INFO] [stderr] warning: trait objects without an explicit `dyn` are deprecated
[INFO] [stderr]   --> src/main.rs:45:27
[INFO] [stderr]    |
[INFO] [stderr] 45 | fn check(mut reader : Box<BufRead>, conf : &Conf) {
[INFO] [stderr]    |                           ^^^^^^^
[INFO] [stderr]    |
[INFO] [stderr]    = warning: this is accepted in the current edition (Rust 2015) but is a hard error in Rust 2021!
[INFO] [stderr]    = note: for more information, see <https://doc.rust-lang.org/nightly/edition-guide/rust-2021/warnings-promoted-to-error.html>
[INFO] [stderr]    = note: `#[warn(bare_trait_objects)]` on by default
[INFO] [stderr] help: use `dyn`
[INFO] [stderr]    |
[INFO] [stderr] 45 | fn check(mut reader : Box<dyn BufRead>, conf : &Conf) {
[INFO] [stderr]    |                           +++
[INFO] [stderr] 
[INFO] [stderr] warning: unused variable: `x`
[INFO] [stderr]   --> src/main.rs:54:17
[INFO] [stderr]    |
[INFO] [stderr] 54 |     if let Some(x) = conf.pattern.find(&body) {
[INFO] [stderr]    |                 ^ help: if this is intentional, prefix it with an underscore: `_x`
[INFO] [stderr]    |
[INFO] [stderr]    = note: `#[warn(unused_variables)]` on by default
[INFO] [stderr] 
[INFO] [stderr] warning: variable does not need to be mutable
[INFO] [stderr]   --> src/main.rs:92:17
[INFO] [stderr]    |
[INFO] [stderr] 92 |             let mut file = File::open(i).expect("file not found");
[INFO] [stderr]    |                 ----^^^^
[INFO] [stderr]    |                 |
[INFO] [stderr]    |                 help: remove this `mut`
[INFO] [stderr]    |
[INFO] [stderr]    = note: `#[warn(unused_mut)]` on by default
[INFO] [stderr] 
[INFO] [stderr] warning: unused `Result` that must be used
[INFO] [stderr]   --> src/main.rs:47:5
[INFO] [stderr]    |
[INFO] [stderr] 47 |     reader.read_to_string(&mut content);
[INFO] [stderr]    |     ^^^^^^^^^^^^^^^^^^^^^^^^^^^^^^^^^^^
[INFO] [stderr]    |
[INFO] [stderr]    = note: this `Result` may be an `Err` variant, which should be handled
[INFO] [stderr]    = note: `#[warn(unused_must_use)]` on by default
[INFO] [stderr] help: use `let _ = ...` to ignore the resulting value
[INFO] [stderr]    |
[INFO] [stderr] 47 |     let _ = reader.read_to_string(&mut content);
[INFO] [stderr]    |     +++++++
[INFO] [stderr] 
[INFO] [stderr] warning: `searchmail` (bin "searchmail" test) generated 6 warnings (run `cargo fix --bin "searchmail" --tests` to apply 4 suggestions)
[INFO] [stderr]     Finished test [unoptimized + debuginfo] target(s) in 0.03s
[INFO] [stderr]      Running unittests src/main.rs (/opt/rustwide/target/debug/deps/searchmail-984aaecb42ccaf22)
[INFO] [stdout] 
[INFO] [stdout] running 0 tests
[INFO] [stdout] 
[INFO] [stdout] test result: ok. 0 passed; 0 failed; 0 ignored; 0 measured; 0 filtered out; finished in 0.00s
[INFO] [stdout] 
[INFO] running `Command { std: "docker" "inspect" "544c8ff2e5e941809bc62684a3ad3f180abe982297ae2e8d07d9d7fbfd32eba4", kill_on_drop: false }`
[INFO] running `Command { std: "docker" "rm" "-f" "544c8ff2e5e941809bc62684a3ad3f180abe982297ae2e8d07d9d7fbfd32eba4", kill_on_drop: false }`
[INFO] [stdout] 544c8ff2e5e941809bc62684a3ad3f180abe982297ae2e8d07d9d7fbfd32eba4
