[INFO] cloning repository https://github.com/thisisommore/solana-escrow
[INFO] running `Command { std: "git" "-c" "credential.helper=" "-c" "credential.helper=/workspace/cargo-home/bin/git-credential-null" "clone" "--bare" "https://github.com/thisisommore/solana-escrow" "/workspace/cache/git-repos/https%3A%2F%2Fgithub.com%2Fthisisommore%2Fsolana-escrow", kill_on_drop: false }`
[INFO] [stderr] Cloning into bare repository '/workspace/cache/git-repos/https%3A%2F%2Fgithub.com%2Fthisisommore%2Fsolana-escrow'...
[INFO] running `Command { std: "git" "rev-parse" "HEAD", kill_on_drop: false }`
[INFO] [stdout] 8260549d31adafd021830428427e35e096d72741
[INFO] testing thisisommore/solana-escrow against 1.75.0 for beta-1.76-1
[INFO] running `Command { std: "git" "clone" "/workspace/cache/git-repos/https%3A%2F%2Fgithub.com%2Fthisisommore%2Fsolana-escrow" "/workspace/builds/worker-6-tc1/source", kill_on_drop: false }`
[INFO] [stderr] Cloning into '/workspace/builds/worker-6-tc1/source'...
[INFO] [stderr] done.
[INFO] validating manifest of git repo https://github.com/thisisommore/solana-escrow on toolchain 1.75.0
[INFO] running `Command { std: CARGO_HOME="/workspace/cargo-home" RUSTUP_HOME="/workspace/rustup-home" "/workspace/cargo-home/bin/cargo" "+1.75.0" "metadata" "--manifest-path" "Cargo.toml" "--no-deps", kill_on_drop: false }`
[INFO] started tweaking git repo https://github.com/thisisommore/solana-escrow
[INFO] finished tweaking git repo https://github.com/thisisommore/solana-escrow
[INFO] tweaked toml for git repo https://github.com/thisisommore/solana-escrow written to /workspace/builds/worker-6-tc1/source/Cargo.toml
[INFO] crate git repo https://github.com/thisisommore/solana-escrow already has a lockfile, it will not be regenerated
[INFO] running `Command { std: CARGO_HOME="/workspace/cargo-home" RUSTUP_HOME="/workspace/rustup-home" "/workspace/cargo-home/bin/cargo" "+1.75.0" "fetch" "--manifest-path" "Cargo.toml", kill_on_drop: false }`
[INFO] [stderr]  Downloading crates ...
[INFO] [stderr]   Downloaded solana-metrics v1.14.4
[INFO] [stderr]   Downloaded solana-net-utils v1.14.4
[INFO] [stderr]   Downloaded solana-entry v1.14.4
[INFO] [stderr]   Downloaded solana-zk-token-proof-program v1.14.4
[INFO] [stderr]   Downloaded solana-sdk-macro v1.14.4
[INFO] [stderr]   Downloaded solana-client v1.14.4
[INFO] [stderr]   Downloaded solana-rayon-threadlimit v1.14.4
[INFO] [stderr]   Downloaded solana-version v1.14.4
[INFO] [stderr]   Downloaded solana-test-validator v1.14.4
[INFO] [stderr]   Downloaded solana-program-runtime v1.14.4
[INFO] [stderr]   Downloaded solana-streamer v1.14.4
[INFO] [stderr]   Downloaded solana-perf v1.14.4
[INFO] [stderr]   Downloaded solana-runtime v1.14.4
[INFO] [stderr]   Downloaded solana-zk-token-sdk v1.14.4
[INFO] [stderr]   Downloaded solana-program v1.14.4
[INFO] [stderr]   Downloaded solana-core v1.14.4
[INFO] [stderr]   Downloaded solana-gossip v1.14.4
[INFO] [stderr]   Downloaded solana-ledger v1.14.4
[INFO] [stderr]   Downloaded solana-validator v1.14.4
[INFO] [stderr]   Downloaded solana-sdk v1.14.4
[INFO] [stderr]   Downloaded solana-program-test v1.14.4
[INFO] [stderr]   Downloaded solana-storage-bigtable v1.14.4
[INFO] [stderr]   Downloaded solana-rpc v1.14.4
[INFO] [stderr]   Downloaded solana-logger v1.14.4
[INFO] [stderr]   Downloaded solana-cli-output v1.14.4
[INFO] [stderr]   Downloaded solana-bpf-loader-program v1.14.4
[INFO] [stderr]   Downloaded solana-cli-config v1.14.4
[INFO] [stderr]   Downloaded solana-vote-program v1.14.4
[INFO] [stderr]   Downloaded solana-geyser-plugin-interface v1.14.4
[INFO] [stderr]   Downloaded solana-measure v1.14.4
[INFO] [stderr]   Downloaded tikv-jemallocator v0.4.3
[INFO] [stderr]   Downloaded solana-transaction-status v1.14.4
[INFO] [stderr]   Downloaded solana-bucket-map v1.14.4
[INFO] [stderr]   Downloaded solana-remote-wallet v1.14.4
[INFO] [stderr]   Downloaded fd-lock v3.0.9
[INFO] [stderr]   Downloaded solana-frozen-abi v1.14.4
[INFO] [stderr]   Downloaded solana-storage-proto v1.14.4
[INFO] [stderr]   Downloaded solana-sys-tuner v1.14.4
[INFO] [stderr]   Downloaded solana-clap-utils v1.14.4
[INFO] [stderr]   Downloaded solana-compute-budget-program v1.14.4
[INFO] [stderr]   Downloaded solana-config-program v1.14.4
[INFO] [stderr]   Downloaded solana-download-utils v1.14.4
[INFO] [stderr]   Downloaded solana-genesis-utils v1.14.4
[INFO] [stderr]   Downloaded solana-banks-client v1.14.4
[INFO] [stderr]   Downloaded solana-banks-interface v1.14.4
[INFO] [stderr]   Downloaded solana-send-transaction-service v1.14.4
[INFO] [stderr]   Downloaded solana-frozen-abi-macro v1.14.4
[INFO] [stderr]   Downloaded solana-banks-server v1.14.4
[INFO] [stderr]   Downloaded solana-bloom v1.14.4
[INFO] [stderr]   Downloaded solana-account-decoder v1.14.4
[INFO] [stderr]   Downloaded solana-address-lookup-table-program v1.14.4
[INFO] [stderr]   Downloaded solana-geyser-plugin-manager v1.14.4
[INFO] [stderr]   Downloaded solana-merkle-tree v1.14.4
[INFO] [stderr]   Downloaded solana-poh v1.14.4
[INFO] [stderr]   Downloaded solana-faucet v1.14.4
[INFO] [stderr]   Downloaded solana-stake-program v1.14.4
[INFO] running `Command { std: "docker" "create" "-v" "/var/lib/crater-agent-workspace/builds/worker-6-tc1/target:/opt/rustwide/target:rw,Z" "-v" "/var/lib/crater-agent-workspace/builds/worker-6-tc1/source:/opt/rustwide/workdir:ro,Z" "-v" "/var/lib/crater-agent-workspace/cargo-home:/opt/rustwide/cargo-home:ro,Z" "-v" "/var/lib/crater-agent-workspace/rustup-home:/opt/rustwide/rustup-home:ro,Z" "-e" "SOURCE_DIR=/opt/rustwide/workdir" "-e" "CARGO_TARGET_DIR=/opt/rustwide/target" "-e" "CARGO_HOME=/opt/rustwide/cargo-home" "-e" "RUSTUP_HOME=/opt/rustwide/rustup-home" "-w" "/opt/rustwide/workdir" "-m" "1610612736" "--user" "0:0" "--network" "none" "ghcr.io/rust-lang/crates-build-env/linux@sha256:2788e3201cd34a07e3172128adcd8b3090168a8e3bcc40d7c032b9dda1df7d1c" "/opt/rustwide/cargo-home/bin/cargo" "+1.75.0" "metadata" "--no-deps" "--format-version=1", kill_on_drop: false }`
[INFO] [stdout] 88df14d4ab3a34cf8e4cf4302ef51565a60d0714700149d932c3ebfb5384e420
[INFO] running `Command { std: "docker" "start" "-a" "88df14d4ab3a34cf8e4cf4302ef51565a60d0714700149d932c3ebfb5384e420", kill_on_drop: false }`
[INFO] running `Command { std: "docker" "inspect" "88df14d4ab3a34cf8e4cf4302ef51565a60d0714700149d932c3ebfb5384e420", kill_on_drop: false }`
[INFO] running `Command { std: "docker" "rm" "-f" "88df14d4ab3a34cf8e4cf4302ef51565a60d0714700149d932c3ebfb5384e420", kill_on_drop: false }`
[INFO] [stdout] 88df14d4ab3a34cf8e4cf4302ef51565a60d0714700149d932c3ebfb5384e420
[INFO] running `Command { std: "docker" "create" "-v" "/var/lib/crater-agent-workspace/builds/worker-6-tc1/target:/opt/rustwide/target:rw,Z" "-v" "/var/lib/crater-agent-workspace/builds/worker-6-tc1/source:/opt/rustwide/workdir:ro,Z" "-v" "/var/lib/crater-agent-workspace/cargo-home:/opt/rustwide/cargo-home:ro,Z" "-v" "/var/lib/crater-agent-workspace/rustup-home:/opt/rustwide/rustup-home:ro,Z" "-e" "SOURCE_DIR=/opt/rustwide/workdir" "-e" "CARGO_TARGET_DIR=/opt/rustwide/target" "-e" "CARGO_INCREMENTAL=0" "-e" "RUST_BACKTRACE=full" "-e" "RUSTFLAGS=--cap-lints=warn" "-e" "RUSTDOCFLAGS=--cap-lints=warn" "-e" "CARGO_HOME=/opt/rustwide/cargo-home" "-e" "RUSTUP_HOME=/opt/rustwide/rustup-home" "-w" "/opt/rustwide/workdir" "-m" "1610612736" "--user" "0:0" "--network" "none" "ghcr.io/rust-lang/crates-build-env/linux@sha256:2788e3201cd34a07e3172128adcd8b3090168a8e3bcc40d7c032b9dda1df7d1c" "/opt/rustwide/cargo-home/bin/cargo" "+1.75.0" "build" "--frozen" "--message-format=json", kill_on_drop: false }`
[INFO] [stdout] e9bd672977dc1a5446e6545d4e0d7535cb1776510f221fb7b06b7eb80ce3d8ee
[INFO] running `Command { std: "docker" "start" "-a" "e9bd672977dc1a5446e6545d4e0d7535cb1776510f221fb7b06b7eb80ce3d8ee", kill_on_drop: false }`
[INFO] [stderr]    Compiling proc-macro2 v1.0.50
[INFO] [stderr]    Compiling unicode-ident v1.0.6
[INFO] [stderr]    Compiling quote v1.0.23
[INFO] [stderr]    Compiling syn v1.0.107
[INFO] [stderr]    Compiling version_check v0.9.4
[INFO] [stderr]    Compiling typenum v1.16.0
[INFO] [stderr]    Compiling cfg-if v1.0.0
[INFO] [stderr]    Compiling serde_derive v1.0.152
[INFO] [stderr]    Compiling serde v1.0.152
[INFO] [stderr]    Compiling libc v0.2.139
[INFO] [stderr]    Compiling autocfg v1.1.0
[INFO] [stderr]    Compiling subtle v2.4.1
[INFO] [stderr]    Compiling once_cell v1.17.0
[INFO] [stderr]    Compiling semver v1.0.16
[INFO] [stderr]    Compiling crossbeam-utils v0.8.14
[INFO] [stderr]    Compiling getrandom v0.1.16
[INFO] [stderr]    Compiling crunchy v0.2.2
[INFO] [stderr]    Compiling wasm-bindgen-shared v0.2.84
[INFO] [stderr]    Compiling generic-array v0.14.6
[INFO] [stderr]    Compiling ahash v0.7.6
[INFO] [stderr]    Compiling memoffset v0.7.1
[INFO] [stderr]    Compiling crossbeam-epoch v0.9.13
[INFO] [stderr]    Compiling scopeguard v1.1.0
[INFO] [stderr]    Compiling log v0.4.17
[INFO] [stderr]    Compiling memchr v2.5.0
[INFO] [stderr]    Compiling indexmap v1.9.2
[INFO] [stderr]    Compiling unicode-xid v0.2.4
[INFO] [stderr]    Compiling block-padding v0.2.1
[INFO] [stderr]    Compiling cpufeatures v0.2.5
[INFO] [stderr]    Compiling rayon-core v1.10.2
[INFO] [stderr]    Compiling ppv-lite86 v0.2.17
[INFO] [stderr]    Compiling either v1.8.1
[INFO] [stderr]    Compiling hashbrown v0.12.3
[INFO] [stderr]    Compiling thiserror v1.0.38
[INFO] [stderr]    Compiling rustc_version v0.4.0
[INFO] [stderr]    Compiling crossbeam-channel v0.5.6
[INFO] [stderr]    Compiling feature-probe v0.1.1
[INFO] [stderr]    Compiling bumpalo v3.12.0
[INFO] [stderr]    Compiling im v15.1.0
[INFO] [stderr]    Compiling opaque-debug v0.3.0
[INFO] [stderr]    Compiling arrayref v0.3.6
[INFO] [stderr]    Compiling bv v0.11.1
[INFO] [stderr]    Compiling tinyvec_macros v0.1.1
[INFO] [stderr]    Compiling anyhow v1.0.68
[INFO] [stderr]    Compiling crossbeam-deque v0.8.2
[INFO] [stderr]    Compiling rustversion v1.0.11
[INFO] [stderr]    Compiling serde_json v1.0.91
[INFO] [stderr]    Compiling solana-frozen-abi-macro v1.14.4
[INFO] [stderr]    Compiling jobserver v0.1.25
[INFO] [stderr]    Compiling nom8 v0.2.0
[INFO] [stderr]    Compiling toml_datetime v0.5.1
[INFO] [stderr]    Compiling solana-frozen-abi v1.14.4
[INFO] [stderr]    Compiling cc v1.0.79
[INFO] [stderr]    Compiling tinyvec v1.6.0
[INFO] [stderr]    Compiling num-traits v0.2.15
[INFO] [stderr]    Compiling memoffset v0.6.5
[INFO] [stderr]    Compiling byteorder v1.4.3
[INFO] [stderr]    Compiling itoa v1.0.5
[INFO] [stderr]    Compiling bs58 v0.4.0
[INFO] [stderr]    Compiling constant_time_eq v0.2.4
[INFO] [stderr]    Compiling bitmaps v2.1.0
[INFO] [stderr]    Compiling ryu v1.0.12
[INFO] [stderr]    Compiling arrayvec v0.7.2
[INFO] [stderr]    Compiling wasm-bindgen v0.2.84
[INFO] [stderr]    Compiling lazy_static v1.4.0
[INFO] [stderr]    Compiling rustc-hash v1.1.0
[INFO] [stderr]    Compiling base64 v0.12.3
[INFO] [stderr]    Compiling keccak v0.1.3
[INFO] [stderr]    Compiling sized-chunks v0.6.5
[INFO] [stderr]    Compiling getrandom v0.2.8
[INFO] [stderr]    Compiling digest v0.9.0
[INFO] [stderr]    Compiling num_cpus v1.15.0
[INFO] [stderr]    Compiling rand_core v0.5.1
[INFO] [stderr]    Compiling libsecp256k1-core v0.2.2
[INFO] [stderr]    Compiling rand_core v0.6.4
[INFO] [stderr]    Compiling unicode-normalization v0.1.22
[INFO] [stderr]    Compiling memmap2 v0.5.8
[INFO] [stderr]    Compiling rand_chacha v0.2.2
[INFO] [stderr]    Compiling hashbrown v0.11.2
[INFO] [stderr]    Compiling rand_xoshiro v0.6.0
[INFO] [stderr]    Compiling rand v0.7.3
[INFO] [stderr]    Compiling itertools v0.10.5
[INFO] [stderr]    Compiling bitflags v1.3.2
[INFO] [stderr]    Compiling base64 v0.13.1
[INFO] [stderr]    Compiling rayon v1.6.1
[INFO] [stderr]    Compiling blake3 v1.3.3
[INFO] [stderr]    Compiling solana-program v1.14.4
[INFO] [stderr]    Compiling libsecp256k1-gen-ecmult v0.2.1
[INFO] [stderr]    Compiling libsecp256k1-gen-genmult v0.2.1
[INFO] [stderr]    Compiling libsecp256k1 v0.6.0
[INFO] [stderr]    Compiling toml_edit v0.18.1
[INFO] [stderr]    Compiling toml v0.5.11
[INFO] [stderr]    Compiling proc-macro-crate v1.3.0
[INFO] [stderr]    Compiling proc-macro-crate v0.1.5
[INFO] [stderr]    Compiling synstructure v0.12.6
[INFO] [stderr]    Compiling wasm-bindgen-backend v0.2.84
[INFO] [stderr]    Compiling borsh-schema-derive-internal v0.9.3
[INFO] [stderr]    Compiling borsh-derive-internal v0.9.3
[INFO] [stderr]    Compiling wasm-bindgen-macro-support v0.2.84
[INFO] [stderr]    Compiling thiserror-impl v1.0.38
[INFO] [stderr]    Compiling zeroize_derive v1.3.3
[INFO] [stderr]    Compiling borsh-derive v0.9.3
[INFO] [stderr]    Compiling bytemuck_derive v1.4.0
[INFO] [stderr]    Compiling solana-sdk-macro v1.14.4
[INFO] [stderr]    Compiling num-derive v0.3.3
[INFO] [stderr]    Compiling num_enum_derive v0.5.9
[INFO] [stderr]    Compiling wasm-bindgen-macro v0.2.84
[INFO] [stderr]    Compiling borsh v0.9.3
[INFO] [stderr]    Compiling bytemuck v1.13.0
[INFO] [stderr]    Compiling zeroize v1.3.0
[INFO] [stdout] error: couldn't create a temp dir: No space left on device (os error 28) at path "/opt/rustwide/target/debug/deps/rmetae5DaWN"
[INFO] [stdout] 
[INFO] [stdout] 
[INFO] [stdout] error: linking with `cc` failed: exit status: 1
[INFO] [stdout]   |
[INFO] [stdout]   = note: LC_ALL="C" PATH="/opt/rustwide/rustup-home/toolchains/1.75.0-x86_64-unknown-linux-gnu/lib/rustlib/x86_64-unknown-linux-gnu/bin:/opt/rustwide/cargo-home/bin:/usr/local/sbin:/usr/local/bin:/usr/sbin:/usr/bin:/sbin:/bin" VSLANG="1033" "cc" "-Wl,--version-script=/tmp/rustcYG1ywc/list" "-Wl,--no-undefined-version" "-m64" "/tmp/rustcYG1ywc/symbols.o" "/opt/rustwide/target/debug/deps/wasm_bindgen_macro-55078112872c3b8a.wasm_bindgen_macro.2724d77a78af8ff6-cgu.0.rcgu.o" "/opt/rustwide/target/debug/deps/wasm_bindgen_macro-55078112872c3b8a.3sip8ee98tdqpx0i.rcgu.rmeta" "/opt/rustwide/target/debug/deps/wasm_bindgen_macro-55078112872c3b8a.2gosoii4dv43izaf.rcgu.o" "-Wl,--as-needed" "-L" "/opt/rustwide/target/debug/deps" "-L" "/opt/rustwide/rustup-home/toolchains/1.75.0-x86_64-unknown-linux-gnu/lib/rustlib/x86_64-unknown-linux-gnu/lib" "-Wl,-Bstatic" "/opt/rustwide/target/debug/deps/libwasm_bindgen_macro_support-c21cf9438028ade4.rlib" "/opt/rustwide/target/debug/deps/libwasm_bindgen_backend-ba69c8b7db3fdaf1.rlib" "/opt/rustwide/target/debug/deps/libbumpalo-592b77f647edd8bd.rlib" "/opt/rustwide/target/debug/deps/libonce_cell-ce8ddf5865730f86.rlib" "/opt/rustwide/target/debug/deps/libwasm_bindgen_shared-5213f274b7befaa9.rlib" "/opt/rustwide/target/debug/deps/libsyn-afddb57c17c1de50.rlib" "/opt/rustwide/target/debug/deps/libquote-e44ceeac2fbb92f3.rlib" "/opt/rustwide/target/debug/deps/libproc_macro2-93ad0a1558be2e72.rlib" "/opt/rustwide/target/debug/deps/libunicode_ident-a9d657168ff7fe0f.rlib" "/opt/rustwide/rustup-home/toolchains/1.75.0-x86_64-unknown-linux-gnu/lib/rustlib/x86_64-unknown-linux-gnu/lib/libproc_macro-67a55db9939ddb4c.rlib" "/opt/rustwide/rustup-home/toolchains/1.75.0-x86_64-unknown-linux-gnu/lib/rustlib/x86_64-unknown-linux-gnu/lib/libstd-90f6ddbf82de36ec.rlib" "/opt/rustwide/rustup-home/toolchains/1.75.0-x86_64-unknown-linux-gnu/lib/rustlib/x86_64-unknown-linux-gnu/lib/libpanic_unwind-480c41e9d4e1f677.rlib" "/opt/rustwide/rustup-home/toolchains/1.75.0-x86_64-unknown-linux-gnu/lib/rustlib/x86_64-unknown-linux-gnu/lib/libobject-db744c0ca03eed1d.rlib" "/opt/rustwide/rustup-home/toolchains/1.75.0-x86_64-unknown-linux-gnu/lib/rustlib/x86_64-unknown-linux-gnu/lib/libmemchr-8ba652dc7d4b285a.rlib" "/opt/rustwide/rustup-home/toolchains/1.75.0-x86_64-unknown-linux-gnu/lib/rustlib/x86_64-unknown-linux-gnu/lib/libaddr2line-d5f4520a9ebc0d58.rlib" "/opt/rustwide/rustup-home/toolchains/1.75.0-x86_64-unknown-linux-gnu/lib/rustlib/x86_64-unknown-linux-gnu/lib/libgimli-4ad84de58f0cb463.rlib" "/opt/rustwide/rustup-home/toolchains/1.75.0-x86_64-unknown-linux-gnu/lib/rustlib/x86_64-unknown-linux-gnu/lib/librustc_demangle-0d10aae2e0f38735.rlib" "/opt/rustwide/rustup-home/toolchains/1.75.0-x86_64-unknown-linux-gnu/lib/rustlib/x86_64-unknown-linux-gnu/lib/libstd_detect-0c17cff739e6745b.rlib" "/opt/rustwide/rustup-home/toolchains/1.75.0-x86_64-unknown-linux-gnu/lib/rustlib/x86_64-unknown-linux-gnu/lib/libhashbrown-b29e17139dde1aa8.rlib" "/opt/rustwide/rustup-home/toolchains/1.75.0-x86_64-unknown-linux-gnu/lib/rustlib/x86_64-unknown-linux-gnu/lib/librustc_std_workspace_alloc-1f975299829cc7bd.rlib" "/opt/rustwide/rustup-home/toolchains/1.75.0-x86_64-unknown-linux-gnu/lib/rustlib/x86_64-unknown-linux-gnu/lib/libminiz_oxide-86bae3bc3079f89b.rlib" "/opt/rustwide/rustup-home/toolchains/1.75.0-x86_64-unknown-linux-gnu/lib/rustlib/x86_64-unknown-linux-gnu/lib/libadler-321b82c30dffdf5f.rlib" "/opt/rustwide/rustup-home/toolchains/1.75.0-x86_64-unknown-linux-gnu/lib/rustlib/x86_64-unknown-linux-gnu/lib/libunwind-3dd8a6810a0bdfef.rlib" "/opt/rustwide/rustup-home/toolchains/1.75.0-x86_64-unknown-linux-gnu/lib/rustlib/x86_64-unknown-linux-gnu/lib/libcfg_if-eb39a61c0c879984.rlib" "/opt/rustwide/rustup-home/toolchains/1.75.0-x86_64-unknown-linux-gnu/lib/rustlib/x86_64-unknown-linux-gnu/lib/liblibc-aa769569f91c3548.rlib" "/opt/rustwide/rustup-home/toolchains/1.75.0-x86_64-unknown-linux-gnu/lib/rustlib/x86_64-unknown-linux-gnu/lib/liballoc-510a192a50a983ed.rlib" "/opt/rustwide/rustup-home/toolchains/1.75.0-x86_64-unknown-linux-gnu/lib/rustlib/x86_64-unknown-linux-gnu/lib/librustc_std_workspace_core-0577018320f99037.rlib" "/opt/rustwide/rustup-home/toolchains/1.75.0-x86_64-unknown-linux-gnu/lib/rustlib/x86_64-unknown-linux-gnu/lib/libcore-193cf992125ccd4c.rlib" "/opt/rustwide/rustup-home/toolchains/1.75.0-x86_64-unknown-linux-gnu/lib/rustlib/x86_64-unknown-linux-gnu/lib/libcompiler_builtins-8e138eaf26ebb4a8.rlib" "-Wl,-Bdynamic" "-lgcc_s" "-lutil" "-lrt" "-lpthread" "-lm" "-ldl" "-lc" "-Wl,--eh-frame-hdr" "-Wl,-z,noexecstack" "-L" "/opt/rustwide/rustup-home/toolchains/1.75.0-x86_64-unknown-linux-gnu/lib/rustlib/x86_64-unknown-linux-gnu/lib" "-o" "/opt/rustwide/target/debug/deps/libwasm_bindgen_macro-55078112872c3b8a.so" "-Wl,--gc-sections" "-shared" "-Wl,-z,relro,-z,now" "-nodefaultlibs"
[INFO] [stdout]   = note: /usr/bin/ld: final link failed: No space left on device
[INFO] [stdout]           collect2: error: ld returned 1 exit status
[INFO] [stdout]           
[INFO] [stdout] 
[INFO] [stdout] 
[INFO] [stdout] error: linking with `cc` failed: exit status: 1
[INFO] [stdout]   |
[INFO] [stdout]   = note: LC_ALL="C" PATH="/opt/rustwide/rustup-home/toolchains/1.75.0-x86_64-unknown-linux-gnu/lib/rustlib/x86_64-unknown-linux-gnu/bin:/opt/rustwide/cargo-home/bin:/usr/local/sbin:/usr/local/bin:/usr/sbin:/usr/bin:/sbin:/bin" VSLANG="1033" "cc" "-Wl,--version-script=/tmp/rustcPbRJqp/list" "-Wl,--no-undefined-version" "-m64" "/tmp/rustcPbRJqp/symbols.o" "/opt/rustwide/target/debug/deps/num_enum_derive-9a7bf124995b672d.num_enum_derive.1cfa49206b54dd6c-cgu.00.rcgu.o" "/opt/rustwide/target/debug/deps/num_enum_derive-9a7bf124995b672d.num_enum_derive.1cfa49206b54dd6c-cgu.01.rcgu.o" "/opt/rustwide/target/debug/deps/num_enum_derive-9a7bf124995b672d.num_enum_derive.1cfa49206b54dd6c-cgu.02.rcgu.o" "/opt/rustwide/target/debug/deps/num_enum_derive-9a7bf124995b672d.num_enum_derive.1cfa49206b54dd6c-cgu.03.rcgu.o" "/opt/rustwide/target/debug/deps/num_enum_derive-9a7bf124995b672d.num_enum_derive.1cfa49206b54dd6c-cgu.04.rcgu.o" "/opt/rustwide/target/debug/deps/num_enum_derive-9a7bf124995b672d.num_enum_derive.1cfa49206b54dd6c-cgu.05.rcgu.o" "/opt/rustwide/target/debug/deps/num_enum_derive-9a7bf124995b672d.num_enum_derive.1cfa49206b54dd6c-cgu.06.rcgu.o" "/opt/rustwide/target/debug/deps/num_enum_derive-9a7bf124995b672d.num_enum_derive.1cfa49206b54dd6c-cgu.07.rcgu.o" "/opt/rustwide/target/debug/deps/num_enum_derive-9a7bf124995b672d.num_enum_derive.1cfa49206b54dd6c-cgu.08.rcgu.o" "/opt/rustwide/target/debug/deps/num_enum_derive-9a7bf124995b672d.num_enum_derive.1cfa49206b54dd6c-cgu.09.rcgu.o" "/opt/rustwide/target/debug/deps/num_enum_derive-9a7bf124995b672d.num_enum_derive.1cfa49206b54dd6c-cgu.10.rcgu.o" "/opt/rustwide/target/debug/deps/num_enum_derive-9a7bf124995b672d.num_enum_derive.1cfa49206b54dd6c-cgu.11.rcgu.o" "/opt/rustwide/target/debug/deps/num_enum_derive-9a7bf124995b672d.1w2oju8jc01dgo97.rcgu.rmeta" "/opt/rustwide/target/debug/deps/num_enum_derive-9a7bf124995b672d.t950u9horswfndn.rcgu.o" "-Wl,--as-needed" "-L" "/opt/rustwide/target/debug/deps" "-L" "/opt/rustwide/rustup-home/toolchains/1.75.0-x86_64-unknown-linux-gnu/lib/rustlib/x86_64-unknown-linux-gnu/lib" "-Wl,-Bstatic" "/opt/rustwide/target/debug/deps/libproc_macro_crate-3c4dbe7542fdced7.rlib" "/opt/rustwide/target/debug/deps/libtoml_edit-6d4a2363fd5ef98d.rlib" "/opt/rustwide/target/debug/deps/libindexmap-5a7854b487119684.rlib" "/opt/rustwide/target/debug/deps/libhashbrown-d5ba4da73d27deb8.rlib" "/opt/rustwide/target/debug/deps/libnom8-26fbabedc164739e.rlib" "/opt/rustwide/target/debug/deps/libmemchr-748f9a42d227385d.rlib" "/opt/rustwide/target/debug/deps/libtoml_datetime-64d9f8b0d706203b.rlib" "/opt/rustwide/target/debug/deps/libonce_cell-ce8ddf5865730f86.rlib" "/opt/rustwide/target/debug/deps/libsyn-afddb57c17c1de50.rlib" "/opt/rustwide/target/debug/deps/libquote-e44ceeac2fbb92f3.rlib" "/opt/rustwide/target/debug/deps/libproc_macro2-93ad0a1558be2e72.rlib" "/opt/rustwide/target/debug/deps/libunicode_ident-a9d657168ff7fe0f.rlib" "/opt/rustwide/rustup-home/toolchains/1.75.0-x86_64-unknown-linux-gnu/lib/rustlib/x86_64-unknown-linux-gnu/lib/libproc_macro-67a55db9939ddb4c.rlib" "/opt/rustwide/rustup-home/toolchains/1.75.0-x86_64-unknown-linux-gnu/lib/rustlib/x86_64-unknown-linux-gnu/lib/libstd-90f6ddbf82de36ec.rlib" "/opt/rustwide/rustup-home/toolchains/1.75.0-x86_64-unknown-linux-gnu/lib/rustlib/x86_64-unknown-linux-gnu/lib/libpanic_unwind-480c41e9d4e1f677.rlib" "/opt/rustwide/rustup-home/toolchains/1.75.0-x86_64-unknown-linux-gnu/lib/rustlib/x86_64-unknown-linux-gnu/lib/libobject-db744c0ca03eed1d.rlib" "/opt/rustwide/rustup-home/toolchains/1.75.0-x86_64-unknown-linux-gnu/lib/rustlib/x86_64-unknown-linux-gnu/lib/libmemchr-8ba652dc7d4b285a.rlib" "/opt/rustwide/rustup-home/toolchains/1.75.0-x86_64-unknown-linux-gnu/lib/rustlib/x86_64-unknown-linux-gnu/lib/libaddr2line-d5f4520a9ebc0d58.rlib" "/opt/rustwide/rustup-home/toolchains/1.75.0-x86_64-unknown-linux-gnu/lib/rustlib/x86_64-unknown-linux-gnu/lib/libgimli-4ad84de58f0cb463.rlib" "/opt/rustwide/rustup-home/toolchains/1.75.0-x86_64-unknown-linux-gnu/lib/rustlib/x86_64-unknown-linux-gnu/lib/librustc_demangle-0d10aae2e0f38735.rlib" "/opt/rustwide/rustup-home/toolchains/1.75.0-x86_64-unknown-linux-gnu/lib/rustlib/x86_64-unknown-linux-gnu/lib/libstd_detect-0c17cff739e6745b.rlib" "/opt/rustwide/rustup-home/toolchains/1.75.0-x86_64-unknown-linux-gnu/lib/rustlib/x86_64-unknown-linux-gnu/lib/libhashbrown-b29e17139dde1aa8.rlib" "/opt/rustwide/rustup-home/toolchains/1.75.0-x86_64-unknown-linux-gnu/lib/rustlib/x86_64-unknown-linux-gnu/lib/librustc_std_workspace_alloc-1f975299829cc7bd.rlib" "/opt/rustwide/rustup-home/toolchains/1.75.0-x86_64-unknown-linux-gnu/lib/rustlib/x86_64-unknown-linux-gnu/lib/libminiz_oxide-86bae3bc3079f89b.rlib" "/opt/rustwide/rustup-home/toolchains/1.75.0-x86_64-unknown-linux-gnu/lib/rustlib/x86_64-unknown-linux-gnu/lib/libadler-321b82c30dffdf5f.rlib" "/opt/rustwide/rustup-home/toolchains/1.75.0-x86_64-unknown-linux-gnu/lib/rustlib/x86_64-unknown-linux-gnu/lib/libunwind-3dd8a6810a0bdfef.rlib" "/opt/rustwide/rustup-home/toolchains/1.75.0-x86_64-unknown-linux-gnu/lib/rustlib/x86_64-unknown-linux-gnu/lib/libcfg_if-eb39a61c0c879984.rlib" "/opt/rustwide/rustup-home/toolchains/1.75.0-x86_64-unknown-linux-gnu/lib/rustlib/x86_64-unknown-linux-gnu/lib/liblibc-aa769569f91c3548.rlib" "/opt/rustwide/rustup-home/toolchains/1.75.0-x86_64-unknown-linux-gnu/lib/rustlib/x86_64-unknown-linux-gnu/lib/liballoc-510a192a50a983ed.rlib" "/opt/rustwide/rustup-home/toolchains/1.75.0-x86_64-unknown-linux-gnu/lib/rustlib/x86_64-unknown-linux-gnu/lib/librustc_std_workspace_core-0577018320f99037.rlib" "/opt/rustwide/rustup-home/toolchains/1.75.0-x86_64-unknown-linux-gnu/lib/rustlib/x86_64-unknown-linux-gnu/lib/libcore-193cf992125ccd4c.rlib" "/opt/rustwide/rustup-home/toolchains/1.75.0-x86_64-unknown-linux-gnu/lib/rustlib/x86_64-unknown-linux-gnu/lib/libcompiler_builtins-8e138eaf26ebb4a8.rlib" "-Wl,-Bdynamic" "-lgcc_s" "-lutil" "-lrt" "-lpthread" "-lm" "-ldl" "-lc" "-Wl,--eh-frame-hdr" "-Wl,-z,noexecstack" "-L" "/opt/rustwide/rustup-home/toolchains/1.75.0-x86_64-unknown-linux-gnu/lib/rustlib/x86_64-unknown-linux-gnu/lib" "-o" "/opt/rustwide/target/debug/deps/libnum_enum_derive-9a7bf124995b672d.so" "-Wl,--gc-sections" "-shared" "-Wl,-z,relro,-z,now" "-nodefaultlibs"
[INFO] [stdout]   = note: /usr/bin/ld: final link failed: No space left on device
[INFO] [stdout]           collect2: error: ld returned 1 exit status
[INFO] [stdout]           
[INFO] [stdout] 
[INFO] [stdout] 
[INFO] [stderr] LLVM ERROR: IO failure on output stream: No space left on device
[INFO] [stderr] error: could not compile `serde_derive` (lib)
[INFO] [stderr] warning: build failed, waiting for other jobs to finish...
[INFO] [stdout] error: aborting due to previous error
[INFO] [stdout] 
[INFO] [stdout] 
[INFO] [stdout] error: aborting due to previous error
[INFO] [stdout] 
[INFO] [stdout] 
[INFO] [stderr] error: could not compile `wasm-bindgen-macro` (lib) due to 2 previous errors
[INFO] [stderr] error: could not compile `num_enum_derive` (lib) due to 2 previous errors
[INFO] [stdout] error: aborting due to previous error
[INFO] [stdout] 
[INFO] [stdout] 
[INFO] [stderr] error: could not compile `zeroize` (lib) due to 2 previous errors
[INFO] running `Command { std: "docker" "inspect" "e9bd672977dc1a5446e6545d4e0d7535cb1776510f221fb7b06b7eb80ce3d8ee", kill_on_drop: false }`
[INFO] running `Command { std: "docker" "rm" "-f" "e9bd672977dc1a5446e6545d4e0d7535cb1776510f221fb7b06b7eb80ce3d8ee", kill_on_drop: false }`
[INFO] [stdout] e9bd672977dc1a5446e6545d4e0d7535cb1776510f221fb7b06b7eb80ce3d8ee
[INFO] testing thisisommore/solana-escrow against beta-2023-12-22 for beta-1.76-1
[INFO] running `Command { std: "git" "clone" "/workspace/cache/git-repos/https%3A%2F%2Fgithub.com%2Fthisisommore%2Fsolana-escrow" "/workspace/builds/worker-6-tc2/source", kill_on_drop: false }`
[INFO] [stderr] Cloning into '/workspace/builds/worker-6-tc2/source'...
[INFO] [stderr] error: copy-fd: write returned: No space left on device
[INFO] [stderr] fatal: cannot copy '/usr/share/git-core/templates/hooks/pre-merge-commit.sample' to '/workspace/builds/worker-6-tc2/source/.git/hooks/pre-merge-commit.sample': No space left on device
[INFO] testing thisisommore/solana-escrow against beta-2023-12-22 for beta-1.76-1
[INFO] running `Command { std: "git" "clone" "/workspace/cache/git-repos/https%3A%2F%2Fgithub.com%2Fthisisommore%2Fsolana-escrow" "/workspace/builds/worker-6-tc2/source", kill_on_drop: false }`
[INFO] [stderr] Cloning into '/workspace/builds/worker-6-tc2/source'...
[INFO] [stderr] error: copy-fd: write returned: No space left on device
[INFO] [stderr] fatal: cannot copy '/usr/share/git-core/templates/hooks/prepare-commit-msg.sample' to '/workspace/builds/worker-6-tc2/source/.git/hooks/prepare-commit-msg.sample': No space left on device
[INFO] testing thisisommore/solana-escrow against beta-2023-12-22 for beta-1.76-1
[INFO] running `Command { std: "git" "clone" "/workspace/cache/git-repos/https%3A%2F%2Fgithub.com%2Fthisisommore%2Fsolana-escrow" "/workspace/builds/worker-6-tc2/source", kill_on_drop: false }`
[INFO] [stderr] Cloning into '/workspace/builds/worker-6-tc2/source'...
[INFO] [stderr] error: copy-fd: write returned: No space left on device
[INFO] [stderr] fatal: cannot copy '/usr/share/git-core/templates/hooks/prepare-commit-msg.sample' to '/workspace/builds/worker-6-tc2/source/.git/hooks/prepare-commit-msg.sample': No space left on device
[INFO] testing thisisommore/solana-escrow against beta-2023-12-22 for beta-1.76-1
[INFO] running `Command { std: "git" "clone" "/workspace/cache/git-repos/https%3A%2F%2Fgithub.com%2Fthisisommore%2Fsolana-escrow" "/workspace/builds/worker-6-tc2/source", kill_on_drop: false }`
[INFO] [stderr] Cloning into '/workspace/builds/worker-6-tc2/source'...
[INFO] [stderr] error: copy-fd: write returned: No space left on device
[INFO] [stderr] fatal: cannot copy '/usr/share/git-core/templates/hooks/prepare-commit-msg.sample' to '/workspace/builds/worker-6-tc2/source/.git/hooks/prepare-commit-msg.sample': No space left on device
[INFO] testing thisisommore/solana-escrow against beta-2023-12-22 for beta-1.76-1
[INFO] running `Command { std: "git" "clone" "/workspace/cache/git-repos/https%3A%2F%2Fgithub.com%2Fthisisommore%2Fsolana-escrow" "/workspace/builds/worker-6-tc2/source", kill_on_drop: false }`
[INFO] [stderr] Cloning into '/workspace/builds/worker-6-tc2/source'...
[INFO] [stderr] error: copy-fd: write returned: No space left on device
[INFO] [stderr] fatal: cannot copy '/usr/share/git-core/templates/hooks/pre-receive.sample' to '/workspace/builds/worker-6-tc2/source/.git/hooks/pre-receive.sample': No space left on device
[ERROR] this task or one of its parent failed!
[ERROR] failed to checkout https://github.com/thisisommore/solana-escrow
[ERROR] caused by: command failed: exit status: 128
[ERROR] note: run with `RUST_BACKTRACE=1` to display a backtrace.
