[INFO] cloning repository https://github.com/theplow-kwak/img_caster
[INFO] running `Command { std: "git" "-c" "credential.helper=" "-c" "credential.helper=/workspace/cargo-home/bin/git-credential-null" "clone" "--bare" "https://github.com/theplow-kwak/img_caster" "/workspace/cache/git-repos/https%3A%2F%2Fgithub.com%2Ftheplow-kwak%2Fimg_caster", kill_on_drop: false }`
[INFO] [stderr] Cloning into bare repository '/workspace/cache/git-repos/https%3A%2F%2Fgithub.com%2Ftheplow-kwak%2Fimg_caster'...
[INFO] running `Command { std: "git" "rev-parse" "HEAD", kill_on_drop: false }`
[INFO] [stdout] 1d1efb665ba92ab3c8501c09b4c669b9915404f2
[INFO] testing theplow-kwak/img_caster against 1.75.0 for beta-1.76-1
[INFO] running `Command { std: "git" "clone" "/workspace/cache/git-repos/https%3A%2F%2Fgithub.com%2Ftheplow-kwak%2Fimg_caster" "/workspace/builds/worker-3-tc1/source", kill_on_drop: false }`
[INFO] [stderr] Cloning into '/workspace/builds/worker-3-tc1/source'...
[INFO] [stderr] done.
[INFO] validating manifest of git repo https://github.com/theplow-kwak/img_caster on toolchain 1.75.0
[INFO] running `Command { std: CARGO_HOME="/workspace/cargo-home" RUSTUP_HOME="/workspace/rustup-home" "/workspace/cargo-home/bin/cargo" "+1.75.0" "metadata" "--manifest-path" "Cargo.toml" "--no-deps", kill_on_drop: false }`
[INFO] started tweaking git repo https://github.com/theplow-kwak/img_caster
[INFO] finished tweaking git repo https://github.com/theplow-kwak/img_caster
[INFO] tweaked toml for git repo https://github.com/theplow-kwak/img_caster written to /workspace/builds/worker-3-tc1/source/Cargo.toml
[INFO] crate git repo https://github.com/theplow-kwak/img_caster already has a lockfile, it will not be regenerated
[INFO] running `Command { std: CARGO_HOME="/workspace/cargo-home" RUSTUP_HOME="/workspace/rustup-home" "/workspace/cargo-home/bin/cargo" "+1.75.0" "fetch" "--manifest-path" "Cargo.toml", kill_on_drop: false }`
[INFO] [stderr]     Blocking waiting for file lock on package cache
[ERROR] error running command: no output for 300 seconds
[ERROR] this task or one of its parent failed!
[ERROR] no output for 300 seconds
[ERROR] note: run with `RUST_BACKTRACE=1` to display a backtrace.
[INFO] testing theplow-kwak/img_caster against beta-2023-12-22 for beta-1.76-1
[INFO] running `Command { std: "git" "clone" "/workspace/cache/git-repos/https%3A%2F%2Fgithub.com%2Ftheplow-kwak%2Fimg_caster" "/workspace/builds/worker-3-tc2/source", kill_on_drop: false }`
[INFO] [stderr] Cloning into '/workspace/builds/worker-3-tc2/source'...
[INFO] [stderr] done.
[INFO] validating manifest of git repo https://github.com/theplow-kwak/img_caster on toolchain beta-2023-12-22
[INFO] running `Command { std: CARGO_HOME="/workspace/cargo-home" RUSTUP_HOME="/workspace/rustup-home" "/workspace/cargo-home/bin/cargo" "+beta-2023-12-22" "metadata" "--manifest-path" "Cargo.toml" "--no-deps", kill_on_drop: false }`
[INFO] started tweaking git repo https://github.com/theplow-kwak/img_caster
[INFO] finished tweaking git repo https://github.com/theplow-kwak/img_caster
[INFO] tweaked toml for git repo https://github.com/theplow-kwak/img_caster written to /workspace/builds/worker-3-tc2/source/Cargo.toml
[INFO] crate git repo https://github.com/theplow-kwak/img_caster already has a lockfile, it will not be regenerated
[INFO] running `Command { std: CARGO_HOME="/workspace/cargo-home" RUSTUP_HOME="/workspace/rustup-home" "/workspace/cargo-home/bin/cargo" "+beta-2023-12-22" "fetch" "--manifest-path" "Cargo.toml", kill_on_drop: false }`
[INFO] [stderr]     Blocking waiting for file lock on package cache
[INFO] [stderr]     Updating crates.io index
[INFO] [stderr]     Blocking waiting for file lock on package cache
[ERROR] error running command: no output for 300 seconds
[INFO] testing theplow-kwak/img_caster against beta-2023-12-22 for beta-1.76-1
[INFO] running `Command { std: "git" "clone" "/workspace/cache/git-repos/https%3A%2F%2Fgithub.com%2Ftheplow-kwak%2Fimg_caster" "/workspace/builds/worker-3-tc2/source", kill_on_drop: false }`
[INFO] [stderr] Cloning into '/workspace/builds/worker-3-tc2/source'...
[INFO] [stderr] done.
[INFO] validating manifest of git repo https://github.com/theplow-kwak/img_caster on toolchain beta-2023-12-22
[INFO] running `Command { std: CARGO_HOME="/workspace/cargo-home" RUSTUP_HOME="/workspace/rustup-home" "/workspace/cargo-home/bin/cargo" "+beta-2023-12-22" "metadata" "--manifest-path" "Cargo.toml" "--no-deps", kill_on_drop: false }`
[INFO] started tweaking git repo https://github.com/theplow-kwak/img_caster
[INFO] finished tweaking git repo https://github.com/theplow-kwak/img_caster
[INFO] tweaked toml for git repo https://github.com/theplow-kwak/img_caster written to /workspace/builds/worker-3-tc2/source/Cargo.toml
[INFO] crate git repo https://github.com/theplow-kwak/img_caster already has a lockfile, it will not be regenerated
[INFO] running `Command { std: CARGO_HOME="/workspace/cargo-home" RUSTUP_HOME="/workspace/rustup-home" "/workspace/cargo-home/bin/cargo" "+beta-2023-12-22" "fetch" "--manifest-path" "Cargo.toml", kill_on_drop: false }`
[INFO] [stderr]     Blocking waiting for file lock on package cache
[INFO] [stderr]     Blocking waiting for file lock on package cache
[INFO] [stderr]  Downloading crates ...
[INFO] [stderr]   Downloaded endian_codec_derive v0.1.1
[INFO] [stderr]   Downloaded askama_derive v0.12.1
[INFO] [stderr]   Downloaded default-net v0.17.0
[INFO] [stderr]   Downloaded askama v0.12.0
[INFO] [stderr]   Downloaded windows-drives v0.5.0
[INFO] [stderr]   Downloaded endian_codec v0.1.1
[INFO] running `Command { std: "docker" "create" "-v" "/var/lib/crater-agent-workspace/builds/worker-3-tc2/target:/opt/rustwide/target:rw,Z" "-v" "/var/lib/crater-agent-workspace/builds/worker-3-tc2/source:/opt/rustwide/workdir:ro,Z" "-v" "/var/lib/crater-agent-workspace/cargo-home:/opt/rustwide/cargo-home:ro,Z" "-v" "/var/lib/crater-agent-workspace/rustup-home:/opt/rustwide/rustup-home:ro,Z" "-e" "SOURCE_DIR=/opt/rustwide/workdir" "-e" "CARGO_TARGET_DIR=/opt/rustwide/target" "-e" "CARGO_HOME=/opt/rustwide/cargo-home" "-e" "RUSTUP_HOME=/opt/rustwide/rustup-home" "-w" "/opt/rustwide/workdir" "-m" "1610612736" "--user" "0:0" "--network" "none" "ghcr.io/rust-lang/crates-build-env/linux@sha256:2788e3201cd34a07e3172128adcd8b3090168a8e3bcc40d7c032b9dda1df7d1c" "/opt/rustwide/cargo-home/bin/cargo" "+beta-2023-12-22" "metadata" "--no-deps" "--format-version=1", kill_on_drop: false }`
[INFO] [stdout] cc0b4b31cf9c8068a85775ff99cf980a1172a5750d096a39fb85b0a39f0a91a0
[INFO] running `Command { std: "docker" "start" "-a" "cc0b4b31cf9c8068a85775ff99cf980a1172a5750d096a39fb85b0a39f0a91a0", kill_on_drop: false }`
[INFO] running `Command { std: "docker" "inspect" "cc0b4b31cf9c8068a85775ff99cf980a1172a5750d096a39fb85b0a39f0a91a0", kill_on_drop: false }`
[INFO] running `Command { std: "docker" "rm" "-f" "cc0b4b31cf9c8068a85775ff99cf980a1172a5750d096a39fb85b0a39f0a91a0", kill_on_drop: false }`
[INFO] [stdout] cc0b4b31cf9c8068a85775ff99cf980a1172a5750d096a39fb85b0a39f0a91a0
[INFO] running `Command { std: "docker" "create" "-v" "/var/lib/crater-agent-workspace/builds/worker-3-tc2/target:/opt/rustwide/target:rw,Z" "-v" "/var/lib/crater-agent-workspace/builds/worker-3-tc2/source:/opt/rustwide/workdir:ro,Z" "-v" "/var/lib/crater-agent-workspace/cargo-home:/opt/rustwide/cargo-home:ro,Z" "-v" "/var/lib/crater-agent-workspace/rustup-home:/opt/rustwide/rustup-home:ro,Z" "-e" "SOURCE_DIR=/opt/rustwide/workdir" "-e" "CARGO_TARGET_DIR=/opt/rustwide/target" "-e" "CARGO_INCREMENTAL=0" "-e" "RUST_BACKTRACE=full" "-e" "RUSTFLAGS=--cap-lints=warn" "-e" "RUSTDOCFLAGS=--cap-lints=warn" "-e" "CARGO_HOME=/opt/rustwide/cargo-home" "-e" "RUSTUP_HOME=/opt/rustwide/rustup-home" "-w" "/opt/rustwide/workdir" "-m" "1610612736" "--user" "0:0" "--network" "none" "ghcr.io/rust-lang/crates-build-env/linux@sha256:2788e3201cd34a07e3172128adcd8b3090168a8e3bcc40d7c032b9dda1df7d1c" "/opt/rustwide/cargo-home/bin/cargo" "+beta-2023-12-22" "build" "--frozen" "--message-format=json", kill_on_drop: false }`
[INFO] [stdout] 335e2a09b804f0015fec5a35109a346be4b4cf9df142b9de0a8eb549f24ae054
[INFO] running `Command { std: "docker" "start" "-a" "335e2a09b804f0015fec5a35109a346be4b4cf9df142b9de0a8eb549f24ae054", kill_on_drop: false }`
[INFO] [stderr]    Compiling proc-macro2 v1.0.64
[INFO] [stderr]    Compiling quote v1.0.29
[INFO] [stderr]    Compiling unicode-ident v1.0.10
[INFO] [stderr]    Compiling autocfg v1.1.0
[INFO] [stderr]    Compiling libc v0.2.147
[INFO] [stderr]    Compiling cfg-if v1.0.0
[INFO] [stderr]    Compiling strsim v0.10.0
[INFO] [stderr]    Compiling syn v1.0.109
[INFO] [stderr]    Compiling pkg-config v0.3.27
[INFO] [stderr]    Compiling ident_case v1.0.1
[INFO] [stderr]    Compiling fnv v1.0.7
[INFO] [stderr]    Compiling semver v1.0.19
[INFO] [stderr]    Compiling version_check v0.9.4
[INFO] [stderr]    Compiling serde v1.0.171
[INFO] [stderr]    Compiling crc32fast v1.3.2
[INFO] [stderr]    Compiling log v0.4.19
[INFO] [stderr]    Compiling simd-adler32 v0.3.7
[INFO] [stderr]    Compiling cc v1.0.79
[INFO] [stderr]    Compiling adler v1.0.2
[INFO] [stderr]    Compiling bitflags v1.3.2
[INFO] [stderr]    Compiling rustix v0.38.8
[INFO] [stderr]    Compiling miniz_oxide v0.7.1
[INFO] [stderr]    Compiling once_cell v1.18.0
[INFO] [stderr]    Compiling unicase v2.7.0
[INFO] [stderr]    Compiling bitflags v2.4.0
[INFO] [stderr]    Compiling itoa v1.0.9
[INFO] [stderr]    Compiling num-traits v0.2.16
[INFO] [stderr]    Compiling num-integer v0.1.45
[INFO] [stderr]    Compiling num-rational v0.4.1
[INFO] [stderr]    Compiling libm v0.2.7
[INFO] [stderr]    Compiling linux-raw-sys v0.4.5
[INFO] [stderr]    Compiling lock_api v0.4.10
[INFO] [stderr]    Compiling matrixmultiply v0.3.8
[INFO] [stderr]    Compiling yeslogic-fontconfig-sys v3.2.0
[INFO] [stderr]    Compiling fdeflate v0.3.0
[INFO] [stderr]    Compiling libloading v0.8.0
[INFO] [stderr]    Compiling rustc_version v0.4.0
[INFO] [stderr]    Compiling cmake v0.1.50
[INFO] [stderr]    Compiling flate2 v1.0.27
[INFO] [stderr]    Compiling parking_lot_core v0.9.8
[INFO] [stderr]    Compiling minimal-lexical v0.2.1
[INFO] [stderr]    Compiling memchr v2.6.3
[INFO] [stderr]    Compiling mime_guess v2.0.4
[INFO] [stderr]    Compiling pathfinder_simd v0.5.2
[INFO] [stderr]    Compiling signal-hook v0.3.17
[INFO] [stderr]    Compiling syn v2.0.25
[INFO] [stderr]    Compiling getrandom v0.2.10
[INFO] [stderr]    Compiling color_quant v1.1.0
[INFO] [stderr]    Compiling mime v0.3.17
[INFO] [stderr]    Compiling serde_json v1.0.107
[INFO] [stderr]    Compiling utf8parse v0.2.1
[INFO] [stderr]    Compiling byteorder v1.4.3
[INFO] [stderr]    Compiling rand_core v0.6.4
[INFO] [stderr]    Compiling anstyle-parse v0.2.1
[INFO] [stderr]    Compiling png v0.17.10
[INFO] [stderr]    Compiling signal-hook-registry v1.4.1
[INFO] [stderr]    Compiling dirs-sys-next v0.1.2
[INFO] [stderr]    Compiling freetype-sys v0.13.1
[INFO] [stderr]    Compiling nom v7.1.3
[INFO] [stderr]    Compiling dlib v0.5.2
[INFO] [stderr]    Compiling anstyle-query v1.0.0
[INFO] [stderr]    Compiling is-terminal v0.4.9
[INFO] [stderr]    Compiling jpeg-decoder v0.3.0
[INFO] [stderr]    Compiling bytemuck v1.14.0
[INFO] [stderr]    Compiling same-file v1.0.6
[INFO] [stderr]    Compiling colorchoice v1.0.0
[INFO] [stderr]    Compiling winapi v0.3.9
[INFO] [stderr]    Compiling ppv-lite86 v0.2.17
[INFO] [stderr]    Compiling ryu v1.0.15
[INFO] [stderr]    Compiling const-cstr v0.3.0
[INFO] [stderr]    Compiling anstyle v1.0.1
[INFO] [stderr]    Compiling rawpointer v0.2.1
[INFO] [stderr]    Compiling smallvec v1.11.0
[INFO] [stderr]    Compiling font-kit v0.11.0
[INFO] [stderr]    Compiling weezl v0.1.7
[INFO] [stderr]    Compiling time-core v0.1.1
[INFO] [stderr]    Compiling scopeguard v1.1.0
[INFO] [stderr]    Compiling plotters-backend v0.3.5
[INFO] [stderr]    Compiling time-macros v0.2.11
[INFO] [stderr]    Compiling rand_chacha v0.3.1
[INFO] [stderr]    Compiling freetype v0.7.0
[INFO] [stderr]    Compiling num-complex v0.4.4
[INFO] [stderr]    Compiling gif v0.12.0
[INFO] [stderr]    Compiling humansize v2.1.3
[INFO] [stderr]    Compiling anstream v0.3.2
[INFO] [stderr]    Compiling pathfinder_geometry v0.5.1
[INFO] [stderr]    Compiling walkdir v2.4.0
[INFO] [stderr]    Compiling dirs-next v2.0.0
[INFO] [stderr]    Compiling mio v0.8.8
[INFO] [stderr]    Compiling float-ord v0.2.0
[INFO] [stderr]    Compiling num_threads v0.1.6
[INFO] [stderr]    Compiling clap_lex v0.5.0
[INFO] [stderr]    Compiling image v0.24.7
[INFO] [stderr]    Compiling iana-time-zone v0.1.57
[INFO] [stderr]    Compiling askama_escape v0.10.3
[INFO] [stderr]    Compiling percent-encoding v2.3.0
[INFO] [stderr]    Compiling lazy_static v1.4.0
[INFO] [stderr]    Compiling heck v0.4.1
[INFO] [stderr]    Compiling deranged v0.3.7
[INFO] [stderr]    Compiling signal-hook-mio v0.2.3
[INFO] [stderr]    Compiling chrono v0.4.31
[INFO] [stderr]    Compiling clap_builder v4.3.21
[INFO] [stderr]    Compiling ndarray v0.15.6
[INFO] [stderr]    Compiling parking_lot v0.12.1
[INFO] [stderr]    Compiling rand v0.8.5
[INFO] [stderr]    Compiling plotters-svg v0.3.5
[INFO] [stderr]    Compiling utf8-width v0.1.6
[INFO] [stderr]    Compiling dyn-clone v1.0.14
[INFO] [stderr]    Compiling termcolor v1.1.3
[INFO] [stderr]    Compiling ttf-parser v0.17.1
[INFO] [stderr]    Compiling crossterm v0.25.0
[INFO] [stderr]    Compiling socket2 v0.4.9
[INFO] [stderr]    Compiling default-net v0.17.0
[INFO] [stderr]    Compiling ipnet v2.8.0
[INFO] [stderr]    Compiling darling_core v0.14.4
[INFO] [stderr]    Compiling time v0.3.25
[INFO] [stderr]    Compiling darling_core v0.20.3
[INFO] [stderr]    Compiling plotters-bitmap v0.3.3
[INFO] [stderr]    Compiling simplelog v0.12.1
[INFO] [stderr]    Compiling derive-try-from-primitive v1.0.0
[INFO] [stderr]    Compiling serde_derive v1.0.171
[INFO] [stderr]    Compiling serde_repr v0.1.16
[INFO] [stderr]    Compiling clap_derive v4.3.12
[INFO] [stderr]    Compiling endian_codec_derive v0.1.1
[INFO] [stderr]    Compiling plotters v0.3.5
[INFO] [stderr]    Compiling windows-drives v0.5.0
[INFO] [stdout] error[E0433]: failed to resolve: could not find `shared` in `winapi`
[INFO] [stdout]   --> /opt/rustwide/cargo-home/registry/src/index.crates.io-6f17d22bba15001f/windows-drives-0.5.0/./src/drive.rs:12:5
[INFO] [stdout]    |
[INFO] [stdout] 12 |     shared::ntdef::LARGE_INTEGER,
[INFO] [stdout]    |     ^^^^^^ could not find `shared` in `winapi`
[INFO] [stdout] 
[INFO] [stdout] 
[INFO] [stdout] error[E0433]: failed to resolve: could not find `um` in `winapi`
[INFO] [stdout]   --> /opt/rustwide/cargo-home/registry/src/index.crates.io-6f17d22bba15001f/windows-drives-0.5.0/./src/drive.rs:13:5
[INFO] [stdout]    |
[INFO] [stdout] 13 |     um::{
[INFO] [stdout]    |     ^^ could not find `um` in `winapi`
[INFO] [stdout] 
[INFO] [stdout] 
[INFO] [stdout] error[E0433]: failed to resolve: could not find `windows` in `os`
[INFO] [stdout]  --> /opt/rustwide/cargo-home/registry/src/index.crates.io-6f17d22bba15001f/windows-drives-0.5.0/./src/win32.rs:3:14
[INFO] [stdout]   |
[INFO] [stdout] 3 | use std::os::windows::ffi::OsStrExt;
[INFO] [stdout]   |              ^^^^^^^ could not find `windows` in `os`
[INFO] [stdout] 
[INFO] [stdout] 
[INFO] [stdout] error[E0433]: failed to resolve: could not find `um` in `winapi`
[INFO] [stdout]  --> /opt/rustwide/cargo-home/registry/src/index.crates.io-6f17d22bba15001f/windows-drives-0.5.0/./src/win32.rs:5:13
[INFO] [stdout]   |
[INFO] [stdout] 5 | use winapi::um::errhandlingapi::GetLastError;
[INFO] [stdout]   |             ^^ could not find `um` in `winapi`
[INFO] [stdout] 
[INFO] [stdout] 
[INFO] [stdout] error[E0432]: unresolved imports `winapi::ctypes`, `winapi::um`
[INFO] [stdout]   --> /opt/rustwide/cargo-home/registry/src/index.crates.io-6f17d22bba15001f/windows-drives-0.5.0/./src/drive.rs:11:5
[INFO] [stdout]    |
[INFO] [stdout] 11 |     ctypes::c_void,
[INFO] [stdout]    |     ^^^^^^ could not find `ctypes` in `winapi`
[INFO] [stdout] 12 |     shared::ntdef::LARGE_INTEGER,
[INFO] [stdout] 13 |     um::{
[INFO] [stdout]    |     ^^ could not find `um` in `winapi`
[INFO] [stdout] 
[INFO] [stdout] 
[INFO] [stdout] error: aborting due to 5 previous errors
[INFO] [stdout] 
[INFO] [stdout] 
[INFO] [stdout] Some errors have detailed explanations: E0432, E0433.
[INFO] [stdout] 
[INFO] [stdout] For more information about an error, try `rustc --explain E0432`.
[INFO] [stdout] 
[INFO] [stderr] error: could not compile `windows-drives` (lib) due to 6 previous errors
[INFO] [stderr] warning: build failed, waiting for other jobs to finish...
[INFO] running `Command { std: "docker" "inspect" "335e2a09b804f0015fec5a35109a346be4b4cf9df142b9de0a8eb549f24ae054", kill_on_drop: false }`
[INFO] running `Command { std: "docker" "rm" "-f" "335e2a09b804f0015fec5a35109a346be4b4cf9df142b9de0a8eb549f24ae054", kill_on_drop: false }`
[INFO] [stdout] 335e2a09b804f0015fec5a35109a346be4b4cf9df142b9de0a8eb549f24ae054
