[INFO] cloning repository https://github.com/thepacketgeek/jsonrpsee-repro
[INFO] running `Command { std: "git" "-c" "credential.helper=" "-c" "credential.helper=/workspace/cargo-home/bin/git-credential-null" "clone" "--bare" "https://github.com/thepacketgeek/jsonrpsee-repro" "/workspace/cache/git-repos/https%3A%2F%2Fgithub.com%2Fthepacketgeek%2Fjsonrpsee-repro", kill_on_drop: false }`
[INFO] [stderr] Cloning into bare repository '/workspace/cache/git-repos/https%3A%2F%2Fgithub.com%2Fthepacketgeek%2Fjsonrpsee-repro'...
[INFO] running `Command { std: "git" "rev-parse" "HEAD", kill_on_drop: false }`
[INFO] [stdout] d73973866ff3f9b2ee584055676727ebe4428750
[INFO] testing thepacketgeek/jsonrpsee-repro against 1.75.0 for beta-1.76-1
[INFO] running `Command { std: "git" "clone" "/workspace/cache/git-repos/https%3A%2F%2Fgithub.com%2Fthepacketgeek%2Fjsonrpsee-repro" "/workspace/builds/worker-2-tc1/source", kill_on_drop: false }`
[INFO] [stderr] Cloning into '/workspace/builds/worker-2-tc1/source'...
[INFO] [stderr] done.
[INFO] validating manifest of git repo https://github.com/thepacketgeek/jsonrpsee-repro on toolchain 1.75.0
[INFO] running `Command { std: CARGO_HOME="/workspace/cargo-home" RUSTUP_HOME="/workspace/rustup-home" "/workspace/cargo-home/bin/cargo" "+1.75.0" "metadata" "--manifest-path" "Cargo.toml" "--no-deps", kill_on_drop: false }`
[INFO] started tweaking git repo https://github.com/thepacketgeek/jsonrpsee-repro
[INFO] finished tweaking git repo https://github.com/thepacketgeek/jsonrpsee-repro
[INFO] tweaked toml for git repo https://github.com/thepacketgeek/jsonrpsee-repro written to /workspace/builds/worker-2-tc1/source/Cargo.toml
[INFO] crate git repo https://github.com/thepacketgeek/jsonrpsee-repro already has a lockfile, it will not be regenerated
[INFO] running `Command { std: CARGO_HOME="/workspace/cargo-home" RUSTUP_HOME="/workspace/rustup-home" "/workspace/cargo-home/bin/cargo" "+1.75.0" "fetch" "--manifest-path" "Cargo.toml", kill_on_drop: false }`
[INFO] [stderr]     Blocking waiting for file lock on package cache
[ERROR] error running command: no output for 300 seconds
[ERROR] this task or one of its parent failed!
[ERROR] no output for 300 seconds
[ERROR] note: run with `RUST_BACKTRACE=1` to display a backtrace.
[INFO] testing thepacketgeek/jsonrpsee-repro against beta-2023-12-22 for beta-1.76-1
[INFO] running `Command { std: "git" "clone" "/workspace/cache/git-repos/https%3A%2F%2Fgithub.com%2Fthepacketgeek%2Fjsonrpsee-repro" "/workspace/builds/worker-2-tc2/source", kill_on_drop: false }`
[INFO] [stderr] Cloning into '/workspace/builds/worker-2-tc2/source'...
[INFO] [stderr] done.
[INFO] validating manifest of git repo https://github.com/thepacketgeek/jsonrpsee-repro on toolchain beta-2023-12-22
[INFO] running `Command { std: CARGO_HOME="/workspace/cargo-home" RUSTUP_HOME="/workspace/rustup-home" "/workspace/cargo-home/bin/cargo" "+beta-2023-12-22" "metadata" "--manifest-path" "Cargo.toml" "--no-deps", kill_on_drop: false }`
[INFO] started tweaking git repo https://github.com/thepacketgeek/jsonrpsee-repro
[INFO] finished tweaking git repo https://github.com/thepacketgeek/jsonrpsee-repro
[INFO] tweaked toml for git repo https://github.com/thepacketgeek/jsonrpsee-repro written to /workspace/builds/worker-2-tc2/source/Cargo.toml
[INFO] crate git repo https://github.com/thepacketgeek/jsonrpsee-repro already has a lockfile, it will not be regenerated
[INFO] running `Command { std: CARGO_HOME="/workspace/cargo-home" RUSTUP_HOME="/workspace/rustup-home" "/workspace/cargo-home/bin/cargo" "+beta-2023-12-22" "fetch" "--manifest-path" "Cargo.toml", kill_on_drop: false }`
[INFO] [stderr]     Blocking waiting for file lock on package cache
[INFO] [stderr]     Updating git repository `https://github.com/paritytech/jsonrpsee`
[INFO] [stderr]     Blocking waiting for file lock on package cache
[ERROR] error running command: no output for 300 seconds
[INFO] testing thepacketgeek/jsonrpsee-repro against beta-2023-12-22 for beta-1.76-1
[INFO] running `Command { std: "git" "clone" "/workspace/cache/git-repos/https%3A%2F%2Fgithub.com%2Fthepacketgeek%2Fjsonrpsee-repro" "/workspace/builds/worker-2-tc2/source", kill_on_drop: false }`
[INFO] [stderr] Cloning into '/workspace/builds/worker-2-tc2/source'...
[INFO] [stderr] done.
[INFO] validating manifest of git repo https://github.com/thepacketgeek/jsonrpsee-repro on toolchain beta-2023-12-22
[INFO] running `Command { std: CARGO_HOME="/workspace/cargo-home" RUSTUP_HOME="/workspace/rustup-home" "/workspace/cargo-home/bin/cargo" "+beta-2023-12-22" "metadata" "--manifest-path" "Cargo.toml" "--no-deps", kill_on_drop: false }`
[INFO] started tweaking git repo https://github.com/thepacketgeek/jsonrpsee-repro
[INFO] finished tweaking git repo https://github.com/thepacketgeek/jsonrpsee-repro
[INFO] tweaked toml for git repo https://github.com/thepacketgeek/jsonrpsee-repro written to /workspace/builds/worker-2-tc2/source/Cargo.toml
[INFO] crate git repo https://github.com/thepacketgeek/jsonrpsee-repro already has a lockfile, it will not be regenerated
[INFO] running `Command { std: CARGO_HOME="/workspace/cargo-home" RUSTUP_HOME="/workspace/rustup-home" "/workspace/cargo-home/bin/cargo" "+beta-2023-12-22" "fetch" "--manifest-path" "Cargo.toml", kill_on_drop: false }`
[INFO] [stderr]     Blocking waiting for file lock on package cache
[INFO] [stderr]     Blocking waiting for file lock on package cache
[INFO] [stderr]  Downloading crates ...
[INFO] [stderr]   Downloaded async-macros v1.0.0
[INFO] [stderr]   Downloaded futures-timer v1.0.3
[INFO] [stderr]   Downloaded async-io v1.2.0
[INFO] [stderr]   Downloaded async-std v0.99.12
[INFO] [stderr]   Downloaded async-std v1.7.0
[INFO] running `Command { std: "docker" "create" "-v" "/var/lib/crater-agent-workspace/builds/worker-2-tc2/target:/opt/rustwide/target:rw,Z" "-v" "/var/lib/crater-agent-workspace/builds/worker-2-tc2/source:/opt/rustwide/workdir:ro,Z" "-v" "/var/lib/crater-agent-workspace/cargo-home:/opt/rustwide/cargo-home:ro,Z" "-v" "/var/lib/crater-agent-workspace/rustup-home:/opt/rustwide/rustup-home:ro,Z" "-e" "SOURCE_DIR=/opt/rustwide/workdir" "-e" "CARGO_TARGET_DIR=/opt/rustwide/target" "-e" "CARGO_HOME=/opt/rustwide/cargo-home" "-e" "RUSTUP_HOME=/opt/rustwide/rustup-home" "-w" "/opt/rustwide/workdir" "-m" "1610612736" "--user" "0:0" "--network" "none" "ghcr.io/rust-lang/crates-build-env/linux@sha256:2788e3201cd34a07e3172128adcd8b3090168a8e3bcc40d7c032b9dda1df7d1c" "/opt/rustwide/cargo-home/bin/cargo" "+beta-2023-12-22" "metadata" "--no-deps" "--format-version=1", kill_on_drop: false }`
[INFO] [stdout] f4e6f19112457903bf0483370d8952ab17fdc088aff5c5e93aa96916c75abfb4
[INFO] running `Command { std: "docker" "start" "-a" "f4e6f19112457903bf0483370d8952ab17fdc088aff5c5e93aa96916c75abfb4", kill_on_drop: false }`
[INFO] running `Command { std: "docker" "inspect" "f4e6f19112457903bf0483370d8952ab17fdc088aff5c5e93aa96916c75abfb4", kill_on_drop: false }`
[INFO] running `Command { std: "docker" "rm" "-f" "f4e6f19112457903bf0483370d8952ab17fdc088aff5c5e93aa96916c75abfb4", kill_on_drop: false }`
[INFO] [stdout] f4e6f19112457903bf0483370d8952ab17fdc088aff5c5e93aa96916c75abfb4
[INFO] running `Command { std: "docker" "create" "-v" "/var/lib/crater-agent-workspace/builds/worker-2-tc2/target:/opt/rustwide/target:rw,Z" "-v" "/var/lib/crater-agent-workspace/builds/worker-2-tc2/source:/opt/rustwide/workdir:ro,Z" "-v" "/var/lib/crater-agent-workspace/cargo-home:/opt/rustwide/cargo-home:ro,Z" "-v" "/var/lib/crater-agent-workspace/rustup-home:/opt/rustwide/rustup-home:ro,Z" "-e" "SOURCE_DIR=/opt/rustwide/workdir" "-e" "CARGO_TARGET_DIR=/opt/rustwide/target" "-e" "CARGO_INCREMENTAL=0" "-e" "RUST_BACKTRACE=full" "-e" "RUSTFLAGS=--cap-lints=warn" "-e" "RUSTDOCFLAGS=--cap-lints=warn" "-e" "CARGO_HOME=/opt/rustwide/cargo-home" "-e" "RUSTUP_HOME=/opt/rustwide/rustup-home" "-w" "/opt/rustwide/workdir" "-m" "1610612736" "--user" "0:0" "--network" "none" "ghcr.io/rust-lang/crates-build-env/linux@sha256:2788e3201cd34a07e3172128adcd8b3090168a8e3bcc40d7c032b9dda1df7d1c" "/opt/rustwide/cargo-home/bin/cargo" "+beta-2023-12-22" "build" "--frozen" "--message-format=json", kill_on_drop: false }`
[INFO] [stdout] 3a212393a34a98534d7e1073606fc8cc5f65622dbadfe6c22d01f885b2437cce
[INFO] running `Command { std: "docker" "start" "-a" "3a212393a34a98534d7e1073606fc8cc5f65622dbadfe6c22d01f885b2437cce", kill_on_drop: false }`
[INFO] [stderr]    Compiling cfg-if v0.1.10
[INFO] [stderr]    Compiling libc v0.2.80
[INFO] [stderr]    Compiling proc-macro2 v1.0.24
[INFO] [stderr]    Compiling unicode-xid v0.2.1
[INFO] [stderr]    Compiling autocfg v1.0.1
[INFO] [stderr]    Compiling syn v1.0.51
[INFO] [stderr]    Compiling memchr v2.3.4
[INFO] [stderr]    Compiling lazy_static v1.4.0
[INFO] [stderr]    Compiling log v0.4.11
[INFO] [stderr]    Compiling futures-core v0.3.8
[INFO] [stderr]    Compiling once_cell v1.5.2
[INFO] [stderr]    Compiling futures-io v0.3.8
[INFO] [stderr]    Compiling pin-project-lite v0.1.11
[INFO] [stderr]    Compiling slab v0.4.2
[INFO] [stderr]    Compiling pin-utils v0.1.0
[INFO] [stderr]    Compiling proc-macro-hack v0.5.19
[INFO] [stderr]    Compiling cfg-if v1.0.0
[INFO] [stderr]    Compiling futures-sink v0.3.8
[INFO] [stderr]    Compiling fnv v1.0.7
[INFO] [stderr]    Compiling proc-macro-nested v0.1.6
[INFO] [stderr]    Compiling cache-padded v1.1.1
[INFO] [stderr]    Compiling pin-project-internal v0.4.27
[INFO] [stderr]    Compiling concurrent-queue v1.2.2
[INFO] [stderr]    Compiling fastrand v1.4.0
[INFO] [stderr]    Compiling bytes v0.5.6
[INFO] [stderr]    Compiling waker-fn v1.1.0
[INFO] [stderr]    Compiling parking v2.0.0
[INFO] [stderr]    Compiling futures-channel v0.3.8
[INFO] [stderr]    Compiling futures-task v0.3.8
[INFO] [stderr]    Compiling getrandom v0.1.15
[INFO] [stderr]    Compiling itoa v0.4.6
[INFO] [stderr]    Compiling scopeguard v1.1.0
[INFO] [stderr]    Compiling tracing-core v0.1.17
[INFO] [stderr]    Compiling thread_local v1.0.1
[INFO] [stderr]    Compiling indexmap v1.6.0
[INFO] [stderr]    Compiling proc-macro2 v0.4.30
[INFO] [stderr]    Compiling vec-arena v1.0.0
[INFO] [stderr]    Compiling const_fn v0.4.3
[INFO] [stderr]    Compiling regex-syntax v0.6.21
[INFO] [stderr]    Compiling event-listener v2.5.1
[INFO] [stderr]    Compiling async-task v4.0.3
[INFO] [stderr]    Compiling pin-project-lite v0.2.0
[INFO] [stderr]    Compiling futures-lite v1.11.2
[INFO] [stderr]    Compiling aho-corasick v0.7.15
[INFO] [stderr]    Compiling serde_derive v1.0.117
[INFO] [stderr]    Compiling http v0.2.1
[INFO] [stderr]    Compiling crossbeam-utils v0.8.0
[INFO] [stderr]    Compiling version_check v0.9.2
[INFO] [stderr]    Compiling tracing v0.1.22
[INFO] [stderr]    Compiling unicode-xid v0.1.0
[INFO] [stderr]    Compiling httparse v1.3.4
[INFO] [stderr]    Compiling hashbrown v0.9.1
[INFO] [stderr]    Compiling quote v1.0.7
[INFO] [stderr]    Compiling net2 v0.2.35
[INFO] [stderr]    Compiling iovec v0.1.4
[INFO] [stderr]    Compiling num_cpus v1.13.0
[INFO] [stderr]    Compiling polling v2.0.2
[INFO] [stderr]    Compiling nb-connect v1.0.2
[INFO] [stderr]    Compiling mio v0.6.22
[INFO] [stderr]    Compiling serde v1.0.117
[INFO] [stderr]    Compiling ryu v1.0.5
[INFO] [stderr]    Compiling rand_core v0.5.1
[INFO] [stderr]    Compiling unicase v2.6.0
[INFO] [stderr]    Compiling async-executor v1.4.0
[INFO] [stderr]    Compiling async-io v1.2.0
[INFO] [stderr]    Compiling async-channel v1.5.1
[INFO] [stderr]    Compiling kv-log-macro v1.0.7
[INFO] [stderr]    Compiling crossbeam-utils v0.7.2
[INFO] [stderr]    Compiling hashbrown v0.7.2
[INFO] [stderr]    Compiling memoffset v0.5.6
[INFO] [stderr]    Compiling atomic-waker v1.0.0
[INFO] [stderr]    Compiling serde_json v1.0.59
[INFO] [stderr]    Compiling syn v0.15.44
[INFO] [stderr]    Compiling maybe-uninit v2.0.0
[INFO] [stderr]    Compiling smallvec v1.5.0
[INFO] [stderr]    Compiling try-lock v0.2.3
[INFO] [stderr]    Compiling ppv-lite86 v0.2.10
[INFO] [stderr]    Compiling bitflags v1.2.1
[INFO] [stderr]    Compiling parking_lot_core v0.7.2
[INFO] [stderr]    Compiling want v0.3.0
[INFO] [stderr]    Compiling async-global-executor v1.4.3
[INFO] [stderr]    Compiling rand_chacha v0.2.2
[INFO] [stderr]    Compiling quote v0.6.13
[INFO] [stderr]    Compiling blocking v1.0.2
[INFO] [stderr]    Compiling socket2 v0.3.17
[INFO] [stderr]    Compiling async-mutex v1.4.0
[INFO] [stderr]    Compiling bstr v0.2.14
[INFO] [stderr]    Compiling regex v1.4.2
[INFO] [stderr]    Compiling lock_api v0.3.4
[INFO] [stderr]    Compiling crossbeam-epoch v0.8.2
[INFO] [stderr]    Compiling tower-service v0.3.0
[INFO] [stderr]    Compiling ahash v0.3.8
[INFO] [stderr]    Compiling unicode-width v0.1.8
[INFO] [stderr]    Compiling unicode-segmentation v1.7.0
[INFO] [stderr]    Compiling http-body v0.3.1
[INFO] [stderr]    Compiling httpdate v0.3.2
[INFO] [stderr]    Compiling textwrap v0.11.0
[INFO] [stderr]    Compiling parking_lot v0.10.2
[INFO] [stderr]    Compiling async-std v1.7.0
[INFO] [stderr]    Compiling rand v0.7.3
[INFO] [stderr]    Compiling heck v0.3.1
[INFO] [stderr]    Compiling atty v0.2.14
[INFO] [stderr]    Compiling ansi_term v0.11.0
[INFO] [stderr]    Compiling vec_map v0.8.2
[INFO] [stderr]    Compiling futures-timer v3.0.2
[INFO] [stderr]    Compiling futures-core-preview v0.3.0-alpha.19
[INFO] [stderr]    Compiling strsim v0.8.0
[INFO] [stderr]    Compiling bs58 v0.3.1
[INFO] [stderr]    Compiling crossbeam-utils v0.6.6
[INFO] [stderr]    Compiling mio-uds v0.6.8
[INFO] [stderr]    Compiling futures-timer v1.0.3
[INFO] [stderr]    Compiling async-macros v1.0.0
[INFO] [stderr]    Compiling async-task v1.3.1
[INFO] [stderr]    Compiling clap v2.33.3
[INFO] [stderr]    Compiling Inflector v0.11.4
[INFO] [stderr]    Compiling globset v0.4.6
[INFO] [stderr]    Compiling crossbeam-deque v0.7.3
[INFO] [stderr]    Compiling crossbeam-channel v0.3.9
[INFO] [stderr]    Compiling async-std v0.99.12
[INFO] [stderr]    Compiling structopt-derive v0.2.18
[INFO] [stderr]    Compiling structopt v0.2.18
[INFO] [stderr]    Compiling pin-project-internal v1.0.2
[INFO] [stderr]    Compiling futures-macro v0.3.8
[INFO] [stderr]    Compiling tokio-macros v0.2.6
[INFO] [stderr]    Compiling thiserror-impl v1.0.22
[INFO] [stderr]    Compiling jsonrpsee-proc-macros v1.0.0 (https://github.com/paritytech/jsonrpsee#040c4b28)
[INFO] [stderr]    Compiling tokio v0.2.23
[INFO] [stderr]    Compiling thiserror v1.0.22
[INFO] [stderr]    Compiling pin-project v1.0.2
[INFO] [stderr]    Compiling futures-util v0.3.8
[INFO] [stderr]    Compiling pin-project v0.4.27
[INFO] [stderr]    Compiling tracing-futures v0.2.4
[INFO] [stderr]    Compiling tokio-util v0.3.1
[INFO] [stderr]    Compiling futures-executor v0.3.8
[INFO] [stderr]    Compiling h2 v0.2.7
[INFO] [stderr]    Compiling futures v0.3.8
[INFO] [stderr]    Compiling hyper v0.13.9
[INFO] [stderr]    Compiling jsonrpsee v1.0.0 (https://github.com/paritytech/jsonrpsee#040c4b28)
[INFO] [stderr]    Compiling rpc-lib v0.1.0 (/opt/rustwide/workdir/rpc_lib)
[INFO] [stderr]    Compiling client v0.1.0 (/opt/rustwide/workdir/client)
[INFO] [stderr]    Compiling server v0.1.0 (/opt/rustwide/workdir/server)
[INFO] [stderr]     Finished dev [unoptimized + debuginfo] target(s) in 27.37s
[INFO] running `Command { std: "docker" "inspect" "3a212393a34a98534d7e1073606fc8cc5f65622dbadfe6c22d01f885b2437cce", kill_on_drop: false }`
[INFO] running `Command { std: "docker" "rm" "-f" "3a212393a34a98534d7e1073606fc8cc5f65622dbadfe6c22d01f885b2437cce", kill_on_drop: false }`
[INFO] [stdout] 3a212393a34a98534d7e1073606fc8cc5f65622dbadfe6c22d01f885b2437cce
[INFO] running `Command { std: "docker" "create" "-v" "/var/lib/crater-agent-workspace/builds/worker-2-tc2/target:/opt/rustwide/target:rw,Z" "-v" "/var/lib/crater-agent-workspace/builds/worker-2-tc2/source:/opt/rustwide/workdir:ro,Z" "-v" "/var/lib/crater-agent-workspace/cargo-home:/opt/rustwide/cargo-home:ro,Z" "-v" "/var/lib/crater-agent-workspace/rustup-home:/opt/rustwide/rustup-home:ro,Z" "-e" "SOURCE_DIR=/opt/rustwide/workdir" "-e" "CARGO_TARGET_DIR=/opt/rustwide/target" "-e" "CARGO_INCREMENTAL=0" "-e" "RUST_BACKTRACE=full" "-e" "RUSTFLAGS=--cap-lints=warn" "-e" "RUSTDOCFLAGS=--cap-lints=warn" "-e" "CARGO_HOME=/opt/rustwide/cargo-home" "-e" "RUSTUP_HOME=/opt/rustwide/rustup-home" "-w" "/opt/rustwide/workdir" "-m" "1610612736" "--user" "0:0" "--network" "none" "ghcr.io/rust-lang/crates-build-env/linux@sha256:2788e3201cd34a07e3172128adcd8b3090168a8e3bcc40d7c032b9dda1df7d1c" "/opt/rustwide/cargo-home/bin/cargo" "+beta-2023-12-22" "test" "--frozen" "--no-run" "--message-format=json", kill_on_drop: false }`
[INFO] [stdout] 3646fe53aea23da9925da114e5706d30d8bcb2d48ad821e71ce243dcb96cf32d
[INFO] running `Command { std: "docker" "start" "-a" "3646fe53aea23da9925da114e5706d30d8bcb2d48ad821e71ce243dcb96cf32d", kill_on_drop: false }`
[INFO] [stderr]    Compiling rpc-lib v0.1.0 (/opt/rustwide/workdir/rpc_lib)
[INFO] [stderr]    Compiling server v0.1.0 (/opt/rustwide/workdir/server)
[INFO] [stderr]    Compiling client v0.1.0 (/opt/rustwide/workdir/client)
[INFO] [stderr]     Finished test [unoptimized + debuginfo] target(s) in 0.37s
[INFO] running `Command { std: "docker" "inspect" "3646fe53aea23da9925da114e5706d30d8bcb2d48ad821e71ce243dcb96cf32d", kill_on_drop: false }`
[INFO] running `Command { std: "docker" "rm" "-f" "3646fe53aea23da9925da114e5706d30d8bcb2d48ad821e71ce243dcb96cf32d", kill_on_drop: false }`
[INFO] [stdout] 3646fe53aea23da9925da114e5706d30d8bcb2d48ad821e71ce243dcb96cf32d
[INFO] running `Command { std: "docker" "create" "-v" "/var/lib/crater-agent-workspace/builds/worker-2-tc2/target:/opt/rustwide/target:rw,Z" "-v" "/var/lib/crater-agent-workspace/builds/worker-2-tc2/source:/opt/rustwide/workdir:ro,Z" "-v" "/var/lib/crater-agent-workspace/cargo-home:/opt/rustwide/cargo-home:ro,Z" "-v" "/var/lib/crater-agent-workspace/rustup-home:/opt/rustwide/rustup-home:ro,Z" "-e" "SOURCE_DIR=/opt/rustwide/workdir" "-e" "CARGO_TARGET_DIR=/opt/rustwide/target" "-e" "CARGO_INCREMENTAL=0" "-e" "RUST_BACKTRACE=full" "-e" "RUSTFLAGS=--cap-lints=warn" "-e" "RUSTDOCFLAGS=--cap-lints=warn" "-e" "CARGO_HOME=/opt/rustwide/cargo-home" "-e" "RUSTUP_HOME=/opt/rustwide/rustup-home" "-w" "/opt/rustwide/workdir" "-m" "1610612736" "--user" "0:0" "--network" "none" "ghcr.io/rust-lang/crates-build-env/linux@sha256:2788e3201cd34a07e3172128adcd8b3090168a8e3bcc40d7c032b9dda1df7d1c" "/opt/rustwide/cargo-home/bin/cargo" "+beta-2023-12-22" "test" "--frozen", kill_on_drop: false }`
[INFO] [stdout] be2ec4634f753b3303ad4138aa076629865c2c411533689278a21c9272178f41
[INFO] running `Command { std: "docker" "start" "-a" "be2ec4634f753b3303ad4138aa076629865c2c411533689278a21c9272178f41", kill_on_drop: false }`
[INFO] [stderr]     Finished test [unoptimized + debuginfo] target(s) in 0.08s
[INFO] [stderr]      Running unittests src/main.rs (/opt/rustwide/target/debug/deps/client-a7a1c3d7130df9fc)
[INFO] [stdout] 
[INFO] [stdout] running 0 tests
[INFO] [stdout] 
[INFO] [stdout] test result: ok. 0 passed; 0 failed; 0 ignored; 0 measured; 0 filtered out; finished in 0.00s
[INFO] [stdout] 
[INFO] [stderr]      Running unittests src/lib.rs (/opt/rustwide/target/debug/deps/rpc_lib-93c8a9211368e5ba)
[INFO] [stdout] 
[INFO] [stdout] running 0 tests
[INFO] [stdout] 
[INFO] [stdout] test result: ok. 0 passed; 0 failed; 0 ignored; 0 measured; 0 filtered out; finished in 0.00s
[INFO] [stdout] 
[INFO] [stderr]      Running unittests src/main.rs (/opt/rustwide/target/debug/deps/server-668f2fc7414022a4)
[INFO] [stdout] 
[INFO] [stdout] running 0 tests
[INFO] [stdout] 
[INFO] [stdout] test result: ok. 0 passed; 0 failed; 0 ignored; 0 measured; 0 filtered out; finished in 0.00s
[INFO] [stdout] 
[INFO] [stderr]    Doc-tests rpc_lib
[INFO] [stdout] 
[INFO] [stdout] running 0 tests
[INFO] [stdout] 
[INFO] [stdout] test result: ok. 0 passed; 0 failed; 0 ignored; 0 measured; 0 filtered out; finished in 0.00s
[INFO] [stdout] 
[INFO] running `Command { std: "docker" "inspect" "be2ec4634f753b3303ad4138aa076629865c2c411533689278a21c9272178f41", kill_on_drop: false }`
[INFO] running `Command { std: "docker" "rm" "-f" "be2ec4634f753b3303ad4138aa076629865c2c411533689278a21c9272178f41", kill_on_drop: false }`
[INFO] [stdout] be2ec4634f753b3303ad4138aa076629865c2c411533689278a21c9272178f41
