[INFO] cloning repository https://github.com/tbvanderwoude/advent-of-code-2019
[INFO] running `Command { std: "git" "-c" "credential.helper=" "-c" "credential.helper=/workspace/cargo-home/bin/git-credential-null" "clone" "--bare" "https://github.com/tbvanderwoude/advent-of-code-2019" "/workspace/cache/git-repos/https%3A%2F%2Fgithub.com%2Ftbvanderwoude%2Fadvent-of-code-2019", kill_on_drop: false }`
[INFO] [stderr] Cloning into bare repository '/workspace/cache/git-repos/https%3A%2F%2Fgithub.com%2Ftbvanderwoude%2Fadvent-of-code-2019'...
[INFO] running `Command { std: "git" "rev-parse" "HEAD", kill_on_drop: false }`
[INFO] [stdout] fbad774db93dd5634d802a5f52f0447765590664
[INFO] testing tbvanderwoude/advent-of-code-2019 against 1.75.0 for beta-1.76-1
[INFO] running `Command { std: "git" "clone" "/workspace/cache/git-repos/https%3A%2F%2Fgithub.com%2Ftbvanderwoude%2Fadvent-of-code-2019" "/workspace/builds/worker-1-tc1/source", kill_on_drop: false }`
[INFO] [stderr] Cloning into '/workspace/builds/worker-1-tc1/source'...
[INFO] [stderr] done.
[INFO] validating manifest of git repo https://github.com/tbvanderwoude/advent-of-code-2019 on toolchain 1.75.0
[INFO] running `Command { std: CARGO_HOME="/workspace/cargo-home" RUSTUP_HOME="/workspace/rustup-home" "/workspace/cargo-home/bin/cargo" "+1.75.0" "metadata" "--manifest-path" "Cargo.toml" "--no-deps", kill_on_drop: false }`
[INFO] started tweaking git repo https://github.com/tbvanderwoude/advent-of-code-2019
[INFO] finished tweaking git repo https://github.com/tbvanderwoude/advent-of-code-2019
[INFO] tweaked toml for git repo https://github.com/tbvanderwoude/advent-of-code-2019 written to /workspace/builds/worker-1-tc1/source/Cargo.toml
[INFO] crate git repo https://github.com/tbvanderwoude/advent-of-code-2019 already has a lockfile, it will not be regenerated
[INFO] running `Command { std: CARGO_HOME="/workspace/cargo-home" RUSTUP_HOME="/workspace/rustup-home" "/workspace/cargo-home/bin/cargo" "+1.75.0" "fetch" "--manifest-path" "Cargo.toml", kill_on_drop: false }`
[INFO] [stderr]     Blocking waiting for file lock on package cache
[ERROR] error running command: no output for 300 seconds
[ERROR] this task or one of its parent failed!
[ERROR] no output for 300 seconds
[ERROR] note: run with `RUST_BACKTRACE=1` to display a backtrace.
[INFO] testing tbvanderwoude/advent-of-code-2019 against beta-2023-12-22 for beta-1.76-1
[INFO] running `Command { std: "git" "clone" "/workspace/cache/git-repos/https%3A%2F%2Fgithub.com%2Ftbvanderwoude%2Fadvent-of-code-2019" "/workspace/builds/worker-1-tc2/source", kill_on_drop: false }`
[INFO] [stderr] Cloning into '/workspace/builds/worker-1-tc2/source'...
[INFO] [stderr] done.
[INFO] validating manifest of git repo https://github.com/tbvanderwoude/advent-of-code-2019 on toolchain beta-2023-12-22
[INFO] running `Command { std: CARGO_HOME="/workspace/cargo-home" RUSTUP_HOME="/workspace/rustup-home" "/workspace/cargo-home/bin/cargo" "+beta-2023-12-22" "metadata" "--manifest-path" "Cargo.toml" "--no-deps", kill_on_drop: false }`
[INFO] started tweaking git repo https://github.com/tbvanderwoude/advent-of-code-2019
[INFO] finished tweaking git repo https://github.com/tbvanderwoude/advent-of-code-2019
[INFO] tweaked toml for git repo https://github.com/tbvanderwoude/advent-of-code-2019 written to /workspace/builds/worker-1-tc2/source/Cargo.toml
[INFO] crate git repo https://github.com/tbvanderwoude/advent-of-code-2019 already has a lockfile, it will not be regenerated
[INFO] running `Command { std: CARGO_HOME="/workspace/cargo-home" RUSTUP_HOME="/workspace/rustup-home" "/workspace/cargo-home/bin/cargo" "+beta-2023-12-22" "fetch" "--manifest-path" "Cargo.toml", kill_on_drop: false }`
[INFO] [stderr]     Blocking waiting for file lock on package cache
[INFO] [stderr]     Updating crates.io index
[INFO] [stderr]     Blocking waiting for file lock on package cache
[ERROR] error running command: no output for 300 seconds
[INFO] testing tbvanderwoude/advent-of-code-2019 against beta-2023-12-22 for beta-1.76-1
[INFO] running `Command { std: "git" "clone" "/workspace/cache/git-repos/https%3A%2F%2Fgithub.com%2Ftbvanderwoude%2Fadvent-of-code-2019" "/workspace/builds/worker-1-tc2/source", kill_on_drop: false }`
[INFO] [stderr] Cloning into '/workspace/builds/worker-1-tc2/source'...
[INFO] [stderr] done.
[INFO] validating manifest of git repo https://github.com/tbvanderwoude/advent-of-code-2019 on toolchain beta-2023-12-22
[INFO] running `Command { std: CARGO_HOME="/workspace/cargo-home" RUSTUP_HOME="/workspace/rustup-home" "/workspace/cargo-home/bin/cargo" "+beta-2023-12-22" "metadata" "--manifest-path" "Cargo.toml" "--no-deps", kill_on_drop: false }`
[INFO] started tweaking git repo https://github.com/tbvanderwoude/advent-of-code-2019
[INFO] finished tweaking git repo https://github.com/tbvanderwoude/advent-of-code-2019
[INFO] tweaked toml for git repo https://github.com/tbvanderwoude/advent-of-code-2019 written to /workspace/builds/worker-1-tc2/source/Cargo.toml
[INFO] crate git repo https://github.com/tbvanderwoude/advent-of-code-2019 already has a lockfile, it will not be regenerated
[INFO] running `Command { std: CARGO_HOME="/workspace/cargo-home" RUSTUP_HOME="/workspace/rustup-home" "/workspace/cargo-home/bin/cargo" "+beta-2023-12-22" "fetch" "--manifest-path" "Cargo.toml", kill_on_drop: false }`
[INFO] [stderr]     Blocking waiting for file lock on package cache
[INFO] [stderr]     Blocking waiting for file lock on package cache
[INFO] [stderr]  Downloading crates ...
[INFO] [stderr]   Downloaded cached v0.11.0
[INFO] [stderr]   Downloaded bimap v0.4.0
[INFO] [stderr]   Downloaded mod_exp v1.0.1
[INFO] running `Command { std: "docker" "create" "-v" "/var/lib/crater-agent-workspace/builds/worker-1-tc2/target:/opt/rustwide/target:rw,Z" "-v" "/var/lib/crater-agent-workspace/builds/worker-1-tc2/source:/opt/rustwide/workdir:ro,Z" "-v" "/var/lib/crater-agent-workspace/cargo-home:/opt/rustwide/cargo-home:ro,Z" "-v" "/var/lib/crater-agent-workspace/rustup-home:/opt/rustwide/rustup-home:ro,Z" "-e" "SOURCE_DIR=/opt/rustwide/workdir" "-e" "CARGO_TARGET_DIR=/opt/rustwide/target" "-e" "CARGO_HOME=/opt/rustwide/cargo-home" "-e" "RUSTUP_HOME=/opt/rustwide/rustup-home" "-w" "/opt/rustwide/workdir" "-m" "1610612736" "--user" "0:0" "--network" "none" "ghcr.io/rust-lang/crates-build-env/linux@sha256:2788e3201cd34a07e3172128adcd8b3090168a8e3bcc40d7c032b9dda1df7d1c" "/opt/rustwide/cargo-home/bin/cargo" "+beta-2023-12-22" "metadata" "--no-deps" "--format-version=1", kill_on_drop: false }`
[INFO] [stdout] dfb5eda84033d92a3109d48f3e642e4d9e307ee12a3245e781e4925d5fd4c1f0
[INFO] running `Command { std: "docker" "start" "-a" "dfb5eda84033d92a3109d48f3e642e4d9e307ee12a3245e781e4925d5fd4c1f0", kill_on_drop: false }`
[INFO] running `Command { std: "docker" "inspect" "dfb5eda84033d92a3109d48f3e642e4d9e307ee12a3245e781e4925d5fd4c1f0", kill_on_drop: false }`
[INFO] running `Command { std: "docker" "rm" "-f" "dfb5eda84033d92a3109d48f3e642e4d9e307ee12a3245e781e4925d5fd4c1f0", kill_on_drop: false }`
[INFO] [stdout] dfb5eda84033d92a3109d48f3e642e4d9e307ee12a3245e781e4925d5fd4c1f0
[INFO] running `Command { std: "docker" "create" "-v" "/var/lib/crater-agent-workspace/builds/worker-1-tc2/target:/opt/rustwide/target:rw,Z" "-v" "/var/lib/crater-agent-workspace/builds/worker-1-tc2/source:/opt/rustwide/workdir:ro,Z" "-v" "/var/lib/crater-agent-workspace/cargo-home:/opt/rustwide/cargo-home:ro,Z" "-v" "/var/lib/crater-agent-workspace/rustup-home:/opt/rustwide/rustup-home:ro,Z" "-e" "SOURCE_DIR=/opt/rustwide/workdir" "-e" "CARGO_TARGET_DIR=/opt/rustwide/target" "-e" "CARGO_INCREMENTAL=0" "-e" "RUST_BACKTRACE=full" "-e" "RUSTFLAGS=--cap-lints=warn" "-e" "RUSTDOCFLAGS=--cap-lints=warn" "-e" "CARGO_HOME=/opt/rustwide/cargo-home" "-e" "RUSTUP_HOME=/opt/rustwide/rustup-home" "-w" "/opt/rustwide/workdir" "-m" "1610612736" "--user" "0:0" "--network" "none" "ghcr.io/rust-lang/crates-build-env/linux@sha256:2788e3201cd34a07e3172128adcd8b3090168a8e3bcc40d7c032b9dda1df7d1c" "/opt/rustwide/cargo-home/bin/cargo" "+beta-2023-12-22" "build" "--frozen" "--message-format=json", kill_on_drop: false }`
[INFO] [stdout] 4e0aa60ef94f38baf4a44720aba2891171cb1f2367308f44d4360bc55be4c47c
[INFO] running `Command { std: "docker" "start" "-a" "4e0aa60ef94f38baf4a44720aba2891171cb1f2367308f44d4360bc55be4c47c", kill_on_drop: false }`
[INFO] [stderr]    Compiling autocfg v0.1.7
[INFO] [stderr]    Compiling libc v0.2.66
[INFO] [stderr]    Compiling proc-macro2 v1.0.6
[INFO] [stderr]    Compiling unicode-xid v0.2.0
[INFO] [stderr]    Compiling memchr v2.2.1
[INFO] [stderr]    Compiling syn v1.0.11
[INFO] [stderr]    Compiling getrandom v0.1.13
[INFO] [stderr]    Compiling cfg-if v0.1.10
[INFO] [stderr]    Compiling lazy_static v1.4.0
[INFO] [stderr]    Compiling unicode-width v0.1.7
[INFO] [stderr]    Compiling bitflags v1.2.1
[INFO] [stderr]    Compiling unicode-segmentation v1.6.0
[INFO] [stderr]    Compiling ppv-lite86 v0.2.6
[INFO] [stderr]    Compiling strsim v0.8.0
[INFO] [stderr]    Compiling vec_map v0.8.1
[INFO] [stderr]    Compiling regex-syntax v0.6.12
[INFO] [stderr]    Compiling ansi_term v0.11.0
[INFO] [stderr]    Compiling fixedbitset v0.1.9
[INFO] [stderr]    Compiling textwrap v0.11.0
[INFO] [stderr]    Compiling thread_local v0.3.6
[INFO] [stderr]    Compiling either v1.6.1
[INFO] [stderr]    Compiling heck v0.3.1
[INFO] [stderr]    Compiling ordermap v0.3.5
[INFO] [stderr]    Compiling num-traits v0.2.10
[INFO] [stderr]    Compiling num-integer v0.1.41
[INFO] [stderr]    Compiling num-rational v0.2.2
[INFO] [stderr]    Compiling num-iter v0.1.39
[INFO] [stderr]    Compiling num-complex v0.2.3
[INFO] [stderr]    Compiling once_cell v1.2.0
[INFO] [stderr]    Compiling itertools v0.9.0
[INFO] [stderr]    Compiling petgraph v0.4.13
[INFO] [stderr]    Compiling c2-chacha v0.2.3
[INFO] [stderr]    Compiling bimap v0.4.0
[INFO] [stderr]    Compiling permutohedron v0.2.4
[INFO] [stderr]    Compiling cached v0.11.0
[INFO] [stderr]    Compiling queues v1.1.0
[INFO] [stderr]    Compiling quote v1.0.2
[INFO] [stderr]    Compiling aho-corasick v0.7.6
[INFO] [stderr]    Compiling atty v0.2.13
[INFO] [stderr]    Compiling termios v0.3.1
[INFO] [stderr]    Compiling clicolors-control v1.0.1
[INFO] [stderr]    Compiling clap v2.33.0
[INFO] [stderr]    Compiling rand_core v0.5.1
[INFO] [stderr]    Compiling rand_chacha v0.2.1
[INFO] [stderr]    Compiling rand v0.7.2
[INFO] [stderr]    Compiling modinverse v0.1.1
[INFO] [stderr]    Compiling num v0.2.0
[INFO] [stderr]    Compiling mod_exp v1.0.1
[INFO] [stderr]    Compiling regex v1.3.1
[INFO] [stderr]    Compiling proc-macro-error v0.2.6
[INFO] [stderr]    Compiling console v0.9.1
[INFO] [stderr]    Compiling structopt-derive v0.3.5
[INFO] [stderr]    Compiling structopt v0.3.5
[INFO] [stderr]    Compiling aoc v0.1.0 (/opt/rustwide/workdir)
[INFO] [stdout] warning: unused `Result` that must be used
[INFO] [stdout]   --> src/computer.rs:25:13
[INFO] [stdout]    |
[INFO] [stdout] 25 |             self.out_channel.send(c as i64);
[INFO] [stdout]    |             ^^^^^^^^^^^^^^^^^^^^^^^^^^^^^^^
[INFO] [stdout]    |
[INFO] [stdout]    = note: this `Result` may be an `Err` variant, which should be handled
[INFO] [stdout]    = note: `#[warn(unused_must_use)]` on by default
[INFO] [stdout] help: use `let _ = ...` to ignore the resulting value
[INFO] [stdout]    |
[INFO] [stdout] 25 |             let _ = self.out_channel.send(c as i64);
[INFO] [stdout]    |             +++++++
[INFO] [stdout] 
[INFO] [stdout] 
[INFO] [stdout] warning: unused `Result` that must be used
[INFO] [stdout]    --> src/computer.rs:108:9
[INFO] [stdout]     |
[INFO] [stdout] 108 |         self.sender.send(x);
[INFO] [stdout]     |         ^^^^^^^^^^^^^^^^^^^
[INFO] [stdout]     |
[INFO] [stdout]     = note: this `Result` may be an `Err` variant, which should be handled
[INFO] [stdout] help: use `let _ = ...` to ignore the resulting value
[INFO] [stdout]     |
[INFO] [stdout] 108 |         let _ = self.sender.send(x);
[INFO] [stdout]     |         +++++++
[INFO] [stdout] 
[INFO] [stdout] 
[INFO] [stdout] warning: unused borrow that must be used
[INFO] [stdout]    --> src/intcode.rs:121:21
[INFO] [stdout]     |
[INFO] [stdout] 121 |                     &robot.output(arg1);
[INFO] [stdout]     |                     ^^^^^^^^^^^^^^^^^^^ the borrow produces a value
[INFO] [stdout]     |
[INFO] [stdout] help: use `let _ = ...` to ignore the resulting value
[INFO] [stdout]     |
[INFO] [stdout] 121 |                     let _ = &robot.output(arg1);
[INFO] [stdout]     |                     +++++++
[INFO] [stdout] 
[INFO] [stdout] 
[INFO] [stdout] warning: 3 warnings emitted
[INFO] [stdout] 
[INFO] [stdout] 
[INFO] [stdout] warning: field `text_inter` is never read
[INFO] [stdout]   --> src/bin/day21.rs:15:5
[INFO] [stdout]    |
[INFO] [stdout] 14 | pub struct SpringDroid {
[INFO] [stdout]    |            ----------- field in this struct
[INFO] [stdout] 15 |     text_inter: TextInterface,
[INFO] [stdout]    |     ^^^^^^^^^^
[INFO] [stdout]    |
[INFO] [stdout]    = note: `#[warn(dead_code)]` on by default
[INFO] [stdout] 
[INFO] [stdout] 
[INFO] [stdout] warning: method `execute_program` is never used
[INFO] [stdout]   --> src/bin/day21.rs:19:8
[INFO] [stdout]    |
[INFO] [stdout] 18 | impl SpringDroid {
[INFO] [stdout]    | ---------------- method in this implementation
[INFO] [stdout] 19 |     fn execute_program(&mut self, program: &str) -> i64 {
[INFO] [stdout]    |        ^^^^^^^^^^^^^^^
[INFO] [stdout] 
[INFO] [stdout] 
[INFO] [stdout] warning: unused imports: `env`, `thread`
[INFO] [stdout]  --> src/bin/day08.rs:3:11
[INFO] [stdout]   |
[INFO] [stdout] 3 | use std::{env, io, thread};
[INFO] [stdout]   |           ^^^      ^^^^^^
[INFO] [stdout]   |
[INFO] [stdout]   = note: `#[warn(unused_imports)]` on by default
[INFO] [stdout] 
[INFO] [stdout] 
[INFO] [stdout] warning: value assigned to `s` is never read
[INFO] [stdout]   --> src/bin/day07.rs:25:17
[INFO] [stdout]    |
[INFO] [stdout] 25 |         let mut s = 0;
[INFO] [stdout]    |                 ^
[INFO] [stdout]    |
[INFO] [stdout]    = help: maybe it is overwritten before being read?
[INFO] [stdout]    = note: `#[warn(unused_assignments)]` on by default
[INFO] [stdout] 
[INFO] [stdout] 
[INFO] [stdout] warning: unused `Result` that must be used
[INFO] [stdout]   --> src/bin/day07.rs:28:9
[INFO] [stdout]    |
[INFO] [stdout] 28 |         sys_input.send(permutation[0] as i64);
[INFO] [stdout]    |         ^^^^^^^^^^^^^^^^^^^^^^^^^^^^^^^^^^^^^
[INFO] [stdout]    |
[INFO] [stdout]    = note: this `Result` may be an `Err` variant, which should be handled
[INFO] [stdout]    = note: `#[warn(unused_must_use)]` on by default
[INFO] [stdout] help: use `let _ = ...` to ignore the resulting value
[INFO] [stdout]    |
[INFO] [stdout] 28 |         let _ = sys_input.send(permutation[0] as i64);
[INFO] [stdout]    |         +++++++
[INFO] [stdout] 
[INFO] [stdout] 
[INFO] [stdout] warning: unused `Result` that must be used
[INFO] [stdout]   --> src/bin/day07.rs:36:17
[INFO] [stdout]    |
[INFO] [stdout] 36 |                 send.send(permutation[i + 1] as i64);
[INFO] [stdout]    |                 ^^^^^^^^^^^^^^^^^^^^^^^^^^^^^^^^^^^^
[INFO] [stdout]    |
[INFO] [stdout]    = note: this `Result` may be an `Err` variant, which should be handled
[INFO] [stdout] help: use `let _ = ...` to ignore the resulting value
[INFO] [stdout]    |
[INFO] [stdout] 36 |                 let _ = send.send(permutation[i + 1] as i64);
[INFO] [stdout]    |                 +++++++
[INFO] [stdout] 
[INFO] [stdout] 
[INFO] [stdout] warning: value assigned to `part2` is never read
[INFO] [stdout]   --> src/bin/day23.rs:16:13
[INFO] [stdout]    |
[INFO] [stdout] 16 |     let mut part2 = -1;
[INFO] [stdout]    |             ^^^^^
[INFO] [stdout]    |
[INFO] [stdout]    = help: maybe it is overwritten before being read?
[INFO] [stdout]    = note: `#[warn(unused_assignments)]` on by default
[INFO] [stdout] 
[INFO] [stdout] 
[INFO] [stdout] warning: variable `old_x` is assigned to, but never used
[INFO] [stdout]   --> src/bin/day23.rs:37:13
[INFO] [stdout]    |
[INFO] [stdout] 37 |     let mut old_x = 0;
[INFO] [stdout]    |             ^^^^^
[INFO] [stdout]    |
[INFO] [stdout]    = note: consider using `_old_x` instead
[INFO] [stdout]    = note: `#[warn(unused_variables)]` on by default
[INFO] [stdout] 
[INFO] [stdout] 
[INFO] [stdout] warning: value assigned to `old_x` is never read
[INFO] [stdout]   --> src/bin/day23.rs:69:17
[INFO] [stdout]    |
[INFO] [stdout] 69 |                 old_x = nat_x;
[INFO] [stdout]    |                 ^^^^^
[INFO] [stdout]    |
[INFO] [stdout]    = help: maybe it is overwritten before being read?
[INFO] [stdout] 
[INFO] [stdout] 
[INFO] [stdout] warning: unused `Result` that must be used
[INFO] [stdout]   --> src/bin/day07.rs:50:9
[INFO] [stdout]    |
[INFO] [stdout] 50 |         sys_input.send(0);
[INFO] [stdout]    |         ^^^^^^^^^^^^^^^^^
[INFO] [stdout]    |
[INFO] [stdout]    = note: this `Result` may be an `Err` variant, which should be handled
[INFO] [stdout] help: use `let _ = ...` to ignore the resulting value
[INFO] [stdout]    |
[INFO] [stdout] 50 |         let _ = sys_input.send(0);
[INFO] [stdout]    |         +++++++
[INFO] [stdout] 
[INFO] [stdout] 
[INFO] [stdout] warning: unused `Result` that must be used
[INFO] [stdout]   --> src/bin/day07.rs:55:21
[INFO] [stdout]    |
[INFO] [stdout] 55 |                     sys_input.send(s);
[INFO] [stdout]    |                     ^^^^^^^^^^^^^^^^^
[INFO] [stdout]    |
[INFO] [stdout]    = note: this `Result` may be an `Err` variant, which should be handled
[INFO] [stdout] help: use `let _ = ...` to ignore the resulting value
[INFO] [stdout]    |
[INFO] [stdout] 55 |                     let _ = sys_input.send(s);
[INFO] [stdout]    |                     +++++++
[INFO] [stdout] 
[INFO] [stdout] 
[INFO] [stdout] warning: unreachable statement
[INFO] [stdout]    --> src/bin/day19.rs:138:5
[INFO] [stdout]     |
[INFO] [stdout] 126 | /     loop {
[INFO] [stdout] 127 | |         loop {
[INFO] [stdout] 128 | |             if check(program.clone(), cursor_x, cursor_y) {
[INFO] [stdout] 129 | |                 break;
[INFO] [stdout] ...   |
[INFO] [stdout] 136 | |         cursor_y += 1;
[INFO] [stdout] 137 | |     }
[INFO] [stdout]     | |_____- any code following this expression is unreachable
[INFO] [stdout] 138 |       return -1;
[INFO] [stdout]     |       ^^^^^^^^^^ unreachable statement
[INFO] [stdout]     |
[INFO] [stdout]     = note: `#[warn(unreachable_code)]` on by default
[INFO] [stdout] 
[INFO] [stdout] 
[INFO] [stdout] warning: value assigned to `new_point` is never read
[INFO] [stdout]   --> src/bin/day03.rs:54:21
[INFO] [stdout]    |
[INFO] [stdout] 54 |             let mut new_point: Point = Point { x: 0, y: 0 };
[INFO] [stdout]    |                     ^^^^^^^^^
[INFO] [stdout]    |
[INFO] [stdout]    = help: maybe it is overwritten before being read?
[INFO] [stdout]    = note: `#[warn(unused_assignments)]` on by default
[INFO] [stdout] 
[INFO] [stdout] 
[INFO] [stdout] warning: unused `Result` that must be used
[INFO] [stdout]   --> src/bin/day23.rs:26:9
[INFO] [stdout]    |
[INFO] [stdout] 26 |         outputs[i].send(i as i64);
[INFO] [stdout]    |         ^^^^^^^^^^^^^^^^^^^^^^^^^
[INFO] [stdout]    |
[INFO] [stdout]    = note: this `Result` may be an `Err` variant, which should be handled
[INFO] [stdout]    = note: `#[warn(unused_must_use)]` on by default
[INFO] [stdout] help: use `let _ = ...` to ignore the resulting value
[INFO] [stdout]    |
[INFO] [stdout] 26 |         let _ = outputs[i].send(i as i64);
[INFO] [stdout]    |         +++++++
[INFO] [stdout] 
[INFO] [stdout] 
[INFO] [stdout] warning: unused `Result` that must be used
[INFO] [stdout]   --> src/bin/day23.rs:56:21
[INFO] [stdout]    |
[INFO] [stdout] 56 |                     outputs[address.unwrap() as usize].send(packet[0]);
[INFO] [stdout]    |                     ^^^^^^^^^^^^^^^^^^^^^^^^^^^^^^^^^^^^^^^^^^^^^^^^^^
[INFO] [stdout]    |
[INFO] [stdout]    = note: this `Result` may be an `Err` variant, which should be handled
[INFO] [stdout] help: use `let _ = ...` to ignore the resulting value
[INFO] [stdout]    |
[INFO] [stdout] 56 |                     let _ = outputs[address.unwrap() as usize].send(packet[0]);
[INFO] [stdout]    |                     +++++++
[INFO] [stdout] 
[INFO] [stdout] 
[INFO] [stdout] warning: unused `Result` that must be used
[INFO] [stdout]   --> src/bin/day23.rs:57:21
[INFO] [stdout]    |
[INFO] [stdout] 57 |                     outputs[address.unwrap() as usize].send(packet[1]);
[INFO] [stdout]    |                     ^^^^^^^^^^^^^^^^^^^^^^^^^^^^^^^^^^^^^^^^^^^^^^^^^^
[INFO] [stdout]    |
[INFO] [stdout]    = note: this `Result` may be an `Err` variant, which should be handled
[INFO] [stdout] help: use `let _ = ...` to ignore the resulting value
[INFO] [stdout]    |
[INFO] [stdout] 57 |                     let _ = outputs[address.unwrap() as usize].send(packet[1]);
[INFO] [stdout]    |                     +++++++
[INFO] [stdout] 
[INFO] [stdout] 
[INFO] [stdout] warning: variable `i` is assigned to, but never used
[INFO] [stdout]   --> src/bin/day15.rs:28:17
[INFO] [stdout]    |
[INFO] [stdout] 28 |         let mut i: i32 = 0;
[INFO] [stdout]    |                 ^
[INFO] [stdout]    |
[INFO] [stdout]    = note: consider using `_i` instead
[INFO] [stdout]    = note: `#[warn(unused_variables)]` on by default
[INFO] [stdout] 
[INFO] [stdout] 
[INFO] [stdout] warning: unused `Result` that must be used
[INFO] [stdout]   --> src/bin/day23.rs:67:17
[INFO] [stdout]    |
[INFO] [stdout] 67 |                 outputs[0].send(nat_x);
[INFO] [stdout]    |                 ^^^^^^^^^^^^^^^^^^^^^^
[INFO] [stdout]    |
[INFO] [stdout]    = note: this `Result` may be an `Err` variant, which should be handled
[INFO] [stdout] help: use `let _ = ...` to ignore the resulting value
[INFO] [stdout]    |
[INFO] [stdout] 67 |                 let _ = outputs[0].send(nat_x);
[INFO] [stdout]    |                 +++++++
[INFO] [stdout] 
[INFO] [stdout] 
[INFO] [stdout] warning: unused `Result` that must be used
[INFO] [stdout]   --> src/bin/day23.rs:68:17
[INFO] [stdout]    |
[INFO] [stdout] 68 |                 outputs[0].send(nat_y);
[INFO] [stdout]    |                 ^^^^^^^^^^^^^^^^^^^^^^
[INFO] [stdout]    |
[INFO] [stdout]    = note: this `Result` may be an `Err` variant, which should be handled
[INFO] [stdout] help: use `let _ = ...` to ignore the resulting value
[INFO] [stdout]    |
[INFO] [stdout] 68 |                 let _ = outputs[0].send(nat_y);
[INFO] [stdout]    |                 +++++++
[INFO] [stdout] 
[INFO] [stdout] 
[INFO] [stdout] warning: value assigned to `mov_instr` is never read
[INFO] [stdout]   --> src/bin/day15.rs:32:21
[INFO] [stdout]    |
[INFO] [stdout] 32 |             let mut mov_instr = 0;
[INFO] [stdout]    |                     ^^^^^^^^^
[INFO] [stdout]    |
[INFO] [stdout]    = help: maybe it is overwritten before being read?
[INFO] [stdout]    = note: `#[warn(unused_assignments)]` on by default
[INFO] [stdout] 
[INFO] [stdout] 
[INFO] [stdout] warning: field `start` is never read
[INFO] [stdout]   --> src/bin/day20.rs:13:5
[INFO] [stdout]    |
[INFO] [stdout] 9  | pub struct Maze {
[INFO] [stdout]    |            ---- field in this struct
[INFO] [stdout] ...
[INFO] [stdout] 13 |     start: (usize, usize),
[INFO] [stdout]    |     ^^^^^
[INFO] [stdout]    |
[INFO] [stdout]    = note: `Maze` has a derived impl for the trait `Clone`, but this is intentionally ignored during dead code analysis
[INFO] [stdout]    = note: `#[warn(dead_code)]` on by default
[INFO] [stdout] 
[INFO] [stdout] 
[INFO] [stdout] warning: variable `wireStr` should have a snake case name
[INFO] [stdout]   --> src/bin/day03.rs:48:9
[INFO] [stdout]    |
[INFO] [stdout] 48 |     for wireStr in wire_strs {
[INFO] [stdout]    |         ^^^^^^^ help: convert the identifier to snake case: `wire_str`
[INFO] [stdout]    |
[INFO] [stdout]    = note: `#[warn(non_snake_case)]` on by default
[INFO] [stdout] 
[INFO] [stdout] 
[INFO] [stdout] warning: method `show` is never used
[INFO] [stdout]   --> src/bin/day20.rs:34:8
[INFO] [stdout]    |
[INFO] [stdout] 17 | impl Maze {
[INFO] [stdout]    | --------- method in this implementation
[INFO] [stdout] ...
[INFO] [stdout] 34 |     fn show(&self) {
[INFO] [stdout]    |        ^^^^
[INFO] [stdout] 
[INFO] [stdout] 
[INFO] [stdout] warning: comparison is useless due to type limits
[INFO] [stdout]   --> src/bin/day20.rs:44:9
[INFO] [stdout]    |
[INFO] [stdout] 44 |         x >= 0 && x < self.width && y >= 0 && y < self.height && self.get(x, y) != '#'
[INFO] [stdout]    |         ^^^^^^
[INFO] [stdout]    |
[INFO] [stdout]    = note: `#[warn(unused_comparisons)]` on by default
[INFO] [stdout] 
[INFO] [stdout] 
[INFO] [stdout] warning: comparison is useless due to type limits
[INFO] [stdout]   --> src/bin/day20.rs:44:37
[INFO] [stdout]    |
[INFO] [stdout] 44 |         x >= 0 && x < self.width && y >= 0 && y < self.height && self.get(x, y) != '#'
[INFO] [stdout]    |                                     ^^^^^^
[INFO] [stdout] 
[INFO] [stdout] 
[INFO] [stdout] warning: unused `Result` that must be used
[INFO] [stdout]    --> src/bin/day20.rs:148:5
[INFO] [stdout]     |
[INFO] [stdout] 148 |     q.add((start.0, start.1, 0));
[INFO] [stdout]     |     ^^^^^^^^^^^^^^^^^^^^^^^^^^^^
[INFO] [stdout]     |
[INFO] [stdout]     = note: this `Result` may be an `Err` variant, which should be handled
[INFO] [stdout]     = note: `#[warn(unused_must_use)]` on by default
[INFO] [stdout] help: use `let _ = ...` to ignore the resulting value
[INFO] [stdout]     |
[INFO] [stdout] 148 |     let _ = q.add((start.0, start.1, 0));
[INFO] [stdout]     |     +++++++
[INFO] [stdout] 
[INFO] [stdout] 
[INFO] [stdout] warning: unused `Result` that must be used
[INFO] [stdout]    --> src/bin/day20.rs:156:21
[INFO] [stdout]     |
[INFO] [stdout] 156 |                     q.add((x, y, node.2));
[INFO] [stdout]     |                     ^^^^^^^^^^^^^^^^^^^^^
[INFO] [stdout]     |
[INFO] [stdout]     = note: this `Result` may be an `Err` variant, which should be handled
[INFO] [stdout] help: use `let _ = ...` to ignore the resulting value
[INFO] [stdout]     |
[INFO] [stdout] 156 |                     let _ = q.add((x, y, node.2));
[INFO] [stdout]     |                     +++++++
[INFO] [stdout] 
[INFO] [stdout] 
[INFO] [stdout] warning: unused `Result` that must be used
[INFO] [stdout]    --> src/bin/day20.rs:170:21
[INFO] [stdout]     |
[INFO] [stdout] 170 |                     q.add((px, py, node.2 + 1));
[INFO] [stdout]     |                     ^^^^^^^^^^^^^^^^^^^^^^^^^^^
[INFO] [stdout]     |
[INFO] [stdout]     = note: this `Result` may be an `Err` variant, which should be handled
[INFO] [stdout] help: use `let _ = ...` to ignore the resulting value
[INFO] [stdout]     |
[INFO] [stdout] 170 |                     let _ = q.add((px, py, node.2 + 1));
[INFO] [stdout]     |                     +++++++
[INFO] [stdout] 
[INFO] [stdout] 
[INFO] [stdout] warning: unused `Result` that must be used
[INFO] [stdout]    --> src/bin/day20.rs:176:21
[INFO] [stdout]     |
[INFO] [stdout] 176 |                     q.add((px, py, node.2 - 1));
[INFO] [stdout]     |                     ^^^^^^^^^^^^^^^^^^^^^^^^^^^
[INFO] [stdout]     |
[INFO] [stdout]     = note: this `Result` may be an `Err` variant, which should be handled
[INFO] [stdout] help: use `let _ = ...` to ignore the resulting value
[INFO] [stdout]     |
[INFO] [stdout] 176 |                     let _ = q.add((px, py, node.2 - 1));
[INFO] [stdout]     |                     +++++++
[INFO] [stdout] 
[INFO] [stdout] 
[INFO] [stdout] warning: variable `edgeStr` should have a snake case name
[INFO] [stdout]   --> src/bin/day03.rs:52:13
[INFO] [stdout]    |
[INFO] [stdout] 52 |         for edgeStr in edge_strs {
[INFO] [stdout]    |             ^^^^^^^ help: convert the identifier to snake case: `edge_str`
[INFO] [stdout] 
[INFO] [stdout] 
[INFO] [stdout] warning: function `point_norm` is never used
[INFO] [stdout]   --> src/bin/day10.rs:53:4
[INFO] [stdout]    |
[INFO] [stdout] 53 | fn point_norm(x: i32, y: i32) -> f32 {
[INFO] [stdout]    |    ^^^^^^^^^^
[INFO] [stdout]    |
[INFO] [stdout]    = note: `#[warn(dead_code)]` on by default
[INFO] [stdout] 
[INFO] [stdout] 
[INFO] [stdout] warning: field `term` is never read
[INFO] [stdout]   --> src/bin/day19.rs:18:5
[INFO] [stdout]    |
[INFO] [stdout] 15 | pub struct Tractor {
[INFO] [stdout]    |            ------- field in this struct
[INFO] [stdout] ...
[INFO] [stdout] 18 |     term: console::Term,
[INFO] [stdout]    |     ^^^^
[INFO] [stdout]    |
[INFO] [stdout]    = note: `#[warn(dead_code)]` on by default
[INFO] [stdout] 
[INFO] [stdout] 
[INFO] [stdout] warning: method `render` is never used
[INFO] [stdout]   --> src/bin/day19.rs:43:8
[INFO] [stdout]    |
[INFO] [stdout] 25 | impl Tractor {
[INFO] [stdout]    | ------------ method in this implementation
[INFO] [stdout] ...
[INFO] [stdout] 43 |     fn render(&mut self) {
[INFO] [stdout]    |        ^^^^^^
[INFO] [stdout] 
[INFO] [stdout] 
[INFO] [stdout] warning: function `vert_fits` is never used
[INFO] [stdout]   --> src/bin/day19.rs:97:4
[INFO] [stdout]    |
[INFO] [stdout] 97 | fn vert_fits(program: Vec<i64>, cursor_x: i64, cursor_y: i64) -> bool {
[INFO] [stdout]    |    ^^^^^^^^^
[INFO] [stdout] 
[INFO] [stdout] 
[INFO] [stdout] warning: unused `Result` that must be used
[INFO] [stdout]   --> src/bin/day15.rs:53:13
[INFO] [stdout]    |
[INFO] [stdout] 53 |             self.out_channel.send(mov_instr);
[INFO] [stdout]    |             ^^^^^^^^^^^^^^^^^^^^^^^^^^^^^^^^
[INFO] [stdout]    |
[INFO] [stdout]    = note: this `Result` may be an `Err` variant, which should be handled
[INFO] [stdout]    = note: `#[warn(unused_must_use)]` on by default
[INFO] [stdout] help: use `let _ = ...` to ignore the resulting value
[INFO] [stdout]    |
[INFO] [stdout] 53 |             let _ = self.out_channel.send(mov_instr);
[INFO] [stdout]    |             +++++++
[INFO] [stdout] 
[INFO] [stdout] 
[INFO] [stdout] warning: unused `Result` that must be used
[INFO] [stdout]    --> src/bin/day15.rs:116:9
[INFO] [stdout]     |
[INFO] [stdout] 116 |         self.term.clear_screen();
[INFO] [stdout]     |         ^^^^^^^^^^^^^^^^^^^^^^^^
[INFO] [stdout]     |
[INFO] [stdout]     = note: this `Result` may be an `Err` variant, which should be handled
[INFO] [stdout] help: use `let _ = ...` to ignore the resulting value
[INFO] [stdout]     |
[INFO] [stdout] 116 |         let _ = self.term.clear_screen();
[INFO] [stdout]     |         +++++++
[INFO] [stdout] 
[INFO] [stdout] 
[INFO] [stdout] warning: unused `Result` that must be used
[INFO] [stdout]   --> src/bin/day19.rs:27:9
[INFO] [stdout]    |
[INFO] [stdout] 27 |         self.out_channel.send(self.x);
[INFO] [stdout]    |         ^^^^^^^^^^^^^^^^^^^^^^^^^^^^^
[INFO] [stdout]    |
[INFO] [stdout]    = note: this `Result` may be an `Err` variant, which should be handled
[INFO] [stdout]    = note: `#[warn(unused_must_use)]` on by default
[INFO] [stdout] help: use `let _ = ...` to ignore the resulting value
[INFO] [stdout]    |
[INFO] [stdout] 27 |         let _ = self.out_channel.send(self.x);
[INFO] [stdout]    |         +++++++
[INFO] [stdout] 
[INFO] [stdout] 
[INFO] [stdout] warning: unused `Result` that must be used
[INFO] [stdout]   --> src/bin/day19.rs:28:9
[INFO] [stdout]    |
[INFO] [stdout] 28 |         self.out_channel.send(self.y);
[INFO] [stdout]    |         ^^^^^^^^^^^^^^^^^^^^^^^^^^^^^
[INFO] [stdout]    |
[INFO] [stdout]    = note: this `Result` may be an `Err` variant, which should be handled
[INFO] [stdout] help: use `let _ = ...` to ignore the resulting value
[INFO] [stdout]    |
[INFO] [stdout] 28 |         let _ = self.out_channel.send(self.y);
[INFO] [stdout]    |         +++++++
[INFO] [stdout] 
[INFO] [stdout] 
[INFO] [stdout] warning: unused `Result` that must be used
[INFO] [stdout]   --> src/bin/day19.rs:44:9
[INFO] [stdout]    |
[INFO] [stdout] 44 |         self.term.clear_screen();
[INFO] [stdout]    |         ^^^^^^^^^^^^^^^^^^^^^^^^
[INFO] [stdout]    |
[INFO] [stdout]    = note: this `Result` may be an `Err` variant, which should be handled
[INFO] [stdout] help: use `let _ = ...` to ignore the resulting value
[INFO] [stdout]    |
[INFO] [stdout] 44 |         let _ = self.term.clear_screen();
[INFO] [stdout]    |         +++++++
[INFO] [stdout] 
[INFO] [stdout] 
[INFO] [stdout] warning: field `start` is never read
[INFO] [stdout]   --> src/bin/day18.rs:11:5
[INFO] [stdout]    |
[INFO] [stdout] 7  | pub struct Maze {
[INFO] [stdout]    |            ---- field in this struct
[INFO] [stdout] ...
[INFO] [stdout] 11 |     start: (usize, usize),
[INFO] [stdout]    |     ^^^^^
[INFO] [stdout]    |
[INFO] [stdout]    = note: `Maze` has a derived impl for the trait `Clone`, but this is intentionally ignored during dead code analysis
[INFO] [stdout]    = note: `#[warn(dead_code)]` on by default
[INFO] [stdout] 
[INFO] [stdout] 
[INFO] [stdout] warning: methods `coords` and `show` are never used
[INFO] [stdout]   --> src/bin/day18.rs:17:8
[INFO] [stdout]    |
[INFO] [stdout] 16 | impl Maze {
[INFO] [stdout]    | --------- methods in this implementation
[INFO] [stdout] 17 |     fn coords(&mut self, id: usize) -> (usize, usize) {
[INFO] [stdout]    |        ^^^^^^
[INFO] [stdout] ...
[INFO] [stdout] 62 |     fn show(&self) {
[INFO] [stdout]    |        ^^^^
[INFO] [stdout] 
[INFO] [stdout] 
[INFO] [stdout] warning: comparison is useless due to type limits
[INFO] [stdout]   --> src/bin/day18.rs:70:9
[INFO] [stdout]    |
[INFO] [stdout] 70 |         x >= 0 && x < self.width && y >= 0 && y < self.height && self.get(x, y) != '#'
[INFO] [stdout]    |         ^^^^^^
[INFO] [stdout]    |
[INFO] [stdout]    = note: `#[warn(unused_comparisons)]` on by default
[INFO] [stdout] 
[INFO] [stdout] 
[INFO] [stdout] warning: comparison is useless due to type limits
[INFO] [stdout]   --> src/bin/day18.rs:70:37
[INFO] [stdout]    |
[INFO] [stdout] 70 |         x >= 0 && x < self.width && y >= 0 && y < self.height && self.get(x, y) != '#'
[INFO] [stdout]    |                                     ^^^^^^
[INFO] [stdout] 
[INFO] [stdout] 
[INFO] [stdout] warning: unused `Result` that must be used
[INFO] [stdout]    --> src/bin/day18.rs:151:5
[INFO] [stdout]     |
[INFO] [stdout] 151 |     q.add(start);
[INFO] [stdout]     |     ^^^^^^^^^^^^
[INFO] [stdout]     |
[INFO] [stdout]     = note: this `Result` may be an `Err` variant, which should be handled
[INFO] [stdout]     = note: `#[warn(unused_must_use)]` on by default
[INFO] [stdout] help: use `let _ = ...` to ignore the resulting value
[INFO] [stdout]     |
[INFO] [stdout] 151 |     let _ = q.add(start);
[INFO] [stdout]     |     +++++++
[INFO] [stdout] 
[INFO] [stdout] 
[INFO] [stdout] warning: unused `Result` that must be used
[INFO] [stdout]    --> src/bin/day18.rs:158:17
[INFO] [stdout]     |
[INFO] [stdout] 158 |                 q.add((x, y));
[INFO] [stdout]     |                 ^^^^^^^^^^^^^
[INFO] [stdout]     |
[INFO] [stdout]     = note: this `Result` may be an `Err` variant, which should be handled
[INFO] [stdout] help: use `let _ = ...` to ignore the resulting value
[INFO] [stdout]     |
[INFO] [stdout] 158 |                 let _ = q.add((x, y));
[INFO] [stdout]     |                 +++++++
[INFO] [stdout] 
[INFO] [stdout] 
[INFO] [stdout] warning: unused `Result` that must be used
[INFO] [stdout]    --> src/bin/day18.rs:177:5
[INFO] [stdout]     |
[INFO] [stdout] 177 |     q.add(start);
[INFO] [stdout]     |     ^^^^^^^^^^^^
[INFO] [stdout]     |
[INFO] [stdout]     = note: this `Result` may be an `Err` variant, which should be handled
[INFO] [stdout] help: use `let _ = ...` to ignore the resulting value
[INFO] [stdout]     |
[INFO] [stdout] 177 |     let _ = q.add(start);
[INFO] [stdout]     |     +++++++
[INFO] [stdout] 
[INFO] [stdout] 
[INFO] [stdout] warning: unused `Result` that must be used
[INFO] [stdout]    --> src/bin/day18.rs:188:21
[INFO] [stdout]     |
[INFO] [stdout] 188 |                     q.add((x, y));
[INFO] [stdout]     |                     ^^^^^^^^^^^^^
[INFO] [stdout]     |
[INFO] [stdout]     = note: this `Result` may be an `Err` variant, which should be handled
[INFO] [stdout] help: use `let _ = ...` to ignore the resulting value
[INFO] [stdout]     |
[INFO] [stdout] 188 |                     let _ = q.add((x, y));
[INFO] [stdout]     |                     +++++++
[INFO] [stdout] 
[INFO] [stdout] 
[INFO] [stdout] warning: unused `Result` that must be used
[INFO] [stdout]    --> src/bin/day18.rs:191:21
[INFO] [stdout]     |
[INFO] [stdout] 191 |                     q.add((x, y));
[INFO] [stdout]     |                     ^^^^^^^^^^^^^
[INFO] [stdout]     |
[INFO] [stdout]     = note: this `Result` may be an `Err` variant, which should be handled
[INFO] [stdout] help: use `let _ = ...` to ignore the resulting value
[INFO] [stdout]     |
[INFO] [stdout] 191 |                     let _ = q.add((x, y));
[INFO] [stdout]     |                     +++++++
[INFO] [stdout] 
[INFO] [stdout] 
[INFO] [stdout] warning: unused `Result` that must be used
[INFO] [stdout]    --> src/bin/day18.rs:201:5
[INFO] [stdout]     |
[INFO] [stdout] 201 |     q.add((ax, ay));
[INFO] [stdout]     |     ^^^^^^^^^^^^^^^
[INFO] [stdout]     |
[INFO] [stdout]     = note: this `Result` may be an `Err` variant, which should be handled
[INFO] [stdout] help: use `let _ = ...` to ignore the resulting value
[INFO] [stdout]     |
[INFO] [stdout] 201 |     let _ = q.add((ax, ay));
[INFO] [stdout]     |     +++++++
[INFO] [stdout] 
[INFO] [stdout] 
[INFO] [stdout] warning: unused `Result` that must be used
[INFO] [stdout]    --> src/bin/day18.rs:209:17
[INFO] [stdout]     |
[INFO] [stdout] 209 |                 q.add((x, y));
[INFO] [stdout]     |                 ^^^^^^^^^^^^^
[INFO] [stdout]     |
[INFO] [stdout]     = note: this `Result` may be an `Err` variant, which should be handled
[INFO] [stdout] help: use `let _ = ...` to ignore the resulting value
[INFO] [stdout]     |
[INFO] [stdout] 209 |                 let _ = q.add((x, y));
[INFO] [stdout]     |                 +++++++
[INFO] [stdout] 
[INFO] [stdout] 
[INFO] [stdout] warning: method `to_string` is never used
[INFO] [stdout]   --> src/bin/day12.rs:31:8
[INFO] [stdout]    |
[INFO] [stdout] 12 | impl Moon {
[INFO] [stdout]    | --------- method in this implementation
[INFO] [stdout] ...
[INFO] [stdout] 31 |     fn to_string(&self) -> String {
[INFO] [stdout]    |        ^^^^^^^^^
[INFO] [stdout]    |
[INFO] [stdout]    = note: `#[warn(dead_code)]` on by default
[INFO] [stdout] 
[INFO] [stdout] 
[INFO] [stdout] warning: 5 warnings emitted
[INFO] [stdout] 
[INFO] [stdout] 
[INFO] [stdout] warning: unnecessary parentheses around match arm expression
[INFO] [stdout]   --> src/bin/day22.rs:67:18
[INFO] [stdout]    |
[INFO] [stdout] 67 |             _ => (ops.push(Operation::Reverse)),
[INFO] [stdout]    |                  ^                            ^
[INFO] [stdout]    |
[INFO] [stdout]    = note: `#[warn(unused_parens)]` on by default
[INFO] [stdout] help: remove these parentheses
[INFO] [stdout]    |
[INFO] [stdout] 67 -             _ => (ops.push(Operation::Reverse)),
[INFO] [stdout] 67 +             _ => ops.push(Operation::Reverse),
[INFO] [stdout]    |
[INFO] [stdout] 
[INFO] [stdout] 
[INFO] [stdout] warning: method `to_string` is never used
[INFO] [stdout]   --> src/bin/day14.rs:15:8
[INFO] [stdout]    |
[INFO] [stdout] 14 | impl Ore {
[INFO] [stdout]    | -------- method in this implementation
[INFO] [stdout] 15 |     fn to_string(&self) -> String {
[INFO] [stdout]    |        ^^^^^^^^^
[INFO] [stdout]    |
[INFO] [stdout]    = note: `#[warn(dead_code)]` on by default
[INFO] [stdout] 
[INFO] [stdout] 
[INFO] [stdout] warning: 1 warning emitted
[INFO] [stdout] 
[INFO] [stdout] 
[INFO] [stdout] warning: 3 warnings emitted
[INFO] [stdout] 
[INFO] [stdout] 
[INFO] [stdout] warning: unused `Result` that must be used
[INFO] [stdout]   --> src/bin/day13.rs:28:9
[INFO] [stdout]    |
[INFO] [stdout] 28 |         self.term.clear_screen();
[INFO] [stdout]    |         ^^^^^^^^^^^^^^^^^^^^^^^^
[INFO] [stdout]    |
[INFO] [stdout]    = note: this `Result` may be an `Err` variant, which should be handled
[INFO] [stdout]    = note: `#[warn(unused_must_use)]` on by default
[INFO] [stdout] help: use `let _ = ...` to ignore the resulting value
[INFO] [stdout]    |
[INFO] [stdout] 28 |         let _ = self.term.clear_screen();
[INFO] [stdout]    |         +++++++
[INFO] [stdout] 
[INFO] [stdout] 
[INFO] [stdout] warning: value assigned to `new_world` is never read
[INFO] [stdout]   --> src/bin/day24.rs:39:17
[INFO] [stdout]    |
[INFO] [stdout] 39 |         let mut new_world: i32 = 0;
[INFO] [stdout]    |                 ^^^^^^^^^
[INFO] [stdout]    |
[INFO] [stdout]    = help: maybe it is overwritten before being read?
[INFO] [stdout]    = note: `#[warn(unused_assignments)]` on by default
[INFO] [stdout] 
[INFO] [stdout] 
[INFO] [stdout] warning: 2 warnings emitted
[INFO] [stdout] 
[INFO] [stdout] 
[INFO] [stdout] warning: fields `name`, `items`, and `directions` are never read
[INFO] [stdout]   --> src/bin/day25.rs:23:5
[INFO] [stdout]    |
[INFO] [stdout] 22 | pub struct RoomInfo {
[INFO] [stdout]    |            -------- fields in this struct
[INFO] [stdout] 23 |     name: String,
[INFO] [stdout]    |     ^^^^
[INFO] [stdout] 24 |     items: Vec<String>,
[INFO] [stdout]    |     ^^^^^
[INFO] [stdout] 25 |     directions: Vec<String>,
[INFO] [stdout]    |     ^^^^^^^^^^
[INFO] [stdout]    |
[INFO] [stdout]    = note: `#[warn(dead_code)]` on by default
[INFO] [stdout] 
[INFO] [stdout] 
[INFO] [stdout] warning: unused `Result` that must be used
[INFO] [stdout]    --> src/bin/day25.rs:102:17
[INFO] [stdout]     |
[INFO] [stdout] 102 |                 self.term.clear_screen();
[INFO] [stdout]     |                 ^^^^^^^^^^^^^^^^^^^^^^^^
[INFO] [stdout]     |
[INFO] [stdout]     = note: this `Result` may be an `Err` variant, which should be handled
[INFO] [stdout]     = note: `#[warn(unused_must_use)]` on by default
[INFO] [stdout] help: use `let _ = ...` to ignore the resulting value
[INFO] [stdout]     |
[INFO] [stdout] 102 |                 let _ = self.term.clear_screen();
[INFO] [stdout]     |                 +++++++
[INFO] [stdout] 
[INFO] [stdout] 
[INFO] [stdout] warning: 1 warning emitted
[INFO] [stdout] 
[INFO] [stdout] 
[INFO] [stdout] warning: 1 warning emitted
[INFO] [stdout] 
[INFO] [stdout] 
[INFO] [stdout] warning: 8 warnings emitted
[INFO] [stdout] 
[INFO] [stdout] 
[INFO] [stdout] warning: 8 warnings emitted
[INFO] [stdout] 
[INFO] [stdout] 
[INFO] [stdout] warning: 1 warning emitted
[INFO] [stdout] 
[INFO] [stdout] 
[INFO] [stdout] warning: 7 warnings emitted
[INFO] [stdout] 
[INFO] [stdout] 
[INFO] [stdout] warning: 11 warnings emitted
[INFO] [stdout] 
[INFO] [stdout] 
[INFO] [stdout] warning: 4 warnings emitted
[INFO] [stdout] 
[INFO] [stdout] 
[INFO] [stdout] warning: 1 warning emitted
[INFO] [stdout] 
[INFO] [stdout] 
[INFO] [stdout] warning: 1 warning emitted
[INFO] [stdout] 
[INFO] [stdout] 
[INFO] [stdout] warning: 2 warnings emitted
[INFO] [stdout] 
[INFO] [stdout] 
[INFO] [stdout] warning: 1 warning emitted
[INFO] [stdout] 
[INFO] [stdout] 
[INFO] [stderr]     Finished dev [unoptimized + debuginfo] target(s) in 17.55s
[INFO] running `Command { std: "docker" "inspect" "4e0aa60ef94f38baf4a44720aba2891171cb1f2367308f44d4360bc55be4c47c", kill_on_drop: false }`
[INFO] running `Command { std: "docker" "rm" "-f" "4e0aa60ef94f38baf4a44720aba2891171cb1f2367308f44d4360bc55be4c47c", kill_on_drop: false }`
[INFO] [stdout] 4e0aa60ef94f38baf4a44720aba2891171cb1f2367308f44d4360bc55be4c47c
[INFO] running `Command { std: "docker" "create" "-v" "/var/lib/crater-agent-workspace/builds/worker-1-tc2/target:/opt/rustwide/target:rw,Z" "-v" "/var/lib/crater-agent-workspace/builds/worker-1-tc2/source:/opt/rustwide/workdir:ro,Z" "-v" "/var/lib/crater-agent-workspace/cargo-home:/opt/rustwide/cargo-home:ro,Z" "-v" "/var/lib/crater-agent-workspace/rustup-home:/opt/rustwide/rustup-home:ro,Z" "-e" "SOURCE_DIR=/opt/rustwide/workdir" "-e" "CARGO_TARGET_DIR=/opt/rustwide/target" "-e" "CARGO_INCREMENTAL=0" "-e" "RUST_BACKTRACE=full" "-e" "RUSTFLAGS=--cap-lints=warn" "-e" "RUSTDOCFLAGS=--cap-lints=warn" "-e" "CARGO_HOME=/opt/rustwide/cargo-home" "-e" "RUSTUP_HOME=/opt/rustwide/rustup-home" "-w" "/opt/rustwide/workdir" "-m" "1610612736" "--user" "0:0" "--network" "none" "ghcr.io/rust-lang/crates-build-env/linux@sha256:2788e3201cd34a07e3172128adcd8b3090168a8e3bcc40d7c032b9dda1df7d1c" "/opt/rustwide/cargo-home/bin/cargo" "+beta-2023-12-22" "test" "--frozen" "--no-run" "--message-format=json", kill_on_drop: false }`
[INFO] [stdout] 0ef10f3d67075aa73042d1c51e97d13ec3866c998ea8c79a9af66de591f04881
[INFO] running `Command { std: "docker" "start" "-a" "0ef10f3d67075aa73042d1c51e97d13ec3866c998ea8c79a9af66de591f04881", kill_on_drop: false }`
[INFO] [stderr]    Compiling aoc v0.1.0 (/opt/rustwide/workdir)
[INFO] [stdout] warning: unused `Result` that must be used
[INFO] [stdout]   --> src/computer.rs:25:13
[INFO] [stdout]    |
[INFO] [stdout] 25 |             self.out_channel.send(c as i64);
[INFO] [stdout]    |             ^^^^^^^^^^^^^^^^^^^^^^^^^^^^^^^
[INFO] [stdout]    |
[INFO] [stdout]    = note: this `Result` may be an `Err` variant, which should be handled
[INFO] [stdout]    = note: `#[warn(unused_must_use)]` on by default
[INFO] [stdout] help: use `let _ = ...` to ignore the resulting value
[INFO] [stdout]    |
[INFO] [stdout] 25 |             let _ = self.out_channel.send(c as i64);
[INFO] [stdout]    |             +++++++
[INFO] [stdout] 
[INFO] [stdout] 
[INFO] [stdout] warning: unused `Result` that must be used
[INFO] [stdout]    --> src/computer.rs:108:9
[INFO] [stdout]     |
[INFO] [stdout] 108 |         self.sender.send(x);
[INFO] [stdout]     |         ^^^^^^^^^^^^^^^^^^^
[INFO] [stdout]     |
[INFO] [stdout]     = note: this `Result` may be an `Err` variant, which should be handled
[INFO] [stdout] help: use `let _ = ...` to ignore the resulting value
[INFO] [stdout]     |
[INFO] [stdout] 108 |         let _ = self.sender.send(x);
[INFO] [stdout]     |         +++++++
[INFO] [stdout] 
[INFO] [stdout] 
[INFO] [stdout] warning: unused borrow that must be used
[INFO] [stdout]    --> src/intcode.rs:121:21
[INFO] [stdout]     |
[INFO] [stdout] 121 |                     &robot.output(arg1);
[INFO] [stdout]     |                     ^^^^^^^^^^^^^^^^^^^ the borrow produces a value
[INFO] [stdout]     |
[INFO] [stdout] help: use `let _ = ...` to ignore the resulting value
[INFO] [stdout]     |
[INFO] [stdout] 121 |                     let _ = &robot.output(arg1);
[INFO] [stdout]     |                     +++++++
[INFO] [stdout] 
[INFO] [stdout] 
[INFO] [stdout] warning: 3 warnings emitted
[INFO] [stdout] 
[INFO] [stdout] 
[INFO] [stdout] warning: value assigned to `s` is never read
[INFO] [stdout]   --> src/bin/day07.rs:25:17
[INFO] [stdout]    |
[INFO] [stdout] 25 |         let mut s = 0;
[INFO] [stdout]    |                 ^
[INFO] [stdout]    |
[INFO] [stdout]    = help: maybe it is overwritten before being read?
[INFO] [stdout]    = note: `#[warn(unused_assignments)]` on by default
[INFO] [stdout] 
[INFO] [stdout] 
[INFO] [stdout] warning: unused `Result` that must be used
[INFO] [stdout]   --> src/bin/day07.rs:28:9
[INFO] [stdout]    |
[INFO] [stdout] 28 |         sys_input.send(permutation[0] as i64);
[INFO] [stdout]    |         ^^^^^^^^^^^^^^^^^^^^^^^^^^^^^^^^^^^^^
[INFO] [stdout]    |
[INFO] [stdout]    = note: this `Result` may be an `Err` variant, which should be handled
[INFO] [stdout]    = note: `#[warn(unused_must_use)]` on by default
[INFO] [stdout] help: use `let _ = ...` to ignore the resulting value
[INFO] [stdout]    |
[INFO] [stdout] 28 |         let _ = sys_input.send(permutation[0] as i64);
[INFO] [stdout]    |         +++++++
[INFO] [stdout] 
[INFO] [stdout] 
[INFO] [stdout] warning: unused `Result` that must be used
[INFO] [stdout]   --> src/bin/day07.rs:36:17
[INFO] [stdout]    |
[INFO] [stdout] 36 |                 send.send(permutation[i + 1] as i64);
[INFO] [stdout]    |                 ^^^^^^^^^^^^^^^^^^^^^^^^^^^^^^^^^^^^
[INFO] [stdout]    |
[INFO] [stdout]    = note: this `Result` may be an `Err` variant, which should be handled
[INFO] [stdout] help: use `let _ = ...` to ignore the resulting value
[INFO] [stdout]    |
[INFO] [stdout] 36 |                 let _ = send.send(permutation[i + 1] as i64);
[INFO] [stdout]    |                 +++++++
[INFO] [stdout] 
[INFO] [stdout] 
[INFO] [stdout] warning: unused `Result` that must be used
[INFO] [stdout]   --> src/bin/day07.rs:50:9
[INFO] [stdout]    |
[INFO] [stdout] 50 |         sys_input.send(0);
[INFO] [stdout]    |         ^^^^^^^^^^^^^^^^^
[INFO] [stdout]    |
[INFO] [stdout]    = note: this `Result` may be an `Err` variant, which should be handled
[INFO] [stdout] help: use `let _ = ...` to ignore the resulting value
[INFO] [stdout]    |
[INFO] [stdout] 50 |         let _ = sys_input.send(0);
[INFO] [stdout]    |         +++++++
[INFO] [stdout] 
[INFO] [stdout] 
[INFO] [stdout] warning: unused `Result` that must be used
[INFO] [stdout]   --> src/bin/day07.rs:55:21
[INFO] [stdout]    |
[INFO] [stdout] 55 |                     sys_input.send(s);
[INFO] [stdout]    |                     ^^^^^^^^^^^^^^^^^
[INFO] [stdout]    |
[INFO] [stdout]    = note: this `Result` may be an `Err` variant, which should be handled
[INFO] [stdout] help: use `let _ = ...` to ignore the resulting value
[INFO] [stdout]    |
[INFO] [stdout] 55 |                     let _ = sys_input.send(s);
[INFO] [stdout]    |                     +++++++
[INFO] [stdout] 
[INFO] [stdout] 
[INFO] [stdout] warning: unused imports: `env`, `thread`
[INFO] [stdout]  --> src/bin/day08.rs:3:11
[INFO] [stdout]   |
[INFO] [stdout] 3 | use std::{env, io, thread};
[INFO] [stdout]   |           ^^^      ^^^^^^
[INFO] [stdout]   |
[INFO] [stdout]   = note: `#[warn(unused_imports)]` on by default
[INFO] [stdout] 
[INFO] [stdout] 
[INFO] [stdout] warning: value assigned to `new_world` is never read
[INFO] [stdout]   --> src/bin/day24.rs:39:17
[INFO] [stdout]    |
[INFO] [stdout] 39 |         let mut new_world: i32 = 0;
[INFO] [stdout]    |                 ^^^^^^^^^
[INFO] [stdout]    |
[INFO] [stdout]    = help: maybe it is overwritten before being read?
[INFO] [stdout]    = note: `#[warn(unused_assignments)]` on by default
[INFO] [stdout] 
[INFO] [stdout] 
[INFO] [stdout] warning: unnecessary parentheses around match arm expression
[INFO] [stdout]   --> src/bin/day22.rs:67:18
[INFO] [stdout]    |
[INFO] [stdout] 67 |             _ => (ops.push(Operation::Reverse)),
[INFO] [stdout]    |                  ^                            ^
[INFO] [stdout]    |
[INFO] [stdout]    = note: `#[warn(unused_parens)]` on by default
[INFO] [stdout] help: remove these parentheses
[INFO] [stdout]    |
[INFO] [stdout] 67 -             _ => (ops.push(Operation::Reverse)),
[INFO] [stdout] 67 +             _ => ops.push(Operation::Reverse),
[INFO] [stdout]    |
[INFO] [stdout] 
[INFO] [stdout] 
[INFO] [stdout] warning: unused `Result` that must be used
[INFO] [stdout]   --> src/computer.rs:25:13
[INFO] [stdout]    |
[INFO] [stdout] 25 |             self.out_channel.send(c as i64);
[INFO] [stdout]    |             ^^^^^^^^^^^^^^^^^^^^^^^^^^^^^^^
[INFO] [stdout]    |
[INFO] [stdout]    = note: this `Result` may be an `Err` variant, which should be handled
[INFO] [stdout]    = note: `#[warn(unused_must_use)]` on by default
[INFO] [stdout] help: use `let _ = ...` to ignore the resulting value
[INFO] [stdout]    |
[INFO] [stdout] 25 |             let _ = self.out_channel.send(c as i64);
[INFO] [stdout]    |             +++++++
[INFO] [stdout] 
[INFO] [stdout] 
[INFO] [stdout] warning: unused `Result` that must be used
[INFO] [stdout]    --> src/computer.rs:108:9
[INFO] [stdout]     |
[INFO] [stdout] 108 |         self.sender.send(x);
[INFO] [stdout]     |         ^^^^^^^^^^^^^^^^^^^
[INFO] [stdout]     |
[INFO] [stdout]     = note: this `Result` may be an `Err` variant, which should be handled
[INFO] [stdout] help: use `let _ = ...` to ignore the resulting value
[INFO] [stdout]     |
[INFO] [stdout] 108 |         let _ = self.sender.send(x);
[INFO] [stdout]     |         +++++++
[INFO] [stdout] 
[INFO] [stdout] 
[INFO] [stdout] warning: unused borrow that must be used
[INFO] [stdout]    --> src/intcode.rs:121:21
[INFO] [stdout]     |
[INFO] [stdout] 121 |                     &robot.output(arg1);
[INFO] [stdout]     |                     ^^^^^^^^^^^^^^^^^^^ the borrow produces a value
[INFO] [stdout]     |
[INFO] [stdout] help: use `let _ = ...` to ignore the resulting value
[INFO] [stdout]     |
[INFO] [stdout] 121 |                     let _ = &robot.output(arg1);
[INFO] [stdout]     |                     +++++++
[INFO] [stdout] 
[INFO] [stdout] 
[INFO] [stdout] warning: variable `i` is assigned to, but never used
[INFO] [stdout]   --> src/bin/day15.rs:28:17
[INFO] [stdout]    |
[INFO] [stdout] 28 |         let mut i: i32 = 0;
[INFO] [stdout]    |                 ^
[INFO] [stdout]    |
[INFO] [stdout]    = note: consider using `_i` instead
[INFO] [stdout]    = note: `#[warn(unused_variables)]` on by default
[INFO] [stdout] 
[INFO] [stdout] 
[INFO] [stdout] warning: value assigned to `mov_instr` is never read
[INFO] [stdout]   --> src/bin/day15.rs:32:21
[INFO] [stdout]    |
[INFO] [stdout] 32 |             let mut mov_instr = 0;
[INFO] [stdout]    |                     ^^^^^^^^^
[INFO] [stdout]    |
[INFO] [stdout]    = help: maybe it is overwritten before being read?
[INFO] [stdout]    = note: `#[warn(unused_assignments)]` on by default
[INFO] [stdout] 
[INFO] [stdout] 
[INFO] [stdout] warning: method `to_string` is never used
[INFO] [stdout]   --> src/bin/day12.rs:31:8
[INFO] [stdout]    |
[INFO] [stdout] 12 | impl Moon {
[INFO] [stdout]    | --------- method in this implementation
[INFO] [stdout] ...
[INFO] [stdout] 31 |     fn to_string(&self) -> String {
[INFO] [stdout]    |        ^^^^^^^^^
[INFO] [stdout]    |
[INFO] [stdout]    = note: `#[warn(dead_code)]` on by default
[INFO] [stdout] 
[INFO] [stdout] 
[INFO] [stdout] warning: value assigned to `new_point` is never read
[INFO] [stdout]   --> src/bin/day03.rs:54:21
[INFO] [stdout]    |
[INFO] [stdout] 54 |             let mut new_point: Point = Point { x: 0, y: 0 };
[INFO] [stdout]    |                     ^^^^^^^^^
[INFO] [stdout]    |
[INFO] [stdout]    = help: maybe it is overwritten before being read?
[INFO] [stdout]    = note: `#[warn(unused_assignments)]` on by default
[INFO] [stdout] 
[INFO] [stdout] 
[INFO] [stdout] warning: unused `Result` that must be used
[INFO] [stdout]   --> src/bin/day15.rs:53:13
[INFO] [stdout]    |
[INFO] [stdout] 53 |             self.out_channel.send(mov_instr);
[INFO] [stdout]    |             ^^^^^^^^^^^^^^^^^^^^^^^^^^^^^^^^
[INFO] [stdout]    |
[INFO] [stdout]    = note: this `Result` may be an `Err` variant, which should be handled
[INFO] [stdout]    = note: `#[warn(unused_must_use)]` on by default
[INFO] [stdout] help: use `let _ = ...` to ignore the resulting value
[INFO] [stdout]    |
[INFO] [stdout] 53 |             let _ = self.out_channel.send(mov_instr);
[INFO] [stdout]    |             +++++++
[INFO] [stdout] 
[INFO] [stdout] 
[INFO] [stdout] warning: unused `Result` that must be used
[INFO] [stdout]    --> src/bin/day15.rs:116:9
[INFO] [stdout]     |
[INFO] [stdout] 116 |         self.term.clear_screen();
[INFO] [stdout]     |         ^^^^^^^^^^^^^^^^^^^^^^^^
[INFO] [stdout]     |
[INFO] [stdout]     = note: this `Result` may be an `Err` variant, which should be handled
[INFO] [stdout] help: use `let _ = ...` to ignore the resulting value
[INFO] [stdout]     |
[INFO] [stdout] 116 |         let _ = self.term.clear_screen();
[INFO] [stdout]     |         +++++++
[INFO] [stdout] 
[INFO] [stdout] 
[INFO] [stdout] warning: field `start` is never read
[INFO] [stdout]   --> src/bin/day20.rs:13:5
[INFO] [stdout]    |
[INFO] [stdout] 9  | pub struct Maze {
[INFO] [stdout]    |            ---- field in this struct
[INFO] [stdout] ...
[INFO] [stdout] 13 |     start: (usize, usize),
[INFO] [stdout]    |     ^^^^^
[INFO] [stdout]    |
[INFO] [stdout]    = note: `Maze` has a derived impl for the trait `Clone`, but this is intentionally ignored during dead code analysis
[INFO] [stdout]    = note: `#[warn(dead_code)]` on by default
[INFO] [stdout] 
[INFO] [stdout] 
[INFO] [stdout] warning: method `show` is never used
[INFO] [stdout]   --> src/bin/day20.rs:34:8
[INFO] [stdout]    |
[INFO] [stdout] 17 | impl Maze {
[INFO] [stdout]    | --------- method in this implementation
[INFO] [stdout] ...
[INFO] [stdout] 34 |     fn show(&self) {
[INFO] [stdout]    |        ^^^^
[INFO] [stdout] 
[INFO] [stdout] 
[INFO] [stdout] warning: comparison is useless due to type limits
[INFO] [stdout]   --> src/bin/day20.rs:44:9
[INFO] [stdout]    |
[INFO] [stdout] 44 |         x >= 0 && x < self.width && y >= 0 && y < self.height && self.get(x, y) != '#'
[INFO] [stdout]    |         ^^^^^^
[INFO] [stdout]    |
[INFO] [stdout]    = note: `#[warn(unused_comparisons)]` on by default
[INFO] [stdout] 
[INFO] [stdout] 
[INFO] [stdout] warning: comparison is useless due to type limits
[INFO] [stdout]   --> src/bin/day20.rs:44:37
[INFO] [stdout]    |
[INFO] [stdout] 44 |         x >= 0 && x < self.width && y >= 0 && y < self.height && self.get(x, y) != '#'
[INFO] [stdout]    |                                     ^^^^^^
[INFO] [stdout] 
[INFO] [stdout] 
[INFO] [stdout] warning: variable `wireStr` should have a snake case name
[INFO] [stdout]   --> src/bin/day03.rs:48:9
[INFO] [stdout]    |
[INFO] [stdout] 48 |     for wireStr in wire_strs {
[INFO] [stdout]    |         ^^^^^^^ help: convert the identifier to snake case: `wire_str`
[INFO] [stdout]    |
[INFO] [stdout]    = note: `#[warn(non_snake_case)]` on by default
[INFO] [stdout] 
[INFO] [stdout] 
[INFO] [stdout] warning: variable `edgeStr` should have a snake case name
[INFO] [stdout]   --> src/bin/day03.rs:52:13
[INFO] [stdout]    |
[INFO] [stdout] 52 |         for edgeStr in edge_strs {
[INFO] [stdout]    |             ^^^^^^^ help: convert the identifier to snake case: `edge_str`
[INFO] [stdout] 
[INFO] [stdout] 
[INFO] [stdout] warning: unused `Result` that must be used
[INFO] [stdout]    --> src/bin/day20.rs:148:5
[INFO] [stdout]     |
[INFO] [stdout] 148 |     q.add((start.0, start.1, 0));
[INFO] [stdout]     |     ^^^^^^^^^^^^^^^^^^^^^^^^^^^^
[INFO] [stdout]     |
[INFO] [stdout]     = note: this `Result` may be an `Err` variant, which should be handled
[INFO] [stdout]     = note: `#[warn(unused_must_use)]` on by default
[INFO] [stdout] help: use `let _ = ...` to ignore the resulting value
[INFO] [stdout]     |
[INFO] [stdout] 148 |     let _ = q.add((start.0, start.1, 0));
[INFO] [stdout]     |     +++++++
[INFO] [stdout] 
[INFO] [stdout] 
[INFO] [stdout] warning: unused `Result` that must be used
[INFO] [stdout]    --> src/bin/day20.rs:156:21
[INFO] [stdout]     |
[INFO] [stdout] 156 |                     q.add((x, y, node.2));
[INFO] [stdout]     |                     ^^^^^^^^^^^^^^^^^^^^^
[INFO] [stdout]     |
[INFO] [stdout]     = note: this `Result` may be an `Err` variant, which should be handled
[INFO] [stdout] help: use `let _ = ...` to ignore the resulting value
[INFO] [stdout]     |
[INFO] [stdout] 156 |                     let _ = q.add((x, y, node.2));
[INFO] [stdout]     |                     +++++++
[INFO] [stdout] 
[INFO] [stdout] 
[INFO] [stdout] warning: unused `Result` that must be used
[INFO] [stdout]    --> src/bin/day20.rs:170:21
[INFO] [stdout]     |
[INFO] [stdout] 170 |                     q.add((px, py, node.2 + 1));
[INFO] [stdout]     |                     ^^^^^^^^^^^^^^^^^^^^^^^^^^^
[INFO] [stdout]     |
[INFO] [stdout]     = note: this `Result` may be an `Err` variant, which should be handled
[INFO] [stdout] help: use `let _ = ...` to ignore the resulting value
[INFO] [stdout]     |
[INFO] [stdout] 170 |                     let _ = q.add((px, py, node.2 + 1));
[INFO] [stdout]     |                     +++++++
[INFO] [stdout] 
[INFO] [stdout] 
[INFO] [stdout] warning: unused `Result` that must be used
[INFO] [stdout]    --> src/bin/day20.rs:176:21
[INFO] [stdout]     |
[INFO] [stdout] 176 |                     q.add((px, py, node.2 - 1));
[INFO] [stdout]     |                     ^^^^^^^^^^^^^^^^^^^^^^^^^^^
[INFO] [stdout]     |
[INFO] [stdout]     = note: this `Result` may be an `Err` variant, which should be handled
[INFO] [stdout] help: use `let _ = ...` to ignore the resulting value
[INFO] [stdout]     |
[INFO] [stdout] 176 |                     let _ = q.add((px, py, node.2 - 1));
[INFO] [stdout]     |                     +++++++
[INFO] [stdout] 
[INFO] [stdout] 
[INFO] [stdout] warning: fields `name`, `items`, and `directions` are never read
[INFO] [stdout]   --> src/bin/day25.rs:23:5
[INFO] [stdout]    |
[INFO] [stdout] 22 | pub struct RoomInfo {
[INFO] [stdout]    |            -------- fields in this struct
[INFO] [stdout] 23 |     name: String,
[INFO] [stdout]    |     ^^^^
[INFO] [stdout] 24 |     items: Vec<String>,
[INFO] [stdout]    |     ^^^^^
[INFO] [stdout] 25 |     directions: Vec<String>,
[INFO] [stdout]    |     ^^^^^^^^^^
[INFO] [stdout]    |
[INFO] [stdout]    = note: `#[warn(dead_code)]` on by default
[INFO] [stdout] 
[INFO] [stdout] 
[INFO] [stdout] warning: function `point_norm` is never used
[INFO] [stdout]   --> src/bin/day10.rs:53:4
[INFO] [stdout]    |
[INFO] [stdout] 53 | fn point_norm(x: i32, y: i32) -> f32 {
[INFO] [stdout]    |    ^^^^^^^^^^
[INFO] [stdout]    |
[INFO] [stdout]    = note: `#[warn(dead_code)]` on by default
[INFO] [stdout] 
[INFO] [stdout] 
[INFO] [stdout] warning: unused `Result` that must be used
[INFO] [stdout]    --> src/bin/day25.rs:102:17
[INFO] [stdout]     |
[INFO] [stdout] 102 |                 self.term.clear_screen();
[INFO] [stdout]     |                 ^^^^^^^^^^^^^^^^^^^^^^^^
[INFO] [stdout]     |
[INFO] [stdout]     = note: this `Result` may be an `Err` variant, which should be handled
[INFO] [stdout]     = note: `#[warn(unused_must_use)]` on by default
[INFO] [stdout] help: use `let _ = ...` to ignore the resulting value
[INFO] [stdout]     |
[INFO] [stdout] 102 |                 let _ = self.term.clear_screen();
[INFO] [stdout]     |                 +++++++
[INFO] [stdout] 
[INFO] [stdout] 
[INFO] [stdout] warning: 8 warnings emitted
[INFO] [stdout] 
[INFO] [stdout] 
[INFO] [stdout] warning: 1 warning emitted
[INFO] [stdout] 
[INFO] [stdout] 
[INFO] [stdout] warning: 1 warning emitted
[INFO] [stdout] 
[INFO] [stdout] 
[INFO] [stdout] warning: 5 warnings emitted
[INFO] [stdout] 
[INFO] [stdout] 
[INFO] [stdout] warning: 3 warnings emitted
[INFO] [stdout] 
[INFO] [stdout] 
[INFO] [stdout] warning: unused `Result` that must be used
[INFO] [stdout]   --> src/bin/day13.rs:28:9
[INFO] [stdout]    |
[INFO] [stdout] 28 |         self.term.clear_screen();
[INFO] [stdout]    |         ^^^^^^^^^^^^^^^^^^^^^^^^
[INFO] [stdout]    |
[INFO] [stdout]    = note: this `Result` may be an `Err` variant, which should be handled
[INFO] [stdout]    = note: `#[warn(unused_must_use)]` on by default
[INFO] [stdout] help: use `let _ = ...` to ignore the resulting value
[INFO] [stdout]    |
[INFO] [stdout] 28 |         let _ = self.term.clear_screen();
[INFO] [stdout]    |         +++++++
[INFO] [stdout] 
[INFO] [stdout] 
[INFO] [stdout] warning: 2 warnings emitted
[INFO] [stdout] 
[INFO] [stdout] 
[INFO] [stdout] warning: 1 warning emitted
[INFO] [stdout] 
[INFO] [stdout] 
[INFO] [stdout] warning: 3 warnings emitted
[INFO] [stdout] 
[INFO] [stdout] 
[INFO] [stdout] warning: value assigned to `part2` is never read
[INFO] [stdout]   --> src/bin/day23.rs:16:13
[INFO] [stdout]    |
[INFO] [stdout] 16 |     let mut part2 = -1;
[INFO] [stdout]    |             ^^^^^
[INFO] [stdout]    |
[INFO] [stdout]    = help: maybe it is overwritten before being read?
[INFO] [stdout]    = note: `#[warn(unused_assignments)]` on by default
[INFO] [stdout] 
[INFO] [stdout] 
[INFO] [stdout] warning: variable `old_x` is assigned to, but never used
[INFO] [stdout]   --> src/bin/day23.rs:37:13
[INFO] [stdout]    |
[INFO] [stdout] 37 |     let mut old_x = 0;
[INFO] [stdout]    |             ^^^^^
[INFO] [stdout]    |
[INFO] [stdout]    = note: consider using `_old_x` instead
[INFO] [stdout]    = note: `#[warn(unused_variables)]` on by default
[INFO] [stdout] 
[INFO] [stdout] 
[INFO] [stdout] warning: value assigned to `old_x` is never read
[INFO] [stdout]   --> src/bin/day23.rs:69:17
[INFO] [stdout]    |
[INFO] [stdout] 69 |                 old_x = nat_x;
[INFO] [stdout]    |                 ^^^^^
[INFO] [stdout]    |
[INFO] [stdout]    = help: maybe it is overwritten before being read?
[INFO] [stdout] 
[INFO] [stdout] 
[INFO] [stdout] warning: 4 warnings emitted
[INFO] [stdout] 
[INFO] [stdout] 
[INFO] [stdout] warning: unused `Result` that must be used
[INFO] [stdout]   --> src/bin/day23.rs:26:9
[INFO] [stdout]    |
[INFO] [stdout] 26 |         outputs[i].send(i as i64);
[INFO] [stdout]    |         ^^^^^^^^^^^^^^^^^^^^^^^^^
[INFO] [stdout]    |
[INFO] [stdout]    = note: this `Result` may be an `Err` variant, which should be handled
[INFO] [stdout]    = note: `#[warn(unused_must_use)]` on by default
[INFO] [stdout] help: use `let _ = ...` to ignore the resulting value
[INFO] [stdout]    |
[INFO] [stdout] 26 |         let _ = outputs[i].send(i as i64);
[INFO] [stdout]    |         +++++++
[INFO] [stdout] 
[INFO] [stdout] 
[INFO] [stdout] warning: unused `Result` that must be used
[INFO] [stdout]   --> src/bin/day23.rs:56:21
[INFO] [stdout]    |
[INFO] [stdout] 56 |                     outputs[address.unwrap() as usize].send(packet[0]);
[INFO] [stdout]    |                     ^^^^^^^^^^^^^^^^^^^^^^^^^^^^^^^^^^^^^^^^^^^^^^^^^^
[INFO] [stdout]    |
[INFO] [stdout]    = note: this `Result` may be an `Err` variant, which should be handled
[INFO] [stdout] help: use `let _ = ...` to ignore the resulting value
[INFO] [stdout]    |
[INFO] [stdout] 56 |                     let _ = outputs[address.unwrap() as usize].send(packet[0]);
[INFO] [stdout]    |                     +++++++
[INFO] [stdout] 
[INFO] [stdout] 
[INFO] [stdout] warning: unused `Result` that must be used
[INFO] [stdout]   --> src/bin/day23.rs:57:21
[INFO] [stdout]    |
[INFO] [stdout] 57 |                     outputs[address.unwrap() as usize].send(packet[1]);
[INFO] [stdout]    |                     ^^^^^^^^^^^^^^^^^^^^^^^^^^^^^^^^^^^^^^^^^^^^^^^^^^
[INFO] [stdout]    |
[INFO] [stdout]    = note: this `Result` may be an `Err` variant, which should be handled
[INFO] [stdout] help: use `let _ = ...` to ignore the resulting value
[INFO] [stdout]    |
[INFO] [stdout] 57 |                     let _ = outputs[address.unwrap() as usize].send(packet[1]);
[INFO] [stdout]    |                     +++++++
[INFO] [stdout] 
[INFO] [stdout] 
[INFO] [stdout] warning: unused `Result` that must be used
[INFO] [stdout]   --> src/bin/day23.rs:67:17
[INFO] [stdout]    |
[INFO] [stdout] 67 |                 outputs[0].send(nat_x);
[INFO] [stdout]    |                 ^^^^^^^^^^^^^^^^^^^^^^
[INFO] [stdout]    |
[INFO] [stdout]    = note: this `Result` may be an `Err` variant, which should be handled
[INFO] [stdout] help: use `let _ = ...` to ignore the resulting value
[INFO] [stdout]    |
[INFO] [stdout] 67 |                 let _ = outputs[0].send(nat_x);
[INFO] [stdout]    |                 +++++++
[INFO] [stdout] 
[INFO] [stdout] 
[INFO] [stdout] warning: unused `Result` that must be used
[INFO] [stdout]   --> src/bin/day23.rs:68:17
[INFO] [stdout]    |
[INFO] [stdout] 68 |                 outputs[0].send(nat_y);
[INFO] [stdout]    |                 ^^^^^^^^^^^^^^^^^^^^^^
[INFO] [stdout]    |
[INFO] [stdout]    = note: this `Result` may be an `Err` variant, which should be handled
[INFO] [stdout] help: use `let _ = ...` to ignore the resulting value
[INFO] [stdout]    |
[INFO] [stdout] 68 |                 let _ = outputs[0].send(nat_y);
[INFO] [stdout]    |                 +++++++
[INFO] [stdout] 
[INFO] [stdout] 
[INFO] [stdout] warning: field `text_inter` is never read
[INFO] [stdout]   --> src/bin/day21.rs:15:5
[INFO] [stdout]    |
[INFO] [stdout] 14 | pub struct SpringDroid {
[INFO] [stdout]    |            ----------- field in this struct
[INFO] [stdout] 15 |     text_inter: TextInterface,
[INFO] [stdout]    |     ^^^^^^^^^^
[INFO] [stdout]    |
[INFO] [stdout]    = note: `#[warn(dead_code)]` on by default
[INFO] [stdout] 
[INFO] [stdout] 
[INFO] [stdout] warning: method `execute_program` is never used
[INFO] [stdout]   --> src/bin/day21.rs:19:8
[INFO] [stdout]    |
[INFO] [stdout] 18 | impl SpringDroid {
[INFO] [stdout]    | ---------------- method in this implementation
[INFO] [stdout] 19 |     fn execute_program(&mut self, program: &str) -> i64 {
[INFO] [stdout]    |        ^^^^^^^^^^^^^^^
[INFO] [stdout] 
[INFO] [stdout] 
[INFO] [stdout] warning: field `start` is never read
[INFO] [stdout]   --> src/bin/day18.rs:11:5
[INFO] [stdout]    |
[INFO] [stdout] 7  | pub struct Maze {
[INFO] [stdout]    |            ---- field in this struct
[INFO] [stdout] ...
[INFO] [stdout] 11 |     start: (usize, usize),
[INFO] [stdout]    |     ^^^^^
[INFO] [stdout]    |
[INFO] [stdout]    = note: `Maze` has a derived impl for the trait `Clone`, but this is intentionally ignored during dead code analysis
[INFO] [stdout]    = note: `#[warn(dead_code)]` on by default
[INFO] [stdout] 
[INFO] [stdout] 
[INFO] [stdout] warning: methods `coords` and `show` are never used
[INFO] [stdout]   --> src/bin/day18.rs:17:8
[INFO] [stdout]    |
[INFO] [stdout] 16 | impl Maze {
[INFO] [stdout]    | --------- methods in this implementation
[INFO] [stdout] 17 |     fn coords(&mut self, id: usize) -> (usize, usize) {
[INFO] [stdout]    |        ^^^^^^
[INFO] [stdout] ...
[INFO] [stdout] 62 |     fn show(&self) {
[INFO] [stdout]    |        ^^^^
[INFO] [stdout] 
[INFO] [stdout] 
[INFO] [stdout] warning: comparison is useless due to type limits
[INFO] [stdout]   --> src/bin/day18.rs:70:9
[INFO] [stdout]    |
[INFO] [stdout] 70 |         x >= 0 && x < self.width && y >= 0 && y < self.height && self.get(x, y) != '#'
[INFO] [stdout]    |         ^^^^^^
[INFO] [stdout]    |
[INFO] [stdout]    = note: `#[warn(unused_comparisons)]` on by default
[INFO] [stdout] 
[INFO] [stdout] 
[INFO] [stdout] warning: comparison is useless due to type limits
[INFO] [stdout]   --> src/bin/day18.rs:70:37
[INFO] [stdout]    |
[INFO] [stdout] 70 |         x >= 0 && x < self.width && y >= 0 && y < self.height && self.get(x, y) != '#'
[INFO] [stdout]    |                                     ^^^^^^
[INFO] [stdout] 
[INFO] [stdout] 
[INFO] [stdout] warning: unused `Result` that must be used
[INFO] [stdout]    --> src/bin/day18.rs:151:5
[INFO] [stdout]     |
[INFO] [stdout] 151 |     q.add(start);
[INFO] [stdout]     |     ^^^^^^^^^^^^
[INFO] [stdout]     |
[INFO] [stdout]     = note: this `Result` may be an `Err` variant, which should be handled
[INFO] [stdout]     = note: `#[warn(unused_must_use)]` on by default
[INFO] [stdout] help: use `let _ = ...` to ignore the resulting value
[INFO] [stdout]     |
[INFO] [stdout] 151 |     let _ = q.add(start);
[INFO] [stdout]     |     +++++++
[INFO] [stdout] 
[INFO] [stdout] 
[INFO] [stdout] warning: unreachable statement
[INFO] [stdout]    --> src/bin/day19.rs:138:5
[INFO] [stdout]     |
[INFO] [stdout] 126 | /     loop {
[INFO] [stdout] 127 | |         loop {
[INFO] [stdout] 128 | |             if check(program.clone(), cursor_x, cursor_y) {
[INFO] [stdout] 129 | |                 break;
[INFO] [stdout] ...   |
[INFO] [stdout] 136 | |         cursor_y += 1;
[INFO] [stdout] 137 | |     }
[INFO] [stdout]     | |_____- any code following this expression is unreachable
[INFO] [stdout] 138 |       return -1;
[INFO] [stdout]     |       ^^^^^^^^^^ unreachable statement
[INFO] [stdout]     |
[INFO] [stdout]     = note: `#[warn(unreachable_code)]` on by default
[INFO] [stdout] 
[INFO] [stdout] 
[INFO] [stdout] warning: unused `Result` that must be used
[INFO] [stdout]    --> src/bin/day18.rs:158:17
[INFO] [stdout]     |
[INFO] [stdout] 158 |                 q.add((x, y));
[INFO] [stdout]     |                 ^^^^^^^^^^^^^
[INFO] [stdout]     |
[INFO] [stdout]     = note: this `Result` may be an `Err` variant, which should be handled
[INFO] [stdout] help: use `let _ = ...` to ignore the resulting value
[INFO] [stdout]     |
[INFO] [stdout] 158 |                 let _ = q.add((x, y));
[INFO] [stdout]     |                 +++++++
[INFO] [stdout] 
[INFO] [stdout] 
[INFO] [stdout] warning: unused `Result` that must be used
[INFO] [stdout]    --> src/bin/day18.rs:177:5
[INFO] [stdout]     |
[INFO] [stdout] 177 |     q.add(start);
[INFO] [stdout]     |     ^^^^^^^^^^^^
[INFO] [stdout]     |
[INFO] [stdout]     = note: this `Result` may be an `Err` variant, which should be handled
[INFO] [stdout] help: use `let _ = ...` to ignore the resulting value
[INFO] [stdout]     |
[INFO] [stdout] 177 |     let _ = q.add(start);
[INFO] [stdout]     |     +++++++
[INFO] [stdout] 
[INFO] [stdout] 
[INFO] [stdout] warning: unused `Result` that must be used
[INFO] [stdout]    --> src/bin/day18.rs:188:21
[INFO] [stdout]     |
[INFO] [stdout] 188 |                     q.add((x, y));
[INFO] [stdout]     |                     ^^^^^^^^^^^^^
[INFO] [stdout]     |
[INFO] [stdout]     = note: this `Result` may be an `Err` variant, which should be handled
[INFO] [stdout] help: use `let _ = ...` to ignore the resulting value
[INFO] [stdout]     |
[INFO] [stdout] 188 |                     let _ = q.add((x, y));
[INFO] [stdout]     |                     +++++++
[INFO] [stdout] 
[INFO] [stdout] 
[INFO] [stdout] warning: unused `Result` that must be used
[INFO] [stdout]    --> src/bin/day18.rs:191:21
[INFO] [stdout]     |
[INFO] [stdout] 191 |                     q.add((x, y));
[INFO] [stdout]     |                     ^^^^^^^^^^^^^
[INFO] [stdout]     |
[INFO] [stdout]     = note: this `Result` may be an `Err` variant, which should be handled
[INFO] [stdout] help: use `let _ = ...` to ignore the resulting value
[INFO] [stdout]     |
[INFO] [stdout] 191 |                     let _ = q.add((x, y));
[INFO] [stdout]     |                     +++++++
[INFO] [stdout] 
[INFO] [stdout] 
[INFO] [stdout] warning: unused `Result` that must be used
[INFO] [stdout]    --> src/bin/day18.rs:201:5
[INFO] [stdout]     |
[INFO] [stdout] 201 |     q.add((ax, ay));
[INFO] [stdout]     |     ^^^^^^^^^^^^^^^
[INFO] [stdout]     |
[INFO] [stdout]     = note: this `Result` may be an `Err` variant, which should be handled
[INFO] [stdout] help: use `let _ = ...` to ignore the resulting value
[INFO] [stdout]     |
[INFO] [stdout] 201 |     let _ = q.add((ax, ay));
[INFO] [stdout]     |     +++++++
[INFO] [stdout] 
[INFO] [stdout] 
[INFO] [stdout] warning: unused `Result` that must be used
[INFO] [stdout]    --> src/bin/day18.rs:209:17
[INFO] [stdout]     |
[INFO] [stdout] 209 |                 q.add((x, y));
[INFO] [stdout]     |                 ^^^^^^^^^^^^^
[INFO] [stdout]     |
[INFO] [stdout]     = note: this `Result` may be an `Err` variant, which should be handled
[INFO] [stdout] help: use `let _ = ...` to ignore the resulting value
[INFO] [stdout]     |
[INFO] [stdout] 209 |                 let _ = q.add((x, y));
[INFO] [stdout]     |                 +++++++
[INFO] [stdout] 
[INFO] [stdout] 
[INFO] [stdout] warning: 1 warning emitted
[INFO] [stdout] 
[INFO] [stdout] 
[INFO] [stdout] warning: method `to_string` is never used
[INFO] [stdout]   --> src/bin/day14.rs:15:8
[INFO] [stdout]    |
[INFO] [stdout] 14 | impl Ore {
[INFO] [stdout]    | -------- method in this implementation
[INFO] [stdout] 15 |     fn to_string(&self) -> String {
[INFO] [stdout]    |        ^^^^^^^^^
[INFO] [stdout]    |
[INFO] [stdout]    = note: `#[warn(dead_code)]` on by default
[INFO] [stdout] 
[INFO] [stdout] 
[INFO] [stdout] warning: field `term` is never read
[INFO] [stdout]   --> src/bin/day19.rs:18:5
[INFO] [stdout]    |
[INFO] [stdout] 15 | pub struct Tractor {
[INFO] [stdout]    |            ------- field in this struct
[INFO] [stdout] ...
[INFO] [stdout] 18 |     term: console::Term,
[INFO] [stdout]    |     ^^^^
[INFO] [stdout]    |
[INFO] [stdout]    = note: `#[warn(dead_code)]` on by default
[INFO] [stdout] 
[INFO] [stdout] 
[INFO] [stdout] warning: method `render` is never used
[INFO] [stdout]   --> src/bin/day19.rs:43:8
[INFO] [stdout]    |
[INFO] [stdout] 25 | impl Tractor {
[INFO] [stdout]    | ------------ method in this implementation
[INFO] [stdout] ...
[INFO] [stdout] 43 |     fn render(&mut self) {
[INFO] [stdout]    |        ^^^^^^
[INFO] [stdout] 
[INFO] [stdout] 
[INFO] [stdout] warning: function `vert_fits` is never used
[INFO] [stdout]   --> src/bin/day19.rs:97:4
[INFO] [stdout]    |
[INFO] [stdout] 97 | fn vert_fits(program: Vec<i64>, cursor_x: i64, cursor_y: i64) -> bool {
[INFO] [stdout]    |    ^^^^^^^^^
[INFO] [stdout] 
[INFO] [stdout] 
[INFO] [stdout] warning: unused `Result` that must be used
[INFO] [stdout]   --> src/bin/day19.rs:27:9
[INFO] [stdout]    |
[INFO] [stdout] 27 |         self.out_channel.send(self.x);
[INFO] [stdout]    |         ^^^^^^^^^^^^^^^^^^^^^^^^^^^^^
[INFO] [stdout]    |
[INFO] [stdout]    = note: this `Result` may be an `Err` variant, which should be handled
[INFO] [stdout]    = note: `#[warn(unused_must_use)]` on by default
[INFO] [stdout] help: use `let _ = ...` to ignore the resulting value
[INFO] [stdout]    |
[INFO] [stdout] 27 |         let _ = self.out_channel.send(self.x);
[INFO] [stdout]    |         +++++++
[INFO] [stdout] 
[INFO] [stdout] 
[INFO] [stdout] warning: unused `Result` that must be used
[INFO] [stdout]   --> src/bin/day19.rs:28:9
[INFO] [stdout]    |
[INFO] [stdout] 28 |         self.out_channel.send(self.y);
[INFO] [stdout]    |         ^^^^^^^^^^^^^^^^^^^^^^^^^^^^^
[INFO] [stdout]    |
[INFO] [stdout]    = note: this `Result` may be an `Err` variant, which should be handled
[INFO] [stdout] help: use `let _ = ...` to ignore the resulting value
[INFO] [stdout]    |
[INFO] [stdout] 28 |         let _ = self.out_channel.send(self.y);
[INFO] [stdout]    |         +++++++
[INFO] [stdout] 
[INFO] [stdout] 
[INFO] [stdout] warning: unused `Result` that must be used
[INFO] [stdout]   --> src/bin/day19.rs:44:9
[INFO] [stdout]    |
[INFO] [stdout] 44 |         self.term.clear_screen();
[INFO] [stdout]    |         ^^^^^^^^^^^^^^^^^^^^^^^^
[INFO] [stdout]    |
[INFO] [stdout]    = note: this `Result` may be an `Err` variant, which should be handled
[INFO] [stdout] help: use `let _ = ...` to ignore the resulting value
[INFO] [stdout]    |
[INFO] [stdout] 44 |         let _ = self.term.clear_screen();
[INFO] [stdout]    |         +++++++
[INFO] [stdout] 
[INFO] [stdout] 
[INFO] [stdout] warning: 1 warning emitted
[INFO] [stdout] 
[INFO] [stdout] 
[INFO] [stdout] warning: 1 warning emitted
[INFO] [stdout] 
[INFO] [stdout] 
[INFO] [stdout] warning: 11 warnings emitted
[INFO] [stdout] 
[INFO] [stdout] 
[INFO] [stdout] warning: 7 warnings emitted
[INFO] [stdout] 
[INFO] [stdout] 
[INFO] [stdout] warning: 8 warnings emitted
[INFO] [stdout] 
[INFO] [stdout] 
[INFO] [stdout] warning: 2 warnings emitted
[INFO] [stdout] 
[INFO] [stdout] 
[INFO] [stdout] warning: 1 warning emitted
[INFO] [stdout] 
[INFO] [stdout] 
[INFO] [stderr]     Finished test [unoptimized + debuginfo] target(s) in 2.12s
[INFO] running `Command { std: "docker" "inspect" "0ef10f3d67075aa73042d1c51e97d13ec3866c998ea8c79a9af66de591f04881", kill_on_drop: false }`
[INFO] running `Command { std: "docker" "rm" "-f" "0ef10f3d67075aa73042d1c51e97d13ec3866c998ea8c79a9af66de591f04881", kill_on_drop: false }`
[INFO] [stdout] 0ef10f3d67075aa73042d1c51e97d13ec3866c998ea8c79a9af66de591f04881
[INFO] running `Command { std: "docker" "create" "-v" "/var/lib/crater-agent-workspace/builds/worker-1-tc2/target:/opt/rustwide/target:rw,Z" "-v" "/var/lib/crater-agent-workspace/builds/worker-1-tc2/source:/opt/rustwide/workdir:ro,Z" "-v" "/var/lib/crater-agent-workspace/cargo-home:/opt/rustwide/cargo-home:ro,Z" "-v" "/var/lib/crater-agent-workspace/rustup-home:/opt/rustwide/rustup-home:ro,Z" "-e" "SOURCE_DIR=/opt/rustwide/workdir" "-e" "CARGO_TARGET_DIR=/opt/rustwide/target" "-e" "CARGO_INCREMENTAL=0" "-e" "RUST_BACKTRACE=full" "-e" "RUSTFLAGS=--cap-lints=warn" "-e" "RUSTDOCFLAGS=--cap-lints=warn" "-e" "CARGO_HOME=/opt/rustwide/cargo-home" "-e" "RUSTUP_HOME=/opt/rustwide/rustup-home" "-w" "/opt/rustwide/workdir" "-m" "1610612736" "--user" "0:0" "--network" "none" "ghcr.io/rust-lang/crates-build-env/linux@sha256:2788e3201cd34a07e3172128adcd8b3090168a8e3bcc40d7c032b9dda1df7d1c" "/opt/rustwide/cargo-home/bin/cargo" "+beta-2023-12-22" "test" "--frozen", kill_on_drop: false }`
[INFO] [stdout] 5660b4f13a78d010f2a9e45a01f3830aa19a350bdd58374e4bc1af83dbc6e895
[INFO] running `Command { std: "docker" "start" "-a" "5660b4f13a78d010f2a9e45a01f3830aa19a350bdd58374e4bc1af83dbc6e895", kill_on_drop: false }`
[INFO] [stderr] warning: unused `Result` that must be used
[INFO] [stderr]   --> src/computer.rs:25:13
[INFO] [stderr]    |
[INFO] [stderr] 25 |             self.out_channel.send(c as i64);
[INFO] [stderr]    |             ^^^^^^^^^^^^^^^^^^^^^^^^^^^^^^^
[INFO] [stderr]    |
[INFO] [stderr]    = note: this `Result` may be an `Err` variant, which should be handled
[INFO] [stderr]    = note: `#[warn(unused_must_use)]` on by default
[INFO] [stderr] help: use `let _ = ...` to ignore the resulting value
[INFO] [stderr]    |
[INFO] [stderr] 25 |             let _ = self.out_channel.send(c as i64);
[INFO] [stderr]    |             +++++++
[INFO] [stderr] 
[INFO] [stderr] warning: unused `Result` that must be used
[INFO] [stderr]    --> src/computer.rs:108:9
[INFO] [stderr]     |
[INFO] [stderr] 108 |         self.sender.send(x);
[INFO] [stderr]     |         ^^^^^^^^^^^^^^^^^^^
[INFO] [stderr]     |
[INFO] [stderr]     = note: this `Result` may be an `Err` variant, which should be handled
[INFO] [stderr] help: use `let _ = ...` to ignore the resulting value
[INFO] [stderr]     |
[INFO] [stderr] 108 |         let _ = self.sender.send(x);
[INFO] [stderr]     |         +++++++
[INFO] [stderr] 
[INFO] [stderr] warning: unused borrow that must be used
[INFO] [stderr]    --> src/intcode.rs:121:21
[INFO] [stderr]     |
[INFO] [stderr] 121 |                     &robot.output(arg1);
[INFO] [stderr]     |                     ^^^^^^^^^^^^^^^^^^^ the borrow produces a value
[INFO] [stderr]     |
[INFO] [stderr] help: use `let _ = ...` to ignore the resulting value
[INFO] [stderr]     |
[INFO] [stderr] 121 |                     let _ = &robot.output(arg1);
[INFO] [stderr]     |                     +++++++
[INFO] [stderr] 
[INFO] [stderr] warning: `aoc` (lib) generated 3 warnings
[INFO] [stderr] warning: `aoc` (lib test) generated 3 warnings (3 duplicates)
[INFO] [stderr] warning: value assigned to `new_point` is never read
[INFO] [stderr]   --> src/bin/day03.rs:54:21
[INFO] [stderr]    |
[INFO] [stderr] 54 |             let mut new_point: Point = Point { x: 0, y: 0 };
[INFO] [stderr]    |                     ^^^^^^^^^
[INFO] [stderr]    |
[INFO] [stderr]    = help: maybe it is overwritten before being read?
[INFO] [stderr]    = note: `#[warn(unused_assignments)]` on by default
[INFO] [stderr] 
[INFO] [stderr] warning: variable `wireStr` should have a snake case name
[INFO] [stderr]   --> src/bin/day03.rs:48:9
[INFO] [stderr]    |
[INFO] [stderr] 48 |     for wireStr in wire_strs {
[INFO] [stderr]    |         ^^^^^^^ help: convert the identifier to snake case: `wire_str`
[INFO] [stderr]    |
[INFO] [stderr]    = note: `#[warn(non_snake_case)]` on by default
[INFO] [stderr] 
[INFO] [stderr] warning: variable `edgeStr` should have a snake case name
[INFO] [stderr]   --> src/bin/day03.rs:52:13
[INFO] [stderr]    |
[INFO] [stderr] 52 |         for edgeStr in edge_strs {
[INFO] [stderr]    |             ^^^^^^^ help: convert the identifier to snake case: `edge_str`
[INFO] [stderr] 
[INFO] [stderr] warning: field `start` is never read
[INFO] [stderr]   --> src/bin/day20.rs:13:5
[INFO] [stderr]    |
[INFO] [stderr] 9  | pub struct Maze {
[INFO] [stderr]    |            ---- field in this struct
[INFO] [stderr] ...
[INFO] [stderr] 13 |     start: (usize, usize),
[INFO] [stderr]    |     ^^^^^
[INFO] [stderr]    |
[INFO] [stderr]    = note: `Maze` has a derived impl for the trait `Clone`, but this is intentionally ignored during dead code analysis
[INFO] [stderr]    = note: `#[warn(dead_code)]` on by default
[INFO] [stderr] 
[INFO] [stderr] warning: method `show` is never used
[INFO] [stderr]   --> src/bin/day20.rs:34:8
[INFO] [stderr]    |
[INFO] [stderr] 17 | impl Maze {
[INFO] [stderr]    | --------- method in this implementation
[INFO] [stderr] ...
[INFO] [stderr] 34 |     fn show(&self) {
[INFO] [stderr]    |        ^^^^
[INFO] [stderr] 
[INFO] [stderr] warning: comparison is useless due to type limits
[INFO] [stderr]   --> src/bin/day20.rs:44:9
[INFO] [stderr]    |
[INFO] [stderr] 44 |         x >= 0 && x < self.width && y >= 0 && y < self.height && self.get(x, y) != '#'
[INFO] [stderr]    |         ^^^^^^
[INFO] [stderr]    |
[INFO] [stderr]    = note: `#[warn(unused_comparisons)]` on by default
[INFO] [stderr] 
[INFO] [stderr] warning: comparison is useless due to type limits
[INFO] [stderr]   --> src/bin/day20.rs:44:37
[INFO] [stderr]    |
[INFO] [stderr] 44 |         x >= 0 && x < self.width && y >= 0 && y < self.height && self.get(x, y) != '#'
[INFO] [stderr]    |                                     ^^^^^^
[INFO] [stderr] 
[INFO] [stderr] warning: unused `Result` that must be used
[INFO] [stderr]    --> src/bin/day20.rs:148:5
[INFO] [stderr]     |
[INFO] [stderr] 148 |     q.add((start.0, start.1, 0));
[INFO] [stderr]     |     ^^^^^^^^^^^^^^^^^^^^^^^^^^^^
[INFO] [stderr]     |
[INFO] [stderr]     = note: this `Result` may be an `Err` variant, which should be handled
[INFO] [stderr]     = note: `#[warn(unused_must_use)]` on by default
[INFO] [stderr] help: use `let _ = ...` to ignore the resulting value
[INFO] [stderr]     |
[INFO] [stderr] 148 |     let _ = q.add((start.0, start.1, 0));
[INFO] [stderr]     |     +++++++
[INFO] [stderr] 
[INFO] [stderr] warning: unused `Result` that must be used
[INFO] [stderr]    --> src/bin/day20.rs:156:21
[INFO] [stderr]     |
[INFO] [stderr] 156 |                     q.add((x, y, node.2));
[INFO] [stderr]     |                     ^^^^^^^^^^^^^^^^^^^^^
[INFO] [stderr]     |
[INFO] [stderr]     = note: this `Result` may be an `Err` variant, which should be handled
[INFO] [stderr] help: use `let _ = ...` to ignore the resulting value
[INFO] [stderr]     |
[INFO] [stderr] 156 |                     let _ = q.add((x, y, node.2));
[INFO] [stderr]     |                     +++++++
[INFO] [stderr] 
[INFO] [stderr] warning: unused `Result` that must be used
[INFO] [stderr]    --> src/bin/day20.rs:170:21
[INFO] [stderr]     |
[INFO] [stderr] 170 |                     q.add((px, py, node.2 + 1));
[INFO] [stderr]     |                     ^^^^^^^^^^^^^^^^^^^^^^^^^^^
[INFO] [stderr]     |
[INFO] [stderr]     = note: this `Result` may be an `Err` variant, which should be handled
[INFO] [stderr] help: use `let _ = ...` to ignore the resulting value
[INFO] [stderr]     |
[INFO] [stderr] 170 |                     let _ = q.add((px, py, node.2 + 1));
[INFO] [stderr]     |                     +++++++
[INFO] [stderr] 
[INFO] [stderr] warning: unused `Result` that must be used
[INFO] [stderr]    --> src/bin/day20.rs:176:21
[INFO] [stderr]     |
[INFO] [stderr] 176 |                     q.add((px, py, node.2 - 1));
[INFO] [stderr]     |                     ^^^^^^^^^^^^^^^^^^^^^^^^^^^
[INFO] [stderr]     |
[INFO] [stderr]     = note: this `Result` may be an `Err` variant, which should be handled
[INFO] [stderr] help: use `let _ = ...` to ignore the resulting value
[INFO] [stderr]     |
[INFO] [stderr] 176 |                     let _ = q.add((px, py, node.2 - 1));
[INFO] [stderr]     |                     +++++++
[INFO] [stderr] 
[INFO] [stderr] warning: field `text_inter` is never read
[INFO] [stderr]   --> src/bin/day21.rs:15:5
[INFO] [stderr]    |
[INFO] [stderr] 14 | pub struct SpringDroid {
[INFO] [stderr]    |            ----------- field in this struct
[INFO] [stderr] 15 |     text_inter: TextInterface,
[INFO] [stderr]    |     ^^^^^^^^^^
[INFO] [stderr]    |
[INFO] [stderr]    = note: `#[warn(dead_code)]` on by default
[INFO] [stderr] 
[INFO] [stderr] warning: method `execute_program` is never used
[INFO] [stderr]   --> src/bin/day21.rs:19:8
[INFO] [stderr]    |
[INFO] [stderr] 18 | impl SpringDroid {
[INFO] [stderr]    | ---------------- method in this implementation
[INFO] [stderr] 19 |     fn execute_program(&mut self, program: &str) -> i64 {
[INFO] [stderr]    |        ^^^^^^^^^^^^^^^
[INFO] [stderr] 
[INFO] [stderr] warning: field `start` is never read
[INFO] [stderr]   --> src/bin/day18.rs:11:5
[INFO] [stderr]    |
[INFO] [stderr] 7  | pub struct Maze {
[INFO] [stderr]    |            ---- field in this struct
[INFO] [stderr] ...
[INFO] [stderr] 11 |     start: (usize, usize),
[INFO] [stderr]    |     ^^^^^
[INFO] [stderr]    |
[INFO] [stderr]    = note: `Maze` has a derived impl for the trait `Clone`, but this is intentionally ignored during dead code analysis
[INFO] [stderr]    = note: `#[warn(dead_code)]` on by default
[INFO] [stderr] 
[INFO] [stderr] warning: methods `coords` and `show` are never used
[INFO] [stderr]   --> src/bin/day18.rs:17:8
[INFO] [stderr]    |
[INFO] [stderr] 16 | impl Maze {
[INFO] [stderr]    | --------- methods in this implementation
[INFO] [stderr] 17 |     fn coords(&mut self, id: usize) -> (usize, usize) {
[INFO] [stderr]    |        ^^^^^^
[INFO] [stderr] ...
[INFO] [stderr] 62 |     fn show(&self) {
[INFO] [stderr]    |        ^^^^
[INFO] [stderr] 
[INFO] [stderr] warning: comparison is useless due to type limits
[INFO] [stderr]   --> src/bin/day18.rs:70:9
[INFO] [stderr]    |
[INFO] [stderr] 70 |         x >= 0 && x < self.width && y >= 0 && y < self.height && self.get(x, y) != '#'
[INFO] [stderr]    |         ^^^^^^
[INFO] [stderr]    |
[INFO] [stderr]    = note: `#[warn(unused_comparisons)]` on by default
[INFO] [stderr] 
[INFO] [stderr] warning: comparison is useless due to type limits
[INFO] [stderr]   --> src/bin/day18.rs:70:37
[INFO] [stderr]    |
[INFO] [stderr] 70 |         x >= 0 && x < self.width && y >= 0 && y < self.height && self.get(x, y) != '#'
[INFO] [stderr]    |                                     ^^^^^^
[INFO] [stderr] 
[INFO] [stderr] warning: unused `Result` that must be used
[INFO] [stderr]    --> src/bin/day18.rs:151:5
[INFO] [stderr]     |
[INFO] [stderr] 151 |     q.add(start);
[INFO] [stderr]     |     ^^^^^^^^^^^^
[INFO] [stderr]     |
[INFO] [stderr]     = note: this `Result` may be an `Err` variant, which should be handled
[INFO] [stderr]     = note: `#[warn(unused_must_use)]` on by default
[INFO] [stderr] help: use `let _ = ...` to ignore the resulting value
[INFO] [stderr]     |
[INFO] [stderr] 151 |     let _ = q.add(start);
[INFO] [stderr]     |     +++++++
[INFO] [stderr] 
[INFO] [stderr] warning: unused `Result` that must be used
[INFO] [stderr]    --> src/bin/day18.rs:158:17
[INFO] [stderr]     |
[INFO] [stderr] 158 |                 q.add((x, y));
[INFO] [stderr]     |                 ^^^^^^^^^^^^^
[INFO] [stderr]     |
[INFO] [stderr]     = note: this `Result` may be an `Err` variant, which should be handled
[INFO] [stderr] help: use `let _ = ...` to ignore the resulting value
[INFO] [stderr]     |
[INFO] [stderr] 158 |                 let _ = q.add((x, y));
[INFO] [stderr]     |                 +++++++
[INFO] [stderr] 
[INFO] [stderr] warning: unused `Result` that must be used
[INFO] [stderr]    --> src/bin/day18.rs:177:5
[INFO] [stderr]     |
[INFO] [stderr] 177 |     q.add(start);
[INFO] [stderr]     |     ^^^^^^^^^^^^
[INFO] [stderr]     |
[INFO] [stderr]     = note: this `Result` may be an `Err` variant, which should be handled
[INFO] [stderr] help: use `let _ = ...` to ignore the resulting value
[INFO] [stderr]     |
[INFO] [stderr] 177 |     let _ = q.add(start);
[INFO] [stderr]     |     +++++++
[INFO] [stderr] 
[INFO] [stderr] warning: unused `Result` that must be used
[INFO] [stderr]    --> src/bin/day18.rs:188:21
[INFO] [stderr]     |
[INFO] [stderr] 188 |                     q.add((x, y));
[INFO] [stderr]     |                     ^^^^^^^^^^^^^
[INFO] [stderr]     |
[INFO] [stderr]     = note: this `Result` may be an `Err` variant, which should be handled
[INFO] [stderr] help: use `let _ = ...` to ignore the resulting value
[INFO] [stderr]     |
[INFO] [stderr] 188 |                     let _ = q.add((x, y));
[INFO] [stderr]     |                     +++++++
[INFO] [stderr] 
[INFO] [stderr] warning: unused `Result` that must be used
[INFO] [stderr]    --> src/bin/day18.rs:191:21
[INFO] [stderr]     |
[INFO] [stderr] 191 |                     q.add((x, y));
[INFO] [stderr]     |                     ^^^^^^^^^^^^^
[INFO] [stderr]     |
[INFO] [stderr]     = note: this `Result` may be an `Err` variant, which should be handled
[INFO] [stderr] help: use `let _ = ...` to ignore the resulting value
[INFO] [stderr]     |
[INFO] [stderr] 191 |                     let _ = q.add((x, y));
[INFO] [stderr]     |                     +++++++
[INFO] [stderr] 
[INFO] [stderr] warning: unused `Result` that must be used
[INFO] [stderr]    --> src/bin/day18.rs:201:5
[INFO] [stderr]     |
[INFO] [stderr] 201 |     q.add((ax, ay));
[INFO] [stderr]     |     ^^^^^^^^^^^^^^^
[INFO] [stderr]     |
[INFO] [stderr]     = note: this `Result` may be an `Err` variant, which should be handled
[INFO] [stderr] help: use `let _ = ...` to ignore the resulting value
[INFO] [stderr]     |
[INFO] [stderr] 201 |     let _ = q.add((ax, ay));
[INFO] [stderr]     |     +++++++
[INFO] [stderr] 
[INFO] [stderr] warning: unused `Result` that must be used
[INFO] [stderr]    --> src/bin/day18.rs:209:17
[INFO] [stderr]     |
[INFO] [stderr] 209 |                 q.add((x, y));
[INFO] [stderr]     |                 ^^^^^^^^^^^^^
[INFO] [stderr]     |
[INFO] [stderr]     = note: this `Result` may be an `Err` variant, which should be handled
[INFO] [stderr] help: use `let _ = ...` to ignore the resulting value
[INFO] [stderr]     |
[INFO] [stderr] 209 |                 let _ = q.add((x, y));
[INFO] [stderr]     |                 +++++++
[INFO] [stderr] 
[INFO] [stderr] warning: unnecessary parentheses around match arm expression
[INFO] [stderr]   --> src/bin/day22.rs:67:18
[INFO] [stderr]    |
[INFO] [stderr] 67 |             _ => (ops.push(Operation::Reverse)),
[INFO] [stderr]    |                  ^                            ^
[INFO] [stderr]    |
[INFO] [stderr]    = note: `#[warn(unused_parens)]` on by default
[INFO] [stderr] help: remove these parentheses
[INFO] [stderr]    |
[INFO] [stderr] 67 -             _ => (ops.push(Operation::Reverse)),
[INFO] [stderr] 67 +             _ => ops.push(Operation::Reverse),
[INFO] [stderr]    |
[INFO] [stderr] 
[INFO] [stderr] warning: value assigned to `part2` is never read
[INFO] [stderr]   --> src/bin/day23.rs:16:13
[INFO] [stderr]    |
[INFO] [stderr] 16 |     let mut part2 = -1;
[INFO] [stderr]    |             ^^^^^
[INFO] [stderr]    |
[INFO] [stderr]    = help: maybe it is overwritten before being read?
[INFO] [stderr]    = note: `#[warn(unused_assignments)]` on by default
[INFO] [stderr] 
[INFO] [stderr] warning: variable `old_x` is assigned to, but never used
[INFO] [stderr]   --> src/bin/day23.rs:37:13
[INFO] [stderr]    |
[INFO] [stderr] 37 |     let mut old_x = 0;
[INFO] [stderr]    |             ^^^^^
[INFO] [stderr]    |
[INFO] [stderr]    = note: consider using `_old_x` instead
[INFO] [stderr]    = note: `#[warn(unused_variables)]` on by default
[INFO] [stderr] 
[INFO] [stderr] warning: value assigned to `old_x` is never read
[INFO] [stderr]   --> src/bin/day23.rs:69:17
[INFO] [stderr]    |
[INFO] [stderr] 69 |                 old_x = nat_x;
[INFO] [stderr]    |                 ^^^^^
[INFO] [stderr]    |
[INFO] [stderr]    = help: maybe it is overwritten before being read?
[INFO] [stderr] 
[INFO] [stderr] warning: unused `Result` that must be used
[INFO] [stderr]   --> src/bin/day23.rs:26:9
[INFO] [stderr]    |
[INFO] [stderr] 26 |         outputs[i].send(i as i64);
[INFO] [stderr]    |         ^^^^^^^^^^^^^^^^^^^^^^^^^
[INFO] [stderr]    |
[INFO] [stderr]    = note: this `Result` may be an `Err` variant, which should be handled
[INFO] [stderr]    = note: `#[warn(unused_must_use)]` on by default
[INFO] [stderr] help: use `let _ = ...` to ignore the resulting value
[INFO] [stderr]    |
[INFO] [stderr] 26 |         let _ = outputs[i].send(i as i64);
[INFO] [stderr]    |         +++++++
[INFO] [stderr] 
[INFO] [stderr] warning: unused `Result` that must be used
[INFO] [stderr]   --> src/bin/day23.rs:56:21
[INFO] [stderr]    |
[INFO] [stderr] 56 |                     outputs[address.unwrap() as usize].send(packet[0]);
[INFO] [stderr]    |                     ^^^^^^^^^^^^^^^^^^^^^^^^^^^^^^^^^^^^^^^^^^^^^^^^^^
[INFO] [stderr]    |
[INFO] [stderr]    = note: this `Result` may be an `Err` variant, which should be handled
[INFO] [stderr] help: use `let _ = ...` to ignore the resulting value
[INFO] [stderr]    |
[INFO] [stderr] 56 |                     let _ = outputs[address.unwrap() as usize].send(packet[0]);
[INFO] [stderr]    |                     +++++++
[INFO] [stderr] 
[INFO] [stderr] warning: unused `Result` that must be used
[INFO] [stderr]   --> src/bin/day23.rs:57:21
[INFO] [stderr]    |
[INFO] [stderr] 57 |                     outputs[address.unwrap() as usize].send(packet[1]);
[INFO] [stderr]    |                     ^^^^^^^^^^^^^^^^^^^^^^^^^^^^^^^^^^^^^^^^^^^^^^^^^^
[INFO] [stderr]    |
[INFO] [stderr]    = note: this `Result` may be an `Err` variant, which should be handled
[INFO] [stderr] help: use `let _ = ...` to ignore the resulting value
[INFO] [stderr]    |
[INFO] [stderr] 57 |                     let _ = outputs[address.unwrap() as usize].send(packet[1]);
[INFO] [stderr]    |                     +++++++
[INFO] [stderr] 
[INFO] [stderr] warning: unused `Result` that must be used
[INFO] [stderr]   --> src/bin/day23.rs:67:17
[INFO] [stderr]    |
[INFO] [stderr] 67 |                 outputs[0].send(nat_x);
[INFO] [stderr]    |                 ^^^^^^^^^^^^^^^^^^^^^^
[INFO] [stderr]    |
[INFO] [stderr]    = note: this `Result` may be an `Err` variant, which should be handled
[INFO] [stderr] help: use `let _ = ...` to ignore the resulting value
[INFO] [stderr]    |
[INFO] [stderr] 67 |                 let _ = outputs[0].send(nat_x);
[INFO] [stderr]    |                 +++++++
[INFO] [stderr] 
[INFO] [stderr] warning: unused `Result` that must be used
[INFO] [stderr]   --> src/bin/day23.rs:68:17
[INFO] [stderr]    |
[INFO] [stderr] 68 |                 outputs[0].send(nat_y);
[INFO] [stderr]    |                 ^^^^^^^^^^^^^^^^^^^^^^
[INFO] [stderr]    |
[INFO] [stderr]    = note: this `Result` may be an `Err` variant, which should be handled
[INFO] [stderr] help: use `let _ = ...` to ignore the resulting value
[INFO] [stderr]    |
[INFO] [stderr] 68 |                 let _ = outputs[0].send(nat_y);
[INFO] [stderr]    |                 +++++++
[INFO] [stderr] 
[INFO] [stderr] warning: method `to_string` is never used
[INFO] [stderr]   --> src/bin/day14.rs:15:8
[INFO] [stderr]    |
[INFO] [stderr] 14 | impl Ore {
[INFO] [stderr]    | -------- method in this implementation
[INFO] [stderr] 15 |     fn to_string(&self) -> String {
[INFO] [stderr]    |        ^^^^^^^^^
[INFO] [stderr]    |
[INFO] [stderr]    = note: `#[warn(dead_code)]` on by default
[INFO] [stderr] 
[INFO] [stderr] warning: function `point_norm` is never used
[INFO] [stderr]   --> src/bin/day10.rs:53:4
[INFO] [stderr]    |
[INFO] [stderr] 53 | fn point_norm(x: i32, y: i32) -> f32 {
[INFO] [stderr]    |    ^^^^^^^^^^
[INFO] [stderr]    |
[INFO] [stderr]    = note: `#[warn(dead_code)]` on by default
[INFO] [stderr] 
[INFO] [stderr] warning: value assigned to `new_world` is never read
[INFO] [stderr]   --> src/bin/day24.rs:39:17
[INFO] [stderr]    |
[INFO] [stderr] 39 |         let mut new_world: i32 = 0;
[INFO] [stderr]    |                 ^^^^^^^^^
[INFO] [stderr]    |
[INFO] [stderr]    = help: maybe it is overwritten before being read?
[INFO] [stderr]    = note: `#[warn(unused_assignments)]` on by default
[INFO] [stderr] 
[INFO] [stderr] warning: unused `Result` that must be used
[INFO] [stderr]   --> src/bin/day13.rs:28:9
[INFO] [stderr]    |
[INFO] [stderr] 28 |         self.term.clear_screen();
[INFO] [stderr]    |         ^^^^^^^^^^^^^^^^^^^^^^^^
[INFO] [stderr]    |
[INFO] [stderr]    = note: this `Result` may be an `Err` variant, which should be handled
[INFO] [stderr]    = note: `#[warn(unused_must_use)]` on by default
[INFO] [stderr] help: use `let _ = ...` to ignore the resulting value
[INFO] [stderr]    |
[INFO] [stderr] 28 |         let _ = self.term.clear_screen();
[INFO] [stderr]    |         +++++++
[INFO] [stderr] 
[INFO] [stderr] warning: method `to_string` is never used
[INFO] [stderr]   --> src/bin/day12.rs:31:8
[INFO] [stderr]    |
[INFO] [stderr] 12 | impl Moon {
[INFO] [stderr]    | --------- method in this implementation
[INFO] [stderr] ...
[INFO] [stderr] 31 |     fn to_string(&self) -> String {
[INFO] [stderr]    |        ^^^^^^^^^
[INFO] [stderr]    |
[INFO] [stderr]    = note: `#[warn(dead_code)]` on by default
[INFO] [stderr] 
[INFO] [stderr] warning: `aoc` (bin "day03" test) generated 3 warnings
[INFO] [stderr] warning: `aoc` (bin "day20" test) generated 8 warnings
[INFO] [stderr] warning: `aoc` (bin "day21" test) generated 2 warnings
[INFO] [stderr] warning: `aoc` (bin "day18" test) generated 11 warnings
[INFO] [stderr] warning: `aoc` (bin "day22" test) generated 1 warning (run `cargo fix --bin "day22" --tests` to apply 1 suggestion)
[INFO] [stderr] warning: `aoc` (bin "day23" test) generated 8 warnings
[INFO] [stderr] warning: `aoc` (bin "day14" test) generated 1 warning
[INFO] [stderr] warning: `aoc` (bin "day10" test) generated 1 warning
[INFO] [stderr] warning: `aoc` (bin "day24" test) generated 1 warning
[INFO] [stderr] warning: `aoc` (bin "day13" test) generated 1 warning
[INFO] [stderr] warning: `aoc` (bin "day12" test) generated 1 warning
[INFO] [stderr] warning: unused imports: `env`, `thread`
[INFO] [stderr]  --> src/bin/day08.rs:3:11
[INFO] [stderr]   |
[INFO] [stderr] 3 | use std::{env, io, thread};
[INFO] [stderr]   |           ^^^      ^^^^^^
[INFO] [stderr]   |
[INFO] [stderr]   = note: `#[warn(unused_imports)]` on by default
[INFO] [stderr] 
[INFO] [stderr] warning: fields `name`, `items`, and `directions` are never read
[INFO] [stderr]   --> src/bin/day25.rs:23:5
[INFO] [stderr]    |
[INFO] [stderr] 22 | pub struct RoomInfo {
[INFO] [stderr]    |            -------- fields in this struct
[INFO] [stderr] 23 |     name: String,
[INFO] [stderr]    |     ^^^^
[INFO] [stderr] 24 |     items: Vec<String>,
[INFO] [stderr]    |     ^^^^^
[INFO] [stderr] 25 |     directions: Vec<String>,
[INFO] [stderr]    |     ^^^^^^^^^^
[INFO] [stderr]    |
[INFO] [stderr]    = note: `#[warn(dead_code)]` on by default
[INFO] [stderr] 
[INFO] [stderr] warning: unused `Result` that must be used
[INFO] [stderr]    --> src/bin/day25.rs:102:17
[INFO] [stderr]     |
[INFO] [stderr] 102 |                 self.term.clear_screen();
[INFO] [stderr]     |                 ^^^^^^^^^^^^^^^^^^^^^^^^
[INFO] [stderr]     |
[INFO] [stderr]     = note: this `Result` may be an `Err` variant, which should be handled
[INFO] [stderr]     = note: `#[warn(unused_must_use)]` on by default
[INFO] [stderr] help: use `let _ = ...` to ignore the resulting value
[INFO] [stderr]     |
[INFO] [stderr] 102 |                 let _ = self.term.clear_screen();
[INFO] [stderr]     |                 +++++++
[INFO] [stderr] 
[INFO] [stderr] warning: variable `i` is assigned to, but never used
[INFO] [stderr]   --> src/bin/day15.rs:28:17
[INFO] [stderr]    |
[INFO] [stderr] 28 |         let mut i: i32 = 0;
[INFO] [stderr]    |                 ^
[INFO] [stderr]    |
[INFO] [stderr]    = note: consider using `_i` instead
[INFO] [stderr]    = note: `#[warn(unused_variables)]` on by default
[INFO] [stderr] 
[INFO] [stderr] warning: value assigned to `mov_instr` is never read
[INFO] [stderr]   --> src/bin/day15.rs:32:21
[INFO] [stderr]    |
[INFO] [stderr] 32 |             let mut mov_instr = 0;
[INFO] [stderr]    |                     ^^^^^^^^^
[INFO] [stderr]    |
[INFO] [stderr]    = help: maybe it is overwritten before being read?
[INFO] [stderr]    = note: `#[warn(unused_assignments)]` on by default
[INFO] [stderr] 
[INFO] [stderr] warning: unused `Result` that must be used
[INFO] [stderr]   --> src/bin/day15.rs:53:13
[INFO] [stderr]    |
[INFO] [stderr] 53 |             self.out_channel.send(mov_instr);
[INFO] [stderr]    |             ^^^^^^^^^^^^^^^^^^^^^^^^^^^^^^^^
[INFO] [stderr]    |
[INFO] [stderr]    = note: this `Result` may be an `Err` variant, which should be handled
[INFO] [stderr]    = note: `#[warn(unused_must_use)]` on by default
[INFO] [stderr] help: use `let _ = ...` to ignore the resulting value
[INFO] [stderr]    |
[INFO] [stderr] 53 |             let _ = self.out_channel.send(mov_instr);
[INFO] [stderr]    |             +++++++
[INFO] [stderr] 
[INFO] [stderr] warning: unused `Result` that must be used
[INFO] [stderr]    --> src/bin/day15.rs:116:9
[INFO] [stderr]     |
[INFO] [stderr] 116 |         self.term.clear_screen();
[INFO] [stderr]     |         ^^^^^^^^^^^^^^^^^^^^^^^^
[INFO] [stderr]     |
[INFO] [stderr]     = note: this `Result` may be an `Err` variant, which should be handled
[INFO] [stderr] help: use `let _ = ...` to ignore the resulting value
[INFO] [stderr]     |
[INFO] [stderr] 116 |         let _ = self.term.clear_screen();
[INFO] [stderr]     |         +++++++
[INFO] [stderr] 
[INFO] [stderr] warning: value assigned to `s` is never read
[INFO] [stderr]   --> src/bin/day07.rs:25:17
[INFO] [stderr]    |
[INFO] [stderr] 25 |         let mut s = 0;
[INFO] [stderr]    |                 ^
[INFO] [stderr]    |
[INFO] [stderr]    = help: maybe it is overwritten before being read?
[INFO] [stderr]    = note: `#[warn(unused_assignments)]` on by default
[INFO] [stderr] 
[INFO] [stderr] warning: unused `Result` that must be used
[INFO] [stderr]   --> src/bin/day07.rs:28:9
[INFO] [stderr]    |
[INFO] [stderr] 28 |         sys_input.send(permutation[0] as i64);
[INFO] [stderr]    |         ^^^^^^^^^^^^^^^^^^^^^^^^^^^^^^^^^^^^^
[INFO] [stderr]    |
[INFO] [stderr]    = note: this `Result` may be an `Err` variant, which should be handled
[INFO] [stderr]    = note: `#[warn(unused_must_use)]` on by default
[INFO] [stderr] help: use `let _ = ...` to ignore the resulting value
[INFO] [stderr]    |
[INFO] [stderr] 28 |         let _ = sys_input.send(permutation[0] as i64);
[INFO] [stderr]    |         +++++++
[INFO] [stderr] 
[INFO] [stderr] warning: unused `Result` that must be used
[INFO] [stderr]   --> src/bin/day07.rs:36:17
[INFO] [stderr]    |
[INFO] [stderr] 36 |                 send.send(permutation[i + 1] as i64);
[INFO] [stderr]    |                 ^^^^^^^^^^^^^^^^^^^^^^^^^^^^^^^^^^^^
[INFO] [stderr]    |
[INFO] [stderr]    = note: this `Result` may be an `Err` variant, which should be handled
[INFO] [stderr] help: use `let _ = ...` to ignore the resulting value
[INFO] [stderr]    |
[INFO] [stderr] 36 |                 let _ = send.send(permutation[i + 1] as i64);
[INFO] [stderr]    |                 +++++++
[INFO] [stderr] 
[INFO] [stderr] warning: unused `Result` that must be used
[INFO] [stderr]   --> src/bin/day07.rs:50:9
[INFO] [stderr]    |
[INFO] [stderr] 50 |         sys_input.send(0);
[INFO] [stderr]    |         ^^^^^^^^^^^^^^^^^
[INFO] [stderr]    |
[INFO] [stderr]    = note: this `Result` may be an `Err` variant, which should be handled
[INFO] [stderr] help: use `let _ = ...` to ignore the resulting value
[INFO] [stderr]    |
[INFO] [stderr] 50 |         let _ = sys_input.send(0);
[INFO] [stderr]    |         +++++++
[INFO] [stderr] 
[INFO] [stderr] warning: unused `Result` that must be used
[INFO] [stderr]   --> src/bin/day07.rs:55:21
[INFO] [stderr]    |
[INFO] [stderr] 55 |                     sys_input.send(s);
[INFO] [stderr]    |                     ^^^^^^^^^^^^^^^^^
[INFO] [stderr]    |
[INFO] [stderr]    = note: this `Result` may be an `Err` variant, which should be handled
[INFO] [stderr] help: use `let _ = ...` to ignore the resulting value
[INFO] [stderr]    |
[INFO] [stderr] 55 |                     let _ = sys_input.send(s);
[INFO] [stderr]    |                     +++++++
[INFO] [stderr] 
[INFO] [stderr] warning: unreachable statement
[INFO] [stderr]    --> src/bin/day19.rs:138:5
[INFO] [stderr]     |
[INFO] [stderr] 126 | /     loop {
[INFO] [stderr] 127 | |         loop {
[INFO] [stderr] 128 | |             if check(program.clone(), cursor_x, cursor_y) {
[INFO] [stderr] 129 | |                 break;
[INFO] [stderr] ...   |
[INFO] [stderr] 136 | |         cursor_y += 1;
[INFO] [stderr] 137 | |     }
[INFO] [stderr]     | |_____- any code following this expression is unreachable
[INFO] [stderr] 138 |       return -1;
[INFO] [stderr]     |       ^^^^^^^^^^ unreachable statement
[INFO] [stderr]     |
[INFO] [stderr]     = note: `#[warn(unreachable_code)]` on by default
[INFO] [stderr] 
[INFO] [stderr] warning: field `term` is never read
[INFO] [stderr]   --> src/bin/day19.rs:18:5
[INFO] [stderr]    |
[INFO] [stderr] 15 | pub struct Tractor {
[INFO] [stderr]    |            ------- field in this struct
[INFO] [stderr] ...
[INFO] [stderr] 18 |     term: console::Term,
[INFO] [stderr]    |     ^^^^
[INFO] [stderr]    |
[INFO] [stderr]    = note: `#[warn(dead_code)]` on by default
[INFO] [stderr] 
[INFO] [stderr] warning: method `render` is never used
[INFO] [stderr]   --> src/bin/day19.rs:43:8
[INFO] [stderr]    |
[INFO] [stderr] 25 | impl Tractor {
[INFO] [stderr]    | ------------ method in this implementation
[INFO] [stderr] ...
[INFO] [stderr] 43 |     fn render(&mut self) {
[INFO] [stderr]    |        ^^^^^^
[INFO] [stderr] 
[INFO] [stderr] warning: function `vert_fits` is never used
[INFO] [stderr]   --> src/bin/day19.rs:97:4
[INFO] [stderr]    |
[INFO] [stderr] 97 | fn vert_fits(program: Vec<i64>, cursor_x: i64, cursor_y: i64) -> bool {
[INFO] [stderr]    |    ^^^^^^^^^
[INFO] [stderr] 
[INFO] [stderr] warning: unused `Result` that must be used
[INFO] [stderr]   --> src/bin/day19.rs:27:9
[INFO] [stderr]    |
[INFO] [stderr] 27 |         self.out_channel.send(self.x);
[INFO] [stderr]    |         ^^^^^^^^^^^^^^^^^^^^^^^^^^^^^
[INFO] [stderr]    |
[INFO] [stderr]    = note: this `Result` may be an `Err` variant, which should be handled
[INFO] [stderr]    = note: `#[warn(unused_must_use)]` on by default
[INFO] [stderr] help: use `let _ = ...` to ignore the resulting value
[INFO] [stderr]    |
[INFO] [stderr] 27 |         let _ = self.out_channel.send(self.x);
[INFO] [stderr]    |         +++++++
[INFO] [stderr] 
[INFO] [stderr] warning: unused `Result` that must be used
[INFO] [stderr]   --> src/bin/day19.rs:28:9
[INFO] [stderr]    |
[INFO] [stderr] 28 |         self.out_channel.send(self.y);
[INFO] [stderr]    |         ^^^^^^^^^^^^^^^^^^^^^^^^^^^^^
[INFO] [stderr]    |
[INFO] [stderr]    = note: this `Result` may be an `Err` variant, which should be handled
[INFO] [stderr] help: use `let _ = ...` to ignore the resulting value
[INFO] [stderr]    |
[INFO] [stderr] 28 |         let _ = self.out_channel.send(self.y);
[INFO] [stderr]    |         +++++++
[INFO] [stderr] 
[INFO] [stderr] warning: unused `Result` that must be used
[INFO] [stderr]   --> src/bin/day19.rs:44:9
[INFO] [stderr]    |
[INFO] [stderr] 44 |         self.term.clear_screen();
[INFO] [stderr]    |         ^^^^^^^^^^^^^^^^^^^^^^^^
[INFO] [stderr]    |
[INFO] [stderr]    = note: this `Result` may be an `Err` variant, which should be handled
[INFO] [stderr] help: use `let _ = ...` to ignore the resulting value
[INFO] [stderr]    |
[INFO] [stderr] 44 |         let _ = self.term.clear_screen();
[INFO] [stderr]    |         +++++++
[INFO] [stderr] 
[INFO] [stderr] warning: `aoc` (bin "day08" test) generated 1 warning (run `cargo fix --bin "day08" --tests` to apply 1 suggestion)
[INFO] [stderr] warning: `aoc` (bin "day25" test) generated 2 warnings
[INFO] [stderr] warning: `aoc` (bin "day15" test) generated 4 warnings
[INFO] [stderr] warning: `aoc` (bin "day07" test) generated 5 warnings
[INFO] [stderr] warning: `aoc` (bin "day19" test) generated 7 warnings
[INFO] [stderr]     Finished test [unoptimized + debuginfo] target(s) in 0.08s
[INFO] [stderr]      Running unittests src/lib.rs (/opt/rustwide/target/debug/deps/aoc-58f74d808e74e3aa)
[INFO] [stderr]      Running unittests src/bin/day01.rs (/opt/rustwide/target/debug/deps/day01-ea3ec85e318affa8)
[INFO] [stdout] 
[INFO] [stdout] running 0 tests
[INFO] [stdout] 
[INFO] [stdout] test result: ok. 0 passed; 0 failed; 0 ignored; 0 measured; 0 filtered out; finished in 0.00s
[INFO] [stdout] 
[INFO] [stdout] 
[INFO] [stdout] running 0 tests
[INFO] [stdout] 
[INFO] [stdout] test result: ok. 0 passed; 0 failed; 0 ignored; 0 measured; 0 filtered out; finished in 0.00s
[INFO] [stdout] 
[INFO] [stderr]      Running unittests src/bin/day02.rs (/opt/rustwide/target/debug/deps/day02-099622b2b1da72b7)
[INFO] [stdout] 
[INFO] [stderr]      Running unittests src/bin/day03.rs (/opt/rustwide/target/debug/deps/day03-a67bc7c04782858f)
[INFO] [stdout] running 0 tests
[INFO] [stdout] 
[INFO] [stdout] test result: ok. 0 passed; 0 failed; 0 ignored; 0 measured; 0 filtered out; finished in 0.00s
[INFO] [stdout] 
[INFO] [stdout] 
[INFO] [stdout] running 0 tests
[INFO] [stdout] 
[INFO] [stdout] test result: ok. 0 passed; 0 failed; 0 ignored; 0 measured; 0 filtered out; finished in 0.00s
[INFO] [stdout] 
[INFO] [stderr]      Running unittests src/bin/day04.rs (/opt/rustwide/target/debug/deps/day04-14b5448481236a3c)
[INFO] [stdout] 
[INFO] [stdout] running 0 tests
[INFO] [stdout] 
[INFO] [stdout] test result: ok. 0 passed; 0 failed; 0 ignored; 0 measured; 0 filtered out; finished in 0.00s
[INFO] [stdout] 
[INFO] [stderr]      Running unittests src/bin/day05.rs (/opt/rustwide/target/debug/deps/day05-7317e75754a0a080)
[INFO] [stdout] 
[INFO] [stdout] running 0 tests
[INFO] [stdout] 
[INFO] [stdout] test result: ok. 0 passed; 0 failed; 0 ignored; 0 measured; 0 filtered out; finished in 0.00s
[INFO] [stdout] 
[INFO] [stderr]      Running unittests src/bin/day06.rs (/opt/rustwide/target/debug/deps/day06-f441b7ea7d69d628)
[INFO] [stdout] 
[INFO] [stdout] running 0 tests
[INFO] [stdout] 
[INFO] [stdout] test result: ok. 0 passed; 0 failed; 0 ignored; 0 measured; 0 filtered out; finished in 0.00s
[INFO] [stdout] 
[INFO] [stderr]      Running unittests src/bin/day07.rs (/opt/rustwide/target/debug/deps/day07-356eea38e53eb113)
[INFO] [stdout] 
[INFO] [stdout] running 0 tests
[INFO] [stdout] 
[INFO] [stdout] test result: ok. 0 passed; 0 failed; 0 ignored; 0 measured; 0 filtered out; finished in 0.00s
[INFO] [stdout] 
[INFO] [stderr]      Running unittests src/bin/day08.rs (/opt/rustwide/target/debug/deps/day08-0313fff3044b46b2)
[INFO] [stdout] 
[INFO] [stdout] running 0 tests
[INFO] [stdout] 
[INFO] [stdout] test result: ok. 0 passed; 0 failed; 0 ignored; 0 measured; 0 filtered out; finished in 0.00s
[INFO] [stdout] 
[INFO] [stderr]      Running unittests src/bin/day09.rs (/opt/rustwide/target/debug/deps/day09-15d8b4c9aecfdcd3)
[INFO] [stdout] 
[INFO] [stdout] running 0 tests
[INFO] [stdout] 
[INFO] [stdout] test result: ok. 0 passed; 0 failed; 0 ignored; 0 measured; 0 filtered out; finished in 0.00s
[INFO] [stdout] 
[INFO] [stderr]      Running unittests src/bin/day10.rs (/opt/rustwide/target/debug/deps/day10-278cbfc75415c74c)
[INFO] [stdout] 
[INFO] [stdout] running 0 tests
[INFO] [stdout] 
[INFO] [stdout] test result: ok. 0 passed; 0 failed; 0 ignored; 0 measured; 0 filtered out; finished in 0.00s
[INFO] [stdout] 
[INFO] [stderr]      Running unittests src/bin/day11.rs (/opt/rustwide/target/debug/deps/day11-b302b96c2eedb31d)
[INFO] [stdout] 
[INFO] [stdout] running 0 tests
[INFO] [stdout] 
[INFO] [stdout] test result: ok. 0 passed; 0 failed; 0 ignored; 0 measured; 0 filtered out; finished in 0.00s
[INFO] [stdout] 
[INFO] [stderr]      Running unittests src/bin/day12.rs (/opt/rustwide/target/debug/deps/day12-3d13c39a5e144d9c)
[INFO] [stdout] 
[INFO] [stdout] running 0 tests
[INFO] [stdout] 
[INFO] [stdout] test result: ok. 0 passed; 0 failed; 0 ignored; 0 measured; 0 filtered out; finished in 0.00s
[INFO] [stdout] 
[INFO] [stderr]      Running unittests src/bin/day13.rs (/opt/rustwide/target/debug/deps/day13-3a24436c98dc3925)
[INFO] [stderr]      Running unittests src/bin/day14.rs (/opt/rustwide/target/debug/deps/day14-75f3d09a2467bd71)
[INFO] [stdout] 
[INFO] [stdout] running 0 tests
[INFO] [stdout] 
[INFO] [stdout] test result: ok. 0 passed; 0 failed; 0 ignored; 0 measured; 0 filtered out; finished in 0.00s
[INFO] [stdout] 
[INFO] [stdout] 
[INFO] [stdout] running 0 tests
[INFO] [stdout] 
[INFO] [stdout] test result: ok. 0 passed; 0 failed; 0 ignored; 0 measured; 0 filtered out; finished in 0.00s
[INFO] [stdout] 
[INFO] [stderr]      Running unittests src/bin/day15.rs (/opt/rustwide/target/debug/deps/day15-5100a8fe31dd78ef)
[INFO] [stdout] 
[INFO] [stdout] running 0 tests
[INFO] [stdout] 
[INFO] [stdout] test result: ok. 0 passed; 0 failed; 0 ignored; 0 measured; 0 filtered out; finished in 0.00s
[INFO] [stdout] 
[INFO] [stderr]      Running unittests src/bin/day16.rs (/opt/rustwide/target/debug/deps/day16-d7675a381d324ebd)
[INFO] [stdout] 
[INFO] [stdout] running 0 tests
[INFO] [stdout] 
[INFO] [stdout] test result: ok. 0 passed; 0 failed; 0 ignored; 0 measured; 0 filtered out; finished in 0.00s
[INFO] [stdout] 
[INFO] [stderr]      Running unittests src/bin/day17.rs (/opt/rustwide/target/debug/deps/day17-8e3f8fd1f97690d4)
[INFO] [stdout] 
[INFO] [stderr]      Running unittests src/bin/day18.rs (/opt/rustwide/target/debug/deps/day18-308513c650f30956)
[INFO] [stdout] running 0 tests
[INFO] [stdout] 
[INFO] [stdout] test result: ok. 0 passed; 0 failed; 0 ignored; 0 measured; 0 filtered out; finished in 0.00s
[INFO] [stdout] 
[INFO] [stderr]      Running unittests src/bin/day19.rs (/opt/rustwide/target/debug/deps/day19-5dde4b2e5d397942)
[INFO] [stdout] 
[INFO] [stdout] running 0 tests
[INFO] [stdout] 
[INFO] [stdout] test result: ok. 0 passed; 0 failed; 0 ignored; 0 measured; 0 filtered out; finished in 0.00s
[INFO] [stdout] 
[INFO] [stdout] 
[INFO] [stdout] running 0 tests
[INFO] [stdout] 
[INFO] [stdout] test result: ok. 0 passed; 0 failed; 0 ignored; 0 measured; 0 filtered out; finished in 0.00s
[INFO] [stdout] 
[INFO] [stderr]      Running unittests src/bin/day20.rs (/opt/rustwide/target/debug/deps/day20-021392ecbcfdeaaa)
[INFO] [stdout] 
[INFO] [stdout] running 0 tests
[INFO] [stdout] 
[INFO] [stdout] test result: ok. 0 passed; 0 failed; 0 ignored; 0 measured; 0 filtered out; finished in 0.00s
[INFO] [stdout] 
[INFO] [stderr]      Running unittests src/bin/day21.rs (/opt/rustwide/target/debug/deps/day21-6cc1021a035b7512)
[INFO] [stdout] 
[INFO] [stderr]      Running unittests src/bin/day22.rs (/opt/rustwide/target/debug/deps/day22-25b2f9ca20348eb5)
[INFO] [stdout] running 0 tests
[INFO] [stdout] 
[INFO] [stdout] test result: ok. 0 passed; 0 failed; 0 ignored; 0 measured; 0 filtered out; finished in 0.00s
[INFO] [stdout] 
[INFO] [stdout] 
[INFO] [stdout] running 0 tests
[INFO] [stdout] 
[INFO] [stdout] test result: ok. 0 passed; 0 failed; 0 ignored; 0 measured; 0 filtered out; finished in 0.00s
[INFO] [stdout] 
[INFO] [stderr]      Running unittests src/bin/day23.rs (/opt/rustwide/target/debug/deps/day23-68f30d52c908ab4d)
[INFO] [stdout] 
[INFO] [stdout] running 0 tests
[INFO] [stdout] 
[INFO] [stdout] test result: ok. 0 passed; 0 failed; 0 ignored; 0 measured; 0 filtered out; finished in 0.00s
[INFO] [stdout] 
[INFO] [stderr]      Running unittests src/bin/day24.rs (/opt/rustwide/target/debug/deps/day24-9bcd98b61213b9d4)
[INFO] [stdout] 
[INFO] [stdout] running 0 tests
[INFO] [stdout] 
[INFO] [stdout] test result: ok. 0 passed; 0 failed; 0 ignored; 0 measured; 0 filtered out; finished in 0.00s
[INFO] [stdout] 
[INFO] [stderr]      Running unittests src/bin/day25.rs (/opt/rustwide/target/debug/deps/day25-f8da5fd27603bfb5)
[INFO] [stdout] 
[INFO] [stdout] running 0 tests
[INFO] [stdout] 
[INFO] [stdout] test result: ok. 0 passed; 0 failed; 0 ignored; 0 measured; 0 filtered out; finished in 0.00s
[INFO] [stdout] 
[INFO] [stderr]    Doc-tests aoc
[INFO] [stdout] 
[INFO] [stdout] running 0 tests
[INFO] [stdout] 
[INFO] [stdout] test result: ok. 0 passed; 0 failed; 0 ignored; 0 measured; 0 filtered out; finished in 0.00s
[INFO] [stdout] 
[INFO] running `Command { std: "docker" "inspect" "5660b4f13a78d010f2a9e45a01f3830aa19a350bdd58374e4bc1af83dbc6e895", kill_on_drop: false }`
[INFO] running `Command { std: "docker" "rm" "-f" "5660b4f13a78d010f2a9e45a01f3830aa19a350bdd58374e4bc1af83dbc6e895", kill_on_drop: false }`
[INFO] [stdout] 5660b4f13a78d010f2a9e45a01f3830aa19a350bdd58374e4bc1af83dbc6e895
