[INFO] cloning repository https://github.com/tapegram/nonblocking-reviews
[INFO] running `Command { std: "git" "-c" "credential.helper=" "-c" "credential.helper=/workspace/cargo-home/bin/git-credential-null" "clone" "--bare" "https://github.com/tapegram/nonblocking-reviews" "/workspace/cache/git-repos/https%3A%2F%2Fgithub.com%2Ftapegram%2Fnonblocking-reviews", kill_on_drop: false }`
[INFO] [stderr] Cloning into bare repository '/workspace/cache/git-repos/https%3A%2F%2Fgithub.com%2Ftapegram%2Fnonblocking-reviews'...
[INFO] running `Command { std: "git" "rev-parse" "HEAD", kill_on_drop: false }`
[INFO] [stdout] 03743b9d4aa1657e984370f98995d36c51f39259
[INFO] testing tapegram/nonblocking-reviews against 1.75.0 for beta-1.76-1
[INFO] running `Command { std: "git" "clone" "/workspace/cache/git-repos/https%3A%2F%2Fgithub.com%2Ftapegram%2Fnonblocking-reviews" "/workspace/builds/worker-2-tc1/source", kill_on_drop: false }`
[INFO] [stderr] Cloning into '/workspace/builds/worker-2-tc1/source'...
[INFO] [stderr] done.
[INFO] validating manifest of git repo https://github.com/tapegram/nonblocking-reviews on toolchain 1.75.0
[INFO] running `Command { std: CARGO_HOME="/workspace/cargo-home" RUSTUP_HOME="/workspace/rustup-home" "/workspace/cargo-home/bin/cargo" "+1.75.0" "metadata" "--manifest-path" "Cargo.toml" "--no-deps", kill_on_drop: false }`
[INFO] started tweaking git repo https://github.com/tapegram/nonblocking-reviews
[INFO] finished tweaking git repo https://github.com/tapegram/nonblocking-reviews
[INFO] tweaked toml for git repo https://github.com/tapegram/nonblocking-reviews written to /workspace/builds/worker-2-tc1/source/Cargo.toml
[INFO] crate git repo https://github.com/tapegram/nonblocking-reviews already has a lockfile, it will not be regenerated
[INFO] running `Command { std: CARGO_HOME="/workspace/cargo-home" RUSTUP_HOME="/workspace/rustup-home" "/workspace/cargo-home/bin/cargo" "+1.75.0" "fetch" "--manifest-path" "Cargo.toml", kill_on_drop: false }`
[INFO] [stderr]     Blocking waiting for file lock on package cache
[INFO] [stderr]     Updating crates.io index
[INFO] [stderr]     Blocking waiting for file lock on package cache
[ERROR] error running command: no output for 300 seconds
[ERROR] this task or one of its parent failed!
[ERROR] no output for 300 seconds
[ERROR] note: run with `RUST_BACKTRACE=1` to display a backtrace.
[INFO] testing tapegram/nonblocking-reviews against beta-2023-12-22 for beta-1.76-1
[INFO] running `Command { std: "git" "clone" "/workspace/cache/git-repos/https%3A%2F%2Fgithub.com%2Ftapegram%2Fnonblocking-reviews" "/workspace/builds/worker-2-tc2/source", kill_on_drop: false }`
[INFO] [stderr] Cloning into '/workspace/builds/worker-2-tc2/source'...
[INFO] [stderr] done.
[INFO] validating manifest of git repo https://github.com/tapegram/nonblocking-reviews on toolchain beta-2023-12-22
[INFO] running `Command { std: CARGO_HOME="/workspace/cargo-home" RUSTUP_HOME="/workspace/rustup-home" "/workspace/cargo-home/bin/cargo" "+beta-2023-12-22" "metadata" "--manifest-path" "Cargo.toml" "--no-deps", kill_on_drop: false }`
[INFO] started tweaking git repo https://github.com/tapegram/nonblocking-reviews
[INFO] finished tweaking git repo https://github.com/tapegram/nonblocking-reviews
[INFO] tweaked toml for git repo https://github.com/tapegram/nonblocking-reviews written to /workspace/builds/worker-2-tc2/source/Cargo.toml
[INFO] crate git repo https://github.com/tapegram/nonblocking-reviews already has a lockfile, it will not be regenerated
[INFO] running `Command { std: CARGO_HOME="/workspace/cargo-home" RUSTUP_HOME="/workspace/rustup-home" "/workspace/cargo-home/bin/cargo" "+beta-2023-12-22" "fetch" "--manifest-path" "Cargo.toml", kill_on_drop: false }`
[INFO] [stderr]     Blocking waiting for file lock on package cache
[INFO] [stderr]     Blocking waiting for file lock on package cache
[INFO] [stderr]  Downloading crates ...
[INFO] [stderr]   Downloaded dummy v0.7.0
[INFO] [stderr]   Downloaded openai-api-rs v2.1.7
[INFO] [stderr]   Downloaded axum-flash v0.8.0
[INFO] [stderr]   Downloaded rscx v0.1.11
[INFO] [stderr]   Downloaded tower-sessions v0.8.2
[INFO] [stderr]   Downloaded tower-livereload v0.9.1
[INFO] [stderr]   Downloaded rscx-macros v0.1.11
[INFO] [stderr]   Downloaded tower-sessions-mongodb-store v0.8.2
[INFO] [stderr]   Downloaded tower-sessions-memory-store v0.8.2
[INFO] [stderr]   Downloaded axum-login v0.11.0
[INFO] [stderr]   Downloaded tower-sessions-core v0.8.2
[INFO] running `Command { std: "docker" "create" "-v" "/var/lib/crater-agent-workspace/builds/worker-2-tc2/target:/opt/rustwide/target:rw,Z" "-v" "/var/lib/crater-agent-workspace/builds/worker-2-tc2/source:/opt/rustwide/workdir:ro,Z" "-v" "/var/lib/crater-agent-workspace/cargo-home:/opt/rustwide/cargo-home:ro,Z" "-v" "/var/lib/crater-agent-workspace/rustup-home:/opt/rustwide/rustup-home:ro,Z" "-e" "SOURCE_DIR=/opt/rustwide/workdir" "-e" "CARGO_TARGET_DIR=/opt/rustwide/target" "-e" "CARGO_HOME=/opt/rustwide/cargo-home" "-e" "RUSTUP_HOME=/opt/rustwide/rustup-home" "-w" "/opt/rustwide/workdir" "-m" "1610612736" "--user" "0:0" "--network" "none" "ghcr.io/rust-lang/crates-build-env/linux@sha256:2788e3201cd34a07e3172128adcd8b3090168a8e3bcc40d7c032b9dda1df7d1c" "/opt/rustwide/cargo-home/bin/cargo" "+beta-2023-12-22" "metadata" "--no-deps" "--format-version=1", kill_on_drop: false }`
[INFO] [stdout] f0baf5fa89044c7d6a3bcd0e2651cedff740c2297a3fb9486febd7b77fdad5ef
[INFO] running `Command { std: "docker" "start" "-a" "f0baf5fa89044c7d6a3bcd0e2651cedff740c2297a3fb9486febd7b77fdad5ef", kill_on_drop: false }`
[INFO] running `Command { std: "docker" "inspect" "f0baf5fa89044c7d6a3bcd0e2651cedff740c2297a3fb9486febd7b77fdad5ef", kill_on_drop: false }`
[INFO] running `Command { std: "docker" "rm" "-f" "f0baf5fa89044c7d6a3bcd0e2651cedff740c2297a3fb9486febd7b77fdad5ef", kill_on_drop: false }`
[INFO] [stdout] f0baf5fa89044c7d6a3bcd0e2651cedff740c2297a3fb9486febd7b77fdad5ef
[INFO] running `Command { std: "docker" "create" "-v" "/var/lib/crater-agent-workspace/builds/worker-2-tc2/target:/opt/rustwide/target:rw,Z" "-v" "/var/lib/crater-agent-workspace/builds/worker-2-tc2/source:/opt/rustwide/workdir:ro,Z" "-v" "/var/lib/crater-agent-workspace/cargo-home:/opt/rustwide/cargo-home:ro,Z" "-v" "/var/lib/crater-agent-workspace/rustup-home:/opt/rustwide/rustup-home:ro,Z" "-e" "SOURCE_DIR=/opt/rustwide/workdir" "-e" "CARGO_TARGET_DIR=/opt/rustwide/target" "-e" "CARGO_INCREMENTAL=0" "-e" "RUST_BACKTRACE=full" "-e" "RUSTFLAGS=--cap-lints=warn" "-e" "RUSTDOCFLAGS=--cap-lints=warn" "-e" "CARGO_HOME=/opt/rustwide/cargo-home" "-e" "RUSTUP_HOME=/opt/rustwide/rustup-home" "-w" "/opt/rustwide/workdir" "-m" "1610612736" "--user" "0:0" "--network" "none" "ghcr.io/rust-lang/crates-build-env/linux@sha256:2788e3201cd34a07e3172128adcd8b3090168a8e3bcc40d7c032b9dda1df7d1c" "/opt/rustwide/cargo-home/bin/cargo" "+beta-2023-12-22" "build" "--frozen" "--message-format=json", kill_on_drop: false }`
[INFO] [stdout] 708794ad5be6cc196ca055dd7b9caa51d8a7ca2e89f83b1d4ea683927a52a5e1
[INFO] running `Command { std: "docker" "start" "-a" "708794ad5be6cc196ca055dd7b9caa51d8a7ca2e89f83b1d4ea683927a52a5e1", kill_on_drop: false }`
[INFO] [stderr]    Compiling proc-macro2 v1.0.70
[INFO] [stderr]    Compiling unicode-ident v1.0.12
[INFO] [stderr]    Compiling cfg-if v1.0.0
[INFO] [stderr]    Compiling libc v0.2.150
[INFO] [stderr]    Compiling autocfg v1.1.0
[INFO] [stderr]    Compiling version_check v0.9.4
[INFO] [stderr]    Compiling serde v1.0.193
[INFO] [stderr]    Compiling pin-project-lite v0.2.13
[INFO] [stderr]    Compiling bytes v1.5.0
[INFO] [stderr]    Compiling itoa v1.0.9
[INFO] [stderr]    Compiling memchr v2.6.4
[INFO] [stderr]    Compiling futures-core v0.3.29
[INFO] [stderr]    Compiling log v0.4.20
[INFO] [stderr]    Compiling fnv v1.0.7
[INFO] [stderr]    Compiling futures-task v0.3.29
[INFO] [stderr]    Compiling futures-channel v0.3.29
[INFO] [stderr]    Compiling futures-sink v0.3.29
[INFO] [stderr]    Compiling futures-util v0.3.29
[INFO] [stderr]    Compiling once_cell v1.18.0
[INFO] [stderr]    Compiling smallvec v1.11.2
[INFO] [stderr]    Compiling parking_lot_core v0.9.9
[INFO] [stderr]    Compiling futures-io v0.3.29
[INFO] [stderr]    Compiling pin-utils v0.1.0
[INFO] [stderr]    Compiling scopeguard v1.2.0
[INFO] [stderr]    Compiling syn v1.0.109
[INFO] [stderr]    Compiling equivalent v1.0.1
[INFO] [stderr]    Compiling hashbrown v0.14.3
[INFO] [stderr]    Compiling tracing-core v0.1.32
[INFO] [stderr]    Compiling typenum v1.17.0
[INFO] [stderr]    Compiling slab v0.4.9
[INFO] [stderr]    Compiling lock_api v0.4.11
[INFO] [stderr]    Compiling generic-array v0.14.7
[INFO] [stderr]    Compiling async-trait v0.1.74
[INFO] [stderr]    Compiling tower-service v0.3.2
[INFO] [stderr]    Compiling percent-encoding v2.3.1
[INFO] [stderr]    Compiling ryu v1.0.15
[INFO] [stderr]    Compiling serde_json v1.0.108
[INFO] [stderr]    Compiling ppv-lite86 v0.2.17
[INFO] [stderr]    Compiling spin v0.9.8
[INFO] [stderr]    Compiling http v1.0.0
[INFO] [stderr]    Compiling base64 v0.21.5
[INFO] [stderr]    Compiling time-core v0.1.2
[INFO] [stderr]    Compiling cpufeatures v0.2.11
[INFO] [stderr]    Compiling quote v1.0.33
[INFO] [stderr]    Compiling powerfmt v0.2.0
[INFO] [stderr]    Compiling thiserror v1.0.50
[INFO] [stderr]    Compiling indexmap v2.1.0
[INFO] [stderr]    Compiling tower-layer v0.3.2
[INFO] [stderr]    Compiling subtle v2.4.1
[INFO] [stderr]    Compiling time-macros v0.2.15
[INFO] [stderr]    Compiling form_urlencoded v1.2.1
[INFO] [stderr]    Compiling syn v2.0.39
[INFO] [stderr]    Compiling httparse v1.8.0
[INFO] [stderr]    Compiling tinyvec_macros v0.1.1
[INFO] [stderr]    Compiling rustversion v1.0.14
[INFO] [stderr]    Compiling http v0.2.11
[INFO] [stderr]    Compiling tinyvec v1.6.0
[INFO] [stderr]    Compiling num-traits v0.2.17
[INFO] [stderr]    Compiling mio v0.8.9
[INFO] [stderr]    Compiling signal-hook-registry v1.4.1
[INFO] [stderr]    Compiling num_cpus v1.16.0
[INFO] [stderr]    Compiling socket2 v0.5.5
[INFO] [stderr]    Compiling getrandom v0.2.11
[INFO] [stderr]    Compiling http-body v1.0.0
[INFO] [stderr]    Compiling cc v1.0.83
[INFO] [stderr]    Compiling rand_core v0.6.4
[INFO] [stderr]    Compiling mime v0.3.17
[INFO] [stderr]    Compiling rand_chacha v0.3.1
[INFO] [stderr]    Compiling httpdate v1.0.3
[INFO] [stderr]    Compiling unicode-bidi v0.3.13
[INFO] [stderr]    Compiling untrusted v0.9.0
[INFO] [stderr]    Compiling unicode-normalization v0.1.22
[INFO] [stderr]    Compiling rustls v0.21.9
[INFO] [stderr]    Compiling rand v0.8.5
[INFO] [stderr]    Compiling heck v0.4.1
[INFO] [stderr]    Compiling sync_wrapper v0.1.2
[INFO] [stderr]    Compiling strsim v0.10.0
[INFO] [stderr]    Compiling ident_case v1.0.1
[INFO] [stderr]    Compiling cookie v0.18.0
[INFO] [stderr]    Compiling bitflags v2.4.1
[INFO] [stderr]    Compiling lazy_static v1.4.0
[INFO] [stderr]    Compiling block-buffer v0.10.4
[INFO] [stderr]    Compiling crypto-common v0.1.6
[INFO] [stderr]    Compiling hex v0.4.3
[INFO] [stderr]    Compiling idna v0.5.0
[INFO] [stderr]    Compiling axum-core v0.4.1
[INFO] [stderr]    Compiling digest v0.10.7
[INFO] [stderr]    Compiling http-body v0.4.6
[INFO] [stderr]    Compiling rustls-pemfile v1.0.4
[INFO] [stderr]    Compiling proc-macro-error-attr v1.0.4
[INFO] [stderr]    Compiling vcpkg v0.2.15
[INFO] [stderr]    Compiling sha2 v0.10.8
[INFO] [stderr]    Compiling hmac v0.12.1
[INFO] [stderr]    Compiling try-lock v0.2.5
[INFO] [stderr]    Compiling openssl-probe v0.1.5
[INFO] [stderr]    Compiling semver-parser v0.7.0
[INFO] [stderr]    Compiling pkg-config v0.3.28
[INFO] [stderr]    Compiling want v0.3.1
[INFO] [stderr]    Compiling multer v2.1.0
[INFO] [stderr]    Compiling proc-macro-error v1.0.4
[INFO] [stderr]    Compiling num-integer v0.1.45
[INFO] [stderr]    Compiling semver v0.9.0
[INFO] [stderr]    Compiling ring v0.17.6
[INFO] [stderr]    Compiling encoding_rs v0.8.33
[INFO] [stderr]    Compiling radium v0.7.0
[INFO] [stderr]    Compiling iana-time-zone v0.1.58
[INFO] [stderr]    Compiling ipnet v2.9.0
[INFO] [stderr]    Compiling rustc_version v0.2.3
[INFO] [stderr]    Compiling axum v0.7.2
[INFO] [stderr]    Compiling unicase v2.7.0
[INFO] [stderr]    Compiling ahash v0.8.6
[INFO] [stderr]    Compiling num-bigint v0.4.4
[INFO] [stderr]    Compiling indexmap v1.9.3
[INFO] [stderr]    Compiling tap v1.0.1
[INFO] [stderr]    Compiling webpki-roots v0.25.3
[INFO] [stderr]    Compiling match_cfg v0.1.0
[INFO] [stderr]    Compiling matches v0.1.10
[INFO] [stderr]    Compiling paste v1.0.14
[INFO] [stderr]    Compiling hostname v0.3.1
[INFO] [stderr]    Compiling idna v0.2.3
[INFO] [stderr]    Compiling wyz v0.5.1
[INFO] [stderr]    Compiling openssl-sys v0.9.98
[INFO] [stderr]    Compiling rustc_version_runtime v0.2.1
[INFO] [stderr]    Compiling backtrace v0.3.69
[INFO] [stderr]    Compiling gimli v0.28.1
[INFO] [stderr]    Compiling adler v1.0.2
[INFO] [stderr]    Compiling hashbrown v0.12.3
[INFO] [stderr]    Compiling quick-error v1.2.3
[INFO] [stderr]    Compiling doc-comment v0.3.3
[INFO] [stderr]    Compiling data-encoding v2.5.0
[INFO] [stderr]    Compiling funty v2.0.0
[INFO] [stderr]    Compiling zerocopy v0.7.28
[INFO] [stderr]    Compiling matchit v0.7.3
[INFO] [stderr]    Compiling linked-hash-map v0.5.6
[INFO] [stderr]    Compiling resolv-conf v0.7.0
[INFO] [stderr]    Compiling lru-cache v0.1.2
[INFO] [stderr]    Compiling miniz_oxide v0.7.1
[INFO] [stderr]    Compiling bitvec v1.0.1
[INFO] [stderr]    Compiling object v0.32.1
[INFO] [stderr]    Compiling darling_core v0.13.4
[INFO] [stderr]    Compiling proc-macro2-diagnostics v0.10.1
[INFO] [stderr]    Compiling base64 v0.13.1
[INFO] [stderr]    Compiling convert_case v0.4.0
[INFO] [stderr]    Compiling finl_unicode v1.2.0
[INFO] [stderr]    Compiling rustc-demangle v0.1.23
[INFO] [stderr]    Compiling byteorder v1.5.0
[INFO] [stderr]    Compiling openssl v0.10.62
[INFO] [stderr]    Compiling foreign-types-shared v0.1.1
[INFO] [stderr]    Compiling foreign-types v0.3.2
[INFO] [stderr]    Compiling rmp v0.8.12
[INFO] [stderr]    Compiling stringprep v0.1.4
[INFO] [stderr]    Compiling mime_guess v2.0.4
[INFO] [stderr]    Compiling rustls-native-certs v0.6.3
[INFO] [stderr]    Compiling md-5 v0.10.6
[INFO] [stderr]    Compiling sha-1 v0.10.1
[INFO] [stderr]    Compiling pbkdf2 v0.11.0
[INFO] [stderr]    Compiling socket2 v0.4.10
[INFO] [stderr]    Compiling pem v3.0.3
[INFO] [stderr]    Compiling http-range-header v0.3.1
[INFO] [stderr]    Compiling take_mut v0.2.2
[INFO] [stderr]    Compiling iri-string v0.7.0
[INFO] [stderr]    Compiling zeroize v1.7.0
[INFO] [stderr]    Compiling native-tls v0.2.11
[INFO] [stderr]    Compiling bitflags v1.3.2
[INFO] [stderr]    Compiling yansi v1.0.0-rc.1
[INFO] [stderr]    Compiling secrecy v0.8.0
[INFO] [stderr]    Compiling aho-corasick v1.1.2
[INFO] [stderr]    Compiling tokio v1.34.0
[INFO] [stderr]    Compiling unicode-segmentation v1.10.1
[INFO] [stderr]    Compiling regex-syntax v0.8.2
[INFO] [stderr]    Compiling addr2line v0.21.0
[INFO] [stderr]    Compiling either v1.9.0
[INFO] [stderr]    Compiling utf8-width v0.1.7
[INFO] [stderr]    Compiling arc-swap v1.6.0
[INFO] [stderr]    Compiling html-escape v0.2.13
[INFO] [stderr]    Compiling convert_case v0.6.0
[INFO] [stderr]    Compiling http-range-header v0.4.0
[INFO] [stderr]    Compiling minreq v2.11.0
[INFO] [stderr]    Compiling validator_types v0.16.0
[INFO] [stderr]    Compiling if_chain v1.0.2
[INFO] [stderr]    Compiling urlencoding v2.1.3
[INFO] [stderr]    Compiling overload v0.1.1
[INFO] [stderr]    Compiling nu-ansi-term v0.46.0
[INFO] [stderr]    Compiling idna v0.4.0
[INFO] [stderr]    Compiling sharded-slab v0.1.7
[INFO] [stderr]    Compiling tracing-log v0.2.0
[INFO] [stderr]    Compiling thread_local v1.1.7
[INFO] [stderr]    Compiling dotenvy v0.15.7
[INFO] [stderr]    Compiling serde_derive v1.0.193
[INFO] [stderr]    Compiling futures-macro v0.3.29
[INFO] [stderr]    Compiling tokio-macros v2.2.0
[INFO] [stderr]    Compiling tracing-attributes v0.1.27
[INFO] [stderr]    Compiling thiserror-impl v1.0.50
[INFO] [stderr]    Compiling pin-project-internal v1.1.3
[INFO] [stderr]    Compiling darling_macro v0.13.4
[INFO] [stderr]    Compiling enum-as-inner v0.4.0
[INFO] [stderr]    Compiling derive_more v0.99.17
[INFO] [stderr]    Compiling derivative v2.2.0
[INFO] [stderr]    Compiling sct v0.7.1
[INFO] [stderr]    Compiling rustls-webpki v0.101.7
[INFO] [stderr]    Compiling typed-builder v0.10.0
[INFO] [stderr]    Compiling darling v0.13.4
[INFO] [stderr]    Compiling snafu-derive v0.7.5
[INFO] [stderr]    Compiling serde_with_macros v1.5.2
[INFO] [stderr]    Compiling pin-project v1.1.3
[INFO] [stderr]    Compiling openssl-macros v0.1.1
[INFO] [stderr]    Compiling syn_derive v0.1.8
[INFO] [stderr]    Compiling sha256 v1.4.0
[INFO] [stderr]    Compiling regex-automata v0.4.3
[INFO] [stderr]    Compiling tracing v0.1.40
[INFO] [stderr]    Compiling typed-builder-macro v0.16.2
[INFO] [stderr]    Compiling web-client v0.1.0 (/opt/rustwide/workdir/web-client)
[INFO] [stderr]    Compiling typed-builder-macro v0.18.0
[INFO] [stderr]    Compiling web-macros v0.1.0 (/opt/rustwide/workdir/web-macros)
[INFO] [stderr]    Compiling tracing-subscriber v0.3.18
[INFO] [stderr]    Compiling axum-macros v0.4.0
[INFO] [stderr]    Compiling rstml v0.11.2
[INFO] [stderr]    Compiling typed-builder v0.16.2
[INFO] [stderr]    Compiling rscx-macros v0.1.11
[INFO] [stderr]    Compiling snafu v0.7.5
[INFO] [stderr]    Compiling typed-builder v0.18.0
[INFO] [stderr]    Compiling futures-executor v0.3.29
[INFO] [stderr]    Compiling http-body-util v0.1.0
[INFO] [stderr]    Compiling regex v1.10.2
[INFO] [stderr]    Compiling futures v0.3.29
[INFO] [stderr]    Compiling validator_derive v0.16.0
[INFO] [stderr]    Compiling deranged v0.3.9
[INFO] [stderr]    Compiling url v2.5.0
[INFO] [stderr]    Compiling serde_urlencoded v0.7.1
[INFO] [stderr]    Compiling uuid v1.6.1
[INFO] [stderr]    Compiling serde_path_to_error v0.1.14
[INFO] [stderr]    Compiling chrono v0.4.31
[INFO] [stderr]    Compiling serde_with v1.14.0
[INFO] [stderr]    Compiling serde_bytes v0.11.12
[INFO] [stderr]    Compiling rmp-serde v1.1.2
[INFO] [stderr]    Compiling serde_html_form v0.2.2
[INFO] [stderr]    Compiling parking_lot v0.12.1
[INFO] [stderr]    Compiling time v0.3.30
[INFO] [stderr]    Compiling validator v0.16.1
[INFO] [stderr]    Compiling openai-api-rs v2.1.7
[INFO] [stderr]    Compiling bollard-stubs v1.42.0-rc.3
[INFO] [stderr]    Compiling bson v2.7.0
[INFO] [stderr]    Compiling simple_asn1 v0.6.2
[INFO] [stderr]    Compiling jsonwebtoken v9.2.0
[INFO] [stderr]    Compiling tower-cookies v0.10.0
[INFO] [stderr]    Compiling tokio-util v0.7.10
[INFO] [stderr]    Compiling tokio-rustls v0.24.1
[INFO] [stderr]    Compiling trust-dns-proto v0.21.2
[INFO] [stderr]    Compiling tokio-io-timeout v1.2.0
[INFO] [stderr]    Compiling tower-sessions-core v0.8.2
[INFO] [stderr]    Compiling tokio-native-tls v0.3.1
[INFO] [stderr]    Compiling rscx v0.1.11
[INFO] [stderr]    Compiling tower v0.4.13
[INFO] [stderr]    Compiling h2 v0.3.22
[INFO] [stderr]    Compiling h2 v0.4.0
[INFO] [stderr]    Compiling tower-http v0.5.0
[INFO] [stderr]    Compiling tower-sessions-memory-store v0.8.2
[INFO] [stderr]    Compiling tower-http v0.4.4
[INFO] [stderr]    Compiling tower-livereload v0.9.1
[INFO] [stderr]    Compiling trust-dns-resolver v0.21.2
[INFO] [stderr]    Compiling mongodb v2.7.1
[INFO] [stderr]    Compiling hyper v1.0.1
[INFO] [stderr]    Compiling hyper v0.14.28
[INFO] [stderr]    Compiling testcontainers v0.15.0
[INFO] [stderr]    Compiling hyper-util v0.1.1
[INFO] [stderr]    Compiling mongo-testcontainer v0.1.0 (/opt/rustwide/workdir/libs/mongo-testcontainer)
[INFO] [stderr]    Compiling hyper-timeout v0.4.1
[INFO] [stderr]    Compiling hyper-rustls v0.24.2
[INFO] [stderr]    Compiling hyper-tls v0.5.0
[INFO] [stderr]    Compiling reqwest v0.11.23
[INFO] [stderr]    Compiling octocrab v0.32.0
[INFO] [stderr]    Compiling axum-extra v0.9.0
[INFO] [stderr]    Compiling axum-flash v0.8.0
[INFO] [stderr]    Compiling tower-sessions-mongodb-store v0.8.2
[INFO] [stderr]    Compiling tower-sessions v0.8.2
[INFO] [stderr]    Compiling axum-login v0.11.0
[INFO] [stderr] error: could not compile `mongodb` (lib)
[INFO] [stderr] 
[INFO] [stderr] Caused by:
[INFO] [stderr]   process didn't exit successfully: `/opt/rustwide/rustup-home/toolchains/beta-2023-12-22-x86_64-unknown-linux-gnu/bin/rustc --crate-name mongodb --edition=2021 /opt/rustwide/cargo-home/registry/src/index.crates.io-6f17d22bba15001f/mongodb-2.7.1/src/lib.rs --error-format=json --json=diagnostic-rendered-ansi,artifacts,future-incompat --crate-type lib --emit=dep-info,metadata,link -C embed-bitcode=no -C debuginfo=2 --cfg 'feature="default"' --cfg 'feature="serde_bytes"' --cfg 'feature="tokio-runtime"' -C metadata=1e4030f12702a6f8 -C extra-filename=-1e4030f12702a6f8 --out-dir /opt/rustwide/target/debug/deps -L dependency=/opt/rustwide/target/debug/deps --extern async_trait=/opt/rustwide/target/debug/deps/libasync_trait-9b07bcd520095557.so --extern base64=/opt/rustwide/target/debug/deps/libbase64-fca76a9e376e88b4.rmeta --extern bitflags=/opt/rustwide/target/debug/deps/libbitflags-85e13ed1e0c6d910.rmeta --extern bson=/opt/rustwide/target/debug/deps/libbson-2ab3e92d5462f8f7.rmeta --extern chrono=/opt/rustwide/target/debug/deps/libchrono-c40b2456d7a9183b.rmeta --extern derivative=/opt/rustwide/target/debug/deps/libderivative-d673d77ca3fda4c2.so --extern derive_more=/opt/rustwide/target/debug/deps/libderive_more-36f7688ed8599f43.so --extern futures_core=/opt/rustwide/target/debug/deps/libfutures_core-c75aab8011a428b1.rmeta --extern futures_executor=/opt/rustwide/target/debug/deps/libfutures_executor-3831c2a8f7bb7741.rmeta --extern futures_io=/opt/rustwide/target/debug/deps/libfutures_io-d5c5bf1c0dfd3da2.rmeta --extern futures_util=/opt/rustwide/target/debug/deps/libfutures_util-e0b355512b97acfa.rmeta --extern hex=/opt/rustwide/target/debug/deps/libhex-bf5d7c1623e40692.rmeta --extern hmac=/opt/rustwide/target/debug/deps/libhmac-0a264188871c80ae.rmeta --extern lazy_static=/opt/rustwide/target/debug/deps/liblazy_static-efa3519517df6cf0.rmeta --extern md5=/opt/rustwide/target/debug/deps/libmd5-74401225ce41ed3c.rmeta --extern pbkdf2=/opt/rustwide/target/debug/deps/libpbkdf2-2395da8d24030b9e.rmeta --extern percent_encoding=/opt/rustwide/target/debug/deps/libpercent_encoding-9ca315f6c750067f.rmeta --extern rand=/opt/rustwide/target/debug/deps/librand-c3b502621bba2b89.rmeta --extern rustc_version_runtime=/opt/rustwide/target/debug/deps/librustc_version_runtime-a36450f27c8fcbbf.rmeta --extern rustls=/opt/rustwide/target/debug/deps/librustls-77f4b30cbe39ca2f.rmeta --extern rustls_pemfile=/opt/rustwide/target/debug/deps/librustls_pemfile-1fe6076733394665.rmeta --extern serde=/opt/rustwide/target/debug/deps/libserde-2b30300753ff3fb1.rmeta --extern serde_bytes=/opt/rustwide/target/debug/deps/libserde_bytes-7e1172278cf3f3aa.rmeta --extern serde_with=/opt/rustwide/target/debug/deps/libserde_with-081e44b268e311db.rmeta --extern sha1=/opt/rustwide/target/debug/deps/libsha1-66d25425659193af.rmeta --extern sha2=/opt/rustwide/target/debug/deps/libsha2-22a004e2e3f018fc.rmeta --extern socket2=/opt/rustwide/target/debug/deps/libsocket2-58e1d084bb12b5f5.rmeta --extern stringprep=/opt/rustwide/target/debug/deps/libstringprep-d33e05d1a64756d0.rmeta --extern strsim=/opt/rustwide/target/debug/deps/libstrsim-7c2291ed86ef7041.rmeta --extern take_mut=/opt/rustwide/target/debug/deps/libtake_mut-c7d420f308f26a3b.rmeta --extern thiserror=/opt/rustwide/target/debug/deps/libthiserror-6638a23bbf98216b.rmeta --extern tokio=/opt/rustwide/target/debug/deps/libtokio-64da75e5bdbc38ee.rmeta --extern tokio_rustls=/opt/rustwide/target/debug/deps/libtokio_rustls-8f30207fd8df1145.rmeta --extern tokio_util=/opt/rustwide/target/debug/deps/libtokio_util-1fed3c56cae59c99.rmeta --extern trust_dns_proto=/opt/rustwide/target/debug/deps/libtrust_dns_proto-d37aafecf8f17cb4.rmeta --extern trust_dns_resolver=/opt/rustwide/target/debug/deps/libtrust_dns_resolver-0c0a3ee6ff133640.rmeta --extern typed_builder=/opt/rustwide/target/debug/deps/libtyped_builder-a0db5ba9c82b1272.so --extern uuid=/opt/rustwide/target/debug/deps/libuuid-490a6afc68461524.rmeta --extern webpki_roots=/opt/rustwide/target/debug/deps/libwebpki_roots-f000c85bf6856b2f.rmeta --cap-lints allow --cap-lints=warn -L native=/opt/rustwide/target/debug/build/ring-5736ef16c2a29736/out` (signal: 9, SIGKILL: kill)
[INFO] [stderr] warning: build failed, waiting for other jobs to finish...
[INFO] running `Command { std: "docker" "inspect" "708794ad5be6cc196ca055dd7b9caa51d8a7ca2e89f83b1d4ea683927a52a5e1", kill_on_drop: false }`
[INFO] running `Command { std: "docker" "rm" "-f" "708794ad5be6cc196ca055dd7b9caa51d8a7ca2e89f83b1d4ea683927a52a5e1", kill_on_drop: false }`
[INFO] [stdout] 708794ad5be6cc196ca055dd7b9caa51d8a7ca2e89f83b1d4ea683927a52a5e1
