[INFO] cloning repository https://github.com/tancang91/visort
[INFO] running `Command { std: "git" "-c" "credential.helper=" "-c" "credential.helper=/workspace/cargo-home/bin/git-credential-null" "clone" "--bare" "https://github.com/tancang91/visort" "/workspace/cache/git-repos/https%3A%2F%2Fgithub.com%2Ftancang91%2Fvisort", kill_on_drop: false }`
[INFO] [stderr] Cloning into bare repository '/workspace/cache/git-repos/https%3A%2F%2Fgithub.com%2Ftancang91%2Fvisort'...
[INFO] running `Command { std: "git" "rev-parse" "HEAD", kill_on_drop: false }`
[INFO] [stdout] 7c93ce5ef955fdc868133f751e38857b34ab1619
[INFO] testing tancang91/visort against 1.75.0 for beta-1.76-1
[INFO] running `Command { std: "git" "clone" "/workspace/cache/git-repos/https%3A%2F%2Fgithub.com%2Ftancang91%2Fvisort" "/workspace/builds/worker-5-tc1/source", kill_on_drop: false }`
[INFO] [stderr] Cloning into '/workspace/builds/worker-5-tc1/source'...
[INFO] [stderr] done.
[INFO] validating manifest of git repo https://github.com/tancang91/visort on toolchain 1.75.0
[INFO] running `Command { std: CARGO_HOME="/workspace/cargo-home" RUSTUP_HOME="/workspace/rustup-home" "/workspace/cargo-home/bin/cargo" "+1.75.0" "metadata" "--manifest-path" "Cargo.toml" "--no-deps", kill_on_drop: false }`
[INFO] started tweaking git repo https://github.com/tancang91/visort
[INFO] finished tweaking git repo https://github.com/tancang91/visort
[INFO] tweaked toml for git repo https://github.com/tancang91/visort written to /workspace/builds/worker-5-tc1/source/Cargo.toml
[INFO] crate git repo https://github.com/tancang91/visort already has a lockfile, it will not be regenerated
[INFO] running `Command { std: CARGO_HOME="/workspace/cargo-home" RUSTUP_HOME="/workspace/rustup-home" "/workspace/cargo-home/bin/cargo" "+1.75.0" "fetch" "--manifest-path" "Cargo.toml", kill_on_drop: false }`
[INFO] [stderr]     Blocking waiting for file lock on package cache
[ERROR] error running command: no output for 300 seconds
[ERROR] this task or one of its parent failed!
[ERROR] no output for 300 seconds
[ERROR] note: run with `RUST_BACKTRACE=1` to display a backtrace.
[INFO] testing tancang91/visort against beta-2023-12-22 for beta-1.76-1
[INFO] running `Command { std: "git" "clone" "/workspace/cache/git-repos/https%3A%2F%2Fgithub.com%2Ftancang91%2Fvisort" "/workspace/builds/worker-5-tc2/source", kill_on_drop: false }`
[INFO] [stderr] Cloning into '/workspace/builds/worker-5-tc2/source'...
[INFO] [stderr] done.
[INFO] validating manifest of git repo https://github.com/tancang91/visort on toolchain beta-2023-12-22
[INFO] running `Command { std: CARGO_HOME="/workspace/cargo-home" RUSTUP_HOME="/workspace/rustup-home" "/workspace/cargo-home/bin/cargo" "+beta-2023-12-22" "metadata" "--manifest-path" "Cargo.toml" "--no-deps", kill_on_drop: false }`
[INFO] started tweaking git repo https://github.com/tancang91/visort
[INFO] finished tweaking git repo https://github.com/tancang91/visort
[INFO] tweaked toml for git repo https://github.com/tancang91/visort written to /workspace/builds/worker-5-tc2/source/Cargo.toml
[INFO] crate git repo https://github.com/tancang91/visort already has a lockfile, it will not be regenerated
[INFO] running `Command { std: CARGO_HOME="/workspace/cargo-home" RUSTUP_HOME="/workspace/rustup-home" "/workspace/cargo-home/bin/cargo" "+beta-2023-12-22" "fetch" "--manifest-path" "Cargo.toml", kill_on_drop: false }`
[INFO] [stderr]     Blocking waiting for file lock on package cache
[INFO] [stderr]     Blocking waiting for file lock on package cache
[INFO] [stderr]  Downloading crates ...
[INFO] [stderr]   Downloaded bevy_ui v0.9.0
[INFO] [stderr]   Downloaded bevy_pbr v0.9.0
[INFO] [stderr]   Downloaded bevy_app v0.9.0
[INFO] [stderr]   Downloaded bevy_scene v0.9.0
[INFO] [stderr]   Downloaded bevy_log v0.9.0
[INFO] [stderr]   Downloaded bevy_macro_utils v0.9.0
[INFO] [stderr]   Downloaded bevy_diagnostic v0.9.0
[INFO] [stderr]   Downloaded bevy_ecs_macros v0.9.0
[INFO] [stderr]   Downloaded bevy_encase_derive v0.9.0
[INFO] [stderr]   Downloaded bevy_derive v0.9.0
[INFO] [stderr]   Downloaded bevy_time v0.9.0
[INFO] [stderr]   Downloaded bevy_gltf v0.9.0
[INFO] [stderr]   Downloaded bevy_reflect_derive v0.9.0
[INFO] [stderr]   Downloaded bevy_core_pipeline v0.9.0
[INFO] [stderr]   Downloaded bevy_reflect v0.9.0
[INFO] [stderr]   Downloaded bevy_render v0.9.0
[INFO] [stderr]   Downloaded bevy_ecs v0.9.0
[INFO] [stderr]   Downloaded bevy v0.9.0
[INFO] [stderr]   Downloaded bevy_internal v0.9.0
[INFO] [stderr]   Downloaded bevy_ptr v0.9.0
[INFO] [stderr]   Downloaded bevy_asset v0.9.0
[INFO] [stderr]   Downloaded bevy_sprite v0.9.0
[INFO] [stderr]   Downloaded bevy_window v0.9.0
[INFO] [stderr]   Downloaded bevy_render_macros v0.9.0
[INFO] [stderr]   Downloaded bevy_math v0.9.0
[INFO] [stderr]   Downloaded bevy_hierarchy v0.9.0
[INFO] [stderr]   Downloaded bevy_transform v0.9.0
[INFO] [stderr]   Downloaded bevy_input v0.9.0
[INFO] [stderr]   Downloaded bevy_utils v0.9.0
[INFO] [stderr]   Downloaded bevy_mikktspace v0.9.0
[INFO] [stderr]   Downloaded encase v0.4.0
[INFO] [stderr]   Downloaded bevy_text v0.9.0
[INFO] [stderr]   Downloaded bevy_core v0.9.0
[INFO] [stderr]   Downloaded bevy_winit v0.9.0
[INFO] [stderr]   Downloaded bevy_tasks v0.9.0
[INFO] [stderr]   Downloaded bevy_dylib v0.9.0
[INFO] [stderr]   Downloaded bevy_audio v0.9.0
[INFO] [stderr]   Downloaded bevy_animation v0.9.0
[INFO] [stderr]   Downloaded encase_derive v0.4.0
[INFO] [stderr]   Downloaded bevy_gilrs v0.9.0
[INFO] [stderr]   Downloaded encase_derive_impl v0.4.0
[INFO] running `Command { std: "docker" "create" "-v" "/var/lib/crater-agent-workspace/builds/worker-5-tc2/target:/opt/rustwide/target:rw,Z" "-v" "/var/lib/crater-agent-workspace/builds/worker-5-tc2/source:/opt/rustwide/workdir:ro,Z" "-v" "/var/lib/crater-agent-workspace/cargo-home:/opt/rustwide/cargo-home:ro,Z" "-v" "/var/lib/crater-agent-workspace/rustup-home:/opt/rustwide/rustup-home:ro,Z" "-e" "SOURCE_DIR=/opt/rustwide/workdir" "-e" "CARGO_TARGET_DIR=/opt/rustwide/target" "-e" "CARGO_HOME=/opt/rustwide/cargo-home" "-e" "RUSTUP_HOME=/opt/rustwide/rustup-home" "-w" "/opt/rustwide/workdir" "-m" "1610612736" "--user" "0:0" "--network" "none" "ghcr.io/rust-lang/crates-build-env/linux@sha256:2788e3201cd34a07e3172128adcd8b3090168a8e3bcc40d7c032b9dda1df7d1c" "/opt/rustwide/cargo-home/bin/cargo" "+beta-2023-12-22" "metadata" "--no-deps" "--format-version=1", kill_on_drop: false }`
[INFO] [stdout] 6c379e7592456a69d17e07ca5b944ba55c45974d1aef13c761481d397b7f4d28
[INFO] running `Command { std: "docker" "start" "-a" "6c379e7592456a69d17e07ca5b944ba55c45974d1aef13c761481d397b7f4d28", kill_on_drop: false }`
[INFO] running `Command { std: "docker" "inspect" "6c379e7592456a69d17e07ca5b944ba55c45974d1aef13c761481d397b7f4d28", kill_on_drop: false }`
[INFO] running `Command { std: "docker" "rm" "-f" "6c379e7592456a69d17e07ca5b944ba55c45974d1aef13c761481d397b7f4d28", kill_on_drop: false }`
[INFO] [stdout] 6c379e7592456a69d17e07ca5b944ba55c45974d1aef13c761481d397b7f4d28
[INFO] running `Command { std: "docker" "create" "-v" "/var/lib/crater-agent-workspace/builds/worker-5-tc2/target:/opt/rustwide/target:rw,Z" "-v" "/var/lib/crater-agent-workspace/builds/worker-5-tc2/source:/opt/rustwide/workdir:ro,Z" "-v" "/var/lib/crater-agent-workspace/cargo-home:/opt/rustwide/cargo-home:ro,Z" "-v" "/var/lib/crater-agent-workspace/rustup-home:/opt/rustwide/rustup-home:ro,Z" "-e" "SOURCE_DIR=/opt/rustwide/workdir" "-e" "CARGO_TARGET_DIR=/opt/rustwide/target" "-e" "CARGO_INCREMENTAL=0" "-e" "RUST_BACKTRACE=full" "-e" "RUSTFLAGS=--cap-lints=warn" "-e" "RUSTDOCFLAGS=--cap-lints=warn" "-e" "CARGO_HOME=/opt/rustwide/cargo-home" "-e" "RUSTUP_HOME=/opt/rustwide/rustup-home" "-w" "/opt/rustwide/workdir" "-m" "1610612736" "--user" "0:0" "--network" "none" "ghcr.io/rust-lang/crates-build-env/linux@sha256:2788e3201cd34a07e3172128adcd8b3090168a8e3bcc40d7c032b9dda1df7d1c" "/opt/rustwide/cargo-home/bin/cargo" "+beta-2023-12-22" "build" "--frozen" "--message-format=json", kill_on_drop: false }`
[INFO] [stdout] 89acde129c0070c3a22defef94caff3202826b7f11e899f180cde2b21e61b33d
[INFO] running `Command { std: "docker" "start" "-a" "89acde129c0070c3a22defef94caff3202826b7f11e899f180cde2b21e61b33d", kill_on_drop: false }`
[INFO] [stderr]    Compiling proc-macro2 v1.0.47
[INFO] [stderr]    Compiling quote v1.0.21
[INFO] [stderr]    Compiling unicode-ident v1.0.5
[INFO] [stderr]    Compiling cfg-if v1.0.0
[INFO] [stderr]    Compiling syn v1.0.103
[INFO] [stderr]    Compiling autocfg v1.1.0
[INFO] [stderr]    Compiling libc v0.2.137
[INFO] [stderr]    Compiling serde_derive v1.0.147
[INFO] [stderr]    Compiling serde v1.0.147
[INFO] [stderr]    Compiling once_cell v1.16.0
[INFO] [stderr]    Compiling bitflags v1.3.2
[INFO] [stderr]    Compiling version_check v0.9.4
[INFO] [stderr]    Compiling byteorder v1.4.3
[INFO] [stderr]    Compiling parking_lot_core v0.9.4
[INFO] [stderr]    Compiling scopeguard v1.1.0
[INFO] [stderr]    Compiling thiserror v1.0.37
[INFO] [stderr]    Compiling memchr v2.5.0
[INFO] [stderr]    Compiling log v0.4.17
[INFO] [stderr]    Compiling pin-project-lite v0.2.9
[INFO] [stderr]    Compiling futures-core v0.3.25
[INFO] [stderr]    Compiling tracing-core v0.1.30
[INFO] [stderr]    Compiling fixedbitset v0.4.2
[INFO] [stderr]    Compiling cache-padded v1.2.0
[INFO] [stderr]    Compiling concurrent-queue v1.2.4
[INFO] [stderr]    Compiling fxhash v0.2.1
[INFO] [stderr]    Compiling instant v0.1.12
[INFO] [stderr]    Compiling fastrand v1.8.0
[INFO] [stderr]    Compiling parking v2.0.0
[INFO] [stderr]    Compiling tracing v0.1.37
[INFO] [stderr]    Compiling waker-fn v1.1.0
[INFO] [stderr]    Compiling erased-serde v0.3.23
[INFO] [stderr]    Compiling futures-io v0.3.25
[INFO] [stderr]    Compiling bit-vec v0.6.3
[INFO] [stderr]    Compiling event-listener v2.5.3
[INFO] [stderr]    Compiling async-task v4.3.0
[INFO] [stderr]    Compiling async-channel v1.7.1
[INFO] [stderr]    Compiling thread_local v1.1.4
[INFO] [stderr]    Compiling bit-set v0.5.3
[INFO] [stderr]    Compiling downcast-rs v1.2.0
[INFO] [stderr]    Compiling bevy_ptr v0.9.0
[INFO] [stderr]    Compiling lazy_static v1.4.0
[INFO] [stderr]    Compiling regex-syntax v0.6.27
[INFO] [stderr]    Compiling pkg-config v0.3.26
[INFO] [stderr]    Compiling overload v0.1.1
[INFO] [stderr]    Compiling crossbeam-utils v0.8.12
[INFO] [stderr]    Compiling futures-lite v1.12.0
[INFO] [stderr]    Compiling aho-corasick v0.7.19
[INFO] [stderr]    Compiling ahash v0.7.6
[INFO] [stderr]    Compiling getrandom v0.2.8
[INFO] [stderr]    Compiling nu-ansi-term v0.46.0
[INFO] [stderr]    Compiling lock_api v0.4.9
[INFO] [stderr]    Compiling num-traits v0.2.15
[INFO] [stderr]    Compiling slab v0.4.7
[INFO] [stderr]    Compiling uuid v1.2.1
[INFO] [stderr]    Compiling num-integer v0.1.45
[INFO] [stderr]    Compiling tracing-log v0.1.3
[INFO] [stderr]    Compiling sharded-slab v0.1.4
[INFO] [stderr]    Compiling async-executor v1.4.1
[INFO] [stderr]    Compiling crc32fast v1.3.2
[INFO] [stderr]    Compiling cty v0.2.2
[INFO] [stderr]    Compiling indexmap v1.9.1
[INFO] [stderr]    Compiling bevy_tasks v0.9.0
[INFO] [stderr]    Compiling raw-window-handle v0.5.0
[INFO] [stderr]    Compiling mio v0.8.5
[INFO] [stderr]    Compiling crossbeam-channel v0.5.6
[INFO] [stderr]    Compiling inotify-sys v0.1.5
[INFO] [stderr]    Compiling regex-automata v0.1.10
[INFO] [stderr]    Compiling regex v1.6.0
[INFO] [stderr]    Compiling libloading v0.7.3
[INFO] [stderr]    Compiling same-file v1.0.6
[INFO] [stderr]    Compiling ash v0.37.0+1.3.209
[INFO] [stderr]    Compiling adler v1.0.2
[INFO] [stderr]    Compiling unicode-xid v0.2.4
[INFO] [stderr]    Compiling termcolor v1.1.3
[INFO] [stderr]    Compiling unicode-width v0.1.10
[INFO] [stderr]    Compiling khronos-egl v4.1.0
[INFO] [stderr]    Compiling anyhow v1.0.66
[INFO] [stderr]    Compiling pp-rs v0.2.1
[INFO] [stderr]    Compiling walkdir v2.3.2
[INFO] [stderr]    Compiling codespan-reporting v0.11.1
[INFO] [stderr]    Compiling inotify v0.9.6
[INFO] [stderr]    Compiling spirv v0.2.0+1.5.4
[INFO] [stderr]    Compiling matchers v0.1.0
[INFO] [stderr]    Compiling toml v0.5.9
[INFO] [stderr]    Compiling filetime v0.2.18
[INFO] [stderr]    Compiling gpu-descriptor-types v0.1.1
[INFO] [stderr]    Compiling gpu-alloc-types v0.2.0
[INFO] [stderr]    Compiling rustc-hash v1.1.0
[INFO] [stderr]    Compiling arrayvec v0.7.2
[INFO] [stderr]    Compiling cfg_aliases v0.1.1
[INFO] [stderr]    Compiling hexf-parse v0.2.1
[INFO] [stderr]    Compiling gpu-alloc v0.5.3
[INFO] [stderr]    Compiling wgpu-core v0.14.0
[INFO] [stderr]    Compiling notify v5.0.0
[INFO] [stderr]    Compiling encase_derive_impl v0.4.0
[INFO] [stderr]    Compiling bevy_macro_utils v0.9.0
[INFO] [stderr]    Compiling miniz_oxide v0.5.4
[INFO] [stderr]    Compiling memoffset v0.6.5
[INFO] [stderr]    Compiling num-rational v0.4.1
[INFO] [stderr]    Compiling wgpu-types v0.14.1
[INFO] [stderr]    Compiling profiling v1.0.7
[INFO] [stderr]    Compiling renderdoc-sys v0.7.1
[INFO] [stderr]    Compiling glow v0.11.2
[INFO] [stderr]    Compiling color_quant v1.1.0
[INFO] [stderr]    Compiling flate2 v1.0.24
[INFO] [stderr]    Compiling miniz_oxide v0.6.2
[INFO] [stderr]    Compiling scoped_threadpool v0.1.9
[INFO] [stderr]    Compiling png v0.17.7
[INFO] [stderr]    Compiling static_assertions v1.1.0
[INFO] [stderr]    Compiling const_panic v0.2.6
[INFO] [stderr] error: could not compile `ash` (lib)
[INFO] [stderr] 
[INFO] [stderr] Caused by:
[INFO] [stderr]   process didn't exit successfully: `/opt/rustwide/rustup-home/toolchains/beta-2023-12-22-x86_64-unknown-linux-gnu/bin/rustc --crate-name ash --edition=2018 /opt/rustwide/cargo-home/registry/src/index.crates.io-6f17d22bba15001f/ash-0.37.0+1.3.209/src/lib.rs --error-format=json --json=diagnostic-rendered-ansi,artifacts,future-incompat --crate-type lib --emit=dep-info,metadata,link -C opt-level=3 -C embed-bitcode=no -C debuginfo=2 -C debug-assertions=on --cfg 'feature="debug"' --cfg 'feature="default"' --cfg 'feature="libloading"' --cfg 'feature="loaded"' -C metadata=ea175b2e945f3b3e -C extra-filename=-ea175b2e945f3b3e --out-dir /opt/rustwide/target/debug/deps -L dependency=/opt/rustwide/target/debug/deps --extern libloading=/opt/rustwide/target/debug/deps/liblibloading-fcbe68c3add9b18c.rmeta --cap-lints allow --cap-lints=warn` (signal: 9, SIGKILL: kill)
[INFO] [stderr] warning: build failed, waiting for other jobs to finish...
[INFO] running `Command { std: "docker" "inspect" "89acde129c0070c3a22defef94caff3202826b7f11e899f180cde2b21e61b33d", kill_on_drop: false }`
[INFO] running `Command { std: "docker" "rm" "-f" "89acde129c0070c3a22defef94caff3202826b7f11e899f180cde2b21e61b33d", kill_on_drop: false }`
[INFO] [stdout] 89acde129c0070c3a22defef94caff3202826b7f11e899f180cde2b21e61b33d
