[INFO] cloning repository https://github.com/tanaytekin/i8080_rs
[INFO] running `Command { std: "git" "-c" "credential.helper=" "-c" "credential.helper=/workspace/cargo-home/bin/git-credential-null" "clone" "--bare" "https://github.com/tanaytekin/i8080_rs" "/workspace/cache/git-repos/https%3A%2F%2Fgithub.com%2Ftanaytekin%2Fi8080_rs", kill_on_drop: false }`
[INFO] [stderr] Cloning into bare repository '/workspace/cache/git-repos/https%3A%2F%2Fgithub.com%2Ftanaytekin%2Fi8080_rs'...
[INFO] running `Command { std: "git" "rev-parse" "HEAD", kill_on_drop: false }`
[INFO] [stdout] 675ee52174d9819e8ddf6469d50944fe4631da4d
[INFO] testing tanaytekin/i8080_rs against 1.75.0 for beta-1.76-1
[INFO] running `Command { std: "git" "clone" "/workspace/cache/git-repos/https%3A%2F%2Fgithub.com%2Ftanaytekin%2Fi8080_rs" "/workspace/builds/worker-5-tc1/source", kill_on_drop: false }`
[INFO] [stderr] Cloning into '/workspace/builds/worker-5-tc1/source'...
[INFO] [stderr] done.
[INFO] validating manifest of git repo https://github.com/tanaytekin/i8080_rs on toolchain 1.75.0
[INFO] running `Command { std: CARGO_HOME="/workspace/cargo-home" RUSTUP_HOME="/workspace/rustup-home" "/workspace/cargo-home/bin/cargo" "+1.75.0" "metadata" "--manifest-path" "Cargo.toml" "--no-deps", kill_on_drop: false }`
[INFO] started tweaking git repo https://github.com/tanaytekin/i8080_rs
[INFO] finished tweaking git repo https://github.com/tanaytekin/i8080_rs
[INFO] tweaked toml for git repo https://github.com/tanaytekin/i8080_rs written to /workspace/builds/worker-5-tc1/source/Cargo.toml
[INFO] crate git repo https://github.com/tanaytekin/i8080_rs already has a lockfile, it will not be regenerated
[INFO] running `Command { std: CARGO_HOME="/workspace/cargo-home" RUSTUP_HOME="/workspace/rustup-home" "/workspace/cargo-home/bin/cargo" "+1.75.0" "fetch" "--manifest-path" "Cargo.toml", kill_on_drop: false }`
[INFO] [stderr]     Blocking waiting for file lock on package cache
[ERROR] error running command: no output for 300 seconds
[ERROR] this task or one of its parent failed!
[ERROR] no output for 300 seconds
[ERROR] note: run with `RUST_BACKTRACE=1` to display a backtrace.
[INFO] testing tanaytekin/i8080_rs against beta-2023-12-22 for beta-1.76-1
[INFO] running `Command { std: "git" "clone" "/workspace/cache/git-repos/https%3A%2F%2Fgithub.com%2Ftanaytekin%2Fi8080_rs" "/workspace/builds/worker-5-tc2/source", kill_on_drop: false }`
[INFO] [stderr] Cloning into '/workspace/builds/worker-5-tc2/source'...
[INFO] [stderr] done.
[INFO] validating manifest of git repo https://github.com/tanaytekin/i8080_rs on toolchain beta-2023-12-22
[INFO] running `Command { std: CARGO_HOME="/workspace/cargo-home" RUSTUP_HOME="/workspace/rustup-home" "/workspace/cargo-home/bin/cargo" "+beta-2023-12-22" "metadata" "--manifest-path" "Cargo.toml" "--no-deps", kill_on_drop: false }`
[INFO] started tweaking git repo https://github.com/tanaytekin/i8080_rs
[INFO] finished tweaking git repo https://github.com/tanaytekin/i8080_rs
[INFO] tweaked toml for git repo https://github.com/tanaytekin/i8080_rs written to /workspace/builds/worker-5-tc2/source/Cargo.toml
[INFO] crate git repo https://github.com/tanaytekin/i8080_rs already has a lockfile, it will not be regenerated
[INFO] running `Command { std: CARGO_HOME="/workspace/cargo-home" RUSTUP_HOME="/workspace/rustup-home" "/workspace/cargo-home/bin/cargo" "+beta-2023-12-22" "fetch" "--manifest-path" "Cargo.toml", kill_on_drop: false }`
[INFO] [stderr]     Blocking waiting for file lock on package cache
[INFO] [stderr]     Blocking waiting for file lock on package cache
[INFO] running `Command { std: "docker" "create" "-v" "/var/lib/crater-agent-workspace/builds/worker-5-tc2/target:/opt/rustwide/target:rw,Z" "-v" "/var/lib/crater-agent-workspace/builds/worker-5-tc2/source:/opt/rustwide/workdir:ro,Z" "-v" "/var/lib/crater-agent-workspace/cargo-home:/opt/rustwide/cargo-home:ro,Z" "-v" "/var/lib/crater-agent-workspace/rustup-home:/opt/rustwide/rustup-home:ro,Z" "-e" "SOURCE_DIR=/opt/rustwide/workdir" "-e" "CARGO_TARGET_DIR=/opt/rustwide/target" "-e" "CARGO_HOME=/opt/rustwide/cargo-home" "-e" "RUSTUP_HOME=/opt/rustwide/rustup-home" "-w" "/opt/rustwide/workdir" "-m" "1610612736" "--user" "0:0" "--network" "none" "ghcr.io/rust-lang/crates-build-env/linux@sha256:2788e3201cd34a07e3172128adcd8b3090168a8e3bcc40d7c032b9dda1df7d1c" "/opt/rustwide/cargo-home/bin/cargo" "+beta-2023-12-22" "metadata" "--no-deps" "--format-version=1", kill_on_drop: false }`
[INFO] [stdout] d081daf7c420c3378618b34a8b391542dc85e112f820d5d9432e6a22fbfd005a
[INFO] running `Command { std: "docker" "start" "-a" "d081daf7c420c3378618b34a8b391542dc85e112f820d5d9432e6a22fbfd005a", kill_on_drop: false }`
[INFO] running `Command { std: "docker" "inspect" "d081daf7c420c3378618b34a8b391542dc85e112f820d5d9432e6a22fbfd005a", kill_on_drop: false }`
[INFO] running `Command { std: "docker" "rm" "-f" "d081daf7c420c3378618b34a8b391542dc85e112f820d5d9432e6a22fbfd005a", kill_on_drop: false }`
[INFO] [stdout] d081daf7c420c3378618b34a8b391542dc85e112f820d5d9432e6a22fbfd005a
[INFO] running `Command { std: "docker" "create" "-v" "/var/lib/crater-agent-workspace/builds/worker-5-tc2/target:/opt/rustwide/target:rw,Z" "-v" "/var/lib/crater-agent-workspace/builds/worker-5-tc2/source:/opt/rustwide/workdir:ro,Z" "-v" "/var/lib/crater-agent-workspace/cargo-home:/opt/rustwide/cargo-home:ro,Z" "-v" "/var/lib/crater-agent-workspace/rustup-home:/opt/rustwide/rustup-home:ro,Z" "-e" "SOURCE_DIR=/opt/rustwide/workdir" "-e" "CARGO_TARGET_DIR=/opt/rustwide/target" "-e" "CARGO_INCREMENTAL=0" "-e" "RUST_BACKTRACE=full" "-e" "RUSTFLAGS=--cap-lints=warn" "-e" "RUSTDOCFLAGS=--cap-lints=warn" "-e" "CARGO_HOME=/opt/rustwide/cargo-home" "-e" "RUSTUP_HOME=/opt/rustwide/rustup-home" "-w" "/opt/rustwide/workdir" "-m" "1610612736" "--user" "0:0" "--network" "none" "ghcr.io/rust-lang/crates-build-env/linux@sha256:2788e3201cd34a07e3172128adcd8b3090168a8e3bcc40d7c032b9dda1df7d1c" "/opt/rustwide/cargo-home/bin/cargo" "+beta-2023-12-22" "build" "--frozen" "--message-format=json", kill_on_drop: false }`
[INFO] [stdout] 0c3170adba61466abe87fdd5ab1de75cfb75126d169d08bf642fe79c83e85659
[INFO] running `Command { std: "docker" "start" "-a" "0c3170adba61466abe87fdd5ab1de75cfb75126d169d08bf642fe79c83e85659", kill_on_drop: false }`
[INFO] [stderr]    Compiling i8080_rs v0.1.0 (/opt/rustwide/workdir)
[INFO] [stdout] warning: variant `F` is never constructed
[INFO] [stdout]   --> src/lib.rs:14:5
[INFO] [stdout]    |
[INFO] [stdout] 12 | enum Register {
[INFO] [stdout]    |      -------- variant in this enum
[INFO] [stdout] 13 |     A,
[INFO] [stdout] 14 |     F,
[INFO] [stdout]    |     ^
[INFO] [stdout]    |
[INFO] [stdout]    = note: `Register` has a derived impl for the trait `Clone`, but this is intentionally ignored during dead code analysis
[INFO] [stdout]    = note: `#[warn(dead_code)]` on by default
[INFO] [stdout] 
[INFO] [stdout] 
[INFO] [stdout] warning: 1 warning emitted
[INFO] [stdout] 
[INFO] [stdout] 
[INFO] [stderr]     Finished dev [unoptimized + debuginfo] target(s) in 0.50s
[INFO] running `Command { std: "docker" "inspect" "0c3170adba61466abe87fdd5ab1de75cfb75126d169d08bf642fe79c83e85659", kill_on_drop: false }`
[INFO] running `Command { std: "docker" "rm" "-f" "0c3170adba61466abe87fdd5ab1de75cfb75126d169d08bf642fe79c83e85659", kill_on_drop: false }`
[INFO] [stdout] 0c3170adba61466abe87fdd5ab1de75cfb75126d169d08bf642fe79c83e85659
[INFO] running `Command { std: "docker" "create" "-v" "/var/lib/crater-agent-workspace/builds/worker-5-tc2/target:/opt/rustwide/target:rw,Z" "-v" "/var/lib/crater-agent-workspace/builds/worker-5-tc2/source:/opt/rustwide/workdir:ro,Z" "-v" "/var/lib/crater-agent-workspace/cargo-home:/opt/rustwide/cargo-home:ro,Z" "-v" "/var/lib/crater-agent-workspace/rustup-home:/opt/rustwide/rustup-home:ro,Z" "-e" "SOURCE_DIR=/opt/rustwide/workdir" "-e" "CARGO_TARGET_DIR=/opt/rustwide/target" "-e" "CARGO_INCREMENTAL=0" "-e" "RUST_BACKTRACE=full" "-e" "RUSTFLAGS=--cap-lints=warn" "-e" "RUSTDOCFLAGS=--cap-lints=warn" "-e" "CARGO_HOME=/opt/rustwide/cargo-home" "-e" "RUSTUP_HOME=/opt/rustwide/rustup-home" "-w" "/opt/rustwide/workdir" "-m" "1610612736" "--user" "0:0" "--network" "none" "ghcr.io/rust-lang/crates-build-env/linux@sha256:2788e3201cd34a07e3172128adcd8b3090168a8e3bcc40d7c032b9dda1df7d1c" "/opt/rustwide/cargo-home/bin/cargo" "+beta-2023-12-22" "test" "--frozen" "--no-run" "--message-format=json", kill_on_drop: false }`
[INFO] [stdout] 3a94e4e8c862b31da2b906a81637bea0c77c4d1d6c44781fad25811cfb3d1382
[INFO] running `Command { std: "docker" "start" "-a" "3a94e4e8c862b31da2b906a81637bea0c77c4d1d6c44781fad25811cfb3d1382", kill_on_drop: false }`
[INFO] [stderr]    Compiling i8080_rs v0.1.0 (/opt/rustwide/workdir)
[INFO] [stdout] warning: variant `F` is never constructed
[INFO] [stdout]   --> src/lib.rs:14:5
[INFO] [stdout]    |
[INFO] [stdout] 12 | enum Register {
[INFO] [stdout]    |      -------- variant in this enum
[INFO] [stdout] 13 |     A,
[INFO] [stdout] 14 |     F,
[INFO] [stdout]    |     ^
[INFO] [stdout]    |
[INFO] [stdout]    = note: `Register` has a derived impl for the trait `Clone`, but this is intentionally ignored during dead code analysis
[INFO] [stdout]    = note: `#[warn(dead_code)]` on by default
[INFO] [stdout] 
[INFO] [stdout] 
[INFO] [stdout] warning: 1 warning emitted
[INFO] [stdout] 
[INFO] [stdout] 
[INFO] [stdout] warning: variant `F` is never constructed
[INFO] [stdout]   --> src/lib.rs:14:5
[INFO] [stdout]    |
[INFO] [stdout] 12 | enum Register {
[INFO] [stdout]    |      -------- variant in this enum
[INFO] [stdout] 13 |     A,
[INFO] [stdout] 14 |     F,
[INFO] [stdout]    |     ^
[INFO] [stdout]    |
[INFO] [stdout]    = note: `Register` has a derived impl for the trait `Clone`, but this is intentionally ignored during dead code analysis
[INFO] [stdout]    = note: `#[warn(dead_code)]` on by default
[INFO] [stdout] 
[INFO] [stdout] 
[INFO] [stdout] warning: 1 warning emitted
[INFO] [stdout] 
[INFO] [stdout] 
[INFO] [stderr]     Finished test [unoptimized + debuginfo] target(s) in 0.97s
[INFO] running `Command { std: "docker" "inspect" "3a94e4e8c862b31da2b906a81637bea0c77c4d1d6c44781fad25811cfb3d1382", kill_on_drop: false }`
[INFO] running `Command { std: "docker" "rm" "-f" "3a94e4e8c862b31da2b906a81637bea0c77c4d1d6c44781fad25811cfb3d1382", kill_on_drop: false }`
[INFO] [stdout] 3a94e4e8c862b31da2b906a81637bea0c77c4d1d6c44781fad25811cfb3d1382
[INFO] running `Command { std: "docker" "create" "-v" "/var/lib/crater-agent-workspace/builds/worker-5-tc2/target:/opt/rustwide/target:rw,Z" "-v" "/var/lib/crater-agent-workspace/builds/worker-5-tc2/source:/opt/rustwide/workdir:ro,Z" "-v" "/var/lib/crater-agent-workspace/cargo-home:/opt/rustwide/cargo-home:ro,Z" "-v" "/var/lib/crater-agent-workspace/rustup-home:/opt/rustwide/rustup-home:ro,Z" "-e" "SOURCE_DIR=/opt/rustwide/workdir" "-e" "CARGO_TARGET_DIR=/opt/rustwide/target" "-e" "CARGO_INCREMENTAL=0" "-e" "RUST_BACKTRACE=full" "-e" "RUSTFLAGS=--cap-lints=warn" "-e" "RUSTDOCFLAGS=--cap-lints=warn" "-e" "CARGO_HOME=/opt/rustwide/cargo-home" "-e" "RUSTUP_HOME=/opt/rustwide/rustup-home" "-w" "/opt/rustwide/workdir" "-m" "1610612736" "--user" "0:0" "--network" "none" "ghcr.io/rust-lang/crates-build-env/linux@sha256:2788e3201cd34a07e3172128adcd8b3090168a8e3bcc40d7c032b9dda1df7d1c" "/opt/rustwide/cargo-home/bin/cargo" "+beta-2023-12-22" "test" "--frozen", kill_on_drop: false }`
[INFO] [stdout] 48b6a476320e26e7156050b84f8743a93d8b2dd34311b232208f06b3e4d1d091
[INFO] running `Command { std: "docker" "start" "-a" "48b6a476320e26e7156050b84f8743a93d8b2dd34311b232208f06b3e4d1d091", kill_on_drop: false }`
[INFO] [stderr] warning: variant `F` is never constructed
[INFO] [stderr]   --> src/lib.rs:14:5
[INFO] [stderr]    |
[INFO] [stderr] 12 | enum Register {
[INFO] [stderr]    |      -------- variant in this enum
[INFO] [stderr] 13 |     A,
[INFO] [stderr] 14 |     F,
[INFO] [stderr]    |     ^
[INFO] [stderr]    |
[INFO] [stderr]    = note: `Register` has a derived impl for the trait `Clone`, but this is intentionally ignored during dead code analysis
[INFO] [stderr]    = note: `#[warn(dead_code)]` on by default
[INFO] [stderr] 
[INFO] [stderr] warning: `i8080_rs` (lib) generated 1 warning
[INFO] [stderr] warning: `i8080_rs` (lib test) generated 1 warning (1 duplicate)
[INFO] [stdout] 
[INFO] [stderr]     Finished test [unoptimized + debuginfo] target(s) in 0.02s
[INFO] [stdout] running 60 tests
[INFO] [stderr]      Running unittests src/lib.rs (/opt/rustwide/target/debug/deps/i8080_rs-2e83c04dabf01c9d)
[INFO] [stdout] test tests::opcode_tests::aci ... ok
[INFO] [stdout] test tests::opcode_tests::ana_m ... ok
[INFO] [stdout] test tests::opcode_tests::ana ... ok
[INFO] [stdout] test tests::opcode_tests::add ... ok
[INFO] [stdout] test tests::opcode_tests::cma ... ok
[INFO] [stdout] test tests::opcode_tests::ani ... ok
[INFO] [stdout] test tests::opcode_tests::cmc ... ok
[INFO] [stdout] test tests::opcode_tests::cmp ... ok
[INFO] [stdout] test tests::opcode_tests::adi ... ok
[INFO] [stdout] test tests::opcode_tests::adc ... ok
[INFO] [stdout] test tests::opcode_tests::add_m ... ok
[INFO] [stdout] test tests::opcode_tests::adc_m ... ok
[INFO] [stdout] test tests::opcode_tests::daa ... ok
[INFO] [stdout] test tests::opcode_tests::dad ... ok
[INFO] [stdout] test tests::opcode_tests::cmp_m ... ok
[INFO] [stdout] test tests::opcode_tests::cpi ... ok
[INFO] [stdout] test tests::opcode_tests::dcr ... ok
[INFO] [stdout] test tests::opcode_tests::dcr_m ... ok
[INFO] [stdout] test tests::opcode_tests::inr_m ... ok
[INFO] [stdout] test tests::opcode_tests::inx ... ok
[INFO] [stdout] test tests::opcode_tests::ldax ... ok
[INFO] [stdout] test tests::opcode_tests::inx_sp ... ok
[INFO] [stdout] test tests::opcode_tests::lhld ... ok
[INFO] [stdout] test tests::opcode_tests::lxi_sp ... ok
[INFO] [stdout] test tests::opcode_tests::mov ... ok
[INFO] [stdout] test tests::opcode_tests::dcx_sp ... ok
[INFO] [stdout] test tests::opcode_tests::mov_m ... ok
[INFO] [stdout] test tests::opcode_tests::mvi ... ok
[INFO] [stdout] test tests::opcode_tests::mvi_m ... ok
[INFO] [stdout] test tests::opcode_tests::ora ... ok
[INFO] [stdout] test tests::opcode_tests::ori ... ok
[INFO] [stdout] test tests::opcode_tests::pop ... ok
[INFO] [stdout] test tests::opcode_tests::rar ... ok
[INFO] [stdout] test tests::opcode_tests::inr ... ok
[INFO] [stdout] test tests::opcode_tests::dcx ... ok
[INFO] [stdout] test tests::opcode_tests::push ... ok
[INFO] [stdout] test tests::opcode_tests::ral ... ok
[INFO] [stdout] test tests::opcode_tests::lda ... ok
[INFO] [stdout] test tests::opcode_tests::lxi ... ok
[INFO] [stdout] test tests::opcode_tests::rlc ... ok
[INFO] [stdout] test tests::opcode_tests::ora_m ... ok
[INFO] [stdout] test tests::opcode_tests::shld ... ok
[INFO] [stdout] test tests::opcode_tests::sphl ... ok
[INFO] [stdout] test tests::opcode_tests::sta ... ok
[INFO] [stdout] test tests::opcode_tests::sbb ... ok
[INFO] [stdout] test tests::opcode_tests::stax ... ok
[INFO] [stdout] test tests::opcode_tests::stc ... ok
[INFO] [stdout] test tests::opcode_tests::sub ... ok
[INFO] [stdout] test tests::opcode_tests::sub_m ... ok
[INFO] [stdout] test tests::opcode_tests::xra ... ok
[INFO] [stdout] test tests::opcode_tests::xra_m ... ok
[INFO] [stdout] test tests::opcode_tests::xchg ... ok
[INFO] [stdout] test tests::opcode_tests::xri ... ok
[INFO] [stdout] test tests::opcode_tests::sbb_m ... ok
[INFO] [stdout] test tests::opcode_tests::sbi ... ok
[INFO] [stdout] test tests::opcode_tests::sui ... ok
[INFO] [stdout] test tests::opcode_tests::rrc ... ok
[INFO] [stdout] test tests::opcode_tests::xthl ... ok
[INFO] [stdout] test tests::util_tests::parity ... ok
[INFO] [stdout] test tests::util_tests::set_register_pair ... ok
[INFO] [stdout] 
[INFO] [stdout] test result: ok. 60 passed; 0 failed; 0 ignored; 0 measured; 0 filtered out; finished in 0.08s
[INFO] [stdout] 
[INFO] [stderr]      Running unittests src/main.rs (/opt/rustwide/target/debug/deps/i8080_rs-f83938c859439704)
[INFO] [stdout] 
[INFO] [stdout] running 0 tests
[INFO] [stdout] 
[INFO] [stdout] test result: ok. 0 passed; 0 failed; 0 ignored; 0 measured; 0 filtered out; finished in 0.00s
[INFO] [stdout] 
[INFO] [stderr]    Doc-tests i8080_rs
[INFO] [stdout] 
[INFO] [stdout] running 0 tests
[INFO] [stdout] 
[INFO] [stdout] test result: ok. 0 passed; 0 failed; 0 ignored; 0 measured; 0 filtered out; finished in 0.00s
[INFO] [stdout] 
[INFO] running `Command { std: "docker" "inspect" "48b6a476320e26e7156050b84f8743a93d8b2dd34311b232208f06b3e4d1d091", kill_on_drop: false }`
[INFO] running `Command { std: "docker" "rm" "-f" "48b6a476320e26e7156050b84f8743a93d8b2dd34311b232208f06b3e4d1d091", kill_on_drop: false }`
[INFO] [stdout] 48b6a476320e26e7156050b84f8743a93d8b2dd34311b232208f06b3e4d1d091
