[INFO] cloning repository https://github.com/takoeight0821/ruthenium
[INFO] running `Command { std: "git" "-c" "credential.helper=" "-c" "credential.helper=/workspace/cargo-home/bin/git-credential-null" "clone" "--bare" "https://github.com/takoeight0821/ruthenium" "/workspace/cache/git-repos/https%3A%2F%2Fgithub.com%2Ftakoeight0821%2Fruthenium", kill_on_drop: false }`
[INFO] [stderr] Cloning into bare repository '/workspace/cache/git-repos/https%3A%2F%2Fgithub.com%2Ftakoeight0821%2Fruthenium'...
[INFO] running `Command { std: "git" "rev-parse" "HEAD", kill_on_drop: false }`
[INFO] [stdout] 2269df1b67dfc8c601b235860f3f8386b86003fc
[INFO] testing takoeight0821/ruthenium against 1.75.0 for beta-1.76-1
[INFO] running `Command { std: "git" "clone" "/workspace/cache/git-repos/https%3A%2F%2Fgithub.com%2Ftakoeight0821%2Fruthenium" "/workspace/builds/worker-1-tc1/source", kill_on_drop: false }`
[INFO] [stderr] Cloning into '/workspace/builds/worker-1-tc1/source'...
[INFO] [stderr] done.
[INFO] validating manifest of git repo https://github.com/takoeight0821/ruthenium on toolchain 1.75.0
[INFO] running `Command { std: CARGO_HOME="/workspace/cargo-home" RUSTUP_HOME="/workspace/rustup-home" "/workspace/cargo-home/bin/cargo" "+1.75.0" "metadata" "--manifest-path" "Cargo.toml" "--no-deps", kill_on_drop: false }`
[INFO] started tweaking git repo https://github.com/takoeight0821/ruthenium
[INFO] finished tweaking git repo https://github.com/takoeight0821/ruthenium
[INFO] tweaked toml for git repo https://github.com/takoeight0821/ruthenium written to /workspace/builds/worker-1-tc1/source/Cargo.toml
[INFO] crate git repo https://github.com/takoeight0821/ruthenium already has a lockfile, it will not be regenerated
[INFO] running `Command { std: CARGO_HOME="/workspace/cargo-home" RUSTUP_HOME="/workspace/rustup-home" "/workspace/cargo-home/bin/cargo" "+1.75.0" "fetch" "--manifest-path" "Cargo.toml", kill_on_drop: false }`
[INFO] [stderr]     Blocking waiting for file lock on package cache
[ERROR] error running command: no output for 300 seconds
[ERROR] this task or one of its parent failed!
[ERROR] no output for 300 seconds
[ERROR] note: run with `RUST_BACKTRACE=1` to display a backtrace.
[INFO] testing takoeight0821/ruthenium against beta-2023-12-22 for beta-1.76-1
[INFO] running `Command { std: "git" "clone" "/workspace/cache/git-repos/https%3A%2F%2Fgithub.com%2Ftakoeight0821%2Fruthenium" "/workspace/builds/worker-1-tc2/source", kill_on_drop: false }`
[INFO] [stderr] Cloning into '/workspace/builds/worker-1-tc2/source'...
[INFO] [stderr] done.
[INFO] validating manifest of git repo https://github.com/takoeight0821/ruthenium on toolchain beta-2023-12-22
[INFO] running `Command { std: CARGO_HOME="/workspace/cargo-home" RUSTUP_HOME="/workspace/rustup-home" "/workspace/cargo-home/bin/cargo" "+beta-2023-12-22" "metadata" "--manifest-path" "Cargo.toml" "--no-deps", kill_on_drop: false }`
[INFO] started tweaking git repo https://github.com/takoeight0821/ruthenium
[INFO] finished tweaking git repo https://github.com/takoeight0821/ruthenium
[INFO] tweaked toml for git repo https://github.com/takoeight0821/ruthenium written to /workspace/builds/worker-1-tc2/source/Cargo.toml
[INFO] crate git repo https://github.com/takoeight0821/ruthenium already has a lockfile, it will not be regenerated
[INFO] running `Command { std: CARGO_HOME="/workspace/cargo-home" RUSTUP_HOME="/workspace/rustup-home" "/workspace/cargo-home/bin/cargo" "+beta-2023-12-22" "fetch" "--manifest-path" "Cargo.toml", kill_on_drop: false }`
[INFO] [stderr]     Blocking waiting for file lock on package cache
[INFO] [stderr]     Blocking waiting for file lock on package cache
[INFO] running `Command { std: "docker" "create" "-v" "/var/lib/crater-agent-workspace/builds/worker-1-tc2/target:/opt/rustwide/target:rw,Z" "-v" "/var/lib/crater-agent-workspace/builds/worker-1-tc2/source:/opt/rustwide/workdir:ro,Z" "-v" "/var/lib/crater-agent-workspace/cargo-home:/opt/rustwide/cargo-home:ro,Z" "-v" "/var/lib/crater-agent-workspace/rustup-home:/opt/rustwide/rustup-home:ro,Z" "-e" "SOURCE_DIR=/opt/rustwide/workdir" "-e" "CARGO_TARGET_DIR=/opt/rustwide/target" "-e" "CARGO_HOME=/opt/rustwide/cargo-home" "-e" "RUSTUP_HOME=/opt/rustwide/rustup-home" "-w" "/opt/rustwide/workdir" "-m" "1610612736" "--user" "0:0" "--network" "none" "ghcr.io/rust-lang/crates-build-env/linux@sha256:2788e3201cd34a07e3172128adcd8b3090168a8e3bcc40d7c032b9dda1df7d1c" "/opt/rustwide/cargo-home/bin/cargo" "+beta-2023-12-22" "metadata" "--no-deps" "--format-version=1", kill_on_drop: false }`
[INFO] [stdout] 8968e887d29f9da550965586344bd961b431b02fe640bfb4eb101c60f013a28e
[INFO] running `Command { std: "docker" "start" "-a" "8968e887d29f9da550965586344bd961b431b02fe640bfb4eb101c60f013a28e", kill_on_drop: false }`
[INFO] running `Command { std: "docker" "inspect" "8968e887d29f9da550965586344bd961b431b02fe640bfb4eb101c60f013a28e", kill_on_drop: false }`
[INFO] running `Command { std: "docker" "rm" "-f" "8968e887d29f9da550965586344bd961b431b02fe640bfb4eb101c60f013a28e", kill_on_drop: false }`
[INFO] [stdout] 8968e887d29f9da550965586344bd961b431b02fe640bfb4eb101c60f013a28e
[INFO] running `Command { std: "docker" "create" "-v" "/var/lib/crater-agent-workspace/builds/worker-1-tc2/target:/opt/rustwide/target:rw,Z" "-v" "/var/lib/crater-agent-workspace/builds/worker-1-tc2/source:/opt/rustwide/workdir:ro,Z" "-v" "/var/lib/crater-agent-workspace/cargo-home:/opt/rustwide/cargo-home:ro,Z" "-v" "/var/lib/crater-agent-workspace/rustup-home:/opt/rustwide/rustup-home:ro,Z" "-e" "SOURCE_DIR=/opt/rustwide/workdir" "-e" "CARGO_TARGET_DIR=/opt/rustwide/target" "-e" "CARGO_INCREMENTAL=0" "-e" "RUST_BACKTRACE=full" "-e" "RUSTFLAGS=--cap-lints=warn" "-e" "RUSTDOCFLAGS=--cap-lints=warn" "-e" "CARGO_HOME=/opt/rustwide/cargo-home" "-e" "RUSTUP_HOME=/opt/rustwide/rustup-home" "-w" "/opt/rustwide/workdir" "-m" "1610612736" "--user" "0:0" "--network" "none" "ghcr.io/rust-lang/crates-build-env/linux@sha256:2788e3201cd34a07e3172128adcd8b3090168a8e3bcc40d7c032b9dda1df7d1c" "/opt/rustwide/cargo-home/bin/cargo" "+beta-2023-12-22" "build" "--frozen" "--message-format=json", kill_on_drop: false }`
[INFO] [stdout] 34e6473d79c84904214f0dbc2fb2a1a4d8ee897851fc6f11515bed563324ddb2
[INFO] running `Command { std: "docker" "start" "-a" "34e6473d79c84904214f0dbc2fb2a1a4d8ee897851fc6f11515bed563324ddb2", kill_on_drop: false }`
[INFO] [stderr]    Compiling num-traits v0.2.5
[INFO] [stderr]    Compiling num-integer v0.1.39
[INFO] [stderr]    Compiling num-bigint v0.2.0
[INFO] [stderr]    Compiling num-iter v0.1.37
[INFO] [stderr]    Compiling num-rational v0.2.1
[INFO] [stderr]    Compiling num-complex v0.2.0
[INFO] [stderr]    Compiling void v1.0.2
[INFO] [stderr]    Compiling libc v0.2.43
[INFO] [stderr]    Compiling either v1.5.0
[INFO] [stderr]    Compiling byteorder v1.2.6
[INFO] [stderr]    Compiling ascii v0.9.1
[INFO] [stderr]    Compiling unreachable v1.0.0
[INFO] [stderr]    Compiling memchr v2.0.2
[INFO] [stderr]    Compiling combine v3.6.3
[INFO] [stderr]    Compiling num v0.2.0
[INFO] [stderr]    Compiling ruthenium v0.1.0 (/opt/rustwide/workdir)
[INFO] [stderr]     Finished dev [unoptimized + debuginfo] target(s) in 10.79s
[INFO] running `Command { std: "docker" "inspect" "34e6473d79c84904214f0dbc2fb2a1a4d8ee897851fc6f11515bed563324ddb2", kill_on_drop: false }`
[INFO] running `Command { std: "docker" "rm" "-f" "34e6473d79c84904214f0dbc2fb2a1a4d8ee897851fc6f11515bed563324ddb2", kill_on_drop: false }`
[INFO] [stdout] 34e6473d79c84904214f0dbc2fb2a1a4d8ee897851fc6f11515bed563324ddb2
[INFO] running `Command { std: "docker" "create" "-v" "/var/lib/crater-agent-workspace/builds/worker-1-tc2/target:/opt/rustwide/target:rw,Z" "-v" "/var/lib/crater-agent-workspace/builds/worker-1-tc2/source:/opt/rustwide/workdir:ro,Z" "-v" "/var/lib/crater-agent-workspace/cargo-home:/opt/rustwide/cargo-home:ro,Z" "-v" "/var/lib/crater-agent-workspace/rustup-home:/opt/rustwide/rustup-home:ro,Z" "-e" "SOURCE_DIR=/opt/rustwide/workdir" "-e" "CARGO_TARGET_DIR=/opt/rustwide/target" "-e" "CARGO_INCREMENTAL=0" "-e" "RUST_BACKTRACE=full" "-e" "RUSTFLAGS=--cap-lints=warn" "-e" "RUSTDOCFLAGS=--cap-lints=warn" "-e" "CARGO_HOME=/opt/rustwide/cargo-home" "-e" "RUSTUP_HOME=/opt/rustwide/rustup-home" "-w" "/opt/rustwide/workdir" "-m" "1610612736" "--user" "0:0" "--network" "none" "ghcr.io/rust-lang/crates-build-env/linux@sha256:2788e3201cd34a07e3172128adcd8b3090168a8e3bcc40d7c032b9dda1df7d1c" "/opt/rustwide/cargo-home/bin/cargo" "+beta-2023-12-22" "test" "--frozen" "--no-run" "--message-format=json", kill_on_drop: false }`
[INFO] [stdout] 8d1f43dfb34cd98c4343d7342702d770f9c5c85f9cdc419c3dfbd8764eeb5c2a
[INFO] running `Command { std: "docker" "start" "-a" "8d1f43dfb34cd98c4343d7342702d770f9c5c85f9cdc419c3dfbd8764eeb5c2a", kill_on_drop: false }`
[INFO] [stderr]    Compiling ruthenium v0.1.0 (/opt/rustwide/workdir)
[INFO] [stderr]     Finished test [unoptimized + debuginfo] target(s) in 4.11s
[INFO] running `Command { std: "docker" "inspect" "8d1f43dfb34cd98c4343d7342702d770f9c5c85f9cdc419c3dfbd8764eeb5c2a", kill_on_drop: false }`
[INFO] running `Command { std: "docker" "rm" "-f" "8d1f43dfb34cd98c4343d7342702d770f9c5c85f9cdc419c3dfbd8764eeb5c2a", kill_on_drop: false }`
[INFO] [stdout] 8d1f43dfb34cd98c4343d7342702d770f9c5c85f9cdc419c3dfbd8764eeb5c2a
[INFO] running `Command { std: "docker" "create" "-v" "/var/lib/crater-agent-workspace/builds/worker-1-tc2/target:/opt/rustwide/target:rw,Z" "-v" "/var/lib/crater-agent-workspace/builds/worker-1-tc2/source:/opt/rustwide/workdir:ro,Z" "-v" "/var/lib/crater-agent-workspace/cargo-home:/opt/rustwide/cargo-home:ro,Z" "-v" "/var/lib/crater-agent-workspace/rustup-home:/opt/rustwide/rustup-home:ro,Z" "-e" "SOURCE_DIR=/opt/rustwide/workdir" "-e" "CARGO_TARGET_DIR=/opt/rustwide/target" "-e" "CARGO_INCREMENTAL=0" "-e" "RUST_BACKTRACE=full" "-e" "RUSTFLAGS=--cap-lints=warn" "-e" "RUSTDOCFLAGS=--cap-lints=warn" "-e" "CARGO_HOME=/opt/rustwide/cargo-home" "-e" "RUSTUP_HOME=/opt/rustwide/rustup-home" "-w" "/opt/rustwide/workdir" "-m" "1610612736" "--user" "0:0" "--network" "none" "ghcr.io/rust-lang/crates-build-env/linux@sha256:2788e3201cd34a07e3172128adcd8b3090168a8e3bcc40d7c032b9dda1df7d1c" "/opt/rustwide/cargo-home/bin/cargo" "+beta-2023-12-22" "test" "--frozen", kill_on_drop: false }`
[INFO] [stdout] 61478e1de5f4d39b46cebb9b1ffe2d2bc03da9dcafe0f839a80400bd0210f68f
[INFO] running `Command { std: "docker" "start" "-a" "61478e1de5f4d39b46cebb9b1ffe2d2bc03da9dcafe0f839a80400bd0210f68f", kill_on_drop: false }`
[INFO] [stderr]     Finished test [unoptimized + debuginfo] target(s) in 0.01s
[INFO] [stderr]      Running unittests src/main.rs (/opt/rustwide/target/debug/deps/ruthenium-24ac814dbce0e8e0)
[INFO] [stdout] 
[INFO] [stdout] running 9 tests
[INFO] [stdout] test parser::tests::test_id ... ok
[INFO] [stdout] test parser::tests::test_let ... ok
[INFO] [stdout] test parser::tests::test_func ... ok
[INFO] [stdout] test parser::tests::test_underscore ... ok
[INFO] [stdout] test parser::utils::test_parse_float ... ok
[INFO] [stdout] test parser::tests::test_block ... ok
[INFO] [stdout] test parser::utils::test_satisfy_char ... ok
[INFO] [stdout] test parser::tests::test_type ... ok
[INFO] [stdout] test parser::tests::test_expr ... ok
[INFO] [stdout] 
[INFO] [stdout] test result: ok. 9 passed; 0 failed; 0 ignored; 0 measured; 0 filtered out; finished in 0.00s
[INFO] [stdout] 
[INFO] running `Command { std: "docker" "inspect" "61478e1de5f4d39b46cebb9b1ffe2d2bc03da9dcafe0f839a80400bd0210f68f", kill_on_drop: false }`
[INFO] running `Command { std: "docker" "rm" "-f" "61478e1de5f4d39b46cebb9b1ffe2d2bc03da9dcafe0f839a80400bd0210f68f", kill_on_drop: false }`
[INFO] [stdout] 61478e1de5f4d39b46cebb9b1ffe2d2bc03da9dcafe0f839a80400bd0210f68f
