[INFO] cloning repository https://github.com/takayahilton/Validation
[INFO] running `Command { std: "git" "-c" "credential.helper=" "-c" "credential.helper=/workspace/cargo-home/bin/git-credential-null" "clone" "--bare" "https://github.com/takayahilton/Validation" "/workspace/cache/git-repos/https%3A%2F%2Fgithub.com%2Ftakayahilton%2FValidation", kill_on_drop: false }`
[INFO] [stderr] Cloning into bare repository '/workspace/cache/git-repos/https%3A%2F%2Fgithub.com%2Ftakayahilton%2FValidation'...
[INFO] running `Command { std: "git" "rev-parse" "HEAD", kill_on_drop: false }`
[INFO] [stdout] 2ae83128f39dfd57428fd4ee3764bfef5798089f
[INFO] testing takayahilton/Validation against 1.75.0 for beta-1.76-1
[INFO] running `Command { std: "git" "clone" "/workspace/cache/git-repos/https%3A%2F%2Fgithub.com%2Ftakayahilton%2FValidation" "/workspace/builds/worker-7-tc1/source", kill_on_drop: false }`
[INFO] [stderr] Cloning into '/workspace/builds/worker-7-tc1/source'...
[INFO] [stderr] done.
[INFO] validating manifest of git repo https://github.com/takayahilton/Validation on toolchain 1.75.0
[INFO] running `Command { std: CARGO_HOME="/workspace/cargo-home" RUSTUP_HOME="/workspace/rustup-home" "/workspace/cargo-home/bin/cargo" "+1.75.0" "metadata" "--manifest-path" "Cargo.toml" "--no-deps", kill_on_drop: false }`
[INFO] started tweaking git repo https://github.com/takayahilton/Validation
[INFO] finished tweaking git repo https://github.com/takayahilton/Validation
[INFO] tweaked toml for git repo https://github.com/takayahilton/Validation written to /workspace/builds/worker-7-tc1/source/Cargo.toml
[INFO] crate git repo https://github.com/takayahilton/Validation already has a lockfile, it will not be regenerated
[INFO] running `Command { std: CARGO_HOME="/workspace/cargo-home" RUSTUP_HOME="/workspace/rustup-home" "/workspace/cargo-home/bin/cargo" "+1.75.0" "fetch" "--manifest-path" "Cargo.toml", kill_on_drop: false }`
[INFO] [stderr]     Blocking waiting for file lock on package cache
[ERROR] error running command: no output for 300 seconds
[ERROR] this task or one of its parent failed!
[ERROR] no output for 300 seconds
[ERROR] note: run with `RUST_BACKTRACE=1` to display a backtrace.
[INFO] testing takayahilton/Validation against beta-2023-12-22 for beta-1.76-1
[INFO] running `Command { std: "git" "clone" "/workspace/cache/git-repos/https%3A%2F%2Fgithub.com%2Ftakayahilton%2FValidation" "/workspace/builds/worker-7-tc2/source", kill_on_drop: false }`
[INFO] [stderr] Cloning into '/workspace/builds/worker-7-tc2/source'...
[INFO] [stderr] done.
[INFO] validating manifest of git repo https://github.com/takayahilton/Validation on toolchain beta-2023-12-22
[INFO] running `Command { std: CARGO_HOME="/workspace/cargo-home" RUSTUP_HOME="/workspace/rustup-home" "/workspace/cargo-home/bin/cargo" "+beta-2023-12-22" "metadata" "--manifest-path" "Cargo.toml" "--no-deps", kill_on_drop: false }`
[INFO] started tweaking git repo https://github.com/takayahilton/Validation
[INFO] finished tweaking git repo https://github.com/takayahilton/Validation
[INFO] tweaked toml for git repo https://github.com/takayahilton/Validation written to /workspace/builds/worker-7-tc2/source/Cargo.toml
[INFO] crate git repo https://github.com/takayahilton/Validation already has a lockfile, it will not be regenerated
[INFO] running `Command { std: CARGO_HOME="/workspace/cargo-home" RUSTUP_HOME="/workspace/rustup-home" "/workspace/cargo-home/bin/cargo" "+beta-2023-12-22" "fetch" "--manifest-path" "Cargo.toml", kill_on_drop: false }`
[INFO] [stderr]     Blocking waiting for file lock on package cache
[INFO] [stderr]     Blocking waiting for file lock on package cache
[INFO] running `Command { std: "docker" "create" "-v" "/var/lib/crater-agent-workspace/builds/worker-7-tc2/target:/opt/rustwide/target:rw,Z" "-v" "/var/lib/crater-agent-workspace/builds/worker-7-tc2/source:/opt/rustwide/workdir:ro,Z" "-v" "/var/lib/crater-agent-workspace/cargo-home:/opt/rustwide/cargo-home:ro,Z" "-v" "/var/lib/crater-agent-workspace/rustup-home:/opt/rustwide/rustup-home:ro,Z" "-e" "SOURCE_DIR=/opt/rustwide/workdir" "-e" "CARGO_TARGET_DIR=/opt/rustwide/target" "-e" "CARGO_HOME=/opt/rustwide/cargo-home" "-e" "RUSTUP_HOME=/opt/rustwide/rustup-home" "-w" "/opt/rustwide/workdir" "-m" "1610612736" "--user" "0:0" "--network" "none" "ghcr.io/rust-lang/crates-build-env/linux@sha256:2788e3201cd34a07e3172128adcd8b3090168a8e3bcc40d7c032b9dda1df7d1c" "/opt/rustwide/cargo-home/bin/cargo" "+beta-2023-12-22" "metadata" "--no-deps" "--format-version=1", kill_on_drop: false }`
[INFO] [stdout] 5d672d9353d266aa32f81cd8fbd0fdb4ce720260a72209291922bf08b1d9845b
[INFO] running `Command { std: "docker" "start" "-a" "5d672d9353d266aa32f81cd8fbd0fdb4ce720260a72209291922bf08b1d9845b", kill_on_drop: false }`
[INFO] running `Command { std: "docker" "inspect" "5d672d9353d266aa32f81cd8fbd0fdb4ce720260a72209291922bf08b1d9845b", kill_on_drop: false }`
[INFO] running `Command { std: "docker" "rm" "-f" "5d672d9353d266aa32f81cd8fbd0fdb4ce720260a72209291922bf08b1d9845b", kill_on_drop: false }`
[INFO] [stdout] 5d672d9353d266aa32f81cd8fbd0fdb4ce720260a72209291922bf08b1d9845b
[INFO] running `Command { std: "docker" "create" "-v" "/var/lib/crater-agent-workspace/builds/worker-7-tc2/target:/opt/rustwide/target:rw,Z" "-v" "/var/lib/crater-agent-workspace/builds/worker-7-tc2/source:/opt/rustwide/workdir:ro,Z" "-v" "/var/lib/crater-agent-workspace/cargo-home:/opt/rustwide/cargo-home:ro,Z" "-v" "/var/lib/crater-agent-workspace/rustup-home:/opt/rustwide/rustup-home:ro,Z" "-e" "SOURCE_DIR=/opt/rustwide/workdir" "-e" "CARGO_TARGET_DIR=/opt/rustwide/target" "-e" "CARGO_INCREMENTAL=0" "-e" "RUST_BACKTRACE=full" "-e" "RUSTFLAGS=--cap-lints=warn" "-e" "RUSTDOCFLAGS=--cap-lints=warn" "-e" "CARGO_HOME=/opt/rustwide/cargo-home" "-e" "RUSTUP_HOME=/opt/rustwide/rustup-home" "-w" "/opt/rustwide/workdir" "-m" "1610612736" "--user" "0:0" "--network" "none" "ghcr.io/rust-lang/crates-build-env/linux@sha256:2788e3201cd34a07e3172128adcd8b3090168a8e3bcc40d7c032b9dda1df7d1c" "/opt/rustwide/cargo-home/bin/cargo" "+beta-2023-12-22" "build" "--frozen" "--message-format=json", kill_on_drop: false }`
[INFO] [stdout] b4c3dff7d8e1bcfb716772369ec55f8857dc4b0c42364e01a0901432d269afa1
[INFO] running `Command { std: "docker" "start" "-a" "b4c3dff7d8e1bcfb716772369ec55f8857dc4b0c42364e01a0901432d269afa1", kill_on_drop: false }`
[INFO] [stderr]    Compiling validation v0.1.0 (/opt/rustwide/workdir)
[INFO] [stdout] warning: methods `map` and `flat_map` are never used
[INFO] [stdout]   --> src/main.rs:9:8
[INFO] [stdout]    |
[INFO] [stdout] 7  | impl<A, E: Clone> Validation<A, E> {
[INFO] [stdout]    | ---------------------------------- methods in this implementation
[INFO] [stdout] 8  |
[INFO] [stdout] 9  |     fn map<B, F: FnOnce(A) -> B>(self, func: F) -> Validation<B, E> {
[INFO] [stdout]    |        ^^^
[INFO] [stdout] ...
[INFO] [stdout] 25 |     fn flat_map<B, F: FnOnce(A) -> Validation<B, E>>(self, func: F) -> Validation<B, E> {
[INFO] [stdout]    |        ^^^^^^^^
[INFO] [stdout]    |
[INFO] [stdout]    = note: `#[warn(dead_code)]` on by default
[INFO] [stdout] 
[INFO] [stdout] 
[INFO] [stdout] warning: 1 warning emitted
[INFO] [stdout] 
[INFO] [stdout] 
[INFO] [stderr]     Finished dev [unoptimized + debuginfo] target(s) in 0.30s
[INFO] running `Command { std: "docker" "inspect" "b4c3dff7d8e1bcfb716772369ec55f8857dc4b0c42364e01a0901432d269afa1", kill_on_drop: false }`
[INFO] running `Command { std: "docker" "rm" "-f" "b4c3dff7d8e1bcfb716772369ec55f8857dc4b0c42364e01a0901432d269afa1", kill_on_drop: false }`
[INFO] [stdout] b4c3dff7d8e1bcfb716772369ec55f8857dc4b0c42364e01a0901432d269afa1
[INFO] running `Command { std: "docker" "create" "-v" "/var/lib/crater-agent-workspace/builds/worker-7-tc2/target:/opt/rustwide/target:rw,Z" "-v" "/var/lib/crater-agent-workspace/builds/worker-7-tc2/source:/opt/rustwide/workdir:ro,Z" "-v" "/var/lib/crater-agent-workspace/cargo-home:/opt/rustwide/cargo-home:ro,Z" "-v" "/var/lib/crater-agent-workspace/rustup-home:/opt/rustwide/rustup-home:ro,Z" "-e" "SOURCE_DIR=/opt/rustwide/workdir" "-e" "CARGO_TARGET_DIR=/opt/rustwide/target" "-e" "CARGO_INCREMENTAL=0" "-e" "RUST_BACKTRACE=full" "-e" "RUSTFLAGS=--cap-lints=warn" "-e" "RUSTDOCFLAGS=--cap-lints=warn" "-e" "CARGO_HOME=/opt/rustwide/cargo-home" "-e" "RUSTUP_HOME=/opt/rustwide/rustup-home" "-w" "/opt/rustwide/workdir" "-m" "1610612736" "--user" "0:0" "--network" "none" "ghcr.io/rust-lang/crates-build-env/linux@sha256:2788e3201cd34a07e3172128adcd8b3090168a8e3bcc40d7c032b9dda1df7d1c" "/opt/rustwide/cargo-home/bin/cargo" "+beta-2023-12-22" "test" "--frozen" "--no-run" "--message-format=json", kill_on_drop: false }`
[INFO] [stdout] 782be502a9c375013e1fa4b2b233b4a60070d5c7bf49d2ce626aecd4c55287e8
[INFO] running `Command { std: "docker" "start" "-a" "782be502a9c375013e1fa4b2b233b4a60070d5c7bf49d2ce626aecd4c55287e8", kill_on_drop: false }`
[INFO] [stderr]    Compiling validation v0.1.0 (/opt/rustwide/workdir)
[INFO] [stdout] warning: methods `map` and `flat_map` are never used
[INFO] [stdout]   --> src/main.rs:9:8
[INFO] [stdout]    |
[INFO] [stdout] 7  | impl<A, E: Clone> Validation<A, E> {
[INFO] [stdout]    | ---------------------------------- methods in this implementation
[INFO] [stdout] 8  |
[INFO] [stdout] 9  |     fn map<B, F: FnOnce(A) -> B>(self, func: F) -> Validation<B, E> {
[INFO] [stdout]    |        ^^^
[INFO] [stdout] ...
[INFO] [stdout] 25 |     fn flat_map<B, F: FnOnce(A) -> Validation<B, E>>(self, func: F) -> Validation<B, E> {
[INFO] [stdout]    |        ^^^^^^^^
[INFO] [stdout]    |
[INFO] [stdout]    = note: `#[warn(dead_code)]` on by default
[INFO] [stdout] 
[INFO] [stdout] 
[INFO] [stdout] warning: 1 warning emitted
[INFO] [stdout] 
[INFO] [stdout] 
[INFO] [stderr]     Finished test [unoptimized + debuginfo] target(s) in 0.41s
[INFO] running `Command { std: "docker" "inspect" "782be502a9c375013e1fa4b2b233b4a60070d5c7bf49d2ce626aecd4c55287e8", kill_on_drop: false }`
[INFO] running `Command { std: "docker" "rm" "-f" "782be502a9c375013e1fa4b2b233b4a60070d5c7bf49d2ce626aecd4c55287e8", kill_on_drop: false }`
[INFO] [stdout] 782be502a9c375013e1fa4b2b233b4a60070d5c7bf49d2ce626aecd4c55287e8
[INFO] running `Command { std: "docker" "create" "-v" "/var/lib/crater-agent-workspace/builds/worker-7-tc2/target:/opt/rustwide/target:rw,Z" "-v" "/var/lib/crater-agent-workspace/builds/worker-7-tc2/source:/opt/rustwide/workdir:ro,Z" "-v" "/var/lib/crater-agent-workspace/cargo-home:/opt/rustwide/cargo-home:ro,Z" "-v" "/var/lib/crater-agent-workspace/rustup-home:/opt/rustwide/rustup-home:ro,Z" "-e" "SOURCE_DIR=/opt/rustwide/workdir" "-e" "CARGO_TARGET_DIR=/opt/rustwide/target" "-e" "CARGO_INCREMENTAL=0" "-e" "RUST_BACKTRACE=full" "-e" "RUSTFLAGS=--cap-lints=warn" "-e" "RUSTDOCFLAGS=--cap-lints=warn" "-e" "CARGO_HOME=/opt/rustwide/cargo-home" "-e" "RUSTUP_HOME=/opt/rustwide/rustup-home" "-w" "/opt/rustwide/workdir" "-m" "1610612736" "--user" "0:0" "--network" "none" "ghcr.io/rust-lang/crates-build-env/linux@sha256:2788e3201cd34a07e3172128adcd8b3090168a8e3bcc40d7c032b9dda1df7d1c" "/opt/rustwide/cargo-home/bin/cargo" "+beta-2023-12-22" "test" "--frozen", kill_on_drop: false }`
[INFO] [stdout] c1b188b55434d4f80885ee032e39dc506972e582ab4f41b8a759fdba55720b8d
[INFO] running `Command { std: "docker" "start" "-a" "c1b188b55434d4f80885ee032e39dc506972e582ab4f41b8a759fdba55720b8d", kill_on_drop: false }`
[INFO] [stderr] warning: methods `map` and `flat_map` are never used
[INFO] [stderr]   --> src/main.rs:9:8
[INFO] [stderr]    |
[INFO] [stderr] 7  | impl<A, E: Clone> Validation<A, E> {
[INFO] [stderr]    | ---------------------------------- methods in this implementation
[INFO] [stderr] 8  |
[INFO] [stderr] 9  |     fn map<B, F: FnOnce(A) -> B>(self, func: F) -> Validation<B, E> {
[INFO] [stderr]    |        ^^^
[INFO] [stderr] ...
[INFO] [stderr] 25 |     fn flat_map<B, F: FnOnce(A) -> Validation<B, E>>(self, func: F) -> Validation<B, E> {
[INFO] [stderr]    |        ^^^^^^^^
[INFO] [stderr]    |
[INFO] [stderr]    = note: `#[warn(dead_code)]` on by default
[INFO] [stderr] 
[INFO] [stderr] warning: `validation` (bin "validation" test) generated 1 warning
[INFO] [stderr]     Finished test [unoptimized + debuginfo] target(s) in 0.01s
[INFO] [stderr]      Running unittests src/main.rs (/opt/rustwide/target/debug/deps/validation-bf87358a9b54032a)
[INFO] [stdout] 
[INFO] [stdout] running 0 tests
[INFO] [stdout] 
[INFO] [stdout] test result: ok. 0 passed; 0 failed; 0 ignored; 0 measured; 0 filtered out; finished in 0.00s
[INFO] [stdout] 
[INFO] running `Command { std: "docker" "inspect" "c1b188b55434d4f80885ee032e39dc506972e582ab4f41b8a759fdba55720b8d", kill_on_drop: false }`
[INFO] running `Command { std: "docker" "rm" "-f" "c1b188b55434d4f80885ee032e39dc506972e582ab4f41b8a759fdba55720b8d", kill_on_drop: false }`
[INFO] [stdout] c1b188b55434d4f80885ee032e39dc506972e582ab4f41b8a759fdba55720b8d
