[INFO] cloning repository https://github.com/tailhook/nginx-config-mod
[INFO] running `Command { std: "git" "-c" "credential.helper=" "-c" "credential.helper=/workspace/cargo-home/bin/git-credential-null" "clone" "--bare" "https://github.com/tailhook/nginx-config-mod" "/workspace/cache/git-repos/https%3A%2F%2Fgithub.com%2Ftailhook%2Fnginx-config-mod", kill_on_drop: false }`
[INFO] [stderr] Cloning into bare repository '/workspace/cache/git-repos/https%3A%2F%2Fgithub.com%2Ftailhook%2Fnginx-config-mod'...
[INFO] running `Command { std: "git" "rev-parse" "HEAD", kill_on_drop: false }`
[INFO] [stdout] 4be0df3b7390f79536ca05b3ac27c72897746007
[INFO] testing tailhook/nginx-config-mod against 1.75.0 for beta-1.76-1
[INFO] running `Command { std: "git" "clone" "/workspace/cache/git-repos/https%3A%2F%2Fgithub.com%2Ftailhook%2Fnginx-config-mod" "/workspace/builds/worker-6-tc1/source", kill_on_drop: false }`
[INFO] [stderr] Cloning into '/workspace/builds/worker-6-tc1/source'...
[INFO] [stderr] done.
[INFO] validating manifest of git repo https://github.com/tailhook/nginx-config-mod on toolchain 1.75.0
[INFO] running `Command { std: CARGO_HOME="/workspace/cargo-home" RUSTUP_HOME="/workspace/rustup-home" "/workspace/cargo-home/bin/cargo" "+1.75.0" "metadata" "--manifest-path" "Cargo.toml" "--no-deps", kill_on_drop: false }`
[INFO] started tweaking git repo https://github.com/tailhook/nginx-config-mod
[INFO] finished tweaking git repo https://github.com/tailhook/nginx-config-mod
[INFO] tweaked toml for git repo https://github.com/tailhook/nginx-config-mod written to /workspace/builds/worker-6-tc1/source/Cargo.toml
[INFO] crate git repo https://github.com/tailhook/nginx-config-mod already has a lockfile, it will not be regenerated
[INFO] running `Command { std: CARGO_HOME="/workspace/cargo-home" RUSTUP_HOME="/workspace/rustup-home" "/workspace/cargo-home/bin/cargo" "+1.75.0" "fetch" "--manifest-path" "Cargo.toml", kill_on_drop: false }`
[INFO] [stderr]     Blocking waiting for file lock on package cache
[INFO] [stderr]     Updating crates.io index
[INFO] [stderr]     Blocking waiting for file lock on package cache
[ERROR] error running command: no output for 300 seconds
[ERROR] this task or one of its parent failed!
[ERROR] no output for 300 seconds
[ERROR] note: run with `RUST_BACKTRACE=1` to display a backtrace.
[INFO] testing tailhook/nginx-config-mod against beta-2023-12-22 for beta-1.76-1
[INFO] running `Command { std: "git" "clone" "/workspace/cache/git-repos/https%3A%2F%2Fgithub.com%2Ftailhook%2Fnginx-config-mod" "/workspace/builds/worker-6-tc2/source", kill_on_drop: false }`
[INFO] [stderr] Cloning into '/workspace/builds/worker-6-tc2/source'...
[INFO] [stderr] done.
[INFO] validating manifest of git repo https://github.com/tailhook/nginx-config-mod on toolchain beta-2023-12-22
[INFO] running `Command { std: CARGO_HOME="/workspace/cargo-home" RUSTUP_HOME="/workspace/rustup-home" "/workspace/cargo-home/bin/cargo" "+beta-2023-12-22" "metadata" "--manifest-path" "Cargo.toml" "--no-deps", kill_on_drop: false }`
[INFO] started tweaking git repo https://github.com/tailhook/nginx-config-mod
[INFO] finished tweaking git repo https://github.com/tailhook/nginx-config-mod
[INFO] tweaked toml for git repo https://github.com/tailhook/nginx-config-mod written to /workspace/builds/worker-6-tc2/source/Cargo.toml
[INFO] crate git repo https://github.com/tailhook/nginx-config-mod already has a lockfile, it will not be regenerated
[INFO] running `Command { std: CARGO_HOME="/workspace/cargo-home" RUSTUP_HOME="/workspace/rustup-home" "/workspace/cargo-home/bin/cargo" "+beta-2023-12-22" "fetch" "--manifest-path" "Cargo.toml", kill_on_drop: false }`
[INFO] [stderr]     Blocking waiting for file lock on package cache
[INFO] [stderr]     Blocking waiting for file lock on package cache
[INFO] [stderr]  Downloading crates ...
[INFO] [stderr]   Downloaded termcolor v1.0.1
[INFO] [stderr]   Downloaded quote v0.6.6
[INFO] [stderr]   Downloaded env_logger v0.5.12
[INFO] [stderr]   Downloaded combine v3.5.1
[INFO] [stderr]   Downloaded proc-macro2 v0.4.12
[INFO] [stderr]   Downloaded syn v0.14.8
[INFO] [stderr]   Downloaded structopt v0.2.10
[INFO] [stderr]   Downloaded structopt-derive v0.2.10
[INFO] [stderr]   Downloaded nginx-config v0.13.2
[INFO] running `Command { std: "docker" "create" "-v" "/var/lib/crater-agent-workspace/builds/worker-6-tc2/target:/opt/rustwide/target:rw,Z" "-v" "/var/lib/crater-agent-workspace/builds/worker-6-tc2/source:/opt/rustwide/workdir:ro,Z" "-v" "/var/lib/crater-agent-workspace/cargo-home:/opt/rustwide/cargo-home:ro,Z" "-v" "/var/lib/crater-agent-workspace/rustup-home:/opt/rustwide/rustup-home:ro,Z" "-e" "SOURCE_DIR=/opt/rustwide/workdir" "-e" "CARGO_TARGET_DIR=/opt/rustwide/target" "-e" "CARGO_HOME=/opt/rustwide/cargo-home" "-e" "RUSTUP_HOME=/opt/rustwide/rustup-home" "-w" "/opt/rustwide/workdir" "-m" "1610612736" "--user" "0:0" "--network" "none" "ghcr.io/rust-lang/crates-build-env/linux@sha256:2788e3201cd34a07e3172128adcd8b3090168a8e3bcc40d7c032b9dda1df7d1c" "/opt/rustwide/cargo-home/bin/cargo" "+beta-2023-12-22" "metadata" "--no-deps" "--format-version=1", kill_on_drop: false }`
[INFO] [stdout] f5df610cb45bc751af09b8d0ca4ba6cb91b2dcd10df3f90da45c178ccaba7b7f
[INFO] running `Command { std: "docker" "start" "-a" "f5df610cb45bc751af09b8d0ca4ba6cb91b2dcd10df3f90da45c178ccaba7b7f", kill_on_drop: false }`
[INFO] running `Command { std: "docker" "inspect" "f5df610cb45bc751af09b8d0ca4ba6cb91b2dcd10df3f90da45c178ccaba7b7f", kill_on_drop: false }`
[INFO] running `Command { std: "docker" "rm" "-f" "f5df610cb45bc751af09b8d0ca4ba6cb91b2dcd10df3f90da45c178ccaba7b7f", kill_on_drop: false }`
[INFO] [stdout] f5df610cb45bc751af09b8d0ca4ba6cb91b2dcd10df3f90da45c178ccaba7b7f
[INFO] running `Command { std: "docker" "create" "-v" "/var/lib/crater-agent-workspace/builds/worker-6-tc2/target:/opt/rustwide/target:rw,Z" "-v" "/var/lib/crater-agent-workspace/builds/worker-6-tc2/source:/opt/rustwide/workdir:ro,Z" "-v" "/var/lib/crater-agent-workspace/cargo-home:/opt/rustwide/cargo-home:ro,Z" "-v" "/var/lib/crater-agent-workspace/rustup-home:/opt/rustwide/rustup-home:ro,Z" "-e" "SOURCE_DIR=/opt/rustwide/workdir" "-e" "CARGO_TARGET_DIR=/opt/rustwide/target" "-e" "CARGO_INCREMENTAL=0" "-e" "RUST_BACKTRACE=full" "-e" "RUSTFLAGS=--cap-lints=warn" "-e" "RUSTDOCFLAGS=--cap-lints=warn" "-e" "CARGO_HOME=/opt/rustwide/cargo-home" "-e" "RUSTUP_HOME=/opt/rustwide/rustup-home" "-w" "/opt/rustwide/workdir" "-m" "1610612736" "--user" "0:0" "--network" "none" "ghcr.io/rust-lang/crates-build-env/linux@sha256:2788e3201cd34a07e3172128adcd8b3090168a8e3bcc40d7c032b9dda1df7d1c" "/opt/rustwide/cargo-home/bin/cargo" "+beta-2023-12-22" "build" "--frozen" "--message-format=json", kill_on_drop: false }`
[INFO] [stdout] cf4b130c66e603e54bf7f7f72721648c5e19c3141abcae0f39200e563a5c6f82
[INFO] running `Command { std: "docker" "start" "-a" "cf4b130c66e603e54bf7f7f72721648c5e19c3141abcae0f39200e563a5c6f82", kill_on_drop: false }`
[INFO] [stderr]    Compiling libc v0.2.43
[INFO] [stderr]    Compiling proc-macro2 v0.4.12
[INFO] [stderr]    Compiling unicode-xid v0.1.0
[INFO] [stderr]    Compiling cc v1.0.18
[INFO] [stderr]    Compiling void v1.0.2
[INFO] [stderr]    Compiling version_check v0.1.4
[INFO] [stderr]    Compiling cfg-if v0.1.5
[INFO] [stderr]    Compiling failure_derive v0.1.2
[INFO] [stderr]    Compiling matches v0.1.7
[INFO] [stderr]    Compiling ucd-util v0.1.1
[INFO] [stderr]    Compiling strsim v0.7.0
[INFO] [stderr]    Compiling regex v1.0.2
[INFO] [stderr]    Compiling unicode-width v0.1.5
[INFO] [stderr]    Compiling rustc-demangle v0.1.9
[INFO] [stderr]    Compiling quick-error v1.2.2
[INFO] [stderr]    Compiling ansi_term v0.11.0
[INFO] [stderr]    Compiling unreachable v1.0.0
[INFO] [stderr]    Compiling unicode-bidi v0.3.4
[INFO] [stderr]    Compiling vec_map v0.8.1
[INFO] [stderr]    Compiling byteorder v1.2.4
[INFO] [stderr]    Compiling textwrap v0.10.0
[INFO] [stderr]    Compiling regex-syntax v0.6.2
[INFO] [stderr]    Compiling either v1.5.0
[INFO] [stderr]    Compiling bitflags v1.0.3
[INFO] [stderr]    Compiling utf8-ranges v1.0.0
[INFO] [stderr]    Compiling ascii v0.7.1
[INFO] [stderr]    Compiling unicode-normalization v0.1.7
[INFO] [stderr]    Compiling humantime v1.1.1
[INFO] [stderr]    Compiling lazy_static v1.1.0
[INFO] [stderr]    Compiling memchr v2.0.1
[INFO] [stderr]    Compiling atty v0.2.11
[INFO] [stderr]    Compiling log v0.4.3
[INFO] [stderr]    Compiling aho-corasick v0.6.6
[INFO] [stderr]    Compiling clap v2.32.0
[INFO] [stderr]    Compiling termcolor v1.0.1
[INFO] [stderr]    Compiling percent-encoding v1.0.1
[INFO] [stderr]    Compiling combine v3.5.1
[INFO] [stderr]    Compiling thread_local v0.3.5
[INFO] [stderr]    Compiling quote v0.6.6
[INFO] [stderr]    Compiling backtrace-sys v0.1.24
[INFO] [stderr]    Compiling syn v0.14.8
[INFO] [stderr]    Compiling idna v0.1.5
[INFO] [stderr]    Compiling url v1.7.1
[INFO] [stderr]    Compiling backtrace v0.3.9
[INFO] [stderr]    Compiling synstructure v0.9.0
[INFO] [stderr]    Compiling env_logger v0.5.12
[INFO] [stderr]    Compiling structopt-derive v0.2.10
[INFO] [stderr]    Compiling failure v0.1.2
[INFO] [stderr]    Compiling structopt v0.2.10
[INFO] [stderr]    Compiling nginx-config v0.13.2
[INFO] [stderr]    Compiling nginx-config-mod v0.2.9 (/opt/rustwide/workdir)
[INFO] [stdout] warning: unnecessary trailing semicolon
[INFO] [stdout]   --> src/checks/proxy_pass.rs:30:33
[INFO] [stdout]    |
[INFO] [stdout] 30 |     let mut errors = Vec::new();;
[INFO] [stdout]    |                                 ^ help: remove this semicolon
[INFO] [stdout]    |
[INFO] [stdout]    = note: `#[warn(redundant_semicolons)]` on by default
[INFO] [stdout] 
[INFO] [stdout] 
[INFO] [stdout] warning: 1 warning emitted
[INFO] [stdout] 
[INFO] [stdout] 
[INFO] [stdout] warning: variable does not need to be mutable
[INFO] [stdout]    --> src/bin/nginx_config_mod/modify.rs:340:21
[INFO] [stdout]     |
[INFO] [stdout] 340 |                 let mut s = replacement.to_string();
[INFO] [stdout]     |                     ----^
[INFO] [stdout]     |                     |
[INFO] [stdout]     |                     help: remove this `mut`
[INFO] [stdout]     |
[INFO] [stdout]     = note: `#[warn(unused_mut)]` on by default
[INFO] [stdout] 
[INFO] [stdout] 
[INFO] [stdout] warning: 1 warning emitted
[INFO] [stdout] 
[INFO] [stdout] 
[INFO] [stderr]     Finished dev [unoptimized + debuginfo] target(s) in 21.38s
[INFO] [stderr] warning: the following packages contain code that will be rejected by a future version of Rust: syn v0.14.8
[INFO] [stderr] note: to see what the problems were, use the option `--future-incompat-report`, or run `cargo report future-incompatibilities --id 1`
[INFO] running `Command { std: "docker" "inspect" "cf4b130c66e603e54bf7f7f72721648c5e19c3141abcae0f39200e563a5c6f82", kill_on_drop: false }`
[INFO] running `Command { std: "docker" "rm" "-f" "cf4b130c66e603e54bf7f7f72721648c5e19c3141abcae0f39200e563a5c6f82", kill_on_drop: false }`
[INFO] [stdout] cf4b130c66e603e54bf7f7f72721648c5e19c3141abcae0f39200e563a5c6f82
[INFO] running `Command { std: "docker" "create" "-v" "/var/lib/crater-agent-workspace/builds/worker-6-tc2/target:/opt/rustwide/target:rw,Z" "-v" "/var/lib/crater-agent-workspace/builds/worker-6-tc2/source:/opt/rustwide/workdir:ro,Z" "-v" "/var/lib/crater-agent-workspace/cargo-home:/opt/rustwide/cargo-home:ro,Z" "-v" "/var/lib/crater-agent-workspace/rustup-home:/opt/rustwide/rustup-home:ro,Z" "-e" "SOURCE_DIR=/opt/rustwide/workdir" "-e" "CARGO_TARGET_DIR=/opt/rustwide/target" "-e" "CARGO_INCREMENTAL=0" "-e" "RUST_BACKTRACE=full" "-e" "RUSTFLAGS=--cap-lints=warn" "-e" "RUSTDOCFLAGS=--cap-lints=warn" "-e" "CARGO_HOME=/opt/rustwide/cargo-home" "-e" "RUSTUP_HOME=/opt/rustwide/rustup-home" "-w" "/opt/rustwide/workdir" "-m" "1610612736" "--user" "0:0" "--network" "none" "ghcr.io/rust-lang/crates-build-env/linux@sha256:2788e3201cd34a07e3172128adcd8b3090168a8e3bcc40d7c032b9dda1df7d1c" "/opt/rustwide/cargo-home/bin/cargo" "+beta-2023-12-22" "test" "--frozen" "--no-run" "--message-format=json", kill_on_drop: false }`
[INFO] [stdout] 434735eaec8b67fcd6e58d9182d8524780dccbc512fa30aaffa0a109283e82de
[INFO] running `Command { std: "docker" "start" "-a" "434735eaec8b67fcd6e58d9182d8524780dccbc512fa30aaffa0a109283e82de", kill_on_drop: false }`
[INFO] [stderr]    Compiling nginx-config-mod v0.2.9 (/opt/rustwide/workdir)
[INFO] [stdout] warning: unnecessary trailing semicolon
[INFO] [stdout]   --> src/checks/proxy_pass.rs:30:33
[INFO] [stdout]    |
[INFO] [stdout] 30 |     let mut errors = Vec::new();;
[INFO] [stdout]    |                                 ^ help: remove this semicolon
[INFO] [stdout]    |
[INFO] [stdout]    = note: `#[warn(redundant_semicolons)]` on by default
[INFO] [stdout] 
[INFO] [stdout] 
[INFO] [stdout] warning: 1 warning emitted
[INFO] [stdout] 
[INFO] [stdout] 
[INFO] [stdout] warning: unnecessary trailing semicolon
[INFO] [stdout]   --> src/checks/proxy_pass.rs:30:33
[INFO] [stdout]    |
[INFO] [stdout] 30 |     let mut errors = Vec::new();;
[INFO] [stdout]    |                                 ^ help: remove this semicolon
[INFO] [stdout]    |
[INFO] [stdout]    = note: `#[warn(redundant_semicolons)]` on by default
[INFO] [stdout] 
[INFO] [stdout] 
[INFO] [stdout] warning: variable does not need to be mutable
[INFO] [stdout]    --> src/bin/nginx_config_mod/modify.rs:340:21
[INFO] [stdout]     |
[INFO] [stdout] 340 |                 let mut s = replacement.to_string();
[INFO] [stdout]     |                     ----^
[INFO] [stdout]     |                     |
[INFO] [stdout]     |                     help: remove this `mut`
[INFO] [stdout]     |
[INFO] [stdout]     = note: `#[warn(unused_mut)]` on by default
[INFO] [stdout] 
[INFO] [stdout] 
[INFO] [stdout] warning: 1 warning emitted
[INFO] [stdout] 
[INFO] [stdout] 
[INFO] [stdout] warning: 1 warning emitted
[INFO] [stdout] 
[INFO] [stdout] 
[INFO] [stderr]     Finished test [unoptimized + debuginfo] target(s) in 0.35s
[INFO] [stderr] warning: the following packages contain code that will be rejected by a future version of Rust: syn v0.14.8
[INFO] [stderr] note: to see what the problems were, use the option `--future-incompat-report`, or run `cargo report future-incompatibilities --id 1`
[INFO] running `Command { std: "docker" "inspect" "434735eaec8b67fcd6e58d9182d8524780dccbc512fa30aaffa0a109283e82de", kill_on_drop: false }`
[INFO] running `Command { std: "docker" "rm" "-f" "434735eaec8b67fcd6e58d9182d8524780dccbc512fa30aaffa0a109283e82de", kill_on_drop: false }`
[INFO] [stdout] 434735eaec8b67fcd6e58d9182d8524780dccbc512fa30aaffa0a109283e82de
[INFO] running `Command { std: "docker" "create" "-v" "/var/lib/crater-agent-workspace/builds/worker-6-tc2/target:/opt/rustwide/target:rw,Z" "-v" "/var/lib/crater-agent-workspace/builds/worker-6-tc2/source:/opt/rustwide/workdir:ro,Z" "-v" "/var/lib/crater-agent-workspace/cargo-home:/opt/rustwide/cargo-home:ro,Z" "-v" "/var/lib/crater-agent-workspace/rustup-home:/opt/rustwide/rustup-home:ro,Z" "-e" "SOURCE_DIR=/opt/rustwide/workdir" "-e" "CARGO_TARGET_DIR=/opt/rustwide/target" "-e" "CARGO_INCREMENTAL=0" "-e" "RUST_BACKTRACE=full" "-e" "RUSTFLAGS=--cap-lints=warn" "-e" "RUSTDOCFLAGS=--cap-lints=warn" "-e" "CARGO_HOME=/opt/rustwide/cargo-home" "-e" "RUSTUP_HOME=/opt/rustwide/rustup-home" "-w" "/opt/rustwide/workdir" "-m" "1610612736" "--user" "0:0" "--network" "none" "ghcr.io/rust-lang/crates-build-env/linux@sha256:2788e3201cd34a07e3172128adcd8b3090168a8e3bcc40d7c032b9dda1df7d1c" "/opt/rustwide/cargo-home/bin/cargo" "+beta-2023-12-22" "test" "--frozen", kill_on_drop: false }`
[INFO] [stdout] 19ff12227ae659a46b23bfb0735ad6b0485528cdcf533a99d6e44e72f6016a4c
[INFO] running `Command { std: "docker" "start" "-a" "19ff12227ae659a46b23bfb0735ad6b0485528cdcf533a99d6e44e72f6016a4c", kill_on_drop: false }`
[INFO] [stderr] warning: unnecessary trailing semicolon
[INFO] [stderr]   --> src/checks/proxy_pass.rs:30:33
[INFO] [stderr]    |
[INFO] [stderr] 30 |     let mut errors = Vec::new();;
[INFO] [stderr]    |                                 ^ help: remove this semicolon
[INFO] [stderr]    |
[INFO] [stderr]    = note: `#[warn(redundant_semicolons)]` on by default
[INFO] [stderr] 
[INFO] [stderr] warning: `nginx-config-mod` (lib) generated 1 warning
[INFO] [stderr] warning: `nginx-config-mod` (lib test) generated 1 warning (1 duplicate)
[INFO] [stderr] warning: variable does not need to be mutable
[INFO] [stderr]    --> src/bin/nginx_config_mod/modify.rs:340:21
[INFO] [stderr]     |
[INFO] [stderr] 340 |                 let mut s = replacement.to_string();
[INFO] [stderr]     |                     ----^
[INFO] [stderr]     |                     |
[INFO] [stderr]     |                     help: remove this `mut`
[INFO] [stderr]     |
[INFO] [stderr]     = note: `#[warn(unused_mut)]` on by default
[INFO] [stderr] 
[INFO] [stderr] warning: `nginx-config-mod` (bin "nginx-config-mod" test) generated 1 warning (run `cargo fix --bin "nginx-config-mod" --tests` to apply 1 suggestion)
[INFO] [stderr]     Finished test [unoptimized + debuginfo] target(s) in 0.03s
[INFO] [stderr] warning: the following packages contain code that will be rejected by a future version of Rust: syn v0.14.8
[INFO] [stderr] note: to see what the problems were, use the option `--future-incompat-report`, or run `cargo report future-incompatibilities --id 1`
[INFO] [stderr]      Running unittests src/lib.rs (/opt/rustwide/target/debug/deps/nginx_config_mod-0267ed8ea80d1684)
[INFO] [stdout] 
[INFO] [stdout] running 0 tests
[INFO] [stdout] 
[INFO] [stdout] test result: ok. 0 passed; 0 failed; 0 ignored; 0 measured; 0 filtered out; finished in 0.00s
[INFO] [stdout] 
[INFO] [stderr]      Running unittests src/bin/nginx_config_mod/main.rs (/opt/rustwide/target/debug/deps/nginx_config_mod-ce81371b1c56184b)
[INFO] [stdout] 
[INFO] [stdout] running 0 tests
[INFO] [stdout] 
[INFO] [stdout] test result: ok. 0 passed; 0 failed; 0 ignored; 0 measured; 0 filtered out; finished in 0.00s
[INFO] [stdout] 
[INFO] [stderr]    Doc-tests nginx-config-mod
[INFO] [stderr] warning: unnecessary trailing semicolon
[INFO] [stderr]   --> src/checks/proxy_pass.rs:30:33
[INFO] [stderr]    |
[INFO] [stderr] 30 |     let mut errors = Vec::new();;
[INFO] [stderr]    |                                 ^ help: remove this semicolon
[INFO] [stderr]    |
[INFO] [stderr]    = note: `#[warn(redundant_semicolons)]` on by default
[INFO] [stderr] 
[INFO] [stderr] warning: 1 warning emitted
[INFO] [stderr] 
[INFO] [stdout] 
[INFO] [stdout] running 0 tests
[INFO] [stdout] 
[INFO] [stdout] test result: ok. 0 passed; 0 failed; 0 ignored; 0 measured; 0 filtered out; finished in 0.00s
[INFO] [stdout] 
[INFO] running `Command { std: "docker" "inspect" "19ff12227ae659a46b23bfb0735ad6b0485528cdcf533a99d6e44e72f6016a4c", kill_on_drop: false }`
[INFO] running `Command { std: "docker" "rm" "-f" "19ff12227ae659a46b23bfb0735ad6b0485528cdcf533a99d6e44e72f6016a4c", kill_on_drop: false }`
[INFO] [stdout] 19ff12227ae659a46b23bfb0735ad6b0485528cdcf533a99d6e44e72f6016a4c
