[INFO] cloning repository https://github.com/taekwombo/bolt
[INFO] running `Command { std: "git" "-c" "credential.helper=" "-c" "credential.helper=/workspace/cargo-home/bin/git-credential-null" "clone" "--bare" "https://github.com/taekwombo/bolt" "/workspace/cache/git-repos/https%3A%2F%2Fgithub.com%2Ftaekwombo%2Fbolt", kill_on_drop: false }`
[INFO] [stderr] Cloning into bare repository '/workspace/cache/git-repos/https%3A%2F%2Fgithub.com%2Ftaekwombo%2Fbolt'...
[INFO] running `Command { std: "git" "rev-parse" "HEAD", kill_on_drop: false }`
[INFO] [stdout] de13753546c1cadc32a6e596811de6e063c07642
[INFO] testing taekwombo/bolt against 1.75.0 for beta-1.76-1
[INFO] running `Command { std: "git" "clone" "/workspace/cache/git-repos/https%3A%2F%2Fgithub.com%2Ftaekwombo%2Fbolt" "/workspace/builds/worker-3-tc1/source", kill_on_drop: false }`
[INFO] [stderr] Cloning into '/workspace/builds/worker-3-tc1/source'...
[INFO] [stderr] done.
[INFO] validating manifest of git repo https://github.com/taekwombo/bolt on toolchain 1.75.0
[INFO] running `Command { std: CARGO_HOME="/workspace/cargo-home" RUSTUP_HOME="/workspace/rustup-home" "/workspace/cargo-home/bin/cargo" "+1.75.0" "metadata" "--manifest-path" "Cargo.toml" "--no-deps", kill_on_drop: false }`
[INFO] started tweaking git repo https://github.com/taekwombo/bolt
[INFO] finished tweaking git repo https://github.com/taekwombo/bolt
[INFO] tweaked toml for git repo https://github.com/taekwombo/bolt written to /workspace/builds/worker-3-tc1/source/Cargo.toml
[INFO] crate git repo https://github.com/taekwombo/bolt already has a lockfile, it will not be regenerated
[INFO] running `Command { std: CARGO_HOME="/workspace/cargo-home" RUSTUP_HOME="/workspace/rustup-home" "/workspace/cargo-home/bin/cargo" "+1.75.0" "fetch" "--manifest-path" "Cargo.toml", kill_on_drop: false }`
[INFO] [stderr] warning: virtual workspace defaulting to `resolver = "1"` despite one or more workspace members being on edition 2021 which implies `resolver = "2"`
[INFO] [stderr] note: to keep the current resolver, specify `workspace.resolver = "1"` in the workspace root's manifest
[INFO] [stderr] note: to use the edition 2021 resolver, specify `workspace.resolver = "2"` in the workspace root's manifest
[INFO] [stderr] note: for more details see https://doc.rust-lang.org/cargo/reference/resolver.html#resolver-versions
[INFO] [stderr]     Blocking waiting for file lock on package cache
[INFO] [stderr]     Updating git repository `https://github.com/taekwombo/tree-sitter-cypher.git`
[INFO] [stderr]     Updating git submodule `https://github.com/opencypher/openCypher.git`
[INFO] [stderr]     Updating crates.io index
[INFO] [stderr]     Blocking waiting for file lock on package cache
[ERROR] error running command: no output for 300 seconds
[ERROR] this task or one of its parent failed!
[ERROR] no output for 300 seconds
[ERROR] note: run with `RUST_BACKTRACE=1` to display a backtrace.
[INFO] testing taekwombo/bolt against beta-2023-12-22 for beta-1.76-1
[INFO] running `Command { std: "git" "clone" "/workspace/cache/git-repos/https%3A%2F%2Fgithub.com%2Ftaekwombo%2Fbolt" "/workspace/builds/worker-3-tc2/source", kill_on_drop: false }`
[INFO] [stderr] Cloning into '/workspace/builds/worker-3-tc2/source'...
[INFO] [stderr] done.
[INFO] validating manifest of git repo https://github.com/taekwombo/bolt on toolchain beta-2023-12-22
[INFO] running `Command { std: CARGO_HOME="/workspace/cargo-home" RUSTUP_HOME="/workspace/rustup-home" "/workspace/cargo-home/bin/cargo" "+beta-2023-12-22" "metadata" "--manifest-path" "Cargo.toml" "--no-deps", kill_on_drop: false }`
[INFO] started tweaking git repo https://github.com/taekwombo/bolt
[INFO] finished tweaking git repo https://github.com/taekwombo/bolt
[INFO] tweaked toml for git repo https://github.com/taekwombo/bolt written to /workspace/builds/worker-3-tc2/source/Cargo.toml
[INFO] crate git repo https://github.com/taekwombo/bolt already has a lockfile, it will not be regenerated
[INFO] running `Command { std: CARGO_HOME="/workspace/cargo-home" RUSTUP_HOME="/workspace/rustup-home" "/workspace/cargo-home/bin/cargo" "+beta-2023-12-22" "fetch" "--manifest-path" "Cargo.toml", kill_on_drop: false }`
[INFO] [stderr] warning: virtual workspace defaulting to `resolver = "1"` despite one or more workspace members being on edition 2021 which implies `resolver = "2"`
[INFO] [stderr] note: to keep the current resolver, specify `workspace.resolver = "1"` in the workspace root's manifest
[INFO] [stderr] note: to use the edition 2021 resolver, specify `workspace.resolver = "2"` in the workspace root's manifest
[INFO] [stderr] note: for more details see https://doc.rust-lang.org/cargo/reference/resolver.html#resolver-versions
[INFO] [stderr]     Blocking waiting for file lock on package cache
[INFO] [stderr]     Blocking waiting for file lock on package cache
[INFO] [stderr]  Downloading crates ...
[INFO] [stderr]   Downloaded async-net v1.6.1
[INFO] [stderr]   Downloaded async-fs v1.5.0
[INFO] [stderr]   Downloaded tree-sitter-highlight v0.20.1
[INFO] [stderr]   Downloaded wepoll-sys-stjepang v1.0.8
[INFO] [stderr]   Downloaded comfy-table v5.0.0
[INFO] [stderr]   Downloaded polling v0.1.9
[INFO] [stderr]   Downloaded tree-sitter v0.20.5
[INFO] [stderr]   Downloaded async-net v0.1.2
[INFO] running `Command { std: "docker" "create" "-v" "/var/lib/crater-agent-workspace/builds/worker-3-tc2/target:/opt/rustwide/target:rw,Z" "-v" "/var/lib/crater-agent-workspace/builds/worker-3-tc2/source:/opt/rustwide/workdir:ro,Z" "-v" "/var/lib/crater-agent-workspace/cargo-home:/opt/rustwide/cargo-home:ro,Z" "-v" "/var/lib/crater-agent-workspace/rustup-home:/opt/rustwide/rustup-home:ro,Z" "-e" "SOURCE_DIR=/opt/rustwide/workdir" "-e" "CARGO_TARGET_DIR=/opt/rustwide/target" "-e" "CARGO_HOME=/opt/rustwide/cargo-home" "-e" "RUSTUP_HOME=/opt/rustwide/rustup-home" "-w" "/opt/rustwide/workdir" "-m" "1610612736" "--user" "0:0" "--network" "none" "ghcr.io/rust-lang/crates-build-env/linux@sha256:2788e3201cd34a07e3172128adcd8b3090168a8e3bcc40d7c032b9dda1df7d1c" "/opt/rustwide/cargo-home/bin/cargo" "+beta-2023-12-22" "metadata" "--no-deps" "--format-version=1", kill_on_drop: false }`
[INFO] [stdout] a02eb7ee4b48ab6b048f0cac010bfb0cdcfb02d65f8f08f716feb2ac999a12b9
[INFO] running `Command { std: "docker" "start" "-a" "a02eb7ee4b48ab6b048f0cac010bfb0cdcfb02d65f8f08f716feb2ac999a12b9", kill_on_drop: false }`
[INFO] running `Command { std: "docker" "inspect" "a02eb7ee4b48ab6b048f0cac010bfb0cdcfb02d65f8f08f716feb2ac999a12b9", kill_on_drop: false }`
[INFO] running `Command { std: "docker" "rm" "-f" "a02eb7ee4b48ab6b048f0cac010bfb0cdcfb02d65f8f08f716feb2ac999a12b9", kill_on_drop: false }`
[INFO] [stdout] a02eb7ee4b48ab6b048f0cac010bfb0cdcfb02d65f8f08f716feb2ac999a12b9
[INFO] running `Command { std: "docker" "create" "-v" "/var/lib/crater-agent-workspace/builds/worker-3-tc2/target:/opt/rustwide/target:rw,Z" "-v" "/var/lib/crater-agent-workspace/builds/worker-3-tc2/source:/opt/rustwide/workdir:ro,Z" "-v" "/var/lib/crater-agent-workspace/cargo-home:/opt/rustwide/cargo-home:ro,Z" "-v" "/var/lib/crater-agent-workspace/rustup-home:/opt/rustwide/rustup-home:ro,Z" "-e" "SOURCE_DIR=/opt/rustwide/workdir" "-e" "CARGO_TARGET_DIR=/opt/rustwide/target" "-e" "CARGO_INCREMENTAL=0" "-e" "RUST_BACKTRACE=full" "-e" "RUSTFLAGS=--cap-lints=warn" "-e" "RUSTDOCFLAGS=--cap-lints=warn" "-e" "CARGO_HOME=/opt/rustwide/cargo-home" "-e" "RUSTUP_HOME=/opt/rustwide/rustup-home" "-w" "/opt/rustwide/workdir" "-m" "1610612736" "--user" "0:0" "--network" "none" "ghcr.io/rust-lang/crates-build-env/linux@sha256:2788e3201cd34a07e3172128adcd8b3090168a8e3bcc40d7c032b9dda1df7d1c" "/opt/rustwide/cargo-home/bin/cargo" "+beta-2023-12-22" "build" "--frozen" "--message-format=json", kill_on_drop: false }`
[INFO] [stdout] 8c6f654a9c8418cf89d8864b233644047f9f0d6b0033171ceebf10f9383235cc
[INFO] running `Command { std: "docker" "start" "-a" "8c6f654a9c8418cf89d8864b233644047f9f0d6b0033171ceebf10f9383235cc", kill_on_drop: false }`
[INFO] [stderr] warning: virtual workspace defaulting to `resolver = "1"` despite one or more workspace members being on edition 2021 which implies `resolver = "2"`
[INFO] [stderr] note: to keep the current resolver, specify `workspace.resolver = "1"` in the workspace root's manifest
[INFO] [stderr] note: to use the edition 2021 resolver, specify `workspace.resolver = "2"` in the workspace root's manifest
[INFO] [stderr] note: for more details see https://doc.rust-lang.org/cargo/reference/resolver.html#resolver-versions
[INFO] [stderr]    Compiling libc v0.2.101
[INFO] [stderr]    Compiling memchr v2.4.1
[INFO] [stderr]    Compiling cfg-if v1.0.0
[INFO] [stderr]    Compiling futures-core v0.3.16
[INFO] [stderr]    Compiling log v0.4.14
[INFO] [stderr]    Compiling futures-io v0.3.16
[INFO] [stderr]    Compiling fastrand v1.5.0
[INFO] [stderr]    Compiling waker-fn v1.1.0
[INFO] [stderr]    Compiling cache-padded v1.1.1
[INFO] [stderr]    Compiling parking v2.0.0
[INFO] [stderr]    Compiling proc-macro2 v1.0.28
[INFO] [stderr]    Compiling once_cell v1.8.0
[INFO] [stderr]    Compiling unicode-xid v0.2.2
[INFO] [stderr]    Compiling syn v1.0.75
[INFO] [stderr]    Compiling event-listener v2.5.1
[INFO] [stderr]    Compiling pin-project-lite v0.2.7
[INFO] [stderr]    Compiling signal-hook v0.3.9
[INFO] [stderr]    Compiling concurrent-queue v1.2.2
[INFO] [stderr]    Compiling atomic-waker v1.0.0
[INFO] [stderr]    Compiling cc v1.0.69
[INFO] [stderr]    Compiling slab v0.4.4
[INFO] [stderr]    Compiling async-task v4.0.3
[INFO] [stderr]    Compiling parking_lot_core v0.8.5
[INFO] [stderr]    Compiling serde v1.0.129
[INFO] [stderr]    Compiling pin-project-lite v0.1.12
[INFO] [stderr]    Compiling instant v0.1.10
[INFO] [stderr]    Compiling smallvec v1.7.0
[INFO] [stderr]    Compiling cfg-if v0.1.10
[INFO] [stderr]    Compiling scopeguard v1.1.0
[INFO] [stderr]    Compiling regex-syntax v0.6.25
[INFO] [stderr]    Compiling serde_derive v1.0.129
[INFO] [stderr]    Compiling async-lock v2.4.0
[INFO] [stderr]    Compiling lock_api v0.4.5
[INFO] [stderr]    Compiling unicode-segmentation v1.8.0
[INFO] [stderr]    Compiling async-channel v1.6.1
[INFO] [stderr]    Compiling vec-arena v0.5.2
[INFO] [stderr]    Compiling bitflags v1.3.2
[INFO] [stderr]    Compiling semver-parser v0.7.0
[INFO] [stderr]    Compiling unicode-width v0.1.9
[INFO] [stderr]    Compiling numtoa v0.1.0
[INFO] [stderr]    Compiling strum v0.22.0
[INFO] [stderr]    Compiling bytes v0.5.6
[INFO] [stderr]    Compiling semver v0.10.0
[INFO] [stderr]    Compiling heck v0.3.3
[INFO] [stderr]    Compiling tree-sitter v0.20.5
[INFO] [stderr]    Compiling tree-sitter-cypher v0.0.1 (https://github.com/taekwombo/tree-sitter-cypher.git#672718f5)
[INFO] [stderr]    Compiling futures-lite v1.12.0
[INFO] [stderr]    Compiling futures-lite v0.1.11
[INFO] [stderr]    Compiling aho-corasick v0.7.18
[INFO] [stderr]    Compiling quote v1.0.9
[INFO] [stderr]    Compiling signal-hook-registry v1.4.0
[INFO] [stderr]    Compiling polling v2.1.0
[INFO] [stderr]    Compiling socket2 v0.4.1
[INFO] [stderr]    Compiling mio v0.7.14
[INFO] [stderr]    Compiling polling v0.1.9
[INFO] [stderr]    Compiling socket2 v0.3.19
[INFO] [stderr]    Compiling termion v1.5.6
[INFO] [stderr]    Compiling async-io v0.1.11
[INFO] [stderr]    Compiling blocking v0.5.2
[INFO] [stderr]    Compiling parking_lot v0.11.2
[INFO] [stderr]    Compiling blocking v1.0.2
[INFO] [stderr]    Compiling async-io v1.6.0
[INFO] [stderr]    Compiling async-executor v1.4.1
[INFO] [stderr]    Compiling signal-hook-mio v0.2.1
[INFO] [stderr]    Compiling regex v1.5.4
[INFO] [stderr]    Compiling async-fs v1.5.0
[INFO] [stderr]    Compiling crossterm v0.22.1
[INFO] [stderr]    Compiling async-net v0.1.2
[INFO] [stderr]    Compiling async-net v1.6.1
[INFO] [stderr]    Compiling async-process v1.2.0
[INFO] [stderr]    Compiling smol v1.2.5
[INFO] [stderr]    Compiling thiserror-impl v1.0.30
[INFO] [stderr]    Compiling strum_macros v0.22.0
[INFO] [stderr]    Compiling serde_bytes v0.11.5
[INFO] [stderr]    Compiling thiserror v1.0.30
[INFO] [stderr]    Compiling tree-sitter-highlight v0.20.1
[INFO] [stderr]    Compiling comfy-table v5.0.0
[INFO] [stderr]    Compiling packstream_serde v0.0.1 (/opt/rustwide/workdir/packstream_serde)
[INFO] [stderr]    Compiling bolt v0.1.0 (/opt/rustwide/workdir/bolt)
[INFO] [stdout] error[E0554]: `#![feature]` may not be used on the beta release channel
[INFO] [stdout]  --> bolt/src/lib.rs:2:1
[INFO] [stdout]   |
[INFO] [stdout] 2 | #![feature(half_open_range_patterns)]
[INFO] [stdout]   | ^^^^^^^^^^^^^^^^^^^^^^^^^^^^^^^^^^^^^ help: remove the attribute
[INFO] [stdout]   |
[INFO] [stdout]   = help: the feature `half_open_range_patterns` has been stable since `1.66.0` and no longer requires an attribute to enable
[INFO] [stdout] 
[INFO] [stdout] 
[INFO] [stdout] warning: the feature `half_open_range_patterns` has been stable since 1.66.0 and no longer requires an attribute to enable
[INFO] [stdout]  --> bolt/src/lib.rs:2:12
[INFO] [stdout]   |
[INFO] [stdout] 2 | #![feature(half_open_range_patterns)]
[INFO] [stdout]   |            ^^^^^^^^^^^^^^^^^^^^^^^^
[INFO] [stdout]   |
[INFO] [stdout]   = note: `#[warn(stable_features)]` on by default
[INFO] [stdout] 
[INFO] [stdout] 
[INFO] [stdout] error: aborting due to 1 previous error; 1 warning emitted
[INFO] [stdout] 
[INFO] [stdout] 
[INFO] [stdout] For more information about this error, try `rustc --explain E0554`.
[INFO] [stdout] 
[INFO] [stderr] error: could not compile `bolt` (lib) due to 2 previous errors; 1 warning emitted
[INFO] [stderr] warning: build failed, waiting for other jobs to finish...
[INFO] running `Command { std: "docker" "inspect" "8c6f654a9c8418cf89d8864b233644047f9f0d6b0033171ceebf10f9383235cc", kill_on_drop: false }`
[INFO] running `Command { std: "docker" "rm" "-f" "8c6f654a9c8418cf89d8864b233644047f9f0d6b0033171ceebf10f9383235cc", kill_on_drop: false }`
[INFO] [stdout] 8c6f654a9c8418cf89d8864b233644047f9f0d6b0033171ceebf10f9383235cc
