[INFO] cloning repository https://github.com/szbergeron/libscroll-c-ffi
[INFO] running `Command { std: "git" "-c" "credential.helper=" "-c" "credential.helper=/workspace/cargo-home/bin/git-credential-null" "clone" "--bare" "https://github.com/szbergeron/libscroll-c-ffi" "/workspace/cache/git-repos/https%3A%2F%2Fgithub.com%2Fszbergeron%2Flibscroll-c-ffi", kill_on_drop: false }`
[INFO] [stderr] Cloning into bare repository '/workspace/cache/git-repos/https%3A%2F%2Fgithub.com%2Fszbergeron%2Flibscroll-c-ffi'...
[INFO] running `Command { std: "git" "rev-parse" "HEAD", kill_on_drop: false }`
[INFO] [stdout] 56a4fdb441d40b6ff8b76252caae7f9dcbf0e258
[INFO] testing szbergeron/libscroll-c-ffi against 1.75.0 for beta-1.76-1
[INFO] running `Command { std: "git" "clone" "/workspace/cache/git-repos/https%3A%2F%2Fgithub.com%2Fszbergeron%2Flibscroll-c-ffi" "/workspace/builds/worker-2-tc1/source", kill_on_drop: false }`
[INFO] [stderr] Cloning into '/workspace/builds/worker-2-tc1/source'...
[INFO] [stderr] done.
[INFO] validating manifest of git repo https://github.com/szbergeron/libscroll-c-ffi on toolchain 1.75.0
[INFO] running `Command { std: CARGO_HOME="/workspace/cargo-home" RUSTUP_HOME="/workspace/rustup-home" "/workspace/cargo-home/bin/cargo" "+1.75.0" "metadata" "--manifest-path" "Cargo.toml" "--no-deps", kill_on_drop: false }`
[INFO] started tweaking git repo https://github.com/szbergeron/libscroll-c-ffi
[INFO] finished tweaking git repo https://github.com/szbergeron/libscroll-c-ffi
[INFO] tweaked toml for git repo https://github.com/szbergeron/libscroll-c-ffi written to /workspace/builds/worker-2-tc1/source/Cargo.toml
[INFO] crate git repo https://github.com/szbergeron/libscroll-c-ffi already has a lockfile, it will not be regenerated
[INFO] running `Command { std: CARGO_HOME="/workspace/cargo-home" RUSTUP_HOME="/workspace/rustup-home" "/workspace/cargo-home/bin/cargo" "+1.75.0" "fetch" "--manifest-path" "Cargo.toml", kill_on_drop: false }`
[INFO] [stderr]     Blocking waiting for file lock on package cache
[ERROR] error running command: no output for 300 seconds
[ERROR] this task or one of its parent failed!
[ERROR] no output for 300 seconds
[ERROR] note: run with `RUST_BACKTRACE=1` to display a backtrace.
[INFO] testing szbergeron/libscroll-c-ffi against beta-2023-12-22 for beta-1.76-1
[INFO] running `Command { std: "git" "clone" "/workspace/cache/git-repos/https%3A%2F%2Fgithub.com%2Fszbergeron%2Flibscroll-c-ffi" "/workspace/builds/worker-2-tc2/source", kill_on_drop: false }`
[INFO] [stderr] Cloning into '/workspace/builds/worker-2-tc2/source'...
[INFO] [stderr] done.
[INFO] validating manifest of git repo https://github.com/szbergeron/libscroll-c-ffi on toolchain beta-2023-12-22
[INFO] running `Command { std: CARGO_HOME="/workspace/cargo-home" RUSTUP_HOME="/workspace/rustup-home" "/workspace/cargo-home/bin/cargo" "+beta-2023-12-22" "metadata" "--manifest-path" "Cargo.toml" "--no-deps", kill_on_drop: false }`
[INFO] started tweaking git repo https://github.com/szbergeron/libscroll-c-ffi
[INFO] finished tweaking git repo https://github.com/szbergeron/libscroll-c-ffi
[INFO] tweaked toml for git repo https://github.com/szbergeron/libscroll-c-ffi written to /workspace/builds/worker-2-tc2/source/Cargo.toml
[INFO] crate git repo https://github.com/szbergeron/libscroll-c-ffi already has a lockfile, it will not be regenerated
[INFO] running `Command { std: CARGO_HOME="/workspace/cargo-home" RUSTUP_HOME="/workspace/rustup-home" "/workspace/cargo-home/bin/cargo" "+beta-2023-12-22" "fetch" "--manifest-path" "Cargo.toml", kill_on_drop: false }`
[INFO] [stderr]     Blocking waiting for file lock on package cache
[INFO] [stderr]     Updating crates.io index
[INFO] [stderr]     Blocking waiting for file lock on package cache
[ERROR] error running command: no output for 300 seconds
[INFO] testing szbergeron/libscroll-c-ffi against beta-2023-12-22 for beta-1.76-1
[INFO] running `Command { std: "git" "clone" "/workspace/cache/git-repos/https%3A%2F%2Fgithub.com%2Fszbergeron%2Flibscroll-c-ffi" "/workspace/builds/worker-2-tc2/source", kill_on_drop: false }`
[INFO] [stderr] Cloning into '/workspace/builds/worker-2-tc2/source'...
[INFO] [stderr] done.
[INFO] validating manifest of git repo https://github.com/szbergeron/libscroll-c-ffi on toolchain beta-2023-12-22
[INFO] running `Command { std: CARGO_HOME="/workspace/cargo-home" RUSTUP_HOME="/workspace/rustup-home" "/workspace/cargo-home/bin/cargo" "+beta-2023-12-22" "metadata" "--manifest-path" "Cargo.toml" "--no-deps", kill_on_drop: false }`
[INFO] started tweaking git repo https://github.com/szbergeron/libscroll-c-ffi
[INFO] finished tweaking git repo https://github.com/szbergeron/libscroll-c-ffi
[INFO] tweaked toml for git repo https://github.com/szbergeron/libscroll-c-ffi written to /workspace/builds/worker-2-tc2/source/Cargo.toml
[INFO] crate git repo https://github.com/szbergeron/libscroll-c-ffi already has a lockfile, it will not be regenerated
[INFO] running `Command { std: CARGO_HOME="/workspace/cargo-home" RUSTUP_HOME="/workspace/rustup-home" "/workspace/cargo-home/bin/cargo" "+beta-2023-12-22" "fetch" "--manifest-path" "Cargo.toml", kill_on_drop: false }`
[INFO] [stderr]     Blocking waiting for file lock on package cache
[INFO] [stderr]     Blocking waiting for file lock on package cache
[INFO] [stderr]  Downloading crates ...
[INFO] [stderr]   Downloaded libscroll v0.1.1
[INFO] running `Command { std: "docker" "create" "-v" "/var/lib/crater-agent-workspace/builds/worker-2-tc2/target:/opt/rustwide/target:rw,Z" "-v" "/var/lib/crater-agent-workspace/builds/worker-2-tc2/source:/opt/rustwide/workdir:ro,Z" "-v" "/var/lib/crater-agent-workspace/cargo-home:/opt/rustwide/cargo-home:ro,Z" "-v" "/var/lib/crater-agent-workspace/rustup-home:/opt/rustwide/rustup-home:ro,Z" "-e" "SOURCE_DIR=/opt/rustwide/workdir" "-e" "CARGO_TARGET_DIR=/opt/rustwide/target" "-e" "CARGO_HOME=/opt/rustwide/cargo-home" "-e" "RUSTUP_HOME=/opt/rustwide/rustup-home" "-w" "/opt/rustwide/workdir" "-m" "1610612736" "--user" "0:0" "--network" "none" "ghcr.io/rust-lang/crates-build-env/linux@sha256:2788e3201cd34a07e3172128adcd8b3090168a8e3bcc40d7c032b9dda1df7d1c" "/opt/rustwide/cargo-home/bin/cargo" "+beta-2023-12-22" "metadata" "--no-deps" "--format-version=1", kill_on_drop: false }`
[INFO] [stdout] d890f0f85777e4335a71b7d62ac1f8d581f01bcda95d584c1d7ce78cb0c2e8ca
[INFO] running `Command { std: "docker" "start" "-a" "d890f0f85777e4335a71b7d62ac1f8d581f01bcda95d584c1d7ce78cb0c2e8ca", kill_on_drop: false }`
[INFO] running `Command { std: "docker" "inspect" "d890f0f85777e4335a71b7d62ac1f8d581f01bcda95d584c1d7ce78cb0c2e8ca", kill_on_drop: false }`
[INFO] running `Command { std: "docker" "rm" "-f" "d890f0f85777e4335a71b7d62ac1f8d581f01bcda95d584c1d7ce78cb0c2e8ca", kill_on_drop: false }`
[INFO] [stdout] d890f0f85777e4335a71b7d62ac1f8d581f01bcda95d584c1d7ce78cb0c2e8ca
[INFO] running `Command { std: "docker" "create" "-v" "/var/lib/crater-agent-workspace/builds/worker-2-tc2/target:/opt/rustwide/target:rw,Z" "-v" "/var/lib/crater-agent-workspace/builds/worker-2-tc2/source:/opt/rustwide/workdir:ro,Z" "-v" "/var/lib/crater-agent-workspace/cargo-home:/opt/rustwide/cargo-home:ro,Z" "-v" "/var/lib/crater-agent-workspace/rustup-home:/opt/rustwide/rustup-home:ro,Z" "-e" "SOURCE_DIR=/opt/rustwide/workdir" "-e" "CARGO_TARGET_DIR=/opt/rustwide/target" "-e" "CARGO_INCREMENTAL=0" "-e" "RUST_BACKTRACE=full" "-e" "RUSTFLAGS=--cap-lints=warn" "-e" "RUSTDOCFLAGS=--cap-lints=warn" "-e" "CARGO_HOME=/opt/rustwide/cargo-home" "-e" "RUSTUP_HOME=/opt/rustwide/rustup-home" "-w" "/opt/rustwide/workdir" "-m" "1610612736" "--user" "0:0" "--network" "none" "ghcr.io/rust-lang/crates-build-env/linux@sha256:2788e3201cd34a07e3172128adcd8b3090168a8e3bcc40d7c032b9dda1df7d1c" "/opt/rustwide/cargo-home/bin/cargo" "+beta-2023-12-22" "build" "--frozen" "--message-format=json", kill_on_drop: false }`
[INFO] [stdout] 77e39dd83a8273566b29768e3a478588f1c515c48ba1440e992b7c8229bf9cc2
[INFO] running `Command { std: "docker" "start" "-a" "77e39dd83a8273566b29768e3a478588f1c515c48ba1440e992b7c8229bf9cc2", kill_on_drop: false }`
[INFO] [stderr]    Compiling autocfg v0.1.7
[INFO] [stderr]    Compiling libc v0.2.66
[INFO] [stderr]    Compiling num-traits v0.2.10
[INFO] [stderr]    Compiling num-integer v0.1.41
[INFO] [stderr]    Compiling num-bigint v0.2.3
[INFO] [stderr]    Compiling num-iter v0.1.39
[INFO] [stderr]    Compiling num-rational v0.2.2
[INFO] [stderr]    Compiling num-complex v0.2.3
[INFO] [stderr]    Compiling num v0.2.0
[INFO] [stderr]    Compiling libscroll v0.1.1
[INFO] [stderr]    Compiling libscroll-ffi v0.1.0 (/opt/rustwide/workdir)
[INFO] [stdout] warning: unused variable: `scrollview`
[INFO] [stdout]    --> src/lib.rs:138:9
[INFO] [stdout]     |
[INFO] [stdout] 138 |     let scrollview = scrollview as *mut libscroll::Scrollview;
[INFO] [stdout]     |         ^^^^^^^^^^ help: if this is intentional, prefix it with an underscore: `_scrollview`
[INFO] [stdout]     |
[INFO] [stdout]     = note: `#[warn(unused_variables)]` on by default
[INFO] [stdout] 
[INFO] [stdout] 
[INFO] [stdout] warning: unused variable: `top_dp`
[INFO] [stdout]    --> src/lib.rs:133:5
[INFO] [stdout]     |
[INFO] [stdout] 133 |     top_dp: f64,
[INFO] [stdout]     |     ^^^^^^ help: if this is intentional, prefix it with an underscore: `_top_dp`
[INFO] [stdout] 
[INFO] [stdout] 
[INFO] [stdout] warning: unused variable: `bottom_dp`
[INFO] [stdout]    --> src/lib.rs:134:5
[INFO] [stdout]     |
[INFO] [stdout] 134 |     bottom_dp: f64,
[INFO] [stdout]     |     ^^^^^^^^^ help: if this is intentional, prefix it with an underscore: `_bottom_dp`
[INFO] [stdout] 
[INFO] [stdout] 
[INFO] [stdout] warning: unused variable: `left_dp`
[INFO] [stdout]    --> src/lib.rs:135:5
[INFO] [stdout]     |
[INFO] [stdout] 135 |     left_dp: f64,
[INFO] [stdout]     |     ^^^^^^^ help: if this is intentional, prefix it with an underscore: `_left_dp`
[INFO] [stdout] 
[INFO] [stdout] 
[INFO] [stdout] warning: unused variable: `right_dp`
[INFO] [stdout]    --> src/lib.rs:136:5
[INFO] [stdout]     |
[INFO] [stdout] 136 |     right_dp: f64,
[INFO] [stdout]     |     ^^^^^^^^ help: if this is intentional, prefix it with an underscore: `_right_dp`
[INFO] [stdout] 
[INFO] [stdout] 
[INFO] [stdout] warning: unused return value of `Box::<T>::from_raw` that must be used
[INFO] [stdout]   --> src/lib.rs:20:5
[INFO] [stdout]    |
[INFO] [stdout] 20 |     Box::from_raw(scrollview);
[INFO] [stdout]    |     ^^^^^^^^^^^^^^^^^^^^^^^^^
[INFO] [stdout]    |
[INFO] [stdout]    = note: call `drop(Box::from_raw(ptr))` if you intend to drop the `Box`
[INFO] [stdout]    = note: `#[warn(unused_must_use)]` on by default
[INFO] [stdout] help: use `let _ = ...` to ignore the resulting value
[INFO] [stdout]    |
[INFO] [stdout] 20 |     let _ = Box::from_raw(scrollview);
[INFO] [stdout]    |     +++++++
[INFO] [stdout] 
[INFO] [stdout] 
[INFO] [stdout] warning: 6 warnings emitted
[INFO] [stdout] 
[INFO] [stdout] 
[INFO] [stderr]     Finished dev [unoptimized + debuginfo] target(s) in 5.16s
[INFO] running `Command { std: "docker" "inspect" "77e39dd83a8273566b29768e3a478588f1c515c48ba1440e992b7c8229bf9cc2", kill_on_drop: false }`
[INFO] running `Command { std: "docker" "rm" "-f" "77e39dd83a8273566b29768e3a478588f1c515c48ba1440e992b7c8229bf9cc2", kill_on_drop: false }`
[INFO] [stdout] 77e39dd83a8273566b29768e3a478588f1c515c48ba1440e992b7c8229bf9cc2
[INFO] running `Command { std: "docker" "create" "-v" "/var/lib/crater-agent-workspace/builds/worker-2-tc2/target:/opt/rustwide/target:rw,Z" "-v" "/var/lib/crater-agent-workspace/builds/worker-2-tc2/source:/opt/rustwide/workdir:ro,Z" "-v" "/var/lib/crater-agent-workspace/cargo-home:/opt/rustwide/cargo-home:ro,Z" "-v" "/var/lib/crater-agent-workspace/rustup-home:/opt/rustwide/rustup-home:ro,Z" "-e" "SOURCE_DIR=/opt/rustwide/workdir" "-e" "CARGO_TARGET_DIR=/opt/rustwide/target" "-e" "CARGO_INCREMENTAL=0" "-e" "RUST_BACKTRACE=full" "-e" "RUSTFLAGS=--cap-lints=warn" "-e" "RUSTDOCFLAGS=--cap-lints=warn" "-e" "CARGO_HOME=/opt/rustwide/cargo-home" "-e" "RUSTUP_HOME=/opt/rustwide/rustup-home" "-w" "/opt/rustwide/workdir" "-m" "1610612736" "--user" "0:0" "--network" "none" "ghcr.io/rust-lang/crates-build-env/linux@sha256:2788e3201cd34a07e3172128adcd8b3090168a8e3bcc40d7c032b9dda1df7d1c" "/opt/rustwide/cargo-home/bin/cargo" "+beta-2023-12-22" "test" "--frozen" "--no-run" "--message-format=json", kill_on_drop: false }`
[INFO] [stdout] 213c105b0ffe96e50f4ed69f17df57be5c6a9e9261570ed3db247a64de6cb80a
[INFO] running `Command { std: "docker" "start" "-a" "213c105b0ffe96e50f4ed69f17df57be5c6a9e9261570ed3db247a64de6cb80a", kill_on_drop: false }`
[INFO] [stderr]    Compiling libscroll-ffi v0.1.0 (/opt/rustwide/workdir)
[INFO] [stdout] warning: unused variable: `scrollview`
[INFO] [stdout]    --> src/lib.rs:138:9
[INFO] [stdout]     |
[INFO] [stdout] 138 |     let scrollview = scrollview as *mut libscroll::Scrollview;
[INFO] [stdout]     |         ^^^^^^^^^^ help: if this is intentional, prefix it with an underscore: `_scrollview`
[INFO] [stdout]     |
[INFO] [stdout]     = note: `#[warn(unused_variables)]` on by default
[INFO] [stdout] 
[INFO] [stdout] 
[INFO] [stdout] warning: unused variable: `top_dp`
[INFO] [stdout]    --> src/lib.rs:133:5
[INFO] [stdout]     |
[INFO] [stdout] 133 |     top_dp: f64,
[INFO] [stdout]     |     ^^^^^^ help: if this is intentional, prefix it with an underscore: `_top_dp`
[INFO] [stdout] 
[INFO] [stdout] 
[INFO] [stdout] warning: unused variable: `bottom_dp`
[INFO] [stdout]    --> src/lib.rs:134:5
[INFO] [stdout]     |
[INFO] [stdout] 134 |     bottom_dp: f64,
[INFO] [stdout]     |     ^^^^^^^^^ help: if this is intentional, prefix it with an underscore: `_bottom_dp`
[INFO] [stdout] 
[INFO] [stdout] 
[INFO] [stdout] warning: unused variable: `left_dp`
[INFO] [stdout]    --> src/lib.rs:135:5
[INFO] [stdout]     |
[INFO] [stdout] 135 |     left_dp: f64,
[INFO] [stdout]     |     ^^^^^^^ help: if this is intentional, prefix it with an underscore: `_left_dp`
[INFO] [stdout] 
[INFO] [stdout] 
[INFO] [stdout] warning: unused variable: `right_dp`
[INFO] [stdout]    --> src/lib.rs:136:5
[INFO] [stdout]     |
[INFO] [stdout] 136 |     right_dp: f64,
[INFO] [stdout]     |     ^^^^^^^^ help: if this is intentional, prefix it with an underscore: `_right_dp`
[INFO] [stdout] 
[INFO] [stdout] 
[INFO] [stdout] warning: unused return value of `Box::<T>::from_raw` that must be used
[INFO] [stdout]   --> src/lib.rs:20:5
[INFO] [stdout]    |
[INFO] [stdout] 20 |     Box::from_raw(scrollview);
[INFO] [stdout]    |     ^^^^^^^^^^^^^^^^^^^^^^^^^
[INFO] [stdout]    |
[INFO] [stdout]    = note: call `drop(Box::from_raw(ptr))` if you intend to drop the `Box`
[INFO] [stdout]    = note: `#[warn(unused_must_use)]` on by default
[INFO] [stdout] help: use `let _ = ...` to ignore the resulting value
[INFO] [stdout]    |
[INFO] [stdout] 20 |     let _ = Box::from_raw(scrollview);
[INFO] [stdout]    |     +++++++
[INFO] [stdout] 
[INFO] [stdout] 
[INFO] [stdout] warning: 6 warnings emitted
[INFO] [stdout] 
[INFO] [stdout] 
[INFO] [stdout] warning: unused variable: `scrollview`
[INFO] [stdout]    --> src/lib.rs:138:9
[INFO] [stdout]     |
[INFO] [stdout] 138 |     let scrollview = scrollview as *mut libscroll::Scrollview;
[INFO] [stdout]     |         ^^^^^^^^^^ help: if this is intentional, prefix it with an underscore: `_scrollview`
[INFO] [stdout]     |
[INFO] [stdout]     = note: `#[warn(unused_variables)]` on by default
[INFO] [stdout] 
[INFO] [stdout] 
[INFO] [stdout] warning: unused variable: `top_dp`
[INFO] [stdout]    --> src/lib.rs:133:5
[INFO] [stdout]     |
[INFO] [stdout] 133 |     top_dp: f64,
[INFO] [stdout]     |     ^^^^^^ help: if this is intentional, prefix it with an underscore: `_top_dp`
[INFO] [stdout] 
[INFO] [stdout] 
[INFO] [stdout] warning: unused variable: `bottom_dp`
[INFO] [stdout]    --> src/lib.rs:134:5
[INFO] [stdout]     |
[INFO] [stdout] 134 |     bottom_dp: f64,
[INFO] [stdout]     |     ^^^^^^^^^ help: if this is intentional, prefix it with an underscore: `_bottom_dp`
[INFO] [stdout] 
[INFO] [stdout] 
[INFO] [stdout] warning: unused variable: `left_dp`
[INFO] [stdout]    --> src/lib.rs:135:5
[INFO] [stdout]     |
[INFO] [stdout] 135 |     left_dp: f64,
[INFO] [stdout]     |     ^^^^^^^ help: if this is intentional, prefix it with an underscore: `_left_dp`
[INFO] [stdout] 
[INFO] [stdout] 
[INFO] [stdout] warning: unused variable: `right_dp`
[INFO] [stdout]    --> src/lib.rs:136:5
[INFO] [stdout]     |
[INFO] [stdout] 136 |     right_dp: f64,
[INFO] [stdout]     |     ^^^^^^^^ help: if this is intentional, prefix it with an underscore: `_right_dp`
[INFO] [stdout] 
[INFO] [stdout] 
[INFO] [stdout] warning: unused return value of `Box::<T>::from_raw` that must be used
[INFO] [stdout]   --> src/lib.rs:20:5
[INFO] [stdout]    |
[INFO] [stdout] 20 |     Box::from_raw(scrollview);
[INFO] [stdout]    |     ^^^^^^^^^^^^^^^^^^^^^^^^^
[INFO] [stdout]    |
[INFO] [stdout]    = note: call `drop(Box::from_raw(ptr))` if you intend to drop the `Box`
[INFO] [stdout]    = note: `#[warn(unused_must_use)]` on by default
[INFO] [stdout] help: use `let _ = ...` to ignore the resulting value
[INFO] [stdout]    |
[INFO] [stdout] 20 |     let _ = Box::from_raw(scrollview);
[INFO] [stdout]    |     +++++++
[INFO] [stdout] 
[INFO] [stdout] 
[INFO] [stdout] warning: 6 warnings emitted
[INFO] [stdout] 
[INFO] [stdout] 
[INFO] [stderr]     Finished test [unoptimized + debuginfo] target(s) in 0.38s
[INFO] running `Command { std: "docker" "inspect" "213c105b0ffe96e50f4ed69f17df57be5c6a9e9261570ed3db247a64de6cb80a", kill_on_drop: false }`
[INFO] running `Command { std: "docker" "rm" "-f" "213c105b0ffe96e50f4ed69f17df57be5c6a9e9261570ed3db247a64de6cb80a", kill_on_drop: false }`
[INFO] [stdout] 213c105b0ffe96e50f4ed69f17df57be5c6a9e9261570ed3db247a64de6cb80a
[INFO] running `Command { std: "docker" "create" "-v" "/var/lib/crater-agent-workspace/builds/worker-2-tc2/target:/opt/rustwide/target:rw,Z" "-v" "/var/lib/crater-agent-workspace/builds/worker-2-tc2/source:/opt/rustwide/workdir:ro,Z" "-v" "/var/lib/crater-agent-workspace/cargo-home:/opt/rustwide/cargo-home:ro,Z" "-v" "/var/lib/crater-agent-workspace/rustup-home:/opt/rustwide/rustup-home:ro,Z" "-e" "SOURCE_DIR=/opt/rustwide/workdir" "-e" "CARGO_TARGET_DIR=/opt/rustwide/target" "-e" "CARGO_INCREMENTAL=0" "-e" "RUST_BACKTRACE=full" "-e" "RUSTFLAGS=--cap-lints=warn" "-e" "RUSTDOCFLAGS=--cap-lints=warn" "-e" "CARGO_HOME=/opt/rustwide/cargo-home" "-e" "RUSTUP_HOME=/opt/rustwide/rustup-home" "-w" "/opt/rustwide/workdir" "-m" "1610612736" "--user" "0:0" "--network" "none" "ghcr.io/rust-lang/crates-build-env/linux@sha256:2788e3201cd34a07e3172128adcd8b3090168a8e3bcc40d7c032b9dda1df7d1c" "/opt/rustwide/cargo-home/bin/cargo" "+beta-2023-12-22" "test" "--frozen", kill_on_drop: false }`
[INFO] [stdout] 33c11a16613593d64cf28ec91d6b28a9d466380c45306ced281614ddc367638c
[INFO] running `Command { std: "docker" "start" "-a" "33c11a16613593d64cf28ec91d6b28a9d466380c45306ced281614ddc367638c", kill_on_drop: false }`
[INFO] [stderr] warning: unused variable: `scrollview`
[INFO] [stderr]    --> src/lib.rs:138:9
[INFO] [stderr]     |
[INFO] [stderr] 138 |     let scrollview = scrollview as *mut libscroll::Scrollview;
[INFO] [stderr]     |         ^^^^^^^^^^ help: if this is intentional, prefix it with an underscore: `_scrollview`
[INFO] [stderr]     |
[INFO] [stderr]     = note: `#[warn(unused_variables)]` on by default
[INFO] [stderr] 
[INFO] [stderr] warning: unused variable: `top_dp`
[INFO] [stderr]    --> src/lib.rs:133:5
[INFO] [stderr]     |
[INFO] [stderr] 133 |     top_dp: f64,
[INFO] [stderr]     |     ^^^^^^ help: if this is intentional, prefix it with an underscore: `_top_dp`
[INFO] [stderr] 
[INFO] [stderr] warning: unused variable: `bottom_dp`
[INFO] [stderr]    --> src/lib.rs:134:5
[INFO] [stderr]     |
[INFO] [stderr] 134 |     bottom_dp: f64,
[INFO] [stderr]     |     ^^^^^^^^^ help: if this is intentional, prefix it with an underscore: `_bottom_dp`
[INFO] [stderr] 
[INFO] [stderr] warning: unused variable: `left_dp`
[INFO] [stderr]    --> src/lib.rs:135:5
[INFO] [stderr]     |
[INFO] [stderr] 135 |     left_dp: f64,
[INFO] [stderr]     |     ^^^^^^^ help: if this is intentional, prefix it with an underscore: `_left_dp`
[INFO] [stderr] 
[INFO] [stderr] warning: unused variable: `right_dp`
[INFO] [stderr]    --> src/lib.rs:136:5
[INFO] [stderr]     |
[INFO] [stderr] 136 |     right_dp: f64,
[INFO] [stderr]     |     ^^^^^^^^ help: if this is intentional, prefix it with an underscore: `_right_dp`
[INFO] [stderr] 
[INFO] [stderr] warning: unused return value of `Box::<T>::from_raw` that must be used
[INFO] [stderr]   --> src/lib.rs:20:5
[INFO] [stderr]    |
[INFO] [stderr] 20 |     Box::from_raw(scrollview);
[INFO] [stderr]    |     ^^^^^^^^^^^^^^^^^^^^^^^^^
[INFO] [stderr]    |
[INFO] [stderr]    = note: call `drop(Box::from_raw(ptr))` if you intend to drop the `Box`
[INFO] [stderr]    = note: `#[warn(unused_must_use)]` on by default
[INFO] [stderr] help: use `let _ = ...` to ignore the resulting value
[INFO] [stderr]    |
[INFO] [stderr] 20 |     let _ = Box::from_raw(scrollview);
[INFO] [stderr]    |     +++++++
[INFO] [stderr] 
[INFO] [stderr] warning: `libscroll-ffi` (lib) generated 6 warnings (run `cargo fix --lib -p libscroll-ffi` to apply 5 suggestions)
[INFO] [stderr] warning: `libscroll-ffi` (lib test) generated 6 warnings (6 duplicates)
[INFO] [stderr]     Finished test [unoptimized + debuginfo] target(s) in 0.02s
[INFO] [stderr]      Running unittests src/lib.rs (/opt/rustwide/target/debug/deps/libscroll_ffi-3192d4531028402e)
[INFO] [stdout] 
[INFO] [stderr]    Doc-tests libscroll-ffi
[INFO] [stdout] running 0 tests
[INFO] [stdout] 
[INFO] [stdout] test result: ok. 0 passed; 0 failed; 0 ignored; 0 measured; 0 filtered out; finished in 0.00s
[INFO] [stdout] 
[INFO] [stdout] 
[INFO] [stdout] running 0 tests
[INFO] [stdout] 
[INFO] [stdout] test result: ok. 0 passed; 0 failed; 0 ignored; 0 measured; 0 filtered out; finished in 0.00s
[INFO] [stdout] 
[INFO] running `Command { std: "docker" "inspect" "33c11a16613593d64cf28ec91d6b28a9d466380c45306ced281614ddc367638c", kill_on_drop: false }`
[INFO] running `Command { std: "docker" "rm" "-f" "33c11a16613593d64cf28ec91d6b28a9d466380c45306ced281614ddc367638c", kill_on_drop: false }`
[INFO] [stdout] 33c11a16613593d64cf28ec91d6b28a9d466380c45306ced281614ddc367638c
