[INFO] cloning repository https://github.com/swfsql/payment-engine
[INFO] running `Command { std: "git" "-c" "credential.helper=" "-c" "credential.helper=/workspace/cargo-home/bin/git-credential-null" "clone" "--bare" "https://github.com/swfsql/payment-engine" "/workspace/cache/git-repos/https%3A%2F%2Fgithub.com%2Fswfsql%2Fpayment-engine", kill_on_drop: false }`
[INFO] [stderr] Cloning into bare repository '/workspace/cache/git-repos/https%3A%2F%2Fgithub.com%2Fswfsql%2Fpayment-engine'...
[INFO] running `Command { std: "git" "rev-parse" "HEAD", kill_on_drop: false }`
[INFO] [stdout] 5e2d50ecfd3c66bb2b8565ba94ac0b724e8c57ac
[INFO] testing swfsql/payment-engine against 1.75.0 for beta-1.76-1
[INFO] running `Command { std: "git" "clone" "/workspace/cache/git-repos/https%3A%2F%2Fgithub.com%2Fswfsql%2Fpayment-engine" "/workspace/builds/worker-0-tc1/source", kill_on_drop: false }`
[INFO] [stderr] Cloning into '/workspace/builds/worker-0-tc1/source'...
[INFO] [stderr] done.
[INFO] validating manifest of git repo https://github.com/swfsql/payment-engine on toolchain 1.75.0
[INFO] running `Command { std: CARGO_HOME="/workspace/cargo-home" RUSTUP_HOME="/workspace/rustup-home" "/workspace/cargo-home/bin/cargo" "+1.75.0" "metadata" "--manifest-path" "Cargo.toml" "--no-deps", kill_on_drop: false }`
[INFO] started tweaking git repo https://github.com/swfsql/payment-engine
[INFO] finished tweaking git repo https://github.com/swfsql/payment-engine
[INFO] tweaked toml for git repo https://github.com/swfsql/payment-engine written to /workspace/builds/worker-0-tc1/source/Cargo.toml
[INFO] crate git repo https://github.com/swfsql/payment-engine already has a lockfile, it will not be regenerated
[INFO] running `Command { std: CARGO_HOME="/workspace/cargo-home" RUSTUP_HOME="/workspace/rustup-home" "/workspace/cargo-home/bin/cargo" "+1.75.0" "fetch" "--manifest-path" "Cargo.toml", kill_on_drop: false }`
[INFO] [stderr]     Blocking waiting for file lock on package cache
[ERROR] error running command: no output for 300 seconds
[ERROR] this task or one of its parent failed!
[ERROR] no output for 300 seconds
[ERROR] note: run with `RUST_BACKTRACE=1` to display a backtrace.
[INFO] testing swfsql/payment-engine against beta-2023-12-22 for beta-1.76-1
[INFO] running `Command { std: "git" "clone" "/workspace/cache/git-repos/https%3A%2F%2Fgithub.com%2Fswfsql%2Fpayment-engine" "/workspace/builds/worker-0-tc2/source", kill_on_drop: false }`
[INFO] [stderr] Cloning into '/workspace/builds/worker-0-tc2/source'...
[INFO] [stderr] done.
[INFO] validating manifest of git repo https://github.com/swfsql/payment-engine on toolchain beta-2023-12-22
[INFO] running `Command { std: CARGO_HOME="/workspace/cargo-home" RUSTUP_HOME="/workspace/rustup-home" "/workspace/cargo-home/bin/cargo" "+beta-2023-12-22" "metadata" "--manifest-path" "Cargo.toml" "--no-deps", kill_on_drop: false }`
[INFO] started tweaking git repo https://github.com/swfsql/payment-engine
[INFO] finished tweaking git repo https://github.com/swfsql/payment-engine
[INFO] tweaked toml for git repo https://github.com/swfsql/payment-engine written to /workspace/builds/worker-0-tc2/source/Cargo.toml
[INFO] crate git repo https://github.com/swfsql/payment-engine already has a lockfile, it will not be regenerated
[INFO] running `Command { std: CARGO_HOME="/workspace/cargo-home" RUSTUP_HOME="/workspace/rustup-home" "/workspace/cargo-home/bin/cargo" "+beta-2023-12-22" "fetch" "--manifest-path" "Cargo.toml", kill_on_drop: false }`
[INFO] [stderr]     Blocking waiting for file lock on package cache
[INFO] [stderr]     Blocking waiting for file lock on package cache
[INFO] running `Command { std: "docker" "create" "-v" "/var/lib/crater-agent-workspace/builds/worker-0-tc2/target:/opt/rustwide/target:rw,Z" "-v" "/var/lib/crater-agent-workspace/builds/worker-0-tc2/source:/opt/rustwide/workdir:ro,Z" "-v" "/var/lib/crater-agent-workspace/cargo-home:/opt/rustwide/cargo-home:ro,Z" "-v" "/var/lib/crater-agent-workspace/rustup-home:/opt/rustwide/rustup-home:ro,Z" "-e" "SOURCE_DIR=/opt/rustwide/workdir" "-e" "CARGO_TARGET_DIR=/opt/rustwide/target" "-e" "CARGO_HOME=/opt/rustwide/cargo-home" "-e" "RUSTUP_HOME=/opt/rustwide/rustup-home" "-w" "/opt/rustwide/workdir" "-m" "1610612736" "--user" "0:0" "--network" "none" "ghcr.io/rust-lang/crates-build-env/linux@sha256:2788e3201cd34a07e3172128adcd8b3090168a8e3bcc40d7c032b9dda1df7d1c" "/opt/rustwide/cargo-home/bin/cargo" "+beta-2023-12-22" "metadata" "--no-deps" "--format-version=1", kill_on_drop: false }`
[INFO] [stdout] 0a1e494e502530a075b53a2605d39f18e144808d03e6bc508f08e4192655082e
[INFO] running `Command { std: "docker" "start" "-a" "0a1e494e502530a075b53a2605d39f18e144808d03e6bc508f08e4192655082e", kill_on_drop: false }`
[INFO] running `Command { std: "docker" "inspect" "0a1e494e502530a075b53a2605d39f18e144808d03e6bc508f08e4192655082e", kill_on_drop: false }`
[INFO] running `Command { std: "docker" "rm" "-f" "0a1e494e502530a075b53a2605d39f18e144808d03e6bc508f08e4192655082e", kill_on_drop: false }`
[INFO] [stdout] 0a1e494e502530a075b53a2605d39f18e144808d03e6bc508f08e4192655082e
[INFO] running `Command { std: "docker" "create" "-v" "/var/lib/crater-agent-workspace/builds/worker-0-tc2/target:/opt/rustwide/target:rw,Z" "-v" "/var/lib/crater-agent-workspace/builds/worker-0-tc2/source:/opt/rustwide/workdir:ro,Z" "-v" "/var/lib/crater-agent-workspace/cargo-home:/opt/rustwide/cargo-home:ro,Z" "-v" "/var/lib/crater-agent-workspace/rustup-home:/opt/rustwide/rustup-home:ro,Z" "-e" "SOURCE_DIR=/opt/rustwide/workdir" "-e" "CARGO_TARGET_DIR=/opt/rustwide/target" "-e" "CARGO_INCREMENTAL=0" "-e" "RUST_BACKTRACE=full" "-e" "RUSTFLAGS=--cap-lints=warn" "-e" "RUSTDOCFLAGS=--cap-lints=warn" "-e" "CARGO_HOME=/opt/rustwide/cargo-home" "-e" "RUSTUP_HOME=/opt/rustwide/rustup-home" "-w" "/opt/rustwide/workdir" "-m" "1610612736" "--user" "0:0" "--network" "none" "ghcr.io/rust-lang/crates-build-env/linux@sha256:2788e3201cd34a07e3172128adcd8b3090168a8e3bcc40d7c032b9dda1df7d1c" "/opt/rustwide/cargo-home/bin/cargo" "+beta-2023-12-22" "build" "--frozen" "--message-format=json", kill_on_drop: false }`
[INFO] [stdout] 1377186d524bef911a78815d971baa8cc2883c28250826e1f10fba511066d3b1
[INFO] running `Command { std: "docker" "start" "-a" "1377186d524bef911a78815d971baa8cc2883c28250826e1f10fba511066d3b1", kill_on_drop: false }`
[INFO] [stderr]    Compiling proc-macro2 v1.0.26
[INFO] [stderr]    Compiling unicode-xid v0.2.2
[INFO] [stderr]    Compiling syn v1.0.71
[INFO] [stderr]    Compiling autocfg v1.0.1
[INFO] [stderr]    Compiling serde_derive v1.0.125
[INFO] [stderr]    Compiling serde v1.0.125
[INFO] [stderr]    Compiling lazy_static v1.4.0
[INFO] [stderr]    Compiling regex-syntax v0.6.25
[INFO] [stderr]    Compiling ryu v1.0.5
[INFO] [stderr]    Compiling byteorder v1.4.3
[INFO] [stderr]    Compiling memchr v2.4.0
[INFO] [stderr]    Compiling cfg-if v1.0.0
[INFO] [stderr]    Compiling libc v0.2.94
[INFO] [stderr]    Compiling log v0.4.14
[INFO] [stderr]    Compiling serde_json v1.0.64
[INFO] [stderr]    Compiling itoa v0.4.7
[INFO] [stderr]    Compiling tracing-core v0.1.18
[INFO] [stderr]    Compiling pin-project-lite v0.2.6
[INFO] [stderr]    Compiling anyhow v1.0.40
[INFO] [stderr]    Compiling once_cell v1.7.2
[INFO] [stderr]    Compiling sharded-slab v0.1.1
[INFO] [stderr]    Compiling smallvec v1.6.1
[INFO] [stderr]    Compiling thread_local v1.1.3
[INFO] [stderr]    Compiling ansi_term v0.12.1
[INFO] [stderr]    Compiling arrayvec v0.5.2
[INFO] [stderr]    Compiling convert_case v0.4.0
[INFO] [stderr]    Compiling num-traits v0.2.11
[INFO] [stderr]    Compiling num-integer v0.1.44
[INFO] [stderr]    Compiling tracing-log v0.1.2
[INFO] [stderr]    Compiling csv-core v0.1.10
[INFO] [stderr]    Compiling quote v1.0.9
[INFO] [stderr]    Compiling chrono v0.4.19
[INFO] [stderr]    Compiling regex-automata v0.1.9
[INFO] [stderr]    Compiling regex v1.5.3
[INFO] [stderr]    Compiling matchers v0.0.1
[INFO] [stderr]    Compiling tracing-attributes v0.1.15
[INFO] [stderr]    Compiling thiserror-impl v1.0.24
[INFO] [stderr]    Compiling derive_more v0.99.13
[INFO] [stderr]    Compiling thiserror v1.0.24
[INFO] [stderr]    Compiling tracing v0.1.26
[INFO] [stderr]    Compiling tracing-serde v0.1.2
[INFO] [stderr]    Compiling bstr v0.2.15
[INFO] [stderr]    Compiling rust_decimal v1.12.4
[INFO] [stderr]    Compiling csv v1.1.6
[INFO] [stderr]    Compiling tracing-subscriber v0.2.18
[INFO] [stderr]    Compiling payment-engine v0.1.0 (/opt/rustwide/workdir)
[INFO] [stderr]     Finished dev [unoptimized + debuginfo] target(s) in 10.51s
[INFO] running `Command { std: "docker" "inspect" "1377186d524bef911a78815d971baa8cc2883c28250826e1f10fba511066d3b1", kill_on_drop: false }`
[INFO] running `Command { std: "docker" "rm" "-f" "1377186d524bef911a78815d971baa8cc2883c28250826e1f10fba511066d3b1", kill_on_drop: false }`
[INFO] [stdout] 1377186d524bef911a78815d971baa8cc2883c28250826e1f10fba511066d3b1
[INFO] running `Command { std: "docker" "create" "-v" "/var/lib/crater-agent-workspace/builds/worker-0-tc2/target:/opt/rustwide/target:rw,Z" "-v" "/var/lib/crater-agent-workspace/builds/worker-0-tc2/source:/opt/rustwide/workdir:ro,Z" "-v" "/var/lib/crater-agent-workspace/cargo-home:/opt/rustwide/cargo-home:ro,Z" "-v" "/var/lib/crater-agent-workspace/rustup-home:/opt/rustwide/rustup-home:ro,Z" "-e" "SOURCE_DIR=/opt/rustwide/workdir" "-e" "CARGO_TARGET_DIR=/opt/rustwide/target" "-e" "CARGO_INCREMENTAL=0" "-e" "RUST_BACKTRACE=full" "-e" "RUSTFLAGS=--cap-lints=warn" "-e" "RUSTDOCFLAGS=--cap-lints=warn" "-e" "CARGO_HOME=/opt/rustwide/cargo-home" "-e" "RUSTUP_HOME=/opt/rustwide/rustup-home" "-w" "/opt/rustwide/workdir" "-m" "1610612736" "--user" "0:0" "--network" "none" "ghcr.io/rust-lang/crates-build-env/linux@sha256:2788e3201cd34a07e3172128adcd8b3090168a8e3bcc40d7c032b9dda1df7d1c" "/opt/rustwide/cargo-home/bin/cargo" "+beta-2023-12-22" "test" "--frozen" "--no-run" "--message-format=json", kill_on_drop: false }`
[INFO] [stdout] 395a77f69a918f25eb177484c2dc6bea96289df7708ee0ea000f99295ad30634
[INFO] running `Command { std: "docker" "start" "-a" "395a77f69a918f25eb177484c2dc6bea96289df7708ee0ea000f99295ad30634", kill_on_drop: false }`
[INFO] [stderr]    Compiling payment-engine v0.1.0 (/opt/rustwide/workdir)
[INFO] [stderr]     Finished test [unoptimized + debuginfo] target(s) in 0.56s
[INFO] running `Command { std: "docker" "inspect" "395a77f69a918f25eb177484c2dc6bea96289df7708ee0ea000f99295ad30634", kill_on_drop: false }`
[INFO] running `Command { std: "docker" "rm" "-f" "395a77f69a918f25eb177484c2dc6bea96289df7708ee0ea000f99295ad30634", kill_on_drop: false }`
[INFO] [stdout] 395a77f69a918f25eb177484c2dc6bea96289df7708ee0ea000f99295ad30634
[INFO] running `Command { std: "docker" "create" "-v" "/var/lib/crater-agent-workspace/builds/worker-0-tc2/target:/opt/rustwide/target:rw,Z" "-v" "/var/lib/crater-agent-workspace/builds/worker-0-tc2/source:/opt/rustwide/workdir:ro,Z" "-v" "/var/lib/crater-agent-workspace/cargo-home:/opt/rustwide/cargo-home:ro,Z" "-v" "/var/lib/crater-agent-workspace/rustup-home:/opt/rustwide/rustup-home:ro,Z" "-e" "SOURCE_DIR=/opt/rustwide/workdir" "-e" "CARGO_TARGET_DIR=/opt/rustwide/target" "-e" "CARGO_INCREMENTAL=0" "-e" "RUST_BACKTRACE=full" "-e" "RUSTFLAGS=--cap-lints=warn" "-e" "RUSTDOCFLAGS=--cap-lints=warn" "-e" "CARGO_HOME=/opt/rustwide/cargo-home" "-e" "RUSTUP_HOME=/opt/rustwide/rustup-home" "-w" "/opt/rustwide/workdir" "-m" "1610612736" "--user" "0:0" "--network" "none" "ghcr.io/rust-lang/crates-build-env/linux@sha256:2788e3201cd34a07e3172128adcd8b3090168a8e3bcc40d7c032b9dda1df7d1c" "/opt/rustwide/cargo-home/bin/cargo" "+beta-2023-12-22" "test" "--frozen", kill_on_drop: false }`
[INFO] [stdout] 403a6bc7351efbec620cc9ffc3eb26eab92f1773bfd3fb3e1b7e71ab1ad716b4
[INFO] running `Command { std: "docker" "start" "-a" "403a6bc7351efbec620cc9ffc3eb26eab92f1773bfd3fb3e1b7e71ab1ad716b4", kill_on_drop: false }`
[INFO] [stderr]     Finished test [unoptimized + debuginfo] target(s) in 0.03s
[INFO] [stderr]      Running unittests src/lib.rs (/opt/rustwide/target/debug/deps/payment_engine-6c6329829b79ba84)
[INFO] [stdout] 
[INFO] [stdout] running 0 tests
[INFO] [stdout] 
[INFO] [stdout] test result: ok. 0 passed; 0 failed; 0 ignored; 0 measured; 0 filtered out; finished in 0.00s
[INFO] [stdout] 
[INFO] [stderr]      Running unittests src/main.rs (/opt/rustwide/target/debug/deps/payment_engine-3009f7775fa467d2)
[INFO] [stdout] 
[INFO] [stdout] running 0 tests
[INFO] [stdout] 
[INFO] [stdout] test result: ok. 0 passed; 0 failed; 0 ignored; 0 measured; 0 filtered out; finished in 0.00s
[INFO] [stdout] 
[INFO] [stderr]      Running tests/basic.rs (/opt/rustwide/target/debug/deps/basic-58068ada2b235a49)
[INFO] [stdout] 
[INFO] [stdout] running 6 tests
[INFO] [stdout] test basic_dispute ... ok
[INFO] [stdout] test basic_empty ... ok
[INFO] [stdout] test basic_deposits ... ok
[INFO] [stdout] test basic_chargeback ... ok
[INFO] [stdout] test basic_withdrawal ... ok
[INFO] [stdout] test basic_resolving ... ok
[INFO] [stdout] 
[INFO] [stdout] test result: ok. 6 passed; 0 failed; 0 ignored; 0 measured; 0 filtered out; finished in 0.00s
[INFO] [stdout] 
[INFO] [stderr]    Doc-tests payment-engine
[INFO] [stdout] 
[INFO] [stdout] running 0 tests
[INFO] [stdout] 
[INFO] [stdout] test result: ok. 0 passed; 0 failed; 0 ignored; 0 measured; 0 filtered out; finished in 0.00s
[INFO] [stdout] 
[INFO] running `Command { std: "docker" "inspect" "403a6bc7351efbec620cc9ffc3eb26eab92f1773bfd3fb3e1b7e71ab1ad716b4", kill_on_drop: false }`
[INFO] running `Command { std: "docker" "rm" "-f" "403a6bc7351efbec620cc9ffc3eb26eab92f1773bfd3fb3e1b7e71ab1ad716b4", kill_on_drop: false }`
[INFO] [stdout] 403a6bc7351efbec620cc9ffc3eb26eab92f1773bfd3fb3e1b7e71ab1ad716b4
