[INFO] cloning repository https://github.com/sunrise-stake/beam
[INFO] running `Command { std: "git" "-c" "credential.helper=" "-c" "credential.helper=/workspace/cargo-home/bin/git-credential-null" "clone" "--bare" "https://github.com/sunrise-stake/beam" "/workspace/cache/git-repos/https%3A%2F%2Fgithub.com%2Fsunrise-stake%2Fbeam", kill_on_drop: false }`
[INFO] [stderr] Cloning into bare repository '/workspace/cache/git-repos/https%3A%2F%2Fgithub.com%2Fsunrise-stake%2Fbeam'...
[INFO] running `Command { std: "git" "rev-parse" "HEAD", kill_on_drop: false }`
[INFO] [stdout] ccfcf452e4cc80fb09ce07e67fbe61cc0b76d83b
[INFO] testing sunrise-stake/beam against 1.75.0 for beta-1.76-1
[INFO] running `Command { std: "git" "clone" "/workspace/cache/git-repos/https%3A%2F%2Fgithub.com%2Fsunrise-stake%2Fbeam" "/workspace/builds/worker-6-tc1/source", kill_on_drop: false }`
[INFO] [stderr] Cloning into '/workspace/builds/worker-6-tc1/source'...
[INFO] [stderr] done.
[INFO] validating manifest of git repo https://github.com/sunrise-stake/beam on toolchain 1.75.0
[INFO] running `Command { std: CARGO_HOME="/workspace/cargo-home" RUSTUP_HOME="/workspace/rustup-home" "/workspace/cargo-home/bin/cargo" "+1.75.0" "metadata" "--manifest-path" "Cargo.toml" "--no-deps", kill_on_drop: false }`
[INFO] removed /workspace/builds/worker-6-tc1/source/rust-toolchain.toml
[INFO] started tweaking git repo https://github.com/sunrise-stake/beam
[INFO] finished tweaking git repo https://github.com/sunrise-stake/beam
[INFO] tweaked toml for git repo https://github.com/sunrise-stake/beam written to /workspace/builds/worker-6-tc1/source/Cargo.toml
[INFO] crate git repo https://github.com/sunrise-stake/beam already has a lockfile, it will not be regenerated
[INFO] running `Command { std: CARGO_HOME="/workspace/cargo-home" RUSTUP_HOME="/workspace/rustup-home" "/workspace/cargo-home/bin/cargo" "+1.75.0" "fetch" "--manifest-path" "Cargo.toml", kill_on_drop: false }`
[INFO] [stderr]     Updating git repository `https://github.com/sunrise-stake/anchor-gen`
[INFO] [stderr]     Updating git repository `https://github.com/dankelleher/solana.git`
[INFO] [stderr]     Updating git repository `https://github.com/solana-labs/solana-program-library`
[INFO] [stderr]     Blocking waiting for file lock on package cache
[INFO] [stderr]  Downloading crates ...
[INFO] [stderr]   Downloaded solana-frozen-abi-macro v1.17.12
[INFO] [stderr]   Downloaded solana-frozen-abi v1.17.12
[INFO] [stderr]   Downloaded solana-sdk-macro v1.17.12
[INFO] [stderr]   Downloaded solana-logger v1.17.12
[INFO] [stderr]   Downloaded solana-net-utils v1.17.12
[INFO] [stderr]   Downloaded solana-program v1.17.12
[INFO] [stderr]   Downloaded anchor-spl v0.29.0
[INFO] [stderr]   Downloaded solana-remote-wallet v1.17.12
[INFO] [stderr]   Downloaded solana-connection-cache v1.17.12
[INFO] [stderr]   Downloaded solana-rayon-threadlimit v1.17.12
[INFO] [stderr]   Downloaded solana-measure v1.17.12
[INFO] [stderr]   Downloaded solana-thin-client v1.17.12
[INFO] [stderr]   Downloaded solana-vote-program v1.17.12
[INFO] [stderr]   Downloaded solana-account-decoder v1.17.12
[INFO] [stderr]   Downloaded solana-tpu-client v1.17.12
[INFO] [stderr]   Downloaded solana-pubsub-client v1.17.12
[INFO] [stderr]   Downloaded solana-transaction-status v1.17.12
[INFO] [stderr]   Downloaded solana-perf v1.17.12
[INFO] [stderr]   Downloaded solana-zk-token-sdk v1.17.12
[INFO] [stderr]   Downloaded solana-version v1.17.12
[INFO] [stderr]   Downloaded solana-metrics v1.17.12
[INFO] [stderr]   Downloaded solana-quic-client v1.17.12
[INFO] [stderr]   Downloaded solana-rpc-client-nonce-utils v1.17.12
[INFO] [stderr]   Downloaded solana-clap-utils v1.17.12
[INFO] [stderr]   Downloaded solana-udp-client v1.17.12
[INFO] [stderr]   Downloaded solana-rpc-client v1.17.12
[INFO] [stderr]   Downloaded solana-program-runtime v1.17.12
[INFO] [stderr]   Downloaded solana-streamer v1.17.12
[INFO] [stderr]   Downloaded solana-rpc-client-api v1.17.12
[INFO] [stderr]   Downloaded solana-client v1.17.12
[INFO] [stderr]   Downloaded solana-config-program v1.17.12
[INFO] [stderr]   Downloaded solana-sdk v1.17.12
[INFO] [stderr]   Downloaded solana-compute-budget-program v1.17.12
[INFO] [stderr]   Downloaded solana-banks-interface v1.17.12
[INFO] [stderr]   Downloaded solana-loader-v4-program v1.17.12
[INFO] [stderr]   Downloaded solana-send-transaction-service v1.17.12
[INFO] [stderr]   Downloaded solana-banks-client v1.17.12
[INFO] [stderr]   Downloaded solana-vote v1.17.12
[INFO] [stderr]   Downloaded solana-zk-token-proof-program v1.17.12
[INFO] [stderr]   Downloaded solana-address-lookup-table-program v1.17.12
[INFO] [stderr]   Downloaded solana-cost-model v1.17.12
[INFO] [stderr]   Downloaded solana-banks-server v1.17.12
[INFO] [stderr]   Downloaded solana-system-program v1.17.12
[INFO] [stderr]   Downloaded solana-stake-program v1.17.12
[INFO] [stderr]   Downloaded solana-bucket-map v1.17.12
[INFO] [stderr]   Downloaded solana-bpf-loader-program v1.17.12
[INFO] [stderr]   Downloaded solana-runtime v1.17.12
[INFO] [stderr]   Downloaded solana-accounts-db v1.17.12
[INFO] running `Command { std: "docker" "create" "-v" "/var/lib/crater-agent-workspace/builds/worker-6-tc1/target:/opt/rustwide/target:rw,Z" "-v" "/var/lib/crater-agent-workspace/builds/worker-6-tc1/source:/opt/rustwide/workdir:ro,Z" "-v" "/var/lib/crater-agent-workspace/cargo-home:/opt/rustwide/cargo-home:ro,Z" "-v" "/var/lib/crater-agent-workspace/rustup-home:/opt/rustwide/rustup-home:ro,Z" "-e" "SOURCE_DIR=/opt/rustwide/workdir" "-e" "CARGO_TARGET_DIR=/opt/rustwide/target" "-e" "CARGO_HOME=/opt/rustwide/cargo-home" "-e" "RUSTUP_HOME=/opt/rustwide/rustup-home" "-w" "/opt/rustwide/workdir" "-m" "1610612736" "--user" "0:0" "--network" "none" "ghcr.io/rust-lang/crates-build-env/linux@sha256:2788e3201cd34a07e3172128adcd8b3090168a8e3bcc40d7c032b9dda1df7d1c" "/opt/rustwide/cargo-home/bin/cargo" "+1.75.0" "metadata" "--no-deps" "--format-version=1", kill_on_drop: false }`
[INFO] [stdout] cfebc9ff939c393f02db041556398b2c6066e0bd576c9c4e46d7998955c004c9
[INFO] running `Command { std: "docker" "start" "-a" "cfebc9ff939c393f02db041556398b2c6066e0bd576c9c4e46d7998955c004c9", kill_on_drop: false }`
[INFO] running `Command { std: "docker" "inspect" "cfebc9ff939c393f02db041556398b2c6066e0bd576c9c4e46d7998955c004c9", kill_on_drop: false }`
[INFO] running `Command { std: "docker" "rm" "-f" "cfebc9ff939c393f02db041556398b2c6066e0bd576c9c4e46d7998955c004c9", kill_on_drop: false }`
[INFO] [stdout] cfebc9ff939c393f02db041556398b2c6066e0bd576c9c4e46d7998955c004c9
[INFO] running `Command { std: "docker" "create" "-v" "/var/lib/crater-agent-workspace/builds/worker-6-tc1/target:/opt/rustwide/target:rw,Z" "-v" "/var/lib/crater-agent-workspace/builds/worker-6-tc1/source:/opt/rustwide/workdir:ro,Z" "-v" "/var/lib/crater-agent-workspace/cargo-home:/opt/rustwide/cargo-home:ro,Z" "-v" "/var/lib/crater-agent-workspace/rustup-home:/opt/rustwide/rustup-home:ro,Z" "-e" "SOURCE_DIR=/opt/rustwide/workdir" "-e" "CARGO_TARGET_DIR=/opt/rustwide/target" "-e" "CARGO_INCREMENTAL=0" "-e" "RUST_BACKTRACE=full" "-e" "RUSTFLAGS=--cap-lints=warn" "-e" "RUSTDOCFLAGS=--cap-lints=warn" "-e" "CARGO_HOME=/opt/rustwide/cargo-home" "-e" "RUSTUP_HOME=/opt/rustwide/rustup-home" "-w" "/opt/rustwide/workdir" "-m" "1610612736" "--user" "0:0" "--network" "none" "ghcr.io/rust-lang/crates-build-env/linux@sha256:2788e3201cd34a07e3172128adcd8b3090168a8e3bcc40d7c032b9dda1df7d1c" "/opt/rustwide/cargo-home/bin/cargo" "+1.75.0" "build" "--frozen" "--message-format=json", kill_on_drop: false }`
[INFO] [stdout] c1117a699655dbefbd0051ec817cfbdf18c0cb3d66378e07c2821cced29fdc30
[INFO] running `Command { std: "docker" "start" "-a" "c1117a699655dbefbd0051ec817cfbdf18c0cb3d66378e07c2821cced29fdc30", kill_on_drop: false }`
[INFO] [stderr]    Compiling proc-macro2 v1.0.70
[INFO] [stderr]    Compiling unicode-ident v1.0.12
[INFO] [stderr]    Compiling version_check v0.9.4
[INFO] [stderr]    Compiling typenum v1.17.0
[INFO] [stderr]    Compiling cfg-if v1.0.0
[INFO] [stderr]    Compiling serde v1.0.193
[INFO] [stderr]    Compiling syn v1.0.109
[INFO] [stderr]    Compiling libc v0.2.150
[INFO] [stderr]    Compiling autocfg v1.1.0
[INFO] [stderr]    Compiling cpufeatures v0.2.11
[INFO] [stderr]    Compiling subtle v2.4.1
[INFO] [stderr]    Compiling thiserror v1.0.50
[INFO] [stderr]    Compiling serde_json v1.0.108
[INFO] [stderr]    Compiling ryu v1.0.15
[INFO] [stderr]    Compiling anyhow v1.0.75
[INFO] [stderr]    Compiling itoa v1.0.9
[INFO] [stderr]    Compiling ppv-lite86 v0.2.17
[INFO] [stderr]    Compiling semver v1.0.20
[INFO] [stderr]    Compiling once_cell v1.18.0
[INFO] [stderr]    Compiling getrandom v0.1.16
[INFO] [stderr]    Compiling either v1.9.0
[INFO] [stderr]    Compiling generic-array v0.14.7
[INFO] [stderr]    Compiling ahash v0.8.6
[INFO] [stderr]    Compiling num-traits v0.2.17
[INFO] [stderr]    Compiling num-integer v0.1.45
[INFO] [stderr]    Compiling opaque-debug v0.3.0
[INFO] [stderr]    Compiling memoffset v0.9.0
[INFO] [stderr]    Compiling num-bigint v0.4.4
[INFO] [stderr]    Compiling zerocopy v0.7.26
[INFO] [stderr]    Compiling crossbeam-utils v0.8.16
[INFO] [stderr]    Compiling rustc_version v0.4.0
[INFO] [stderr]    Compiling crunchy v0.2.2
[INFO] [stderr]    Compiling crossbeam-epoch v0.9.15
[INFO] [stderr]    Compiling quote v1.0.33
[INFO] [stderr]    Compiling paste v1.0.14
[INFO] [stderr]    Compiling block-padding v0.2.1
[INFO] [stderr]    Compiling wasm-bindgen-shared v0.2.89
[INFO] [stderr]    Compiling syn v2.0.39
[INFO] [stderr]    Compiling scopeguard v1.2.0
[INFO] [stderr]    Compiling byteorder v1.5.0
[INFO] [stderr]    Compiling itertools v0.10.5
[INFO] [stderr]    Compiling rayon-core v1.12.0
[INFO] [stderr]    Compiling ahash v0.7.7
[INFO] [stderr]    Compiling feature-probe v0.1.1
[INFO] [stderr]    Compiling jobserver v0.1.27
[INFO] [stderr]    Compiling bumpalo v3.14.0
[INFO] [stderr]    Compiling log v0.4.20
[INFO] [stderr]    Compiling bv v0.11.1
[INFO] [stderr]    Compiling bitmaps v2.1.0
[INFO] [stderr]    Compiling solana-frozen-abi-macro v1.17.12
[INFO] [stderr]    Compiling im v15.1.0
[INFO] [stderr]    Compiling crossbeam-deque v0.8.3
[INFO] [stderr]    Compiling cc v1.0.83
[INFO] [stderr]    Compiling keccak v0.1.4
[INFO] [stderr]    Compiling arrayref v0.3.7
[INFO] [stderr]    Compiling getrandom v0.2.11
[INFO] [stderr]    Compiling rand_core v0.6.4
[INFO] [stderr]    Compiling rustversion v1.0.14
[INFO] [stderr]    Compiling lazy_static v1.4.0
[INFO] [stderr]    Compiling rand_core v0.5.1
[INFO] [stderr]    Compiling crypto-common v0.1.6
[INFO] [stderr]    Compiling block-buffer v0.10.4
[INFO] [stderr]    Compiling rand_chacha v0.3.1
[INFO] [stderr]    Compiling digest v0.10.7
[INFO] [stderr]    Compiling digest v0.9.0
[INFO] [stderr]    Compiling rand_chacha v0.2.2
[INFO] [stderr]    Compiling libsecp256k1-core v0.2.2
[INFO] [stderr]    Compiling tinyvec_macros v0.1.1
[INFO] [stderr]    Compiling sha2 v0.10.8
[INFO] [stderr]    Compiling rand v0.8.5
[INFO] [stderr]    Compiling hashbrown v0.13.2
[INFO] [stderr]    Compiling rand v0.7.3
[INFO] [stderr]    Compiling rayon v1.8.0
[INFO] [stderr]    Compiling tinyvec v1.6.0
[INFO] [stderr]    Compiling sized-chunks v0.6.5
[INFO] [stderr]    Compiling rand_xoshiro v0.6.0
[INFO] [stderr]    Compiling solana-frozen-abi v1.17.12
[INFO] [stderr]    Compiling arrayvec v0.7.4
[INFO] [stderr]    Compiling ark-std v0.4.0
[INFO] [stderr]    Compiling libsecp256k1-gen-genmult v0.2.1
[INFO] [stderr]    Compiling libsecp256k1-gen-ecmult v0.2.1
[INFO] [stderr]    Compiling constant_time_eq v0.3.0
[INFO] [stderr]    Compiling bs58 v0.4.0
[INFO] [stderr]    Compiling fnv v1.0.7
[INFO] [stderr]    Compiling wasm-bindgen v0.2.89
[INFO] [stderr]    Compiling hashbrown v0.11.2
[INFO] [stderr]    Compiling unicode-normalization v0.1.22
[INFO] [stderr]    Compiling memmap2 v0.5.10
[INFO] [stderr]    Compiling libsecp256k1 v0.6.0
[INFO] [stderr]    Compiling strsim v0.10.0
[INFO] [stderr]    Compiling ident_case v1.0.1
[INFO] [stderr]    Compiling base64 v0.12.3
[INFO] [stderr]    Compiling rustc-hash v1.1.0
[INFO] [stderr]    Compiling base64 v0.21.5
[INFO] [stderr]    Compiling hashbrown v0.14.3
[INFO] [stderr]    Compiling equivalent v1.0.1
[INFO] [stderr]    Compiling winnow v0.5.19
[INFO] [stderr]    Compiling toml_datetime v0.6.5
[INFO] [stderr]    Compiling memchr v2.6.4
[INFO] [stderr]    Compiling regex-syntax v0.8.2
[INFO] [stderr]    Compiling signature v1.6.4
[INFO] [stderr]    Compiling atty v0.2.14
[INFO] [stderr]    Compiling humantime v2.1.0
[INFO] [stderr]    Compiling termcolor v1.4.0
[INFO] [stderr]    Compiling solana-sdk v1.17.12
[INFO] [stderr]    Compiling ed25519 v1.5.3
[INFO] [stderr]    Compiling blake3 v1.5.0
[INFO] [stderr]    Compiling solana-program v1.17.12
[INFO] [stderr]    Compiling indexmap v2.1.0
[INFO] [stderr]    Compiling aho-corasick v1.1.2
[INFO] [stderr]    Compiling derivation-path v0.2.0
[INFO] [stderr]    Compiling percent-encoding v2.3.1
[INFO] [stderr]    Compiling uriparse v0.6.4
[INFO] [stderr]    Compiling qstring v0.7.2
[INFO] [stderr]    Compiling chrono v0.4.31
[INFO] [stderr]    Compiling assert_matches v1.5.0
[INFO] [stderr]    Compiling unicode-segmentation v1.10.1
[INFO] [stderr]    Compiling bs58 v0.5.0
[INFO] [stderr]    Compiling wasm-bindgen-backend v0.2.89
[INFO] [stderr]    Compiling darling_core v0.20.3
[INFO] [stderr]    Compiling heck v0.4.1
[INFO] [stderr]    Compiling heck v0.3.3
[INFO] [stderr]    Compiling base64 v0.13.1
[INFO] [stderr]    Compiling borsh-derive-internal v0.10.3
[INFO] [stderr]    Compiling borsh-schema-derive-internal v0.9.3
[INFO] [stderr]    Compiling borsh-derive-internal v0.9.3
[INFO] [stderr]    Compiling borsh-schema-derive-internal v0.10.3
[INFO] [stderr]    Compiling darling_core v0.14.4
[INFO] [stderr]    Compiling static_assertions v1.1.0
[INFO] [stderr]    Compiling hex v0.4.3
[INFO] [stderr]    Compiling toml_edit v0.19.15
[INFO] [stderr]    Compiling regex-automata v0.4.3
[INFO] [stderr]    Compiling toml_edit v0.20.7
[INFO] [stderr]    Compiling uint v0.9.5
[INFO] [stderr]    Compiling wasm-bindgen-macro-support v0.2.89
[INFO] [stderr]    Compiling serde_derive v1.0.193
[INFO] [stderr]    Compiling thiserror-impl v1.0.50
[INFO] [stderr]    Compiling zeroize_derive v1.4.2
[INFO] [stderr]    Compiling bytemuck_derive v1.5.0
[INFO] [stderr]    Compiling ark-serialize-derive v0.4.2
[INFO] [stderr]    Compiling ark-ff-macros v0.4.2
[INFO] [stderr]    Compiling ark-ff-asm v0.4.2
[INFO] [stderr]    Compiling derivative v2.2.0
[INFO] [stderr]    Compiling wasm-bindgen-macro v0.2.89
[INFO] [stderr]    Compiling num-derive v0.3.3
[INFO] [stderr]    Compiling solana-sdk-macro v1.17.12
[INFO] [stderr]    Compiling proc-macro-crate v1.3.1
[INFO] [stderr]    Compiling darling_macro v0.20.3
[INFO] [stderr]    Compiling num-derive v0.4.1
[INFO] [stderr]    Compiling regex v1.10.2
[INFO] [stderr]    Compiling qualifier_attr v0.2.2
[INFO] [stderr]    Compiling zeroize v1.3.0
[INFO] [stderr]    Compiling merlin v3.0.0
[INFO] [stderr]    Compiling env_logger v0.9.3
[INFO] [stderr]    Compiling spl-program-error-derive v0.3.1
[INFO] [stderr]    Compiling proc-macro-crate v2.0.0
[INFO] [stderr]    Compiling spl-program-error-derive v0.3.1 (https://github.com/solana-labs/solana-program-library#177a6c94)
[INFO] [stderr]    Compiling bytemuck v1.14.0
[INFO] [stderr]    Compiling darling_macro v0.14.4
[INFO] [stderr]    Compiling darling v0.20.3
[INFO] [stderr]    Compiling serde_with_macros v2.3.3
[INFO] [stderr]    Compiling solana-logger v1.17.12
[INFO] [stderr]    Compiling anchor-derive-space v0.29.0
[INFO] [stderr]    Compiling spl-discriminator-syn v0.1.1
[INFO] [stderr]    Compiling spl-discriminator-syn v0.1.1 (https://github.com/solana-labs/solana-program-library#177a6c94)
[INFO] [stderr]    Compiling num_enum_derive v0.6.1
[INFO] [stderr]    Compiling num_enum_derive v0.7.1
[INFO] [stderr]    Compiling spl-discriminator-derive v0.1.1 (https://github.com/solana-labs/solana-program-library#177a6c94)
[INFO] [stderr]    Compiling spl-discriminator-derive v0.1.1
[INFO] [stderr]    Compiling darling v0.14.4
[INFO] [stderr]    Compiling num_enum v0.6.1
[INFO] [stderr]    Compiling num_enum v0.7.1
[INFO] [stderr]    Compiling serde_bytes v0.11.12
[INFO] [stderr]    Compiling bincode v1.3.3
[INFO] [stderr]    Compiling bitflags v2.4.1
[INFO] [stderr]    Compiling serde_with v2.3.3
[INFO] [stderr]    Compiling toml v0.5.11
[INFO] [stderr]    Compiling block-buffer v0.9.0
[INFO] [stderr]    Compiling crypto-mac v0.8.0
[INFO] [stderr]    Compiling cipher v0.3.0
[INFO] [stderr]    Compiling universal-hash v0.4.1
[INFO] [stderr]    Compiling aead v0.4.3
[INFO] [stderr]    Compiling sha2 v0.9.9
[INFO] [stderr]    Compiling curve25519-dalek v3.2.1
[INFO] [stderr]    Compiling hmac v0.8.1
[INFO] [stderr]    Compiling pbkdf2 v0.4.0
[INFO] [stderr]    Compiling polyval v0.5.3
[INFO] [stderr]    Compiling sha3 v0.9.1
[INFO] [stderr]    Compiling hmac-drbg v0.3.0
[INFO] [stderr]    Compiling ctr v0.8.0
[INFO] [stderr]    Compiling aes v0.7.5
[INFO] [stderr]    Compiling ark-serialize v0.4.2
[INFO] [stderr]    Compiling tiny-bip39 v0.8.2
[INFO] [stderr]    Compiling sha3 v0.10.8
[INFO] [stderr]    Compiling hmac v0.12.1
[INFO] [stderr]    Compiling pbkdf2 v0.11.0
[INFO] [stderr]    Compiling aes-gcm-siv v0.10.3
[INFO] [stderr]    Compiling ark-ff v0.4.2
[INFO] [stderr]    Compiling anchor-syn v0.29.0
[INFO] [stderr]    Compiling proc-macro-crate v0.1.5
[INFO] [stderr]    Compiling ed25519-dalek v1.0.1
[INFO] [stderr]    Compiling ed25519-dalek-bip32 v0.2.0
[INFO] [stderr]    Compiling borsh-derive v0.9.3
[INFO] [stderr]    Compiling borsh-derive v0.10.3
[INFO] [stderr]    Compiling borsh v0.9.3
[INFO] [stderr]    Compiling borsh v0.10.3
[INFO] [stderr]    Compiling anchor-idl v0.4.0 (https://github.com/sunrise-stake/anchor-gen?branch=update/anchor-v0.29#7fae9e6b)
[INFO] [stderr]    Compiling anchor-attribute-program v0.29.0
[INFO] [stderr]    Compiling anchor-attribute-constant v0.29.0
[INFO] [stderr]    Compiling anchor-attribute-access-control v0.29.0
[INFO] [stderr]    Compiling anchor-derive-accounts v0.29.0
[INFO] [stderr]    Compiling anchor-attribute-error v0.29.0
[INFO] [stderr]    Compiling anchor-attribute-event v0.29.0
[INFO] [stderr]    Compiling anchor-derive-serde v0.29.0
[INFO] [stderr]    Compiling anchor-attribute-account v0.29.0
[INFO] [stderr]    Compiling anchor-generate-cpi-interface v0.4.0 (https://github.com/sunrise-stake/anchor-gen?branch=update/anchor-v0.29#7fae9e6b)
[INFO] [stderr]    Compiling anchor-generate-cpi-crate v0.4.0 (https://github.com/sunrise-stake/anchor-gen?branch=update/anchor-v0.29#7fae9e6b)
[INFO] [stderr]    Compiling anchor-gen v0.4.0 (https://github.com/sunrise-stake/anchor-gen?branch=update/anchor-v0.29#7fae9e6b)
[INFO] [stderr]    Compiling ark-poly v0.4.2
[INFO] [stderr]    Compiling ark-ec v0.4.2
[INFO] [stderr]    Compiling ark-bn254 v0.4.0
[INFO] [stderr]    Compiling light-poseidon v0.2.0
[INFO] [stderr] LLVM ERROR: IO failure on output stream: No space left on device
[INFO] [stderr] error: could not compile `solana-program` (lib)
[INFO] running `Command { std: "docker" "inspect" "c1117a699655dbefbd0051ec817cfbdf18c0cb3d66378e07c2821cced29fdc30", kill_on_drop: false }`
[INFO] running `Command { std: "docker" "rm" "-f" "c1117a699655dbefbd0051ec817cfbdf18c0cb3d66378e07c2821cced29fdc30", kill_on_drop: false }`
[INFO] [stdout] c1117a699655dbefbd0051ec817cfbdf18c0cb3d66378e07c2821cced29fdc30
[INFO] testing sunrise-stake/beam against beta-2023-12-22 for beta-1.76-1
[INFO] running `Command { std: "git" "clone" "/workspace/cache/git-repos/https%3A%2F%2Fgithub.com%2Fsunrise-stake%2Fbeam" "/workspace/builds/worker-6-tc2/source", kill_on_drop: false }`
[INFO] [stderr] Cloning into '/workspace/builds/worker-6-tc2/source'...
[INFO] [stderr] done.
[INFO] [stderr] error: unable to write file packages/tests/fixtures/marinade/marinade_finance.so
[INFO] [stderr] error: unable to write file packages/tests/fixtures/marinade/msol_leg.json
[INFO] [stderr] error: unable to write file packages/tests/fixtures/marinade/msol_mint.json
[INFO] [stderr] error: unable to write file packages/tests/fixtures/marinade/msol_vault.json
[INFO] [stderr] error: unable to write file packages/tests/fixtures/marinade/reserve_pda.json
[INFO] [stderr] error: unable to write file packages/tests/fixtures/marinade/sol_leg_pda.json
[INFO] [stderr] error: unable to write file packages/tests/fixtures/marinade/sp_beam_state.json
[INFO] [stderr] error: unable to write file packages/tests/fixtures/marinade/stake_list.json
[INFO] [stderr] error: unable to write file packages/tests/fixtures/marinade/state.json
[INFO] [stderr] error: unable to write file packages/tests/fixtures/marinade/ticket_account.json
[INFO] [stderr] error: unable to write file packages/tests/fixtures/marinade/treasury_msol_account.json
[INFO] [stderr] error: unable to write file packages/tests/fixtures/spl/spl_stake_pool.so
[INFO] [stderr] error: unable to write file packages/tests/fixtures/spl/updater_account.json
[INFO] [stderr] error: unable to write file packages/tests/fixtures/spl/validator_list.json
[INFO] [stderr] error: unable to write file packages/tests/fixtures/sunrise_state.json
[INFO] [stderr] error: unable to write file packages/tests/package.json
[INFO] [stderr] error: unable to write file packages/tests/run-all.sh
[INFO] [stderr] error: unable to write file packages/tests/run.sh
[INFO] [stderr] fatal: cannot create directory at 'packages/tests/src': No space left on device
[INFO] [stderr] warning: Clone succeeded, but checkout failed.
[INFO] [stderr] You can inspect what was checked out with 'git status'
[INFO] [stderr] and retry with 'git restore --source=HEAD :/'
[INFO] [stderr] 
[INFO] testing sunrise-stake/beam against beta-2023-12-22 for beta-1.76-1
[INFO] running `Command { std: "git" "clone" "/workspace/cache/git-repos/https%3A%2F%2Fgithub.com%2Fsunrise-stake%2Fbeam" "/workspace/builds/worker-6-tc2/source", kill_on_drop: false }`
[INFO] [stderr] Cloning into '/workspace/builds/worker-6-tc2/source'...
[INFO] [stderr] done.
[INFO] [stderr] error: unable to write file packages/tests/fixtures/marinade/marinade_finance.so
[INFO] [stderr] error: unable to write file packages/tests/fixtures/marinade/msol_leg.json
[INFO] [stderr] error: unable to write file packages/tests/fixtures/marinade/msol_mint.json
[INFO] [stderr] error: unable to write file packages/tests/fixtures/marinade/msol_vault.json
[INFO] [stderr] error: unable to write file packages/tests/fixtures/marinade/reserve_pda.json
[INFO] [stderr] error: unable to write file packages/tests/fixtures/marinade/sol_leg_pda.json
[INFO] [stderr] error: unable to write file packages/tests/fixtures/marinade/sp_beam_state.json
[INFO] [stderr] error: unable to write file packages/tests/fixtures/marinade/stake_list.json
[INFO] [stderr] error: unable to write file packages/tests/fixtures/marinade/state.json
[INFO] [stderr] error: unable to write file packages/tests/fixtures/marinade/ticket_account.json
[INFO] [stderr] error: unable to write file packages/tests/fixtures/marinade/treasury_msol_account.json
[INFO] [stderr] error: unable to write file packages/tests/fixtures/marinade/validator_list.json
[INFO] [stderr] error: unable to write file packages/tests/fixtures/provider.json
[INFO] [stderr] fatal: cannot create directory at 'packages/tests/fixtures/spl': No space left on device
[INFO] [stderr] warning: Clone succeeded, but checkout failed.
[INFO] [stderr] You can inspect what was checked out with 'git status'
[INFO] [stderr] and retry with 'git restore --source=HEAD :/'
[INFO] [stderr] 
[INFO] testing sunrise-stake/beam against beta-2023-12-22 for beta-1.76-1
[INFO] running `Command { std: "git" "clone" "/workspace/cache/git-repos/https%3A%2F%2Fgithub.com%2Fsunrise-stake%2Fbeam" "/workspace/builds/worker-6-tc2/source", kill_on_drop: false }`
[INFO] [stderr] Cloning into '/workspace/builds/worker-6-tc2/source'...
[INFO] [stderr] done.
[INFO] [stderr] error: unable to write file packages/tests/fixtures/marinade/marinade_finance.so
[INFO] [stderr] error: unable to write file packages/tests/fixtures/marinade/msol_leg.json
[INFO] [stderr] error: unable to write file packages/tests/fixtures/marinade/msol_mint.json
[INFO] [stderr] error: unable to write file packages/tests/fixtures/marinade/msol_vault.json
[INFO] [stderr] error: unable to write file packages/tests/fixtures/marinade/reserve_pda.json
[INFO] [stderr] error: unable to write file packages/tests/fixtures/marinade/sol_leg_pda.json
[INFO] [stderr] error: unable to write file packages/tests/fixtures/marinade/sp_beam_state.json
[INFO] [stderr] error: unable to write file packages/tests/fixtures/marinade/stake_list.json
[INFO] [stderr] error: unable to write file packages/tests/fixtures/marinade/state.json
[INFO] [stderr] error: unable to write file packages/tests/fixtures/marinade/ticket_account.json
[INFO] [stderr] error: unable to write file packages/tests/fixtures/marinade/treasury_msol_account.json
[INFO] [stderr] error: unable to write file packages/tests/fixtures/marinade/validator_list.json
[INFO] [stderr] error: unable to write file packages/tests/fixtures/provider.json
[INFO] [stderr] fatal: cannot create directory at 'packages/tests/fixtures/spl': No space left on device
[INFO] [stderr] warning: Clone succeeded, but checkout failed.
[INFO] [stderr] You can inspect what was checked out with 'git status'
[INFO] [stderr] and retry with 'git restore --source=HEAD :/'
[INFO] [stderr] 
[INFO] testing sunrise-stake/beam against beta-2023-12-22 for beta-1.76-1
[INFO] running `Command { std: "git" "clone" "/workspace/cache/git-repos/https%3A%2F%2Fgithub.com%2Fsunrise-stake%2Fbeam" "/workspace/builds/worker-6-tc2/source", kill_on_drop: false }`
[INFO] [stderr] Cloning into '/workspace/builds/worker-6-tc2/source'...
[INFO] [stderr] done.
[INFO] [stderr] error: unable to write file packages/tests/fixtures/marinade/lp_mint.json
[INFO] [stderr] error: unable to write file packages/tests/fixtures/marinade/lp_vault.json
[INFO] [stderr] error: unable to write file packages/tests/fixtures/marinade/marinade_finance.so
[INFO] [stderr] error: unable to write file packages/tests/fixtures/marinade/msol_leg.json
[INFO] [stderr] error: unable to write file packages/tests/fixtures/marinade/msol_mint.json
[INFO] [stderr] error: unable to write file packages/tests/fixtures/marinade/msol_vault.json
[INFO] [stderr] error: unable to write file packages/tests/fixtures/marinade/reserve_pda.json
[INFO] [stderr] error: unable to write file packages/tests/fixtures/marinade/sol_leg_pda.json
[INFO] [stderr] error: unable to write file packages/tests/fixtures/marinade/sp_beam_state.json
[INFO] [stderr] error: unable to write file packages/tests/fixtures/marinade/stake_list.json
[INFO] [stderr] error: unable to write file packages/tests/fixtures/marinade/state.json
[INFO] [stderr] error: unable to write file packages/tests/fixtures/marinade/ticket_account.json
[INFO] [stderr] error: unable to write file packages/tests/fixtures/marinade/treasury_msol_account.json
[INFO] [stderr] error: unable to write file packages/tests/fixtures/marinade/validator_list.json
[INFO] [stderr] error: unable to write file packages/tests/fixtures/provider.json
[INFO] [stderr] fatal: cannot create directory at 'packages/tests/fixtures/spl': No space left on device
[INFO] [stderr] warning: Clone succeeded, but checkout failed.
[INFO] [stderr] You can inspect what was checked out with 'git status'
[INFO] [stderr] and retry with 'git restore --source=HEAD :/'
[INFO] [stderr] 
[INFO] testing sunrise-stake/beam against beta-2023-12-22 for beta-1.76-1
[INFO] running `Command { std: "git" "clone" "/workspace/cache/git-repos/https%3A%2F%2Fgithub.com%2Fsunrise-stake%2Fbeam" "/workspace/builds/worker-6-tc2/source", kill_on_drop: false }`
[INFO] [stderr] Cloning into '/workspace/builds/worker-6-tc2/source'...
[INFO] [stderr] done.
[INFO] [stderr] error: unable to write file packages/tests/.eslintrc.yaml
[INFO] [stderr] error: unable to write file packages/tests/.mocharc.json
[INFO] [stderr] fatal: cannot create directory at 'packages/tests/fixtures': No space left on device
[INFO] [stderr] warning: Clone succeeded, but checkout failed.
[INFO] [stderr] You can inspect what was checked out with 'git status'
[INFO] [stderr] and retry with 'git restore --source=HEAD :/'
[INFO] [stderr] 
[ERROR] this task or one of its parent failed!
[ERROR] failed to checkout https://github.com/sunrise-stake/beam
[ERROR] caused by: command failed: exit status: 128
[ERROR] note: run with `RUST_BACKTRACE=1` to display a backtrace.
