[INFO] cloning repository https://github.com/stringhandler/tari-prediction-pool
[INFO] running `Command { std: "git" "-c" "credential.helper=" "-c" "credential.helper=/workspace/cargo-home/bin/git-credential-null" "clone" "--bare" "https://github.com/stringhandler/tari-prediction-pool" "/workspace/cache/git-repos/https%3A%2F%2Fgithub.com%2Fstringhandler%2Ftari-prediction-pool", kill_on_drop: false }`
[INFO] [stderr] Cloning into bare repository '/workspace/cache/git-repos/https%3A%2F%2Fgithub.com%2Fstringhandler%2Ftari-prediction-pool'...
[INFO] running `Command { std: "git" "rev-parse" "HEAD", kill_on_drop: false }`
[INFO] [stdout] 7f779dcebc29da0efbe65e2d6bf8018d4c120cc1
[INFO] testing stringhandler/tari-prediction-pool against 1.75.0 for beta-1.76-1
[INFO] running `Command { std: "git" "clone" "/workspace/cache/git-repos/https%3A%2F%2Fgithub.com%2Fstringhandler%2Ftari-prediction-pool" "/workspace/builds/worker-7-tc1/source", kill_on_drop: false }`
[INFO] [stderr] Cloning into '/workspace/builds/worker-7-tc1/source'...
[INFO] [stderr] done.
[INFO] validating manifest of git repo https://github.com/stringhandler/tari-prediction-pool on toolchain 1.75.0
[INFO] running `Command { std: CARGO_HOME="/workspace/cargo-home" RUSTUP_HOME="/workspace/rustup-home" "/workspace/cargo-home/bin/cargo" "+1.75.0" "metadata" "--manifest-path" "Cargo.toml" "--no-deps", kill_on_drop: false }`
[INFO] removed /workspace/builds/worker-7-tc1/source/.cargo/config
[INFO] started tweaking git repo https://github.com/stringhandler/tari-prediction-pool
[INFO] finished tweaking git repo https://github.com/stringhandler/tari-prediction-pool
[INFO] tweaked toml for git repo https://github.com/stringhandler/tari-prediction-pool written to /workspace/builds/worker-7-tc1/source/Cargo.toml
[INFO] crate git repo https://github.com/stringhandler/tari-prediction-pool already has a lockfile, it will not be regenerated
[INFO] running `Command { std: CARGO_HOME="/workspace/cargo-home" RUSTUP_HOME="/workspace/rustup-home" "/workspace/cargo-home/bin/cargo" "+1.75.0" "fetch" "--manifest-path" "Cargo.toml", kill_on_drop: false }`
[INFO] [stderr] warning: virtual workspace defaulting to `resolver = "1"` despite one or more workspace members being on edition 2021 which implies `resolver = "2"`
[INFO] [stderr] note: to keep the current resolver, specify `workspace.resolver = "1"` in the workspace root's manifest
[INFO] [stderr] note: to use the edition 2021 resolver, specify `workspace.resolver = "2"` in the workspace root's manifest
[INFO] [stderr] note: for more details see https://doc.rust-lang.org/cargo/reference/resolver.html#resolver-versions
[INFO] [stderr]     Blocking waiting for file lock on package cache
[INFO] [stderr]     Updating git repository `https://github.com/tari-project/tari-dan.git`
[INFO] [stderr] warning: skipping duplicate package `account` found at `/workspace/cargo-home/git/checkouts/tari-dan-12ea007b6e2bf2bb/d48c8f7/dan_layer/engine/tests/templates/errors`
[INFO] [stderr] warning: skipping duplicate package `faucet` found at `/workspace/cargo-home/git/checkouts/tari-dan-12ea007b6e2bf2bb/d48c8f7/dan_layer/engine/tests/templates/confidential/faucet`
[INFO] [stderr] warning: skipping duplicate package `faucet` found at `/workspace/cargo-home/git/checkouts/tari-dan-12ea007b6e2bf2bb/d48c8f7/integration_tests/src/templates/faucet`
[INFO] [stderr] warning: skipping duplicate package `basic_nft` found at `/workspace/cargo-home/git/checkouts/tari-dan-12ea007b6e2bf2bb/d48c8f7/integration_tests/src/templates/basic_nft`
[INFO] [stderr]     Updating git repository `https://github.com/tari-project/tari.git`
[INFO] [stderr]     Updating git repository `https://github.com/tari-project/tari-crypto.git`
[INFO] [stderr]     Updating git repository `https://github.com/tari-project/tari.git`
[INFO] [stderr]     Updating git repository `https://github.com/enarx/ciborium.git`
[INFO] [stderr]     Updating git repository `https://github.com/tari-project/log4rs.git`
[INFO] [stderr]     Updating crates.io index
[INFO] [stderr]     Updating git repository `https://github.com/stringhandler/d3ne-rs.git`
[INFO] [stderr]     Blocking waiting for file lock on package cache
[INFO] [stderr]  Downloading crates ...
[INFO] [stderr]   Downloaded wasm-encoder v0.33.2
[INFO] [stderr]   Downloaded cargo_toml v0.11.8
[INFO] [stderr]   Downloaded wat v1.0.75
[INFO] [stderr]   Downloaded tari_utilities v0.5.1
[INFO] [stderr]   Downloaded tari_bulletproofs_plus v0.3.2
[INFO] [stderr]   Downloaded tari_utilities v0.4.10
[INFO] [stderr]   Downloaded tari_crypto v0.18.0
[INFO] [stderr]   Downloaded wast v66.0.0
[INFO] [stderr]   Downloaded tari-curve25519-dalek v4.0.3
[INFO] running `Command { std: "docker" "create" "-v" "/var/lib/crater-agent-workspace/builds/worker-7-tc1/target:/opt/rustwide/target:rw,Z" "-v" "/var/lib/crater-agent-workspace/builds/worker-7-tc1/source:/opt/rustwide/workdir:ro,Z" "-v" "/var/lib/crater-agent-workspace/cargo-home:/opt/rustwide/cargo-home:ro,Z" "-v" "/var/lib/crater-agent-workspace/rustup-home:/opt/rustwide/rustup-home:ro,Z" "-e" "SOURCE_DIR=/opt/rustwide/workdir" "-e" "CARGO_TARGET_DIR=/opt/rustwide/target" "-e" "CARGO_HOME=/opt/rustwide/cargo-home" "-e" "RUSTUP_HOME=/opt/rustwide/rustup-home" "-w" "/opt/rustwide/workdir" "-m" "1610612736" "--user" "0:0" "--network" "none" "ghcr.io/rust-lang/crates-build-env/linux@sha256:2788e3201cd34a07e3172128adcd8b3090168a8e3bcc40d7c032b9dda1df7d1c" "/opt/rustwide/cargo-home/bin/cargo" "+1.75.0" "metadata" "--no-deps" "--format-version=1", kill_on_drop: false }`
[INFO] [stdout] 247c50a78ee6bdd14d045101944f3f6a06677e21614444e73fde8d590f63eec5
[INFO] running `Command { std: "docker" "start" "-a" "247c50a78ee6bdd14d045101944f3f6a06677e21614444e73fde8d590f63eec5", kill_on_drop: false }`
[INFO] running `Command { std: "docker" "inspect" "247c50a78ee6bdd14d045101944f3f6a06677e21614444e73fde8d590f63eec5", kill_on_drop: false }`
[INFO] running `Command { std: "docker" "rm" "-f" "247c50a78ee6bdd14d045101944f3f6a06677e21614444e73fde8d590f63eec5", kill_on_drop: false }`
[INFO] [stdout] 247c50a78ee6bdd14d045101944f3f6a06677e21614444e73fde8d590f63eec5
[INFO] running `Command { std: "docker" "create" "-v" "/var/lib/crater-agent-workspace/builds/worker-7-tc1/target:/opt/rustwide/target:rw,Z" "-v" "/var/lib/crater-agent-workspace/builds/worker-7-tc1/source:/opt/rustwide/workdir:ro,Z" "-v" "/var/lib/crater-agent-workspace/cargo-home:/opt/rustwide/cargo-home:ro,Z" "-v" "/var/lib/crater-agent-workspace/rustup-home:/opt/rustwide/rustup-home:ro,Z" "-e" "SOURCE_DIR=/opt/rustwide/workdir" "-e" "CARGO_TARGET_DIR=/opt/rustwide/target" "-e" "CARGO_INCREMENTAL=0" "-e" "RUST_BACKTRACE=full" "-e" "RUSTFLAGS=--cap-lints=warn" "-e" "RUSTDOCFLAGS=--cap-lints=warn" "-e" "CARGO_HOME=/opt/rustwide/cargo-home" "-e" "RUSTUP_HOME=/opt/rustwide/rustup-home" "-w" "/opt/rustwide/workdir" "-m" "1610612736" "--user" "0:0" "--network" "none" "ghcr.io/rust-lang/crates-build-env/linux@sha256:2788e3201cd34a07e3172128adcd8b3090168a8e3bcc40d7c032b9dda1df7d1c" "/opt/rustwide/cargo-home/bin/cargo" "+1.75.0" "build" "--frozen" "--message-format=json", kill_on_drop: false }`
[INFO] [stdout] 8f91e11bdaf207445bf8184423cce43669db9563d7aef5cd6a453fe6391b8e15
[INFO] running `Command { std: "docker" "start" "-a" "8f91e11bdaf207445bf8184423cce43669db9563d7aef5cd6a453fe6391b8e15", kill_on_drop: false }`
[INFO] [stderr] warning: virtual workspace defaulting to `resolver = "1"` despite one or more workspace members being on edition 2021 which implies `resolver = "2"`
[INFO] [stderr] note: to keep the current resolver, specify `workspace.resolver = "1"` in the workspace root's manifest
[INFO] [stderr] note: to use the edition 2021 resolver, specify `workspace.resolver = "2"` in the workspace root's manifest
[INFO] [stderr] note: for more details see https://doc.rust-lang.org/cargo/reference/resolver.html#resolver-versions
[INFO] [stderr] warning: skipping duplicate package `account` found at `/opt/rustwide/cargo-home/git/checkouts/tari-dan-12ea007b6e2bf2bb/d48c8f7/dan_layer/engine/tests/templates/errors`
[INFO] [stderr] warning: skipping duplicate package `faucet` found at `/opt/rustwide/cargo-home/git/checkouts/tari-dan-12ea007b6e2bf2bb/d48c8f7/dan_layer/engine/tests/templates/confidential/faucet`
[INFO] [stderr] warning: skipping duplicate package `faucet` found at `/opt/rustwide/cargo-home/git/checkouts/tari-dan-12ea007b6e2bf2bb/d48c8f7/integration_tests/src/templates/faucet`
[INFO] [stderr] warning: skipping duplicate package `basic_nft` found at `/opt/rustwide/cargo-home/git/checkouts/tari-dan-12ea007b6e2bf2bb/d48c8f7/integration_tests/src/templates/basic_nft`
[INFO] [stderr]     Finished dev [unoptimized + debuginfo] target(s) in 0.29s
[INFO] running `Command { std: "docker" "inspect" "8f91e11bdaf207445bf8184423cce43669db9563d7aef5cd6a453fe6391b8e15", kill_on_drop: false }`
[INFO] running `Command { std: "docker" "rm" "-f" "8f91e11bdaf207445bf8184423cce43669db9563d7aef5cd6a453fe6391b8e15", kill_on_drop: false }`
[INFO] [stdout] 8f91e11bdaf207445bf8184423cce43669db9563d7aef5cd6a453fe6391b8e15
[INFO] running `Command { std: "docker" "create" "-v" "/var/lib/crater-agent-workspace/builds/worker-7-tc1/target:/opt/rustwide/target:rw,Z" "-v" "/var/lib/crater-agent-workspace/builds/worker-7-tc1/source:/opt/rustwide/workdir:ro,Z" "-v" "/var/lib/crater-agent-workspace/cargo-home:/opt/rustwide/cargo-home:ro,Z" "-v" "/var/lib/crater-agent-workspace/rustup-home:/opt/rustwide/rustup-home:ro,Z" "-e" "SOURCE_DIR=/opt/rustwide/workdir" "-e" "CARGO_TARGET_DIR=/opt/rustwide/target" "-e" "CARGO_INCREMENTAL=0" "-e" "RUST_BACKTRACE=full" "-e" "RUSTFLAGS=--cap-lints=warn" "-e" "RUSTDOCFLAGS=--cap-lints=warn" "-e" "CARGO_HOME=/opt/rustwide/cargo-home" "-e" "RUSTUP_HOME=/opt/rustwide/rustup-home" "-w" "/opt/rustwide/workdir" "-m" "1610612736" "--user" "0:0" "--network" "none" "ghcr.io/rust-lang/crates-build-env/linux@sha256:2788e3201cd34a07e3172128adcd8b3090168a8e3bcc40d7c032b9dda1df7d1c" "/opt/rustwide/cargo-home/bin/cargo" "+1.75.0" "test" "--frozen" "--no-run" "--message-format=json", kill_on_drop: false }`
[INFO] [stdout] 7845658937a987fab939cfac61be2b76fdd6e391c8d21d39ef5720dc12f0a949
[INFO] running `Command { std: "docker" "start" "-a" "7845658937a987fab939cfac61be2b76fdd6e391c8d21d39ef5720dc12f0a949", kill_on_drop: false }`
[INFO] [stderr] warning: virtual workspace defaulting to `resolver = "1"` despite one or more workspace members being on edition 2021 which implies `resolver = "2"`
[INFO] [stderr] note: to keep the current resolver, specify `workspace.resolver = "1"` in the workspace root's manifest
[INFO] [stderr] note: to use the edition 2021 resolver, specify `workspace.resolver = "2"` in the workspace root's manifest
[INFO] [stderr] note: for more details see https://doc.rust-lang.org/cargo/reference/resolver.html#resolver-versions
[INFO] [stderr] warning: skipping duplicate package `account` found at `/opt/rustwide/cargo-home/git/checkouts/tari-dan-12ea007b6e2bf2bb/d48c8f7/dan_layer/engine/tests/templates/errors`
[INFO] [stderr] warning: skipping duplicate package `faucet` found at `/opt/rustwide/cargo-home/git/checkouts/tari-dan-12ea007b6e2bf2bb/d48c8f7/dan_layer/engine/tests/templates/confidential/faucet`
[INFO] [stderr] warning: skipping duplicate package `faucet` found at `/opt/rustwide/cargo-home/git/checkouts/tari-dan-12ea007b6e2bf2bb/d48c8f7/integration_tests/src/templates/faucet`
[INFO] [stderr] warning: skipping duplicate package `basic_nft` found at `/opt/rustwide/cargo-home/git/checkouts/tari-dan-12ea007b6e2bf2bb/d48c8f7/integration_tests/src/templates/basic_nft`
[INFO] [stderr]    Compiling proc-macro2 v1.0.69
[INFO] [stderr]    Compiling unicode-ident v1.0.12
[INFO] [stderr]    Compiling version_check v0.9.4
[INFO] [stderr]    Compiling cfg-if v1.0.0
[INFO] [stderr]    Compiling libc v0.2.149
[INFO] [stderr]    Compiling serde v1.0.188
[INFO] [stderr]    Compiling syn v1.0.109
[INFO] [stderr]    Compiling autocfg v1.1.0
[INFO] [stderr]    Compiling atomic-polyfill v1.0.3
[INFO] [stderr]    Compiling critical-section v1.1.2
[INFO] [stderr]    Compiling typenum v1.17.0
[INFO] [stderr]    Compiling ahash v0.7.6
[INFO] [stderr]    Compiling generic-array v0.14.7
[INFO] [stderr]    Compiling once_cell v1.18.0
[INFO] [stderr]    Compiling thiserror v1.0.49
[INFO] [stderr]    Compiling memchr v2.6.4
[INFO] [stderr]    Compiling indexmap v1.9.3
[INFO] [stderr]    Compiling subtle v2.5.0
[INFO] [stderr]    Compiling fnv v1.0.7
[INFO] [stderr]    Compiling either v1.9.0
[INFO] [stderr]    Compiling rustix v0.38.18
[INFO] [stderr]    Compiling lazy_static v1.4.0
[INFO] [stderr]    Compiling linux-raw-sys v0.4.10
[INFO] [stderr]    Compiling bitflags v2.4.0
[INFO] [stderr]    Compiling bitflags v1.3.2
[INFO] [stderr]    Compiling ryu v1.0.15
[INFO] [stderr]    Compiling quote v1.0.33
[INFO] [stderr]    Compiling proc-macro-error-attr v1.0.4
[INFO] [stderr]    Compiling unicode-width v0.1.11
[INFO] [stderr]    Compiling syn v2.0.38
[INFO] [stderr]    Compiling itoa v1.0.9
[INFO] [stderr]    Compiling serde_json v1.0.107
[INFO] [stderr]    Compiling proc-macro-error v1.0.4
[INFO] [stderr]    Compiling byteorder v1.5.0
[INFO] [stderr]    Compiling keccak v0.1.4
[INFO] [stderr]    Compiling ppv-lite86 v0.2.17
[INFO] [stderr]    Compiling getrandom v0.2.10
[INFO] [stderr]    Compiling fastrand v2.0.1
[INFO] [stderr]    Compiling rand_core v0.6.4
[INFO] [stderr]    Compiling hashbrown v0.12.3
[INFO] [stderr]    Compiling anyhow v1.0.75
[INFO] [stderr]    Compiling semver v1.0.20
[INFO] [stderr]    Compiling crypto-common v0.1.6
[INFO] [stderr]    Compiling unicode-segmentation v1.10.1
[INFO] [stderr]    Compiling cpufeatures v0.2.9
[INFO] [stderr]    Compiling block-buffer v0.10.4
[INFO] [stderr]    Compiling atty v0.2.14
[INFO] [stderr]    Compiling tempfile v3.8.0
[INFO] [stderr]    Compiling heck v0.3.3
[INFO] [stderr]    Compiling textwrap v0.11.0
[INFO] [stderr]    Compiling ansi_term v0.12.1
[INFO] [stderr]    Compiling newtype-ops v0.1.4
[INFO] [stderr]    Compiling strsim v0.8.0
[INFO] [stderr]    Compiling ident_case v1.0.1
[INFO] [stderr]    Compiling vec_map v0.8.2
[INFO] [stderr]    Compiling rustc_version v0.4.0
[INFO] [stderr]    Compiling digest v0.10.7
[INFO] [stderr]    Compiling clap v2.34.0
[INFO] [stderr]    Compiling cc v1.0.83
[INFO] [stderr]    Compiling num-traits v0.2.17
[INFO] [stderr]    Compiling ahash v0.8.3
[INFO] [stderr]    Compiling rustversion v1.0.14
[INFO] [stderr]    Compiling convert_case v0.4.0
[INFO] [stderr]    Compiling base64 v0.13.1
[INFO] [stderr]    Compiling home v0.5.5
[INFO] [stderr]    Compiling doc-comment v0.3.3
[INFO] [stderr]    Compiling tinyvec_macros v0.1.1
[INFO] [stderr]    Compiling target-lexicon v0.12.11
[INFO] [stderr]    Compiling platforms v3.1.2
[INFO] [stderr]    Compiling tinyvec v1.6.0
[INFO] [stderr]    Compiling tari-curve25519-dalek v4.0.3
[INFO] [stderr]    Compiling which v4.4.2
[INFO] [stderr]    Compiling rand_chacha v0.3.1
[INFO] [stderr]    Compiling equivalent v1.0.1
[INFO] [stderr]    Compiling backtrace v0.3.69
[INFO] [stderr]    Compiling rkyv v0.7.42
[INFO] [stderr]    Compiling hashbrown v0.14.1
[INFO] [stderr]    Compiling gimli v0.28.0
[INFO] [stderr]    Compiling adler v1.0.2
[INFO] [stderr]    Compiling smallvec v1.11.1
[INFO] [stderr]    Compiling heck v0.4.1
[INFO] [stderr]    Compiling opaque-debug v0.3.0
[INFO] [stderr]    Compiling unicode-xid v0.2.4
[INFO] [stderr]    Compiling unicode-normalization v0.1.22
[INFO] [stderr]    Compiling miniz_oxide v0.7.1
[INFO] [stderr]    Compiling darling_core v0.20.3
[INFO] [stderr]    Compiling indexmap v2.0.2
[INFO] [stderr]    Compiling synstructure v0.12.6
[INFO] [stderr]    Compiling borsh-schema-derive-internal v0.10.3
[INFO] [stderr]    Compiling borsh-derive-internal v0.10.3
[INFO] [stderr]    Compiling object v0.32.1
[INFO] [stderr]    Compiling async-trait v0.1.73
[INFO] [stderr]    Compiling linked-hash-map v0.5.6
[INFO] [stderr]    Compiling pin-project-lite v0.2.13
[INFO] [stderr]    Compiling addr2line v0.21.0
[INFO] [stderr]    Compiling unicode-bidi v0.3.13
[INFO] [stderr]    Compiling seahash v4.1.0
[INFO] [stderr]    Compiling percent-encoding v2.3.0
[INFO] [stderr]    Compiling destructure_traitobject v0.2.0
[INFO] [stderr]    Compiling rustc-demangle v0.1.23
[INFO] [stderr]    Compiling unsafe-any-ors v1.0.0
[INFO] [stderr]    Compiling idna v0.4.0
[INFO] [stderr]    Compiling serde_derive v1.0.188
[INFO] [stderr]    Compiling thiserror-impl v1.0.49
[INFO] [stderr]    Compiling zeroize_derive v1.4.2
[INFO] [stderr]    Compiling darling_macro v0.20.3
[INFO] [stderr]    Compiling curve25519-dalek-derive v0.1.0
[INFO] [stderr]    Compiling darling v0.20.3
[INFO] [stderr]    Compiling enumset_derive v0.8.1
[INFO] [stderr]    Compiling zeroize v1.6.0
[INFO] [stderr]    Compiling merlin v3.0.0
[INFO] [stderr]    Compiling form_urlencoded v1.2.0
[INFO] [stderr]    Compiling yaml-rust v0.4.5
[INFO] [stderr]    Compiling hashbrown v0.13.2
[INFO] [stderr]    Compiling ordered-float v2.10.1
[INFO] [stderr]    Compiling base58-monero v0.3.2
[INFO] [stderr]    Compiling rand v0.8.5
[INFO] [stderr]    Compiling sha3 v0.10.8
[INFO] [stderr]    Compiling blake2 v0.10.6
[INFO] [stderr]    Compiling derivative v2.2.0
[INFO] [stderr]    Compiling derive_more v0.99.17
[INFO] [stderr]    Compiling ptr_meta_derive v0.1.4
[INFO] [stderr]    Compiling snafu-derive v0.7.5
[INFO] [stderr]    Compiling enum-iterator-derive v0.7.0
[INFO] [stderr]    Compiling rkyv_derive v0.7.42
[INFO] [stderr]    Compiling loupe-derive v0.1.3
[INFO] [stderr]    Compiling ptr_meta v0.1.4
[INFO] [stderr]    Compiling enum-iterator v0.7.0
[INFO] [stderr]    Compiling itertools v0.6.5
[INFO] [stderr]    Compiling itertools v0.10.5
[INFO] [stderr]    Compiling core2 v0.4.0
[INFO] [stderr]    Compiling more-asserts v0.2.2
[INFO] [stderr]    Compiling scopeguard v1.2.0
[INFO] [stderr]    Compiling minimal-lexical v0.2.1
[INFO] [stderr]    Compiling unsigned-varint v0.7.2
[INFO] [stderr]    Compiling nom v7.1.3
[INFO] [stderr]    Compiling enumset v1.1.2
[INFO] [stderr]    Compiling prost-derive v0.9.0
[INFO] [stderr]    Compiling structopt-derive v0.4.18
[INFO] [stderr]    Compiling snafu v0.7.5
[INFO] [stderr]    Compiling url v2.4.1
[INFO] [stderr]    Compiling typemap-ors v1.0.0
[INFO] [stderr]    Compiling dirs-sys-next v0.1.2
[INFO] [stderr]    Compiling aho-corasick v1.1.2
[INFO] [stderr]    Compiling arc-swap v1.6.0
[INFO] [stderr]    Compiling wasmparser v0.83.0
[INFO] [stderr]    Compiling unsafe-libyaml v0.2.9
[INFO] [stderr]    Compiling data-encoding v2.4.0
[INFO] [stderr]    Compiling arrayref v0.3.7
[INFO] [stderr]    Compiling static_assertions v1.1.0
[INFO] [stderr]    Compiling regex-syntax v0.8.0
[INFO] [stderr]    Compiling log v0.4.20
[INFO] [stderr]    Compiling toml v0.5.11
[INFO] [stderr]    Compiling bincode v1.3.3
[INFO] [stderr]    Compiling loupe v0.1.3
[INFO] [stderr]    Compiling wasmer-types v2.3.0
[INFO] [stderr]    Compiling serde_yaml v0.8.26
[INFO] [stdout] error: couldn't create a temp dir: No space left on device (os error 28) at path "/opt/rustwide/target/debug/deps/rmetaP95JHE"
[INFO] [stdout] 
[INFO] [stdout] 
[INFO] [stderr] LLVM ERROR: IO failure on output stream: No space left on device
[INFO] [stderr] LLVM ERROR: IO failure on output stream: No space left on device
[INFO] [stderr] error: could not compile `wasmparser` (lib)
[INFO] [stderr] warning: build failed, waiting for other jobs to finish...
[INFO] [stderr] error: could not compile `tari-curve25519-dalek` (lib) due to previous error
[INFO] [stderr] LLVM ERROR: IO failure on output stream: No space left on device
[INFO] [stderr] error: could not compile `aho-corasick` (lib)
[INFO] [stderr] LLVM ERROR: IO failure on output stream: No space left on device
[INFO] [stderr] error: could not compile `serde_yaml` (lib)
[INFO] [stderr] error: could not compile `toml` (lib)
[INFO] [stderr] LLVM ERROR: IO failure on output stream: No space left on device
[INFO] [stderr] error: could not compile `serde_json` (lib)
[INFO] [stdout] error: couldn't create a temp dir: No space left on device (os error 28) at path "/opt/rustwide/target/debug/deps/rmetaQoWjgJ"
[INFO] [stdout] 
[INFO] [stdout] 
[INFO] [stderr] error: could not compile `regex-syntax` (lib) due to previous error
[INFO] [stderr] LLVM ERROR: IO failure on output stream: No space left on device
[INFO] [stderr] error: could not compile `wasmer-types` (lib)
[INFO] running `Command { std: "docker" "inspect" "7845658937a987fab939cfac61be2b76fdd6e391c8d21d39ef5720dc12f0a949", kill_on_drop: false }`
[INFO] running `Command { std: "docker" "rm" "-f" "7845658937a987fab939cfac61be2b76fdd6e391c8d21d39ef5720dc12f0a949", kill_on_drop: false }`
[INFO] [stdout] 7845658937a987fab939cfac61be2b76fdd6e391c8d21d39ef5720dc12f0a949
[INFO] testing stringhandler/tari-prediction-pool against beta-2023-12-22 for beta-1.76-1
[INFO] running `Command { std: "git" "clone" "/workspace/cache/git-repos/https%3A%2F%2Fgithub.com%2Fstringhandler%2Ftari-prediction-pool" "/workspace/builds/worker-7-tc2/source", kill_on_drop: false }`
[INFO] [stderr] Cloning into '/workspace/builds/worker-7-tc2/source'...
[INFO] [stderr] done.
[INFO] validating manifest of git repo https://github.com/stringhandler/tari-prediction-pool on toolchain beta-2023-12-22
[INFO] running `Command { std: CARGO_HOME="/workspace/cargo-home" RUSTUP_HOME="/workspace/rustup-home" "/workspace/cargo-home/bin/cargo" "+beta-2023-12-22" "metadata" "--manifest-path" "Cargo.toml" "--no-deps", kill_on_drop: false }`
[INFO] removed /workspace/builds/worker-7-tc2/source/.cargo/config
[INFO] started tweaking git repo https://github.com/stringhandler/tari-prediction-pool
[INFO] finished tweaking git repo https://github.com/stringhandler/tari-prediction-pool
[INFO] tweaked toml for git repo https://github.com/stringhandler/tari-prediction-pool written to /workspace/builds/worker-7-tc2/source/Cargo.toml
[INFO] crate git repo https://github.com/stringhandler/tari-prediction-pool already has a lockfile, it will not be regenerated
[INFO] running `Command { std: CARGO_HOME="/workspace/cargo-home" RUSTUP_HOME="/workspace/rustup-home" "/workspace/cargo-home/bin/cargo" "+beta-2023-12-22" "fetch" "--manifest-path" "Cargo.toml", kill_on_drop: false }`
[INFO] [stderr] warning: virtual workspace defaulting to `resolver = "1"` despite one or more workspace members being on edition 2021 which implies `resolver = "2"`
[INFO] [stderr] note: to keep the current resolver, specify `workspace.resolver = "1"` in the workspace root's manifest
[INFO] [stderr] note: to use the edition 2021 resolver, specify `workspace.resolver = "2"` in the workspace root's manifest
[INFO] [stderr] note: for more details see https://doc.rust-lang.org/cargo/reference/resolver.html#resolver-versions
[INFO] [stderr] warning: skipping duplicate package `account` found at `/workspace/cargo-home/git/checkouts/tari-dan-12ea007b6e2bf2bb/d48c8f7/dan_layer/engine/tests/templates/errors`
[INFO] [stderr] warning: skipping duplicate package `faucet` found at `/workspace/cargo-home/git/checkouts/tari-dan-12ea007b6e2bf2bb/d48c8f7/dan_layer/engine/tests/templates/confidential/faucet`
[INFO] [stderr] warning: skipping duplicate package `faucet` found at `/workspace/cargo-home/git/checkouts/tari-dan-12ea007b6e2bf2bb/d48c8f7/integration_tests/src/templates/faucet`
[INFO] [stderr] warning: skipping duplicate package `basic_nft` found at `/workspace/cargo-home/git/checkouts/tari-dan-12ea007b6e2bf2bb/d48c8f7/integration_tests/src/templates/basic_nft`
[INFO] running `Command { std: "docker" "create" "-v" "/var/lib/crater-agent-workspace/builds/worker-7-tc2/target:/opt/rustwide/target:rw,Z" "-v" "/var/lib/crater-agent-workspace/builds/worker-7-tc2/source:/opt/rustwide/workdir:ro,Z" "-v" "/var/lib/crater-agent-workspace/cargo-home:/opt/rustwide/cargo-home:ro,Z" "-v" "/var/lib/crater-agent-workspace/rustup-home:/opt/rustwide/rustup-home:ro,Z" "-e" "SOURCE_DIR=/opt/rustwide/workdir" "-e" "CARGO_TARGET_DIR=/opt/rustwide/target" "-e" "CARGO_HOME=/opt/rustwide/cargo-home" "-e" "RUSTUP_HOME=/opt/rustwide/rustup-home" "-w" "/opt/rustwide/workdir" "-m" "1610612736" "--user" "0:0" "--network" "none" "ghcr.io/rust-lang/crates-build-env/linux@sha256:2788e3201cd34a07e3172128adcd8b3090168a8e3bcc40d7c032b9dda1df7d1c" "/opt/rustwide/cargo-home/bin/cargo" "+beta-2023-12-22" "metadata" "--no-deps" "--format-version=1", kill_on_drop: false }`
[INFO] [stdout] 80a31b98fd8d57817b34637ee8e416498af7d8127d873a6160cc781bf98070df
[INFO] running `Command { std: "docker" "start" "-a" "80a31b98fd8d57817b34637ee8e416498af7d8127d873a6160cc781bf98070df", kill_on_drop: false }`
[INFO] running `Command { std: "docker" "inspect" "80a31b98fd8d57817b34637ee8e416498af7d8127d873a6160cc781bf98070df", kill_on_drop: false }`
[INFO] running `Command { std: "docker" "rm" "-f" "80a31b98fd8d57817b34637ee8e416498af7d8127d873a6160cc781bf98070df", kill_on_drop: false }`
[INFO] [stdout] 80a31b98fd8d57817b34637ee8e416498af7d8127d873a6160cc781bf98070df
[INFO] testing stringhandler/tari-prediction-pool against beta-2023-12-22 for beta-1.76-1
[INFO] running `Command { std: "git" "clone" "/workspace/cache/git-repos/https%3A%2F%2Fgithub.com%2Fstringhandler%2Ftari-prediction-pool" "/workspace/builds/worker-7-tc2/source", kill_on_drop: false }`
[INFO] [stderr] Cloning into '/workspace/builds/worker-7-tc2/source'...
[INFO] [stderr] done.
[INFO] validating manifest of git repo https://github.com/stringhandler/tari-prediction-pool on toolchain beta-2023-12-22
[INFO] running `Command { std: CARGO_HOME="/workspace/cargo-home" RUSTUP_HOME="/workspace/rustup-home" "/workspace/cargo-home/bin/cargo" "+beta-2023-12-22" "metadata" "--manifest-path" "Cargo.toml" "--no-deps", kill_on_drop: false }`
[INFO] removed /workspace/builds/worker-7-tc2/source/.cargo/config
[INFO] started tweaking git repo https://github.com/stringhandler/tari-prediction-pool
[INFO] finished tweaking git repo https://github.com/stringhandler/tari-prediction-pool
[INFO] tweaked toml for git repo https://github.com/stringhandler/tari-prediction-pool written to /workspace/builds/worker-7-tc2/source/Cargo.toml
[INFO] crate git repo https://github.com/stringhandler/tari-prediction-pool already has a lockfile, it will not be regenerated
[INFO] running `Command { std: CARGO_HOME="/workspace/cargo-home" RUSTUP_HOME="/workspace/rustup-home" "/workspace/cargo-home/bin/cargo" "+beta-2023-12-22" "fetch" "--manifest-path" "Cargo.toml", kill_on_drop: false }`
[INFO] [stderr] warning: virtual workspace defaulting to `resolver = "1"` despite one or more workspace members being on edition 2021 which implies `resolver = "2"`
[INFO] [stderr] note: to keep the current resolver, specify `workspace.resolver = "1"` in the workspace root's manifest
[INFO] [stderr] note: to use the edition 2021 resolver, specify `workspace.resolver = "2"` in the workspace root's manifest
[INFO] [stderr] note: for more details see https://doc.rust-lang.org/cargo/reference/resolver.html#resolver-versions
[INFO] [stderr]     Blocking waiting for file lock on package cache
[INFO] [stderr] warning: skipping duplicate package `account` found at `/workspace/cargo-home/git/checkouts/tari-dan-12ea007b6e2bf2bb/d48c8f7/dan_layer/engine/tests/templates/errors`
[INFO] [stderr] warning: skipping duplicate package `faucet` found at `/workspace/cargo-home/git/checkouts/tari-dan-12ea007b6e2bf2bb/d48c8f7/dan_layer/engine/tests/templates/confidential/faucet`
[INFO] [stderr] warning: skipping duplicate package `faucet` found at `/workspace/cargo-home/git/checkouts/tari-dan-12ea007b6e2bf2bb/d48c8f7/integration_tests/src/templates/faucet`
[INFO] [stderr] warning: skipping duplicate package `basic_nft` found at `/workspace/cargo-home/git/checkouts/tari-dan-12ea007b6e2bf2bb/d48c8f7/integration_tests/src/templates/basic_nft`
[INFO] running `Command { std: "docker" "create" "-v" "/var/lib/crater-agent-workspace/builds/worker-7-tc2/target:/opt/rustwide/target:rw,Z" "-v" "/var/lib/crater-agent-workspace/builds/worker-7-tc2/source:/opt/rustwide/workdir:ro,Z" "-v" "/var/lib/crater-agent-workspace/cargo-home:/opt/rustwide/cargo-home:ro,Z" "-v" "/var/lib/crater-agent-workspace/rustup-home:/opt/rustwide/rustup-home:ro,Z" "-e" "SOURCE_DIR=/opt/rustwide/workdir" "-e" "CARGO_TARGET_DIR=/opt/rustwide/target" "-e" "CARGO_HOME=/opt/rustwide/cargo-home" "-e" "RUSTUP_HOME=/opt/rustwide/rustup-home" "-w" "/opt/rustwide/workdir" "-m" "1610612736" "--user" "0:0" "--network" "none" "ghcr.io/rust-lang/crates-build-env/linux@sha256:2788e3201cd34a07e3172128adcd8b3090168a8e3bcc40d7c032b9dda1df7d1c" "/opt/rustwide/cargo-home/bin/cargo" "+beta-2023-12-22" "metadata" "--no-deps" "--format-version=1", kill_on_drop: false }`
[INFO] [stderr] Error response from daemon: mkdir /var/lib/docker/overlay2/1d66ef06622e973f8373d9583a7aeb710e833480a5a6f22cd9b3b6cf7f3db80c-init/merged/dev/pts: no space left on device
[INFO] testing stringhandler/tari-prediction-pool against beta-2023-12-22 for beta-1.76-1
[INFO] running `Command { std: "git" "clone" "/workspace/cache/git-repos/https%3A%2F%2Fgithub.com%2Fstringhandler%2Ftari-prediction-pool" "/workspace/builds/worker-7-tc2/source", kill_on_drop: false }`
[INFO] [stderr] Cloning into '/workspace/builds/worker-7-tc2/source'...
[INFO] [stderr] done.
[INFO] [stderr] fatal: unable to write new index file
[INFO] [stderr] warning: Clone succeeded, but checkout failed.
[INFO] [stderr] You can inspect what was checked out with 'git status'
[INFO] [stderr] and retry with 'git restore --source=HEAD :/'
[INFO] [stderr] 
[INFO] testing stringhandler/tari-prediction-pool against beta-2023-12-22 for beta-1.76-1
[INFO] running `Command { std: "git" "clone" "/workspace/cache/git-repos/https%3A%2F%2Fgithub.com%2Fstringhandler%2Ftari-prediction-pool" "/workspace/builds/worker-7-tc2/source", kill_on_drop: false }`
[INFO] [stderr] Cloning into '/workspace/builds/worker-7-tc2/source'...
[INFO] [stderr] done.
[INFO] [stderr] error: unable to write file tests/tests/test.rs
[INFO] [stderr] fatal: unable to checkout working tree
[INFO] [stderr] warning: Clone succeeded, but checkout failed.
[INFO] [stderr] You can inspect what was checked out with 'git status'
[INFO] [stderr] and retry with 'git restore --source=HEAD :/'
[INFO] [stderr] 
[INFO] testing stringhandler/tari-prediction-pool against beta-2023-12-22 for beta-1.76-1
[INFO] running `Command { std: "git" "clone" "/workspace/cache/git-repos/https%3A%2F%2Fgithub.com%2Fstringhandler%2Ftari-prediction-pool" "/workspace/builds/worker-7-tc2/source", kill_on_drop: false }`
[INFO] [stderr] Cloning into '/workspace/builds/worker-7-tc2/source'...
[INFO] [stderr] done.
[INFO] [stderr] error: unable to write file tests/tests/test.rs
[INFO] [stderr] fatal: unable to checkout working tree
[INFO] [stderr] warning: Clone succeeded, but checkout failed.
[INFO] [stderr] You can inspect what was checked out with 'git status'
[INFO] [stderr] and retry with 'git restore --source=HEAD :/'
[INFO] [stderr] 
[ERROR] this task or one of its parent failed!
[ERROR] failed to checkout https://github.com/stringhandler/tari-prediction-pool
[ERROR] caused by: command failed: exit status: 128
[ERROR] note: run with `RUST_BACKTRACE=1` to display a backtrace.
