[INFO] cloning repository https://github.com/stewart/ukodus-rs
[INFO] running `Command { std: "git" "-c" "credential.helper=" "-c" "credential.helper=/workspace/cargo-home/bin/git-credential-null" "clone" "--bare" "https://github.com/stewart/ukodus-rs" "/workspace/cache/git-repos/https%3A%2F%2Fgithub.com%2Fstewart%2Fukodus-rs", kill_on_drop: false }`
[INFO] [stderr] Cloning into bare repository '/workspace/cache/git-repos/https%3A%2F%2Fgithub.com%2Fstewart%2Fukodus-rs'...
[INFO] running `Command { std: "git" "rev-parse" "HEAD", kill_on_drop: false }`
[INFO] [stdout] f7e580ec4454b65dbe1108a46e37b43092226acc
[INFO] testing stewart/ukodus-rs against 1.75.0 for beta-1.76-1
[INFO] running `Command { std: "git" "clone" "/workspace/cache/git-repos/https%3A%2F%2Fgithub.com%2Fstewart%2Fukodus-rs" "/workspace/builds/worker-0-tc1/source", kill_on_drop: false }`
[INFO] [stderr] Cloning into '/workspace/builds/worker-0-tc1/source'...
[INFO] [stderr] done.
[INFO] validating manifest of git repo https://github.com/stewart/ukodus-rs on toolchain 1.75.0
[INFO] running `Command { std: CARGO_HOME="/workspace/cargo-home" RUSTUP_HOME="/workspace/rustup-home" "/workspace/cargo-home/bin/cargo" "+1.75.0" "metadata" "--manifest-path" "Cargo.toml" "--no-deps", kill_on_drop: false }`
[INFO] started tweaking git repo https://github.com/stewart/ukodus-rs
[INFO] finished tweaking git repo https://github.com/stewart/ukodus-rs
[INFO] tweaked toml for git repo https://github.com/stewart/ukodus-rs written to /workspace/builds/worker-0-tc1/source/Cargo.toml
[INFO] crate git repo https://github.com/stewart/ukodus-rs already has a lockfile, it will not be regenerated
[INFO] running `Command { std: CARGO_HOME="/workspace/cargo-home" RUSTUP_HOME="/workspace/rustup-home" "/workspace/cargo-home/bin/cargo" "+1.75.0" "fetch" "--manifest-path" "Cargo.toml", kill_on_drop: false }`
[INFO] [stderr]     Blocking waiting for file lock on package cache
[ERROR] error running command: no output for 300 seconds
[ERROR] this task or one of its parent failed!
[ERROR] no output for 300 seconds
[ERROR] note: run with `RUST_BACKTRACE=1` to display a backtrace.
[INFO] testing stewart/ukodus-rs against beta-2023-12-22 for beta-1.76-1
[INFO] running `Command { std: "git" "clone" "/workspace/cache/git-repos/https%3A%2F%2Fgithub.com%2Fstewart%2Fukodus-rs" "/workspace/builds/worker-0-tc2/source", kill_on_drop: false }`
[INFO] [stderr] Cloning into '/workspace/builds/worker-0-tc2/source'...
[INFO] [stderr] done.
[INFO] validating manifest of git repo https://github.com/stewart/ukodus-rs on toolchain beta-2023-12-22
[INFO] running `Command { std: CARGO_HOME="/workspace/cargo-home" RUSTUP_HOME="/workspace/rustup-home" "/workspace/cargo-home/bin/cargo" "+beta-2023-12-22" "metadata" "--manifest-path" "Cargo.toml" "--no-deps", kill_on_drop: false }`
[INFO] started tweaking git repo https://github.com/stewart/ukodus-rs
[INFO] finished tweaking git repo https://github.com/stewart/ukodus-rs
[INFO] tweaked toml for git repo https://github.com/stewart/ukodus-rs written to /workspace/builds/worker-0-tc2/source/Cargo.toml
[INFO] crate git repo https://github.com/stewart/ukodus-rs already has a lockfile, it will not be regenerated
[INFO] running `Command { std: CARGO_HOME="/workspace/cargo-home" RUSTUP_HOME="/workspace/rustup-home" "/workspace/cargo-home/bin/cargo" "+beta-2023-12-22" "fetch" "--manifest-path" "Cargo.toml", kill_on_drop: false }`
[INFO] [stderr]     Blocking waiting for file lock on package cache
[INFO] [stderr]     Blocking waiting for file lock on package cache
[INFO] [stderr]  Downloading crates ...
[INFO] [stderr]   Downloaded itertools v0.7.2
[INFO] running `Command { std: "docker" "create" "-v" "/var/lib/crater-agent-workspace/builds/worker-0-tc2/target:/opt/rustwide/target:rw,Z" "-v" "/var/lib/crater-agent-workspace/builds/worker-0-tc2/source:/opt/rustwide/workdir:ro,Z" "-v" "/var/lib/crater-agent-workspace/cargo-home:/opt/rustwide/cargo-home:ro,Z" "-v" "/var/lib/crater-agent-workspace/rustup-home:/opt/rustwide/rustup-home:ro,Z" "-e" "SOURCE_DIR=/opt/rustwide/workdir" "-e" "CARGO_TARGET_DIR=/opt/rustwide/target" "-e" "CARGO_HOME=/opt/rustwide/cargo-home" "-e" "RUSTUP_HOME=/opt/rustwide/rustup-home" "-w" "/opt/rustwide/workdir" "-m" "1610612736" "--user" "0:0" "--network" "none" "ghcr.io/rust-lang/crates-build-env/linux@sha256:2788e3201cd34a07e3172128adcd8b3090168a8e3bcc40d7c032b9dda1df7d1c" "/opt/rustwide/cargo-home/bin/cargo" "+beta-2023-12-22" "metadata" "--no-deps" "--format-version=1", kill_on_drop: false }`
[INFO] [stdout] f3287b70b9fd77e75c65818665d98643caca47151a6165e5af85c78bc4bd8bb6
[INFO] running `Command { std: "docker" "start" "-a" "f3287b70b9fd77e75c65818665d98643caca47151a6165e5af85c78bc4bd8bb6", kill_on_drop: false }`
[INFO] running `Command { std: "docker" "inspect" "f3287b70b9fd77e75c65818665d98643caca47151a6165e5af85c78bc4bd8bb6", kill_on_drop: false }`
[INFO] running `Command { std: "docker" "rm" "-f" "f3287b70b9fd77e75c65818665d98643caca47151a6165e5af85c78bc4bd8bb6", kill_on_drop: false }`
[INFO] [stdout] f3287b70b9fd77e75c65818665d98643caca47151a6165e5af85c78bc4bd8bb6
[INFO] running `Command { std: "docker" "create" "-v" "/var/lib/crater-agent-workspace/builds/worker-0-tc2/target:/opt/rustwide/target:rw,Z" "-v" "/var/lib/crater-agent-workspace/builds/worker-0-tc2/source:/opt/rustwide/workdir:ro,Z" "-v" "/var/lib/crater-agent-workspace/cargo-home:/opt/rustwide/cargo-home:ro,Z" "-v" "/var/lib/crater-agent-workspace/rustup-home:/opt/rustwide/rustup-home:ro,Z" "-e" "SOURCE_DIR=/opt/rustwide/workdir" "-e" "CARGO_TARGET_DIR=/opt/rustwide/target" "-e" "CARGO_INCREMENTAL=0" "-e" "RUST_BACKTRACE=full" "-e" "RUSTFLAGS=--cap-lints=warn" "-e" "RUSTDOCFLAGS=--cap-lints=warn" "-e" "CARGO_HOME=/opt/rustwide/cargo-home" "-e" "RUSTUP_HOME=/opt/rustwide/rustup-home" "-w" "/opt/rustwide/workdir" "-m" "1610612736" "--user" "0:0" "--network" "none" "ghcr.io/rust-lang/crates-build-env/linux@sha256:2788e3201cd34a07e3172128adcd8b3090168a8e3bcc40d7c032b9dda1df7d1c" "/opt/rustwide/cargo-home/bin/cargo" "+beta-2023-12-22" "build" "--frozen" "--message-format=json", kill_on_drop: false }`
[INFO] [stdout] 39b07dc72fbe5261fd096fc8097d51739e7b496198f4ab066c4960930aa72ff4
[INFO] running `Command { std: "docker" "start" "-a" "39b07dc72fbe5261fd096fc8097d51739e7b496198f4ab066c4960930aa72ff4", kill_on_drop: false }`
[INFO] [stderr]    Compiling libc v0.2.33
[INFO] [stderr]    Compiling either v1.3.0
[INFO] [stderr]    Compiling scopeguard v0.3.3
[INFO] [stderr]    Compiling rayon-core v1.3.0
[INFO] [stderr]    Compiling lazy_static v0.2.11
[INFO] [stderr]    Compiling coco v0.1.1
[INFO] [stderr]    Compiling itertools v0.7.2
[INFO] [stderr]    Compiling num_cpus v1.7.0
[INFO] [stderr]    Compiling rand v0.3.18
[INFO] [stderr]    Compiling rayon v0.9.0
[INFO] [stderr]    Compiling ukodus v0.1.0 (/opt/rustwide/workdir)
[INFO] [stdout] warning: this method call resolves to `<&[T; N] as IntoIterator>::into_iter` (due to backwards compatibility), but will resolve to <[T; N] as IntoIterator>::into_iter in Rust 2021
[INFO] [stdout]  --> src/main.rs:9:9
[INFO] [stdout]   |
[INFO] [stdout] 9 |         into_iter().
[INFO] [stdout]   |         ^^^^^^^^^
[INFO] [stdout]   |
[INFO] [stdout]   = warning: this changes meaning in Rust 2021
[INFO] [stdout]   = note: for more information, see <https://doc.rust-lang.org/nightly/edition-guide/rust-2021/IntoIterator-for-arrays.html>
[INFO] [stdout]   = note: `#[warn(array_into_iter)]` on by default
[INFO] [stdout] help: use `.iter()` instead of `.into_iter()` to avoid ambiguity
[INFO] [stdout]   |
[INFO] [stdout] 9 |         iter().
[INFO] [stdout]   |         ~~~~
[INFO] [stdout] help: or use `IntoIterator::into_iter(..)` instead of `.into_iter()` to explicitly iterate by value
[INFO] [stdout]   |
[INFO] [stdout] 8 |     let score = IntoIterator::into_iter(PROBLEMS).
[INFO] [stdout]   |                 ++++++++++++++++++++++++        ~
[INFO] [stdout] 
[INFO] [stdout] 
[INFO] [stdout] warning: 1 warning emitted
[INFO] [stdout] 
[INFO] [stdout] 
[INFO] [stderr]     Finished dev [unoptimized + debuginfo] target(s) in 3.75s
[INFO] running `Command { std: "docker" "inspect" "39b07dc72fbe5261fd096fc8097d51739e7b496198f4ab066c4960930aa72ff4", kill_on_drop: false }`
[INFO] running `Command { std: "docker" "rm" "-f" "39b07dc72fbe5261fd096fc8097d51739e7b496198f4ab066c4960930aa72ff4", kill_on_drop: false }`
[INFO] [stdout] 39b07dc72fbe5261fd096fc8097d51739e7b496198f4ab066c4960930aa72ff4
[INFO] running `Command { std: "docker" "create" "-v" "/var/lib/crater-agent-workspace/builds/worker-0-tc2/target:/opt/rustwide/target:rw,Z" "-v" "/var/lib/crater-agent-workspace/builds/worker-0-tc2/source:/opt/rustwide/workdir:ro,Z" "-v" "/var/lib/crater-agent-workspace/cargo-home:/opt/rustwide/cargo-home:ro,Z" "-v" "/var/lib/crater-agent-workspace/rustup-home:/opt/rustwide/rustup-home:ro,Z" "-e" "SOURCE_DIR=/opt/rustwide/workdir" "-e" "CARGO_TARGET_DIR=/opt/rustwide/target" "-e" "CARGO_INCREMENTAL=0" "-e" "RUST_BACKTRACE=full" "-e" "RUSTFLAGS=--cap-lints=warn" "-e" "RUSTDOCFLAGS=--cap-lints=warn" "-e" "CARGO_HOME=/opt/rustwide/cargo-home" "-e" "RUSTUP_HOME=/opt/rustwide/rustup-home" "-w" "/opt/rustwide/workdir" "-m" "1610612736" "--user" "0:0" "--network" "none" "ghcr.io/rust-lang/crates-build-env/linux@sha256:2788e3201cd34a07e3172128adcd8b3090168a8e3bcc40d7c032b9dda1df7d1c" "/opt/rustwide/cargo-home/bin/cargo" "+beta-2023-12-22" "test" "--frozen" "--no-run" "--message-format=json", kill_on_drop: false }`
[INFO] [stdout] 0111990ad67bc36d0ae91ae2f86859dd69b6e08bc03aff89b1db08d3fce2bee2
[INFO] running `Command { std: "docker" "start" "-a" "0111990ad67bc36d0ae91ae2f86859dd69b6e08bc03aff89b1db08d3fce2bee2", kill_on_drop: false }`
[INFO] [stderr]    Compiling ukodus v0.1.0 (/opt/rustwide/workdir)
[INFO] [stdout] warning: this method call resolves to `<&[T; N] as IntoIterator>::into_iter` (due to backwards compatibility), but will resolve to <[T; N] as IntoIterator>::into_iter in Rust 2021
[INFO] [stdout]  --> src/main.rs:9:9
[INFO] [stdout]   |
[INFO] [stdout] 9 |         into_iter().
[INFO] [stdout]   |         ^^^^^^^^^
[INFO] [stdout]   |
[INFO] [stdout]   = warning: this changes meaning in Rust 2021
[INFO] [stdout]   = note: for more information, see <https://doc.rust-lang.org/nightly/edition-guide/rust-2021/IntoIterator-for-arrays.html>
[INFO] [stdout]   = note: `#[warn(array_into_iter)]` on by default
[INFO] [stdout] help: use `.iter()` instead of `.into_iter()` to avoid ambiguity
[INFO] [stdout]   |
[INFO] [stdout] 9 |         iter().
[INFO] [stdout]   |         ~~~~
[INFO] [stdout] help: or use `IntoIterator::into_iter(..)` instead of `.into_iter()` to explicitly iterate by value
[INFO] [stdout]   |
[INFO] [stdout] 8 |     let score = IntoIterator::into_iter(PROBLEMS).
[INFO] [stdout]   |                 ++++++++++++++++++++++++        ~
[INFO] [stdout] 
[INFO] [stdout] 
[INFO] [stdout] warning: 1 warning emitted
[INFO] [stdout] 
[INFO] [stdout] 
[INFO] [stderr]     Finished test [unoptimized + debuginfo] target(s) in 0.66s
[INFO] running `Command { std: "docker" "inspect" "0111990ad67bc36d0ae91ae2f86859dd69b6e08bc03aff89b1db08d3fce2bee2", kill_on_drop: false }`
[INFO] running `Command { std: "docker" "rm" "-f" "0111990ad67bc36d0ae91ae2f86859dd69b6e08bc03aff89b1db08d3fce2bee2", kill_on_drop: false }`
[INFO] [stdout] 0111990ad67bc36d0ae91ae2f86859dd69b6e08bc03aff89b1db08d3fce2bee2
[INFO] running `Command { std: "docker" "create" "-v" "/var/lib/crater-agent-workspace/builds/worker-0-tc2/target:/opt/rustwide/target:rw,Z" "-v" "/var/lib/crater-agent-workspace/builds/worker-0-tc2/source:/opt/rustwide/workdir:ro,Z" "-v" "/var/lib/crater-agent-workspace/cargo-home:/opt/rustwide/cargo-home:ro,Z" "-v" "/var/lib/crater-agent-workspace/rustup-home:/opt/rustwide/rustup-home:ro,Z" "-e" "SOURCE_DIR=/opt/rustwide/workdir" "-e" "CARGO_TARGET_DIR=/opt/rustwide/target" "-e" "CARGO_INCREMENTAL=0" "-e" "RUST_BACKTRACE=full" "-e" "RUSTFLAGS=--cap-lints=warn" "-e" "RUSTDOCFLAGS=--cap-lints=warn" "-e" "CARGO_HOME=/opt/rustwide/cargo-home" "-e" "RUSTUP_HOME=/opt/rustwide/rustup-home" "-w" "/opt/rustwide/workdir" "-m" "1610612736" "--user" "0:0" "--network" "none" "ghcr.io/rust-lang/crates-build-env/linux@sha256:2788e3201cd34a07e3172128adcd8b3090168a8e3bcc40d7c032b9dda1df7d1c" "/opt/rustwide/cargo-home/bin/cargo" "+beta-2023-12-22" "test" "--frozen", kill_on_drop: false }`
[INFO] [stdout] 1792d3b7670581768e856c620563787b3074a55b5ea386f0d6637ffaf4919ab1
[INFO] running `Command { std: "docker" "start" "-a" "1792d3b7670581768e856c620563787b3074a55b5ea386f0d6637ffaf4919ab1", kill_on_drop: false }`
[INFO] [stderr] warning: this method call resolves to `<&[T; N] as IntoIterator>::into_iter` (due to backwards compatibility), but will resolve to <[T; N] as IntoIterator>::into_iter in Rust 2021
[INFO] [stderr]  --> src/main.rs:9:9
[INFO] [stderr]   |
[INFO] [stderr] 9 |         into_iter().
[INFO] [stderr]   |         ^^^^^^^^^
[INFO] [stderr]   |
[INFO] [stderr]   = warning: this changes meaning in Rust 2021
[INFO] [stderr]   = note: for more information, see <https://doc.rust-lang.org/nightly/edition-guide/rust-2021/IntoIterator-for-arrays.html>
[INFO] [stderr]   = note: `#[warn(array_into_iter)]` on by default
[INFO] [stderr] help: use `.iter()` instead of `.into_iter()` to avoid ambiguity
[INFO] [stderr]   |
[INFO] [stderr] 9 |         iter().
[INFO] [stderr]   |         ~~~~
[INFO] [stderr] help: or use `IntoIterator::into_iter(..)` instead of `.into_iter()` to explicitly iterate by value
[INFO] [stderr]   |
[INFO] [stderr] 8 |     let score = IntoIterator::into_iter(PROBLEMS).
[INFO] [stderr]   |                 ++++++++++++++++++++++++        ~
[INFO] [stderr] 
[INFO] [stderr] warning: `ukodus` (bin "ukodus" test) generated 1 warning (run `cargo fix --bin "ukodus" --tests` to apply 1 suggestion)
[INFO] [stderr]     Finished test [unoptimized + debuginfo] target(s) in 0.01s
[INFO] [stderr]      Running unittests src/lib.rs (/opt/rustwide/target/debug/deps/ukodus-7a532527ffbe0689)
[INFO] [stdout] 
[INFO] [stdout] running 15 tests
[INFO] [stdout] test puzzle::tests::test_boxes ... ok
[INFO] [stdout] test puzzle::tests::test_col ... ok
[INFO] [stdout] test puzzle::tests::test_gaps ... ok
[INFO] [stdout] test puzzle::tests::test_find_box ... ok
[INFO] [stdout] test puzzle::tests::test_cols ... ok
[INFO] [stdout] test puzzle::tests::test_count ... ok
[INFO] [stdout] test puzzle::tests::test_get ... ok
[INFO] [stdout] test puzzle::tests::test_is_valid ... ok
[INFO] [stdout] test puzzle::tests::test_row ... ok
[INFO] [stdout] test puzzle::tests::test_set ... ok
[INFO] [stdout] test solver::tests::test_solver_basic ... ok
[INFO] [stdout] test puzzle::tests::test_rows ... ok
[INFO] [stdout] test puzzle::tests::test_possibilities_for ... ok
[INFO] [stdout] test solver::tests::test_solver_hard ... ok
[INFO] [stdout] test solver::tests::test_solvable ... ok
[INFO] [stdout] 
[INFO] [stdout] test result: ok. 15 passed; 0 failed; 0 ignored; 0 measured; 0 filtered out; finished in 0.01s
[INFO] [stdout] 
[INFO] [stderr]      Running unittests src/main.rs (/opt/rustwide/target/debug/deps/ukodus-f9c7899f3147dfd2)
[INFO] [stdout] 
[INFO] [stdout] running 0 tests
[INFO] [stdout] 
[INFO] [stdout] test result: ok. 0 passed; 0 failed; 0 ignored; 0 measured; 0 filtered out; finished in 0.00s
[INFO] [stdout] 
[INFO] [stderr]    Doc-tests ukodus
[INFO] [stdout] 
[INFO] [stdout] running 0 tests
[INFO] [stdout] 
[INFO] [stdout] test result: ok. 0 passed; 0 failed; 0 ignored; 0 measured; 0 filtered out; finished in 0.00s
[INFO] [stdout] 
[INFO] running `Command { std: "docker" "inspect" "1792d3b7670581768e856c620563787b3074a55b5ea386f0d6637ffaf4919ab1", kill_on_drop: false }`
[INFO] running `Command { std: "docker" "rm" "-f" "1792d3b7670581768e856c620563787b3074a55b5ea386f0d6637ffaf4919ab1", kill_on_drop: false }`
[INFO] [stdout] 1792d3b7670581768e856c620563787b3074a55b5ea386f0d6637ffaf4919ab1
