[INFO] cloning repository https://github.com/stevengpa/tcg-invoice-converter
[INFO] running `Command { std: "git" "-c" "credential.helper=" "-c" "credential.helper=/workspace/cargo-home/bin/git-credential-null" "clone" "--bare" "https://github.com/stevengpa/tcg-invoice-converter" "/workspace/cache/git-repos/https%3A%2F%2Fgithub.com%2Fstevengpa%2Ftcg-invoice-converter", kill_on_drop: false }`
[INFO] [stderr] Cloning into bare repository '/workspace/cache/git-repos/https%3A%2F%2Fgithub.com%2Fstevengpa%2Ftcg-invoice-converter'...
[INFO] running `Command { std: "git" "rev-parse" "HEAD", kill_on_drop: false }`
[INFO] [stdout] 42c69b34c2da8dce14281a052a9436dabf1975ee
[INFO] testing stevengpa/tcg-invoice-converter against 1.75.0 for beta-1.76-1
[INFO] running `Command { std: "git" "clone" "/workspace/cache/git-repos/https%3A%2F%2Fgithub.com%2Fstevengpa%2Ftcg-invoice-converter" "/workspace/builds/worker-0-tc1/source", kill_on_drop: false }`
[INFO] [stderr] Cloning into '/workspace/builds/worker-0-tc1/source'...
[INFO] [stderr] done.
[INFO] validating manifest of git repo https://github.com/stevengpa/tcg-invoice-converter on toolchain 1.75.0
[INFO] running `Command { std: CARGO_HOME="/workspace/cargo-home" RUSTUP_HOME="/workspace/rustup-home" "/workspace/cargo-home/bin/cargo" "+1.75.0" "metadata" "--manifest-path" "Cargo.toml" "--no-deps", kill_on_drop: false }`
[INFO] started tweaking git repo https://github.com/stevengpa/tcg-invoice-converter
[INFO] finished tweaking git repo https://github.com/stevengpa/tcg-invoice-converter
[INFO] tweaked toml for git repo https://github.com/stevengpa/tcg-invoice-converter written to /workspace/builds/worker-0-tc1/source/Cargo.toml
[INFO] crate git repo https://github.com/stevengpa/tcg-invoice-converter already has a lockfile, it will not be regenerated
[INFO] running `Command { std: CARGO_HOME="/workspace/cargo-home" RUSTUP_HOME="/workspace/rustup-home" "/workspace/cargo-home/bin/cargo" "+1.75.0" "fetch" "--manifest-path" "Cargo.toml", kill_on_drop: false }`
[INFO] [stderr]     Blocking waiting for file lock on package cache
[ERROR] error running command: no output for 300 seconds
[ERROR] this task or one of its parent failed!
[ERROR] no output for 300 seconds
[ERROR] note: run with `RUST_BACKTRACE=1` to display a backtrace.
[INFO] testing stevengpa/tcg-invoice-converter against beta-2023-12-22 for beta-1.76-1
[INFO] running `Command { std: "git" "clone" "/workspace/cache/git-repos/https%3A%2F%2Fgithub.com%2Fstevengpa%2Ftcg-invoice-converter" "/workspace/builds/worker-0-tc2/source", kill_on_drop: false }`
[INFO] [stderr] Cloning into '/workspace/builds/worker-0-tc2/source'...
[INFO] [stderr] done.
[INFO] validating manifest of git repo https://github.com/stevengpa/tcg-invoice-converter on toolchain beta-2023-12-22
[INFO] running `Command { std: CARGO_HOME="/workspace/cargo-home" RUSTUP_HOME="/workspace/rustup-home" "/workspace/cargo-home/bin/cargo" "+beta-2023-12-22" "metadata" "--manifest-path" "Cargo.toml" "--no-deps", kill_on_drop: false }`
[INFO] started tweaking git repo https://github.com/stevengpa/tcg-invoice-converter
[INFO] finished tweaking git repo https://github.com/stevengpa/tcg-invoice-converter
[INFO] tweaked toml for git repo https://github.com/stevengpa/tcg-invoice-converter written to /workspace/builds/worker-0-tc2/source/Cargo.toml
[INFO] crate git repo https://github.com/stevengpa/tcg-invoice-converter already has a lockfile, it will not be regenerated
[INFO] running `Command { std: CARGO_HOME="/workspace/cargo-home" RUSTUP_HOME="/workspace/rustup-home" "/workspace/cargo-home/bin/cargo" "+beta-2023-12-22" "fetch" "--manifest-path" "Cargo.toml", kill_on_drop: false }`
[INFO] [stderr]     Blocking waiting for file lock on package cache
[INFO] [stderr]     Updating crates.io index
[INFO] [stderr]     Blocking waiting for file lock on package cache
[ERROR] error running command: no output for 300 seconds
[INFO] testing stevengpa/tcg-invoice-converter against beta-2023-12-22 for beta-1.76-1
[INFO] running `Command { std: "git" "clone" "/workspace/cache/git-repos/https%3A%2F%2Fgithub.com%2Fstevengpa%2Ftcg-invoice-converter" "/workspace/builds/worker-0-tc2/source", kill_on_drop: false }`
[INFO] [stderr] Cloning into '/workspace/builds/worker-0-tc2/source'...
[INFO] [stderr] done.
[INFO] validating manifest of git repo https://github.com/stevengpa/tcg-invoice-converter on toolchain beta-2023-12-22
[INFO] running `Command { std: CARGO_HOME="/workspace/cargo-home" RUSTUP_HOME="/workspace/rustup-home" "/workspace/cargo-home/bin/cargo" "+beta-2023-12-22" "metadata" "--manifest-path" "Cargo.toml" "--no-deps", kill_on_drop: false }`
[INFO] started tweaking git repo https://github.com/stevengpa/tcg-invoice-converter
[INFO] finished tweaking git repo https://github.com/stevengpa/tcg-invoice-converter
[INFO] tweaked toml for git repo https://github.com/stevengpa/tcg-invoice-converter written to /workspace/builds/worker-0-tc2/source/Cargo.toml
[INFO] crate git repo https://github.com/stevengpa/tcg-invoice-converter already has a lockfile, it will not be regenerated
[INFO] running `Command { std: CARGO_HOME="/workspace/cargo-home" RUSTUP_HOME="/workspace/rustup-home" "/workspace/cargo-home/bin/cargo" "+beta-2023-12-22" "fetch" "--manifest-path" "Cargo.toml", kill_on_drop: false }`
[INFO] [stderr]     Blocking waiting for file lock on package cache
[INFO] [stderr]     Blocking waiting for file lock on package cache
[INFO] [stderr]  Downloading crates ...
[INFO] [stderr]   Downloaded postscript v0.14.1
[INFO] [stderr]   Downloaded globalcache v0.2.0
[INFO] [stderr]   Downloaded pdf_derive v0.1.22
[INFO] [stderr]   Downloaded datasize_derive v0.2.15
[INFO] [stderr]   Downloaded datasize v0.2.15
[INFO] [stderr]   Downloaded istring v0.3.4
[INFO] [stderr]   Downloaded pdf v0.8.1
[INFO] [stderr]   Downloaded adobe-cmap-parser v0.4.0
[INFO] [stderr]   Downloaded pdf-extract v0.7.2
[INFO] [stderr]   Downloaded lopdf v0.30.0
[INFO] running `Command { std: "docker" "create" "-v" "/var/lib/crater-agent-workspace/builds/worker-0-tc2/target:/opt/rustwide/target:rw,Z" "-v" "/var/lib/crater-agent-workspace/builds/worker-0-tc2/source:/opt/rustwide/workdir:ro,Z" "-v" "/var/lib/crater-agent-workspace/cargo-home:/opt/rustwide/cargo-home:ro,Z" "-v" "/var/lib/crater-agent-workspace/rustup-home:/opt/rustwide/rustup-home:ro,Z" "-e" "SOURCE_DIR=/opt/rustwide/workdir" "-e" "CARGO_TARGET_DIR=/opt/rustwide/target" "-e" "CARGO_HOME=/opt/rustwide/cargo-home" "-e" "RUSTUP_HOME=/opt/rustwide/rustup-home" "-w" "/opt/rustwide/workdir" "-m" "1610612736" "--user" "0:0" "--network" "none" "ghcr.io/rust-lang/crates-build-env/linux@sha256:2788e3201cd34a07e3172128adcd8b3090168a8e3bcc40d7c032b9dda1df7d1c" "/opt/rustwide/cargo-home/bin/cargo" "+beta-2023-12-22" "metadata" "--no-deps" "--format-version=1", kill_on_drop: false }`
[INFO] [stdout] af074464cc106ee37d71734690e209721e4eb7b2ac53cc97bf0235125a5a4892
[INFO] running `Command { std: "docker" "start" "-a" "af074464cc106ee37d71734690e209721e4eb7b2ac53cc97bf0235125a5a4892", kill_on_drop: false }`
[INFO] running `Command { std: "docker" "inspect" "af074464cc106ee37d71734690e209721e4eb7b2ac53cc97bf0235125a5a4892", kill_on_drop: false }`
[INFO] running `Command { std: "docker" "rm" "-f" "af074464cc106ee37d71734690e209721e4eb7b2ac53cc97bf0235125a5a4892", kill_on_drop: false }`
[INFO] [stdout] af074464cc106ee37d71734690e209721e4eb7b2ac53cc97bf0235125a5a4892
[INFO] running `Command { std: "docker" "create" "-v" "/var/lib/crater-agent-workspace/builds/worker-0-tc2/target:/opt/rustwide/target:rw,Z" "-v" "/var/lib/crater-agent-workspace/builds/worker-0-tc2/source:/opt/rustwide/workdir:ro,Z" "-v" "/var/lib/crater-agent-workspace/cargo-home:/opt/rustwide/cargo-home:ro,Z" "-v" "/var/lib/crater-agent-workspace/rustup-home:/opt/rustwide/rustup-home:ro,Z" "-e" "SOURCE_DIR=/opt/rustwide/workdir" "-e" "CARGO_TARGET_DIR=/opt/rustwide/target" "-e" "CARGO_INCREMENTAL=0" "-e" "RUST_BACKTRACE=full" "-e" "RUSTFLAGS=--cap-lints=warn" "-e" "RUSTDOCFLAGS=--cap-lints=warn" "-e" "CARGO_HOME=/opt/rustwide/cargo-home" "-e" "RUSTUP_HOME=/opt/rustwide/rustup-home" "-w" "/opt/rustwide/workdir" "-m" "1610612736" "--user" "0:0" "--network" "none" "ghcr.io/rust-lang/crates-build-env/linux@sha256:2788e3201cd34a07e3172128adcd8b3090168a8e3bcc40d7c032b9dda1df7d1c" "/opt/rustwide/cargo-home/bin/cargo" "+beta-2023-12-22" "build" "--frozen" "--message-format=json", kill_on_drop: false }`
[INFO] [stdout] f1726279cb34072ea6552bccfc89b20f5b11dd59187c222c8d12f71ff8a59746
[INFO] running `Command { std: "docker" "start" "-a" "f1726279cb34072ea6552bccfc89b20f5b11dd59187c222c8d12f71ff8a59746", kill_on_drop: false }`
[INFO] [stderr]    Compiling proc-macro2 v1.0.67
[INFO] [stderr]    Compiling unicode-ident v1.0.12
[INFO] [stderr]    Compiling typenum v1.17.0
[INFO] [stderr]    Compiling version_check v0.9.4
[INFO] [stderr]    Compiling syn v1.0.109
[INFO] [stderr]    Compiling cfg-if v1.0.0
[INFO] [stderr]    Compiling encoding_index_tests v0.1.4
[INFO] [stderr]    Compiling autocfg v1.1.0
[INFO] [stderr]    Compiling memchr v2.6.3
[INFO] [stderr]    Compiling tinyvec_macros v0.1.1
[INFO] [stderr]    Compiling crc32fast v1.3.2
[INFO] [stderr]    Compiling itoa v1.0.9
[INFO] [stderr]    Compiling adler v1.0.2
[INFO] [stderr]    Compiling doc-comment v0.3.3
[INFO] [stderr]    Compiling async-trait v0.1.73
[INFO] [stderr]    Compiling serde v1.0.188
[INFO] [stderr]    Compiling tinyvec v1.6.0
[INFO] [stderr]    Compiling adler32 v1.2.0
[INFO] [stderr]    Compiling weezl v0.1.7
[INFO] [stderr]    Compiling miniz_oxide v0.7.1
[INFO] [stderr]    Compiling deranged v0.3.8
[INFO] [stderr]    Compiling cpufeatures v0.2.9
[INFO] [stderr]    Compiling pom v1.1.0
[INFO] [stderr]    Compiling log v0.4.20
[INFO] [stderr]    Compiling generic-array v0.14.7
[INFO] [stderr]    Compiling heck v0.4.1
[INFO] [stderr]    Compiling time-core v0.1.1
[INFO] [stderr]    Compiling minimal-lexical v0.2.1
[INFO] [stderr]    Compiling encoding-index-singlebyte v1.20141219.5
[INFO] [stderr]    Compiling num-traits v0.2.16
[INFO] [stderr]    Compiling encoding-index-japanese v1.20141219.5
[INFO] [stderr]    Compiling flate2 v1.0.27
[INFO] [stderr]    Compiling encoding-index-tradchinese v1.20141219.5
[INFO] [stderr]    Compiling nom v7.1.3
[INFO] [stderr]    Compiling encoding-index-korean v1.20141219.5
[INFO] [stderr]    Compiling encoding-index-simpchinese v1.20141219.5
[INFO] [stderr]    Compiling encoding_rs v0.8.33
[INFO] [stderr]    Compiling finl_unicode v1.2.0
[INFO] [stderr]    Compiling linked-hash-map v0.5.6
[INFO] [stderr]    Compiling unicode-bidi v0.3.13
[INFO] [stderr]    Compiling either v1.9.0
[INFO] [stderr]    Compiling encoding v0.2.33
[INFO] [stderr]    Compiling csv-core v0.1.10
[INFO] [stderr]    Compiling unicode-normalization v0.1.22
[INFO] [stderr]    Compiling quote v1.0.33
[INFO] [stderr]    Compiling itertools v0.10.5
[INFO] [stderr]    Compiling type1-encoding-parser v0.1.0
[INFO] [stderr]    Compiling adobe-cmap-parser v0.4.0
[INFO] [stderr]    Compiling inflate v0.4.5
[INFO] [stderr]    Compiling syn v2.0.37
[INFO] [stderr]    Compiling time v0.3.28
[INFO] [stderr]    Compiling stringprep v0.1.4
[INFO] [stderr]    Compiling deflate v1.0.0
[INFO] [stderr]    Compiling once_cell v1.18.0
[INFO] [stderr]    Compiling ryu v1.0.15
[INFO] [stderr]    Compiling euclid v0.20.14
[INFO] [stderr]    Compiling postscript v0.14.1
[INFO] [stderr]    Compiling jpeg-decoder v0.3.0
[INFO] [stderr]    Compiling bitflags v1.3.2
[INFO] [stderr]    Compiling md5 v0.7.0
[INFO] [stderr]    Compiling crypto-common v0.1.6
[INFO] [stderr]    Compiling block-padding v0.3.3
[INFO] [stderr]    Compiling block-buffer v0.10.4
[INFO] [stderr]    Compiling inout v0.1.3
[INFO] [stderr]    Compiling digest v0.10.7
[INFO] [stderr]    Compiling cipher v0.4.4
[INFO] [stderr]    Compiling sha2 v0.10.7
[INFO] [stderr]    Compiling aes v0.8.3
[INFO] [stderr]    Compiling cbc v0.1.2
[INFO] [stderr]    Compiling lopdf v0.30.0
[INFO] [stderr]    Compiling csv v1.2.2
[INFO] [stderr]    Compiling pdf-extract v0.7.2
[INFO] [stderr]    Compiling datasize_derive v0.2.15
[INFO] [stderr]    Compiling fax_derive v0.1.0
[INFO] [stderr]    Compiling snafu-derive v0.7.5
[INFO] [stderr]    Compiling pdf_derive v0.1.22
[INFO] [stderr]    Compiling globalcache v0.2.0
[INFO] [stderr]    Compiling datasize v0.2.15
[INFO] [stderr]    Compiling fax v0.2.0
[INFO] [stderr]    Compiling istring v0.3.4
[INFO] [stderr]    Compiling snafu v0.7.5
[INFO] [stderr]    Compiling pdf v0.8.1
[INFO] [stderr]    Compiling tcg-invoice-converter v0.1.0 (/opt/rustwide/workdir)
[INFO] [stdout] warning: call to `.clone()` on a reference in this situation does nothing
[INFO] [stdout]   --> src/main.rs:56:70
[INFO] [stdout]    |
[INFO] [stdout] 56 |                     card_builder = card_builder.clone().name(pdf_line.clone());
[INFO] [stdout]    |                                                                      ^^^^^^^^ help: remove this redundant call
[INFO] [stdout]    |
[INFO] [stdout]    = note: the type `str` does not implement `Clone`, so calling `clone` on `&str` copies the reference, which does not do anything and can be removed
[INFO] [stdout]    = note: `#[warn(noop_method_call)]` on by default
[INFO] [stdout] 
[INFO] [stdout] 
[INFO] [stdout] warning: call to `.clone()` on a reference in this situation does nothing
[INFO] [stdout]   --> src/main.rs:59:73
[INFO] [stdout]    |
[INFO] [stdout] 59 |                     card_builder = card_builder.clone().edition(pdf_line.clone());
[INFO] [stdout]    |                                                                         ^^^^^^^^ help: remove this redundant call
[INFO] [stdout]    |
[INFO] [stdout]    = note: the type `str` does not implement `Clone`, so calling `clone` on `&str` copies the reference, which does not do anything and can be removed
[INFO] [stdout] 
[INFO] [stdout] 
[INFO] [stdout] warning: call to `.clone()` on a reference in this situation does nothing
[INFO] [stdout]   --> src/main.rs:62:72
[INFO] [stdout]    |
[INFO] [stdout] 62 |                     card_builder = card_builder.clone().vendor(pdf_line.clone());
[INFO] [stdout]    |                                                                        ^^^^^^^^ help: remove this redundant call
[INFO] [stdout]    |
[INFO] [stdout]    = note: the type `str` does not implement `Clone`, so calling `clone` on `&str` copies the reference, which does not do anything and can be removed
[INFO] [stdout] 
[INFO] [stdout] 
[INFO] [stdout] warning: call to `.clone()` on a reference in this situation does nothing
[INFO] [stdout]   --> src/main.rs:65:72
[INFO] [stdout]    |
[INFO] [stdout] 65 |                     card_builder = card_builder.clone().rarity(pdf_line.clone());
[INFO] [stdout]    |                                                                        ^^^^^^^^ help: remove this redundant call
[INFO] [stdout]    |
[INFO] [stdout]    = note: the type `str` does not implement `Clone`, so calling `clone` on `&str` copies the reference, which does not do anything and can be removed
[INFO] [stdout] 
[INFO] [stdout] 
[INFO] [stdout] warning: 4 warnings emitted
[INFO] [stdout] 
[INFO] [stdout] 
[INFO] [stderr]     Finished dev [unoptimized + debuginfo] target(s) in 22.66s
[INFO] running `Command { std: "docker" "inspect" "f1726279cb34072ea6552bccfc89b20f5b11dd59187c222c8d12f71ff8a59746", kill_on_drop: false }`
[INFO] running `Command { std: "docker" "rm" "-f" "f1726279cb34072ea6552bccfc89b20f5b11dd59187c222c8d12f71ff8a59746", kill_on_drop: false }`
[INFO] [stdout] f1726279cb34072ea6552bccfc89b20f5b11dd59187c222c8d12f71ff8a59746
[INFO] running `Command { std: "docker" "create" "-v" "/var/lib/crater-agent-workspace/builds/worker-0-tc2/target:/opt/rustwide/target:rw,Z" "-v" "/var/lib/crater-agent-workspace/builds/worker-0-tc2/source:/opt/rustwide/workdir:ro,Z" "-v" "/var/lib/crater-agent-workspace/cargo-home:/opt/rustwide/cargo-home:ro,Z" "-v" "/var/lib/crater-agent-workspace/rustup-home:/opt/rustwide/rustup-home:ro,Z" "-e" "SOURCE_DIR=/opt/rustwide/workdir" "-e" "CARGO_TARGET_DIR=/opt/rustwide/target" "-e" "CARGO_INCREMENTAL=0" "-e" "RUST_BACKTRACE=full" "-e" "RUSTFLAGS=--cap-lints=warn" "-e" "RUSTDOCFLAGS=--cap-lints=warn" "-e" "CARGO_HOME=/opt/rustwide/cargo-home" "-e" "RUSTUP_HOME=/opt/rustwide/rustup-home" "-w" "/opt/rustwide/workdir" "-m" "1610612736" "--user" "0:0" "--network" "none" "ghcr.io/rust-lang/crates-build-env/linux@sha256:2788e3201cd34a07e3172128adcd8b3090168a8e3bcc40d7c032b9dda1df7d1c" "/opt/rustwide/cargo-home/bin/cargo" "+beta-2023-12-22" "test" "--frozen" "--no-run" "--message-format=json", kill_on_drop: false }`
[INFO] [stdout] b3744c21222b69d75e4e48b967b8dff21f30825d3da0446412d5a9695e86b9df
[INFO] running `Command { std: "docker" "start" "-a" "b3744c21222b69d75e4e48b967b8dff21f30825d3da0446412d5a9695e86b9df", kill_on_drop: false }`
[INFO] [stderr]    Compiling tcg-invoice-converter v0.1.0 (/opt/rustwide/workdir)
[INFO] [stdout] warning: call to `.clone()` on a reference in this situation does nothing
[INFO] [stdout]   --> src/main.rs:56:70
[INFO] [stdout]    |
[INFO] [stdout] 56 |                     card_builder = card_builder.clone().name(pdf_line.clone());
[INFO] [stdout]    |                                                                      ^^^^^^^^ help: remove this redundant call
[INFO] [stdout]    |
[INFO] [stdout]    = note: the type `str` does not implement `Clone`, so calling `clone` on `&str` copies the reference, which does not do anything and can be removed
[INFO] [stdout]    = note: `#[warn(noop_method_call)]` on by default
[INFO] [stdout] 
[INFO] [stdout] 
[INFO] [stdout] warning: call to `.clone()` on a reference in this situation does nothing
[INFO] [stdout]   --> src/main.rs:59:73
[INFO] [stdout]    |
[INFO] [stdout] 59 |                     card_builder = card_builder.clone().edition(pdf_line.clone());
[INFO] [stdout]    |                                                                         ^^^^^^^^ help: remove this redundant call
[INFO] [stdout]    |
[INFO] [stdout]    = note: the type `str` does not implement `Clone`, so calling `clone` on `&str` copies the reference, which does not do anything and can be removed
[INFO] [stdout] 
[INFO] [stdout] 
[INFO] [stdout] warning: call to `.clone()` on a reference in this situation does nothing
[INFO] [stdout]   --> src/main.rs:62:72
[INFO] [stdout]    |
[INFO] [stdout] 62 |                     card_builder = card_builder.clone().vendor(pdf_line.clone());
[INFO] [stdout]    |                                                                        ^^^^^^^^ help: remove this redundant call
[INFO] [stdout]    |
[INFO] [stdout]    = note: the type `str` does not implement `Clone`, so calling `clone` on `&str` copies the reference, which does not do anything and can be removed
[INFO] [stdout] 
[INFO] [stdout] 
[INFO] [stdout] warning: call to `.clone()` on a reference in this situation does nothing
[INFO] [stdout]   --> src/main.rs:65:72
[INFO] [stdout]    |
[INFO] [stdout] 65 |                     card_builder = card_builder.clone().rarity(pdf_line.clone());
[INFO] [stdout]    |                                                                        ^^^^^^^^ help: remove this redundant call
[INFO] [stdout]    |
[INFO] [stdout]    = note: the type `str` does not implement `Clone`, so calling `clone` on `&str` copies the reference, which does not do anything and can be removed
[INFO] [stdout] 
[INFO] [stdout] 
[INFO] [stdout] warning: 4 warnings emitted
[INFO] [stdout] 
[INFO] [stdout] 
[INFO] [stderr]     Finished test [unoptimized + debuginfo] target(s) in 0.48s
[INFO] running `Command { std: "docker" "inspect" "b3744c21222b69d75e4e48b967b8dff21f30825d3da0446412d5a9695e86b9df", kill_on_drop: false }`
[INFO] running `Command { std: "docker" "rm" "-f" "b3744c21222b69d75e4e48b967b8dff21f30825d3da0446412d5a9695e86b9df", kill_on_drop: false }`
[INFO] [stdout] b3744c21222b69d75e4e48b967b8dff21f30825d3da0446412d5a9695e86b9df
[INFO] running `Command { std: "docker" "create" "-v" "/var/lib/crater-agent-workspace/builds/worker-0-tc2/target:/opt/rustwide/target:rw,Z" "-v" "/var/lib/crater-agent-workspace/builds/worker-0-tc2/source:/opt/rustwide/workdir:ro,Z" "-v" "/var/lib/crater-agent-workspace/cargo-home:/opt/rustwide/cargo-home:ro,Z" "-v" "/var/lib/crater-agent-workspace/rustup-home:/opt/rustwide/rustup-home:ro,Z" "-e" "SOURCE_DIR=/opt/rustwide/workdir" "-e" "CARGO_TARGET_DIR=/opt/rustwide/target" "-e" "CARGO_INCREMENTAL=0" "-e" "RUST_BACKTRACE=full" "-e" "RUSTFLAGS=--cap-lints=warn" "-e" "RUSTDOCFLAGS=--cap-lints=warn" "-e" "CARGO_HOME=/opt/rustwide/cargo-home" "-e" "RUSTUP_HOME=/opt/rustwide/rustup-home" "-w" "/opt/rustwide/workdir" "-m" "1610612736" "--user" "0:0" "--network" "none" "ghcr.io/rust-lang/crates-build-env/linux@sha256:2788e3201cd34a07e3172128adcd8b3090168a8e3bcc40d7c032b9dda1df7d1c" "/opt/rustwide/cargo-home/bin/cargo" "+beta-2023-12-22" "test" "--frozen", kill_on_drop: false }`
[INFO] [stdout] d7238c5a57024fed126d8cfd9bcae71c02db11191f379608ec6efc343e43ca64
[INFO] running `Command { std: "docker" "start" "-a" "d7238c5a57024fed126d8cfd9bcae71c02db11191f379608ec6efc343e43ca64", kill_on_drop: false }`
[INFO] [stderr] warning: call to `.clone()` on a reference in this situation does nothing
[INFO] [stderr]   --> src/main.rs:56:70
[INFO] [stderr]    |
[INFO] [stderr] 56 |                     card_builder = card_builder.clone().name(pdf_line.clone());
[INFO] [stderr]    |                                                                      ^^^^^^^^ help: remove this redundant call
[INFO] [stderr]    |
[INFO] [stderr]    = note: the type `str` does not implement `Clone`, so calling `clone` on `&str` copies the reference, which does not do anything and can be removed
[INFO] [stderr]    = note: `#[warn(noop_method_call)]` on by default
[INFO] [stderr] 
[INFO] [stderr] warning: call to `.clone()` on a reference in this situation does nothing
[INFO] [stderr]   --> src/main.rs:59:73
[INFO] [stderr]    |
[INFO] [stderr] 59 |                     card_builder = card_builder.clone().edition(pdf_line.clone());
[INFO] [stderr]    |                                                                         ^^^^^^^^ help: remove this redundant call
[INFO] [stderr]    |
[INFO] [stderr]    = note: the type `str` does not implement `Clone`, so calling `clone` on `&str` copies the reference, which does not do anything and can be removed
[INFO] [stderr] 
[INFO] [stderr] warning: call to `.clone()` on a reference in this situation does nothing
[INFO] [stderr]   --> src/main.rs:62:72
[INFO] [stderr]    |
[INFO] [stderr] 62 |                     card_builder = card_builder.clone().vendor(pdf_line.clone());
[INFO] [stderr]    |                                                                        ^^^^^^^^ help: remove this redundant call
[INFO] [stderr]    |
[INFO] [stderr]    = note: the type `str` does not implement `Clone`, so calling `clone` on `&str` copies the reference, which does not do anything and can be removed
[INFO] [stderr] 
[INFO] [stderr] warning: call to `.clone()` on a reference in this situation does nothing
[INFO] [stderr]   --> src/main.rs:65:72
[INFO] [stderr]    |
[INFO] [stderr] 65 |                     card_builder = card_builder.clone().rarity(pdf_line.clone());
[INFO] [stderr]    |                                                                        ^^^^^^^^ help: remove this redundant call
[INFO] [stderr]    |
[INFO] [stderr]    = note: the type `str` does not implement `Clone`, so calling `clone` on `&str` copies the reference, which does not do anything and can be removed
[INFO] [stderr] 
[INFO] [stderr] warning: `tcg-invoice-converter` (bin "tcg-invoice-converter" test) generated 4 warnings (run `cargo fix --bin "tcg-invoice-converter" --tests` to apply 4 suggestions)
[INFO] [stderr]     Finished test [unoptimized + debuginfo] target(s) in 0.07s
[INFO] [stderr]      Running unittests src/main.rs (/opt/rustwide/target/debug/deps/tcg_invoice_converter-73998d227a967861)
[INFO] [stdout] 
[INFO] [stdout] running 0 tests
[INFO] [stdout] 
[INFO] [stdout] test result: ok. 0 passed; 0 failed; 0 ignored; 0 measured; 0 filtered out; finished in 0.00s
[INFO] [stdout] 
[INFO] running `Command { std: "docker" "inspect" "d7238c5a57024fed126d8cfd9bcae71c02db11191f379608ec6efc343e43ca64", kill_on_drop: false }`
[INFO] running `Command { std: "docker" "rm" "-f" "d7238c5a57024fed126d8cfd9bcae71c02db11191f379608ec6efc343e43ca64", kill_on_drop: false }`
[INFO] [stdout] d7238c5a57024fed126d8cfd9bcae71c02db11191f379608ec6efc343e43ca64
