[INFO] cloning repository https://github.com/smith-win/ledsound
[INFO] running `Command { std: "git" "-c" "credential.helper=" "-c" "credential.helper=/workspace/cargo-home/bin/git-credential-null" "clone" "--bare" "https://github.com/smith-win/ledsound" "/workspace/cache/git-repos/https%3A%2F%2Fgithub.com%2Fsmith-win%2Fledsound", kill_on_drop: false }`
[INFO] [stderr] Cloning into bare repository '/workspace/cache/git-repos/https%3A%2F%2Fgithub.com%2Fsmith-win%2Fledsound'...
[INFO] running `Command { std: "git" "rev-parse" "HEAD", kill_on_drop: false }`
[INFO] [stdout] 4e3e09871e495c1252af34fad95fb841a74cb2bd
[INFO] testing smith-win/ledsound against 1.75.0 for beta-1.76-1
[INFO] running `Command { std: "git" "clone" "/workspace/cache/git-repos/https%3A%2F%2Fgithub.com%2Fsmith-win%2Fledsound" "/workspace/builds/worker-7-tc1/source", kill_on_drop: false }`
[INFO] [stderr] Cloning into '/workspace/builds/worker-7-tc1/source'...
[INFO] [stderr] done.
[INFO] validating manifest of git repo https://github.com/smith-win/ledsound on toolchain 1.75.0
[INFO] running `Command { std: CARGO_HOME="/workspace/cargo-home" RUSTUP_HOME="/workspace/rustup-home" "/workspace/cargo-home/bin/cargo" "+1.75.0" "metadata" "--manifest-path" "Cargo.toml" "--no-deps", kill_on_drop: false }`
[INFO] started tweaking git repo https://github.com/smith-win/ledsound
[INFO] finished tweaking git repo https://github.com/smith-win/ledsound
[INFO] tweaked toml for git repo https://github.com/smith-win/ledsound written to /workspace/builds/worker-7-tc1/source/Cargo.toml
[INFO] crate git repo https://github.com/smith-win/ledsound already has a lockfile, it will not be regenerated
[INFO] running `Command { std: CARGO_HOME="/workspace/cargo-home" RUSTUP_HOME="/workspace/rustup-home" "/workspace/cargo-home/bin/cargo" "+1.75.0" "fetch" "--manifest-path" "Cargo.toml", kill_on_drop: false }`
[INFO] [stderr]  Downloading crates ...
[INFO] [stderr]   Downloaded embedded-graphics-simulator v0.4.0
[INFO] running `Command { std: "docker" "create" "-v" "/var/lib/crater-agent-workspace/builds/worker-7-tc1/target:/opt/rustwide/target:rw,Z" "-v" "/var/lib/crater-agent-workspace/builds/worker-7-tc1/source:/opt/rustwide/workdir:ro,Z" "-v" "/var/lib/crater-agent-workspace/cargo-home:/opt/rustwide/cargo-home:ro,Z" "-v" "/var/lib/crater-agent-workspace/rustup-home:/opt/rustwide/rustup-home:ro,Z" "-e" "SOURCE_DIR=/opt/rustwide/workdir" "-e" "CARGO_TARGET_DIR=/opt/rustwide/target" "-e" "CARGO_HOME=/opt/rustwide/cargo-home" "-e" "RUSTUP_HOME=/opt/rustwide/rustup-home" "-w" "/opt/rustwide/workdir" "-m" "1610612736" "--user" "0:0" "--network" "none" "ghcr.io/rust-lang/crates-build-env/linux@sha256:2788e3201cd34a07e3172128adcd8b3090168a8e3bcc40d7c032b9dda1df7d1c" "/opt/rustwide/cargo-home/bin/cargo" "+1.75.0" "metadata" "--no-deps" "--format-version=1", kill_on_drop: false }`
[INFO] [stdout] 75037f76c48e8bdbbb0894411b31c5e8402ca6b1c9d4e1ad904db0dafd6472c4
[INFO] running `Command { std: "docker" "start" "-a" "75037f76c48e8bdbbb0894411b31c5e8402ca6b1c9d4e1ad904db0dafd6472c4", kill_on_drop: false }`
[INFO] running `Command { std: "docker" "inspect" "75037f76c48e8bdbbb0894411b31c5e8402ca6b1c9d4e1ad904db0dafd6472c4", kill_on_drop: false }`
[INFO] running `Command { std: "docker" "rm" "-f" "75037f76c48e8bdbbb0894411b31c5e8402ca6b1c9d4e1ad904db0dafd6472c4", kill_on_drop: false }`
[INFO] [stdout] 75037f76c48e8bdbbb0894411b31c5e8402ca6b1c9d4e1ad904db0dafd6472c4
[INFO] running `Command { std: "docker" "create" "-v" "/var/lib/crater-agent-workspace/builds/worker-7-tc1/target:/opt/rustwide/target:rw,Z" "-v" "/var/lib/crater-agent-workspace/builds/worker-7-tc1/source:/opt/rustwide/workdir:ro,Z" "-v" "/var/lib/crater-agent-workspace/cargo-home:/opt/rustwide/cargo-home:ro,Z" "-v" "/var/lib/crater-agent-workspace/rustup-home:/opt/rustwide/rustup-home:ro,Z" "-e" "SOURCE_DIR=/opt/rustwide/workdir" "-e" "CARGO_TARGET_DIR=/opt/rustwide/target" "-e" "CARGO_INCREMENTAL=0" "-e" "RUST_BACKTRACE=full" "-e" "RUSTFLAGS=--cap-lints=warn" "-e" "RUSTDOCFLAGS=--cap-lints=warn" "-e" "CARGO_HOME=/opt/rustwide/cargo-home" "-e" "RUSTUP_HOME=/opt/rustwide/rustup-home" "-w" "/opt/rustwide/workdir" "-m" "1610612736" "--user" "0:0" "--network" "none" "ghcr.io/rust-lang/crates-build-env/linux@sha256:2788e3201cd34a07e3172128adcd8b3090168a8e3bcc40d7c032b9dda1df7d1c" "/opt/rustwide/cargo-home/bin/cargo" "+1.75.0" "build" "--frozen" "--message-format=json", kill_on_drop: false }`
[INFO] [stdout] 3c478626d9c457b61c2802cd975749fe6198d98af454282a989bd8735ca9c64c
[INFO] running `Command { std: "docker" "start" "-a" "3c478626d9c457b61c2802cd975749fe6198d98af454282a989bd8735ca9c64c", kill_on_drop: false }`
[INFO] [stderr]    Compiling autocfg v1.1.0
[INFO] [stderr]    Compiling cfg-if v1.0.0
[INFO] [stderr]    Compiling libc v0.2.133
[INFO] [stderr]    Compiling crossbeam-utils v0.8.11
[INFO] [stderr]    Compiling once_cell v1.14.0
[INFO] [stderr]    Compiling scopeguard v1.1.0
[INFO] [stderr]    Compiling rayon-core v1.9.3
[INFO] [stderr]    Compiling byteorder v1.4.3
[INFO] [stderr]    Compiling version-compare v0.1.0
[INFO] [stderr]    Compiling crc32fast v1.3.2
[INFO] [stderr]    Compiling adler32 v1.2.0
[INFO] [stderr]    Compiling either v1.8.0
[INFO] [stderr]    Compiling az v1.2.1
[INFO] [stderr]    Compiling weezl v0.1.7
[INFO] [stderr]    Compiling bitflags v1.3.2
[INFO] [stderr]    Compiling adler v1.0.2
[INFO] [stderr]    Compiling color_quant v1.1.0
[INFO] [stderr]    Compiling sdl2 v0.35.2
[INFO] [stderr]    Compiling lazy_static v1.4.0
[INFO] [stderr]    Compiling scoped_threadpool v0.1.9
[INFO] [stderr]    Compiling micromath v1.1.1
[INFO] [stderr]    Compiling miniz_oxide v0.3.7
[INFO] [stderr]    Compiling bytemuck v1.12.1
[INFO] [stderr]    Compiling base64 v0.13.0
[INFO] [stderr]    Compiling deflate v0.8.6
[INFO] [stderr]    Compiling gif v0.11.4
[INFO] [stderr]    Compiling sdl2-sys v0.35.2
[INFO] [stderr]    Compiling memoffset v0.6.5
[INFO] [stderr]    Compiling crossbeam-epoch v0.9.10
[INFO] [stderr]    Compiling num-traits v0.2.15
[INFO] [stderr]    Compiling num-integer v0.1.45
[INFO] [stderr]    Compiling rayon v1.5.3
[INFO] [stderr]    Compiling miniz_oxide v0.4.4
[INFO] [stderr]    Compiling num-rational v0.3.2
[INFO] [stderr]    Compiling num-iter v0.1.43
[INFO] [stderr]    Compiling crossbeam-channel v0.5.6
[INFO] [stderr]    Compiling num_cpus v1.13.1
[INFO] [stderr]    Compiling png v0.16.8
[INFO] [stderr]    Compiling crossbeam-deque v0.8.2
[INFO] [stderr]    Compiling embedded-graphics-core v0.3.3
[INFO] [stderr]    Compiling float-cmp v0.8.0
[INFO] [stderr]    Compiling embedded-graphics v0.7.1
[INFO] [stderr] LLVM ERROR: IO failure on output stream: No space left on device
[INFO] [stderr] error: could not compile `sdl2` (lib)
[INFO] [stderr] warning: build failed, waiting for other jobs to finish...
[INFO] [stdout] error: couldn't create a temp dir: No space left on device (os error 28) at path "/opt/rustwide/target/debug/deps/rmetaWLtfRt"
[INFO] [stdout] 
[INFO] [stdout] 
[INFO] [stderr] error: could not compile `rayon` (lib) due to previous error
[INFO] [stdout] error: couldn't create a temp dir: No space left on device (os error 28) at path "/opt/rustwide/target/debug/deps/rmetaUvJ2yw"
[INFO] [stdout] 
[INFO] [stdout] 
[INFO] [stderr] error: could not compile `embedded-graphics` (lib) due to previous error
[INFO] running `Command { std: "docker" "inspect" "3c478626d9c457b61c2802cd975749fe6198d98af454282a989bd8735ca9c64c", kill_on_drop: false }`
[INFO] running `Command { std: "docker" "rm" "-f" "3c478626d9c457b61c2802cd975749fe6198d98af454282a989bd8735ca9c64c", kill_on_drop: false }`
[INFO] [stdout] 3c478626d9c457b61c2802cd975749fe6198d98af454282a989bd8735ca9c64c
[INFO] testing smith-win/ledsound against beta-2023-12-22 for beta-1.76-1
[INFO] running `Command { std: "git" "clone" "/workspace/cache/git-repos/https%3A%2F%2Fgithub.com%2Fsmith-win%2Fledsound" "/workspace/builds/worker-7-tc2/source", kill_on_drop: false }`
[INFO] [stderr] Cloning into '/workspace/builds/worker-7-tc2/source'...
[INFO] [stderr] fatal: failed to create directory '/workspace/builds/worker-7-tc2/source/.git/objects/c4': No space left on device
[INFO] [stderr] fatal: the remote end hung up unexpectedly
[INFO] testing smith-win/ledsound against beta-2023-12-22 for beta-1.76-1
[INFO] running `Command { std: "git" "clone" "/workspace/cache/git-repos/https%3A%2F%2Fgithub.com%2Fsmith-win%2Fledsound" "/workspace/builds/worker-7-tc2/source", kill_on_drop: false }`
[INFO] [stderr] Cloning into '/workspace/builds/worker-7-tc2/source'...
[INFO] [stderr] error: failed to write new configuration file /workspace/builds/worker-7-tc2/source/.git/config.lock
[INFO] [stderr] fatal: could not set 'core.bare' to 'false'
[INFO] testing smith-win/ledsound against beta-2023-12-22 for beta-1.76-1
[INFO] running `Command { std: "git" "clone" "/workspace/cache/git-repos/https%3A%2F%2Fgithub.com%2Fsmith-win%2Fledsound" "/workspace/builds/worker-7-tc2/source", kill_on_drop: false }`
[INFO] [stderr] Cloning into '/workspace/builds/worker-7-tc2/source'...
[INFO] [stderr] error: failed to write new configuration file /workspace/builds/worker-7-tc2/source/.git/config.lock
[INFO] [stderr] fatal: could not set 'core.filemode' to 'true'
[INFO] testing smith-win/ledsound against beta-2023-12-22 for beta-1.76-1
[INFO] running `Command { std: "git" "clone" "/workspace/cache/git-repos/https%3A%2F%2Fgithub.com%2Fsmith-win%2Fledsound" "/workspace/builds/worker-7-tc2/source", kill_on_drop: false }`
[INFO] [stderr] Cloning into '/workspace/builds/worker-7-tc2/source'...
[INFO] [stderr] error: failed to write new configuration file /workspace/builds/worker-7-tc2/source/.git/config.lock
[INFO] [stderr] fatal: could not set 'core.repositoryformatversion' to '0'
[INFO] testing smith-win/ledsound against beta-2023-12-22 for beta-1.76-1
[INFO] running `Command { std: "git" "clone" "/workspace/cache/git-repos/https%3A%2F%2Fgithub.com%2Fsmith-win%2Fledsound" "/workspace/builds/worker-7-tc2/source", kill_on_drop: false }`
[INFO] [stderr] Cloning into '/workspace/builds/worker-7-tc2/source'...
[INFO] [stderr] error: failed to write new configuration file /workspace/builds/worker-7-tc2/source/.git/config.lock
[INFO] [stderr] fatal: could not set 'core.repositoryformatversion' to '0'
[ERROR] this task or one of its parent failed!
[ERROR] failed to checkout https://github.com/smith-win/ledsound
[ERROR] caused by: command failed: exit status: 128
[ERROR] note: run with `RUST_BACKTRACE=1` to display a backtrace.
