[INFO] cloning repository https://github.com/sidewinder/rust-polymorph-test
[INFO] running `Command { std: "git" "-c" "credential.helper=" "-c" "credential.helper=/workspace/cargo-home/bin/git-credential-null" "clone" "--bare" "https://github.com/sidewinder/rust-polymorph-test" "/workspace/cache/git-repos/https%3A%2F%2Fgithub.com%2Fsidewinder%2Frust-polymorph-test", kill_on_drop: false }`
[INFO] [stderr] Cloning into bare repository '/workspace/cache/git-repos/https%3A%2F%2Fgithub.com%2Fsidewinder%2Frust-polymorph-test'...
[INFO] running `Command { std: "git" "rev-parse" "HEAD", kill_on_drop: false }`
[INFO] [stdout] b9a2e7398d3d71cfed5903e99aaad4e0f2cdc09a
[INFO] testing sidewinder/rust-polymorph-test against 1.75.0 for beta-1.76-1
[INFO] running `Command { std: "git" "clone" "/workspace/cache/git-repos/https%3A%2F%2Fgithub.com%2Fsidewinder%2Frust-polymorph-test" "/workspace/builds/worker-0-tc1/source", kill_on_drop: false }`
[INFO] [stderr] Cloning into '/workspace/builds/worker-0-tc1/source'...
[INFO] [stderr] done.
[INFO] validating manifest of git repo https://github.com/sidewinder/rust-polymorph-test on toolchain 1.75.0
[INFO] running `Command { std: CARGO_HOME="/workspace/cargo-home" RUSTUP_HOME="/workspace/rustup-home" "/workspace/cargo-home/bin/cargo" "+1.75.0" "metadata" "--manifest-path" "Cargo.toml" "--no-deps", kill_on_drop: false }`
[INFO] started tweaking git repo https://github.com/sidewinder/rust-polymorph-test
[INFO] finished tweaking git repo https://github.com/sidewinder/rust-polymorph-test
[INFO] tweaked toml for git repo https://github.com/sidewinder/rust-polymorph-test written to /workspace/builds/worker-0-tc1/source/Cargo.toml
[INFO] crate git repo https://github.com/sidewinder/rust-polymorph-test already has a lockfile, it will not be regenerated
[INFO] running `Command { std: CARGO_HOME="/workspace/cargo-home" RUSTUP_HOME="/workspace/rustup-home" "/workspace/cargo-home/bin/cargo" "+1.75.0" "fetch" "--manifest-path" "Cargo.toml", kill_on_drop: false }`
[INFO] [stderr]     Blocking waiting for file lock on package cache
[ERROR] error running command: no output for 300 seconds
[ERROR] this task or one of its parent failed!
[ERROR] no output for 300 seconds
[ERROR] note: run with `RUST_BACKTRACE=1` to display a backtrace.
[INFO] testing sidewinder/rust-polymorph-test against beta-2023-12-22 for beta-1.76-1
[INFO] running `Command { std: "git" "clone" "/workspace/cache/git-repos/https%3A%2F%2Fgithub.com%2Fsidewinder%2Frust-polymorph-test" "/workspace/builds/worker-0-tc2/source", kill_on_drop: false }`
[INFO] [stderr] Cloning into '/workspace/builds/worker-0-tc2/source'...
[INFO] [stderr] done.
[INFO] validating manifest of git repo https://github.com/sidewinder/rust-polymorph-test on toolchain beta-2023-12-22
[INFO] running `Command { std: CARGO_HOME="/workspace/cargo-home" RUSTUP_HOME="/workspace/rustup-home" "/workspace/cargo-home/bin/cargo" "+beta-2023-12-22" "metadata" "--manifest-path" "Cargo.toml" "--no-deps", kill_on_drop: false }`
[INFO] started tweaking git repo https://github.com/sidewinder/rust-polymorph-test
[INFO] finished tweaking git repo https://github.com/sidewinder/rust-polymorph-test
[INFO] tweaked toml for git repo https://github.com/sidewinder/rust-polymorph-test written to /workspace/builds/worker-0-tc2/source/Cargo.toml
[INFO] crate git repo https://github.com/sidewinder/rust-polymorph-test already has a lockfile, it will not be regenerated
[INFO] running `Command { std: CARGO_HOME="/workspace/cargo-home" RUSTUP_HOME="/workspace/rustup-home" "/workspace/cargo-home/bin/cargo" "+beta-2023-12-22" "fetch" "--manifest-path" "Cargo.toml", kill_on_drop: false }`
[INFO] [stderr]     Blocking waiting for file lock on package cache
[INFO] [stderr]     Blocking waiting for file lock on package cache
[ERROR] error running command: no output for 300 seconds
[INFO] testing sidewinder/rust-polymorph-test against beta-2023-12-22 for beta-1.76-1
[INFO] running `Command { std: "git" "clone" "/workspace/cache/git-repos/https%3A%2F%2Fgithub.com%2Fsidewinder%2Frust-polymorph-test" "/workspace/builds/worker-0-tc2/source", kill_on_drop: false }`
[INFO] [stderr] Cloning into '/workspace/builds/worker-0-tc2/source'...
[INFO] [stderr] done.
[INFO] validating manifest of git repo https://github.com/sidewinder/rust-polymorph-test on toolchain beta-2023-12-22
[INFO] running `Command { std: CARGO_HOME="/workspace/cargo-home" RUSTUP_HOME="/workspace/rustup-home" "/workspace/cargo-home/bin/cargo" "+beta-2023-12-22" "metadata" "--manifest-path" "Cargo.toml" "--no-deps", kill_on_drop: false }`
[INFO] started tweaking git repo https://github.com/sidewinder/rust-polymorph-test
[INFO] finished tweaking git repo https://github.com/sidewinder/rust-polymorph-test
[INFO] tweaked toml for git repo https://github.com/sidewinder/rust-polymorph-test written to /workspace/builds/worker-0-tc2/source/Cargo.toml
[INFO] crate git repo https://github.com/sidewinder/rust-polymorph-test already has a lockfile, it will not be regenerated
[INFO] running `Command { std: CARGO_HOME="/workspace/cargo-home" RUSTUP_HOME="/workspace/rustup-home" "/workspace/cargo-home/bin/cargo" "+beta-2023-12-22" "fetch" "--manifest-path" "Cargo.toml", kill_on_drop: false }`
[INFO] [stderr]     Blocking waiting for file lock on package cache
[INFO] [stderr]     Blocking waiting for file lock on package cache
[INFO] running `Command { std: "docker" "create" "-v" "/var/lib/crater-agent-workspace/builds/worker-0-tc2/target:/opt/rustwide/target:rw,Z" "-v" "/var/lib/crater-agent-workspace/builds/worker-0-tc2/source:/opt/rustwide/workdir:ro,Z" "-v" "/var/lib/crater-agent-workspace/cargo-home:/opt/rustwide/cargo-home:ro,Z" "-v" "/var/lib/crater-agent-workspace/rustup-home:/opt/rustwide/rustup-home:ro,Z" "-e" "SOURCE_DIR=/opt/rustwide/workdir" "-e" "CARGO_TARGET_DIR=/opt/rustwide/target" "-e" "CARGO_HOME=/opt/rustwide/cargo-home" "-e" "RUSTUP_HOME=/opt/rustwide/rustup-home" "-w" "/opt/rustwide/workdir" "-m" "1610612736" "--user" "0:0" "--network" "none" "ghcr.io/rust-lang/crates-build-env/linux@sha256:2788e3201cd34a07e3172128adcd8b3090168a8e3bcc40d7c032b9dda1df7d1c" "/opt/rustwide/cargo-home/bin/cargo" "+beta-2023-12-22" "metadata" "--no-deps" "--format-version=1", kill_on_drop: false }`
[INFO] [stdout] 0855d0afee7e6aeba063ee56bf94b8b09a232a986d86208987ec1bd284364c26
[INFO] running `Command { std: "docker" "start" "-a" "0855d0afee7e6aeba063ee56bf94b8b09a232a986d86208987ec1bd284364c26", kill_on_drop: false }`
[INFO] running `Command { std: "docker" "inspect" "0855d0afee7e6aeba063ee56bf94b8b09a232a986d86208987ec1bd284364c26", kill_on_drop: false }`
[INFO] running `Command { std: "docker" "rm" "-f" "0855d0afee7e6aeba063ee56bf94b8b09a232a986d86208987ec1bd284364c26", kill_on_drop: false }`
[INFO] [stdout] 0855d0afee7e6aeba063ee56bf94b8b09a232a986d86208987ec1bd284364c26
[INFO] running `Command { std: "docker" "create" "-v" "/var/lib/crater-agent-workspace/builds/worker-0-tc2/target:/opt/rustwide/target:rw,Z" "-v" "/var/lib/crater-agent-workspace/builds/worker-0-tc2/source:/opt/rustwide/workdir:ro,Z" "-v" "/var/lib/crater-agent-workspace/cargo-home:/opt/rustwide/cargo-home:ro,Z" "-v" "/var/lib/crater-agent-workspace/rustup-home:/opt/rustwide/rustup-home:ro,Z" "-e" "SOURCE_DIR=/opt/rustwide/workdir" "-e" "CARGO_TARGET_DIR=/opt/rustwide/target" "-e" "CARGO_INCREMENTAL=0" "-e" "RUST_BACKTRACE=full" "-e" "RUSTFLAGS=--cap-lints=warn" "-e" "RUSTDOCFLAGS=--cap-lints=warn" "-e" "CARGO_HOME=/opt/rustwide/cargo-home" "-e" "RUSTUP_HOME=/opt/rustwide/rustup-home" "-w" "/opt/rustwide/workdir" "-m" "1610612736" "--user" "0:0" "--network" "none" "ghcr.io/rust-lang/crates-build-env/linux@sha256:2788e3201cd34a07e3172128adcd8b3090168a8e3bcc40d7c032b9dda1df7d1c" "/opt/rustwide/cargo-home/bin/cargo" "+beta-2023-12-22" "build" "--frozen" "--message-format=json", kill_on_drop: false }`
[INFO] [stdout] 0e4ac63cfd9776ce13233ea337587e0c98a849bf7ae439d574ca98d44e7f6a42
[INFO] running `Command { std: "docker" "start" "-a" "0e4ac63cfd9776ce13233ea337587e0c98a849bf7ae439d574ca98d44e7f6a42", kill_on_drop: false }`
[INFO] [stderr]    Compiling polymorph_test v0.1.0 (/opt/rustwide/workdir)
[INFO] [stdout] warning: trait objects without an explicit `dyn` are deprecated
[INFO] [stdout]    --> src/main.rs:108:26
[INFO] [stdout]     |
[INFO] [stdout] 108 |     let mut vec: Vec<Box<Animal>> = Vec::new();
[INFO] [stdout]     |                          ^^^^^^
[INFO] [stdout]     |
[INFO] [stdout]     = warning: this is accepted in the current edition (Rust 2015) but is a hard error in Rust 2021!
[INFO] [stdout]     = note: for more information, see <https://doc.rust-lang.org/nightly/edition-guide/rust-2021/warnings-promoted-to-error.html>
[INFO] [stdout]     = note: `#[warn(bare_trait_objects)]` on by default
[INFO] [stdout] help: use `dyn`
[INFO] [stdout]     |
[INFO] [stdout] 108 |     let mut vec: Vec<Box<dyn Animal>> = Vec::new();
[INFO] [stdout]     |                          +++
[INFO] [stdout] 
[INFO] [stdout] 
[INFO] [stdout] warning: method `shear` is never used
[INFO] [stdout]   --> src/main.rs:26:8
[INFO] [stdout]    |
[INFO] [stdout] 21 | impl Sheep {
[INFO] [stdout]    | ---------- method in this implementation
[INFO] [stdout] ...
[INFO] [stdout] 26 |     fn shear(&mut self) {
[INFO] [stdout]    |        ^^^^^
[INFO] [stdout]    |
[INFO] [stdout]    = note: `#[warn(dead_code)]` on by default
[INFO] [stdout] 
[INFO] [stdout] 
[INFO] [stdout] warning: method `shear` is never used
[INFO] [stdout]   --> src/main.rs:43:8
[INFO] [stdout]    |
[INFO] [stdout] 38 | impl Duck {
[INFO] [stdout]    | --------- method in this implementation
[INFO] [stdout] ...
[INFO] [stdout] 43 |     fn shear(&mut self) {
[INFO] [stdout]    |        ^^^^^
[INFO] [stdout] 
[INFO] [stdout] 
[INFO] [stdout] warning: 3 warnings emitted
[INFO] [stdout] 
[INFO] [stdout] 
[INFO] [stderr]     Finished dev [unoptimized + debuginfo] target(s) in 0.26s
[INFO] running `Command { std: "docker" "inspect" "0e4ac63cfd9776ce13233ea337587e0c98a849bf7ae439d574ca98d44e7f6a42", kill_on_drop: false }`
[INFO] running `Command { std: "docker" "rm" "-f" "0e4ac63cfd9776ce13233ea337587e0c98a849bf7ae439d574ca98d44e7f6a42", kill_on_drop: false }`
[INFO] [stdout] 0e4ac63cfd9776ce13233ea337587e0c98a849bf7ae439d574ca98d44e7f6a42
[INFO] running `Command { std: "docker" "create" "-v" "/var/lib/crater-agent-workspace/builds/worker-0-tc2/target:/opt/rustwide/target:rw,Z" "-v" "/var/lib/crater-agent-workspace/builds/worker-0-tc2/source:/opt/rustwide/workdir:ro,Z" "-v" "/var/lib/crater-agent-workspace/cargo-home:/opt/rustwide/cargo-home:ro,Z" "-v" "/var/lib/crater-agent-workspace/rustup-home:/opt/rustwide/rustup-home:ro,Z" "-e" "SOURCE_DIR=/opt/rustwide/workdir" "-e" "CARGO_TARGET_DIR=/opt/rustwide/target" "-e" "CARGO_INCREMENTAL=0" "-e" "RUST_BACKTRACE=full" "-e" "RUSTFLAGS=--cap-lints=warn" "-e" "RUSTDOCFLAGS=--cap-lints=warn" "-e" "CARGO_HOME=/opt/rustwide/cargo-home" "-e" "RUSTUP_HOME=/opt/rustwide/rustup-home" "-w" "/opt/rustwide/workdir" "-m" "1610612736" "--user" "0:0" "--network" "none" "ghcr.io/rust-lang/crates-build-env/linux@sha256:2788e3201cd34a07e3172128adcd8b3090168a8e3bcc40d7c032b9dda1df7d1c" "/opt/rustwide/cargo-home/bin/cargo" "+beta-2023-12-22" "test" "--frozen" "--no-run" "--message-format=json", kill_on_drop: false }`
[INFO] [stdout] aed47a2386c78393494df85ab1ae6719634058913f8a18164c50a4d8281407f6
[INFO] running `Command { std: "docker" "start" "-a" "aed47a2386c78393494df85ab1ae6719634058913f8a18164c50a4d8281407f6", kill_on_drop: false }`
[INFO] [stderr]    Compiling polymorph_test v0.1.0 (/opt/rustwide/workdir)
[INFO] [stdout] warning: trait objects without an explicit `dyn` are deprecated
[INFO] [stdout]    --> src/main.rs:108:26
[INFO] [stdout]     |
[INFO] [stdout] 108 |     let mut vec: Vec<Box<Animal>> = Vec::new();
[INFO] [stdout]     |                          ^^^^^^
[INFO] [stdout]     |
[INFO] [stdout]     = warning: this is accepted in the current edition (Rust 2015) but is a hard error in Rust 2021!
[INFO] [stdout]     = note: for more information, see <https://doc.rust-lang.org/nightly/edition-guide/rust-2021/warnings-promoted-to-error.html>
[INFO] [stdout]     = note: `#[warn(bare_trait_objects)]` on by default
[INFO] [stdout] help: use `dyn`
[INFO] [stdout]     |
[INFO] [stdout] 108 |     let mut vec: Vec<Box<dyn Animal>> = Vec::new();
[INFO] [stdout]     |                          +++
[INFO] [stdout] 
[INFO] [stdout] 
[INFO] [stdout] warning: method `shear` is never used
[INFO] [stdout]   --> src/main.rs:26:8
[INFO] [stdout]    |
[INFO] [stdout] 21 | impl Sheep {
[INFO] [stdout]    | ---------- method in this implementation
[INFO] [stdout] ...
[INFO] [stdout] 26 |     fn shear(&mut self) {
[INFO] [stdout]    |        ^^^^^
[INFO] [stdout]    |
[INFO] [stdout]    = note: `#[warn(dead_code)]` on by default
[INFO] [stdout] 
[INFO] [stdout] 
[INFO] [stdout] warning: method `shear` is never used
[INFO] [stdout]   --> src/main.rs:43:8
[INFO] [stdout]    |
[INFO] [stdout] 38 | impl Duck {
[INFO] [stdout]    | --------- method in this implementation
[INFO] [stdout] ...
[INFO] [stdout] 43 |     fn shear(&mut self) {
[INFO] [stdout]    |        ^^^^^
[INFO] [stdout] 
[INFO] [stdout] 
[INFO] [stdout] warning: 3 warnings emitted
[INFO] [stdout] 
[INFO] [stdout] 
[INFO] [stderr]     Finished test [unoptimized + debuginfo] target(s) in 0.23s
[INFO] running `Command { std: "docker" "inspect" "aed47a2386c78393494df85ab1ae6719634058913f8a18164c50a4d8281407f6", kill_on_drop: false }`
[INFO] running `Command { std: "docker" "rm" "-f" "aed47a2386c78393494df85ab1ae6719634058913f8a18164c50a4d8281407f6", kill_on_drop: false }`
[INFO] [stdout] aed47a2386c78393494df85ab1ae6719634058913f8a18164c50a4d8281407f6
[INFO] running `Command { std: "docker" "create" "-v" "/var/lib/crater-agent-workspace/builds/worker-0-tc2/target:/opt/rustwide/target:rw,Z" "-v" "/var/lib/crater-agent-workspace/builds/worker-0-tc2/source:/opt/rustwide/workdir:ro,Z" "-v" "/var/lib/crater-agent-workspace/cargo-home:/opt/rustwide/cargo-home:ro,Z" "-v" "/var/lib/crater-agent-workspace/rustup-home:/opt/rustwide/rustup-home:ro,Z" "-e" "SOURCE_DIR=/opt/rustwide/workdir" "-e" "CARGO_TARGET_DIR=/opt/rustwide/target" "-e" "CARGO_INCREMENTAL=0" "-e" "RUST_BACKTRACE=full" "-e" "RUSTFLAGS=--cap-lints=warn" "-e" "RUSTDOCFLAGS=--cap-lints=warn" "-e" "CARGO_HOME=/opt/rustwide/cargo-home" "-e" "RUSTUP_HOME=/opt/rustwide/rustup-home" "-w" "/opt/rustwide/workdir" "-m" "1610612736" "--user" "0:0" "--network" "none" "ghcr.io/rust-lang/crates-build-env/linux@sha256:2788e3201cd34a07e3172128adcd8b3090168a8e3bcc40d7c032b9dda1df7d1c" "/opt/rustwide/cargo-home/bin/cargo" "+beta-2023-12-22" "test" "--frozen", kill_on_drop: false }`
[INFO] [stdout] 91fa7708038e1ac710b927c893b6bce670a111168d2b1e45fb25d51a349ebd05
[INFO] running `Command { std: "docker" "start" "-a" "91fa7708038e1ac710b927c893b6bce670a111168d2b1e45fb25d51a349ebd05", kill_on_drop: false }`
[INFO] [stderr] warning: trait objects without an explicit `dyn` are deprecated
[INFO] [stderr]    --> src/main.rs:108:26
[INFO] [stderr]     |
[INFO] [stderr] 108 |     let mut vec: Vec<Box<Animal>> = Vec::new();
[INFO] [stderr]     |                          ^^^^^^
[INFO] [stderr]     |
[INFO] [stderr]     = warning: this is accepted in the current edition (Rust 2015) but is a hard error in Rust 2021!
[INFO] [stderr]     = note: for more information, see <https://doc.rust-lang.org/nightly/edition-guide/rust-2021/warnings-promoted-to-error.html>
[INFO] [stderr]     = note: `#[warn(bare_trait_objects)]` on by default
[INFO] [stderr] help: use `dyn`
[INFO] [stderr]     |
[INFO] [stderr] 108 |     let mut vec: Vec<Box<dyn Animal>> = Vec::new();
[INFO] [stderr]     |                          +++
[INFO] [stderr] 
[INFO] [stderr] warning: method `shear` is never used
[INFO] [stderr]   --> src/main.rs:26:8
[INFO] [stderr]    |
[INFO] [stderr] 21 | impl Sheep {
[INFO] [stderr]    | ---------- method in this implementation
[INFO] [stderr] ...
[INFO] [stderr] 26 |     fn shear(&mut self) {
[INFO] [stderr]    |        ^^^^^
[INFO] [stderr]    |
[INFO] [stderr]    = note: `#[warn(dead_code)]` on by default
[INFO] [stderr] 
[INFO] [stderr] warning: method `shear` is never used
[INFO] [stderr]   --> src/main.rs:43:8
[INFO] [stderr]    |
[INFO] [stderr] 38 | impl Duck {
[INFO] [stderr]    | --------- method in this implementation
[INFO] [stderr] ...
[INFO] [stderr] 43 |     fn shear(&mut self) {
[INFO] [stderr]    |        ^^^^^
[INFO] [stderr] 
[INFO] [stderr] warning: `polymorph_test` (bin "polymorph_test" test) generated 3 warnings (run `cargo fix --bin "polymorph_test" --tests` to apply 1 suggestion)
[INFO] [stderr]     Finished test [unoptimized + debuginfo] target(s) in 0.00s
[INFO] [stderr]      Running unittests src/main.rs (/opt/rustwide/target/debug/deps/polymorph_test-e5f7ae2e758a29f4)
[INFO] [stdout] 
[INFO] [stdout] running 0 tests
[INFO] [stdout] 
[INFO] [stdout] test result: ok. 0 passed; 0 failed; 0 ignored; 0 measured; 0 filtered out; finished in 0.00s
[INFO] [stdout] 
[INFO] running `Command { std: "docker" "inspect" "91fa7708038e1ac710b927c893b6bce670a111168d2b1e45fb25d51a349ebd05", kill_on_drop: false }`
[INFO] running `Command { std: "docker" "rm" "-f" "91fa7708038e1ac710b927c893b6bce670a111168d2b1e45fb25d51a349ebd05", kill_on_drop: false }`
[INFO] [stdout] 91fa7708038e1ac710b927c893b6bce670a111168d2b1e45fb25d51a349ebd05
