[INFO] cloning repository https://github.com/shantanubhattarai/tf-idf-rs
[INFO] running `Command { std: "git" "-c" "credential.helper=" "-c" "credential.helper=/workspace/cargo-home/bin/git-credential-null" "clone" "--bare" "https://github.com/shantanubhattarai/tf-idf-rs" "/workspace/cache/git-repos/https%3A%2F%2Fgithub.com%2Fshantanubhattarai%2Ftf-idf-rs", kill_on_drop: false }`
[INFO] [stderr] Cloning into bare repository '/workspace/cache/git-repos/https%3A%2F%2Fgithub.com%2Fshantanubhattarai%2Ftf-idf-rs'...
[INFO] running `Command { std: "git" "rev-parse" "HEAD", kill_on_drop: false }`
[INFO] [stdout] 4780c60c600fd7c78770f7ba617a983c36093ac6
[INFO] testing shantanubhattarai/tf-idf-rs against 1.75.0 for beta-1.76-1
[INFO] running `Command { std: "git" "clone" "/workspace/cache/git-repos/https%3A%2F%2Fgithub.com%2Fshantanubhattarai%2Ftf-idf-rs" "/workspace/builds/worker-6-tc1/source", kill_on_drop: false }`
[INFO] [stderr] Cloning into '/workspace/builds/worker-6-tc1/source'...
[INFO] [stderr] done.
[INFO] validating manifest of git repo https://github.com/shantanubhattarai/tf-idf-rs on toolchain 1.75.0
[INFO] running `Command { std: CARGO_HOME="/workspace/cargo-home" RUSTUP_HOME="/workspace/rustup-home" "/workspace/cargo-home/bin/cargo" "+1.75.0" "metadata" "--manifest-path" "Cargo.toml" "--no-deps", kill_on_drop: false }`
[INFO] started tweaking git repo https://github.com/shantanubhattarai/tf-idf-rs
[INFO] finished tweaking git repo https://github.com/shantanubhattarai/tf-idf-rs
[INFO] tweaked toml for git repo https://github.com/shantanubhattarai/tf-idf-rs written to /workspace/builds/worker-6-tc1/source/Cargo.toml
[INFO] crate git repo https://github.com/shantanubhattarai/tf-idf-rs already has a lockfile, it will not be regenerated
[INFO] running `Command { std: CARGO_HOME="/workspace/cargo-home" RUSTUP_HOME="/workspace/rustup-home" "/workspace/cargo-home/bin/cargo" "+1.75.0" "fetch" "--manifest-path" "Cargo.toml", kill_on_drop: false }`
[INFO] [stderr]     Blocking waiting for file lock on package cache
[ERROR] error running command: no output for 300 seconds
[ERROR] this task or one of its parent failed!
[ERROR] no output for 300 seconds
[ERROR] note: run with `RUST_BACKTRACE=1` to display a backtrace.
[INFO] testing shantanubhattarai/tf-idf-rs against beta-2023-12-22 for beta-1.76-1
[INFO] running `Command { std: "git" "clone" "/workspace/cache/git-repos/https%3A%2F%2Fgithub.com%2Fshantanubhattarai%2Ftf-idf-rs" "/workspace/builds/worker-6-tc2/source", kill_on_drop: false }`
[INFO] [stderr] Cloning into '/workspace/builds/worker-6-tc2/source'...
[INFO] [stderr] done.
[INFO] validating manifest of git repo https://github.com/shantanubhattarai/tf-idf-rs on toolchain beta-2023-12-22
[INFO] running `Command { std: CARGO_HOME="/workspace/cargo-home" RUSTUP_HOME="/workspace/rustup-home" "/workspace/cargo-home/bin/cargo" "+beta-2023-12-22" "metadata" "--manifest-path" "Cargo.toml" "--no-deps", kill_on_drop: false }`
[INFO] started tweaking git repo https://github.com/shantanubhattarai/tf-idf-rs
[INFO] finished tweaking git repo https://github.com/shantanubhattarai/tf-idf-rs
[INFO] tweaked toml for git repo https://github.com/shantanubhattarai/tf-idf-rs written to /workspace/builds/worker-6-tc2/source/Cargo.toml
[INFO] crate git repo https://github.com/shantanubhattarai/tf-idf-rs already has a lockfile, it will not be regenerated
[INFO] running `Command { std: CARGO_HOME="/workspace/cargo-home" RUSTUP_HOME="/workspace/rustup-home" "/workspace/cargo-home/bin/cargo" "+beta-2023-12-22" "fetch" "--manifest-path" "Cargo.toml", kill_on_drop: false }`
[INFO] [stderr]     Blocking waiting for file lock on package cache
[INFO] [stderr]     Updating crates.io index
[INFO] [stderr]     Blocking waiting for file lock on package cache
[ERROR] error running command: no output for 300 seconds
[INFO] testing shantanubhattarai/tf-idf-rs against beta-2023-12-22 for beta-1.76-1
[INFO] running `Command { std: "git" "clone" "/workspace/cache/git-repos/https%3A%2F%2Fgithub.com%2Fshantanubhattarai%2Ftf-idf-rs" "/workspace/builds/worker-6-tc2/source", kill_on_drop: false }`
[INFO] [stderr] Cloning into '/workspace/builds/worker-6-tc2/source'...
[INFO] [stderr] done.
[INFO] validating manifest of git repo https://github.com/shantanubhattarai/tf-idf-rs on toolchain beta-2023-12-22
[INFO] running `Command { std: CARGO_HOME="/workspace/cargo-home" RUSTUP_HOME="/workspace/rustup-home" "/workspace/cargo-home/bin/cargo" "+beta-2023-12-22" "metadata" "--manifest-path" "Cargo.toml" "--no-deps", kill_on_drop: false }`
[INFO] started tweaking git repo https://github.com/shantanubhattarai/tf-idf-rs
[INFO] finished tweaking git repo https://github.com/shantanubhattarai/tf-idf-rs
[INFO] tweaked toml for git repo https://github.com/shantanubhattarai/tf-idf-rs written to /workspace/builds/worker-6-tc2/source/Cargo.toml
[INFO] crate git repo https://github.com/shantanubhattarai/tf-idf-rs already has a lockfile, it will not be regenerated
[INFO] running `Command { std: CARGO_HOME="/workspace/cargo-home" RUSTUP_HOME="/workspace/rustup-home" "/workspace/cargo-home/bin/cargo" "+beta-2023-12-22" "fetch" "--manifest-path" "Cargo.toml", kill_on_drop: false }`
[INFO] [stderr]     Blocking waiting for file lock on package cache
[INFO] [stderr]     Blocking waiting for file lock on package cache
[INFO] [stderr]  Downloading crates ...
[INFO] [stderr]   Downloaded dict v0.1.5
[INFO] running `Command { std: "docker" "create" "-v" "/var/lib/crater-agent-workspace/builds/worker-6-tc2/target:/opt/rustwide/target:rw,Z" "-v" "/var/lib/crater-agent-workspace/builds/worker-6-tc2/source:/opt/rustwide/workdir:ro,Z" "-v" "/var/lib/crater-agent-workspace/cargo-home:/opt/rustwide/cargo-home:ro,Z" "-v" "/var/lib/crater-agent-workspace/rustup-home:/opt/rustwide/rustup-home:ro,Z" "-e" "SOURCE_DIR=/opt/rustwide/workdir" "-e" "CARGO_TARGET_DIR=/opt/rustwide/target" "-e" "CARGO_HOME=/opt/rustwide/cargo-home" "-e" "RUSTUP_HOME=/opt/rustwide/rustup-home" "-w" "/opt/rustwide/workdir" "-m" "1610612736" "--user" "0:0" "--network" "none" "ghcr.io/rust-lang/crates-build-env/linux@sha256:2788e3201cd34a07e3172128adcd8b3090168a8e3bcc40d7c032b9dda1df7d1c" "/opt/rustwide/cargo-home/bin/cargo" "+beta-2023-12-22" "metadata" "--no-deps" "--format-version=1", kill_on_drop: false }`
[INFO] [stdout] 5f5330d956884e814985066338b638defa01a38c000431bd521330191139d92f
[INFO] running `Command { std: "docker" "start" "-a" "5f5330d956884e814985066338b638defa01a38c000431bd521330191139d92f", kill_on_drop: false }`
[INFO] running `Command { std: "docker" "inspect" "5f5330d956884e814985066338b638defa01a38c000431bd521330191139d92f", kill_on_drop: false }`
[INFO] running `Command { std: "docker" "rm" "-f" "5f5330d956884e814985066338b638defa01a38c000431bd521330191139d92f", kill_on_drop: false }`
[INFO] [stdout] 5f5330d956884e814985066338b638defa01a38c000431bd521330191139d92f
[INFO] running `Command { std: "docker" "create" "-v" "/var/lib/crater-agent-workspace/builds/worker-6-tc2/target:/opt/rustwide/target:rw,Z" "-v" "/var/lib/crater-agent-workspace/builds/worker-6-tc2/source:/opt/rustwide/workdir:ro,Z" "-v" "/var/lib/crater-agent-workspace/cargo-home:/opt/rustwide/cargo-home:ro,Z" "-v" "/var/lib/crater-agent-workspace/rustup-home:/opt/rustwide/rustup-home:ro,Z" "-e" "SOURCE_DIR=/opt/rustwide/workdir" "-e" "CARGO_TARGET_DIR=/opt/rustwide/target" "-e" "CARGO_INCREMENTAL=0" "-e" "RUST_BACKTRACE=full" "-e" "RUSTFLAGS=--cap-lints=warn" "-e" "RUSTDOCFLAGS=--cap-lints=warn" "-e" "CARGO_HOME=/opt/rustwide/cargo-home" "-e" "RUSTUP_HOME=/opt/rustwide/rustup-home" "-w" "/opt/rustwide/workdir" "-m" "1610612736" "--user" "0:0" "--network" "none" "ghcr.io/rust-lang/crates-build-env/linux@sha256:2788e3201cd34a07e3172128adcd8b3090168a8e3bcc40d7c032b9dda1df7d1c" "/opt/rustwide/cargo-home/bin/cargo" "+beta-2023-12-22" "build" "--frozen" "--message-format=json", kill_on_drop: false }`
[INFO] [stdout] f176ad3f460d6c47349b88a9044b7d27592f8aa951fd2ac0da26eb9de9a0dc68
[INFO] running `Command { std: "docker" "start" "-a" "f176ad3f460d6c47349b88a9044b7d27592f8aa951fd2ac0da26eb9de9a0dc68", kill_on_drop: false }`
[INFO] [stderr]    Compiling dict v0.1.5
[INFO] [stderr]    Compiling tfidf v0.1.0 (/opt/rustwide/workdir)
[INFO] [stdout] warning: floating-point types cannot be used in patterns
[INFO] [stdout]   --> src/main.rs:62:13
[INFO] [stdout]    |
[INFO] [stdout] 62 |             0f32 => 0f32,
[INFO] [stdout]    |             ^^^^
[INFO] [stdout]    |
[INFO] [stdout]    = warning: this was previously accepted by the compiler but is being phased out; it will become a hard error in a future release!
[INFO] [stdout]    = note: for more information, see issue #41620 <https://github.com/rust-lang/rust/issues/41620>
[INFO] [stdout]    = note: `#[warn(illegal_floating_point_literal_pattern)]` on by default
[INFO] [stdout] 
[INFO] [stdout] 
[INFO] [stdout] warning: unused variable: `sorted_documents`
[INFO] [stdout]   --> src/main.rs:82:17
[INFO] [stdout]    |
[INFO] [stdout] 82 |         let mut sorted_documents: Vec<Vec<Term<'a>>> = vec![];
[INFO] [stdout]    |                 ^^^^^^^^^^^^^^^^ help: if this is intentional, prefix it with an underscore: `_sorted_documents`
[INFO] [stdout]    |
[INFO] [stdout]    = note: `#[warn(unused_variables)]` on by default
[INFO] [stdout] 
[INFO] [stdout] 
[INFO] [stdout] warning: unused variable: `similarities_vec`
[INFO] [stdout]   --> src/main.rs:83:13
[INFO] [stdout]    |
[INFO] [stdout] 83 |         let similarities_vec = self.similarities(term);
[INFO] [stdout]    |             ^^^^^^^^^^^^^^^^ help: if this is intentional, prefix it with an underscore: `_similarities_vec`
[INFO] [stdout] 
[INFO] [stdout] 
[INFO] [stdout] warning: variable does not need to be mutable
[INFO] [stdout]   --> src/main.rs:82:13
[INFO] [stdout]    |
[INFO] [stdout] 82 |         let mut sorted_documents: Vec<Vec<Term<'a>>> = vec![];
[INFO] [stdout]    |             ----^^^^^^^^^^^^^^^^
[INFO] [stdout]    |             |
[INFO] [stdout]    |             help: remove this `mut`
[INFO] [stdout]    |
[INFO] [stdout]    = note: `#[warn(unused_mut)]` on by default
[INFO] [stdout] 
[INFO] [stdout] 
[INFO] [stdout] warning: method `sort_by_similarities` is never used
[INFO] [stdout]   --> src/main.rs:81:8
[INFO] [stdout]    |
[INFO] [stdout] 13 | impl<'a> TfIdf<'a> {
[INFO] [stdout]    | ------------------ method in this implementation
[INFO] [stdout] ...
[INFO] [stdout] 81 |     fn sort_by_similarities(&self, term: &'a Term) {
[INFO] [stdout]    |        ^^^^^^^^^^^^^^^^^^^^
[INFO] [stdout]    |
[INFO] [stdout]    = note: `#[warn(dead_code)]` on by default
[INFO] [stdout] 
[INFO] [stdout] 
[INFO] [stdout] warning: 5 warnings emitted
[INFO] [stdout] 
[INFO] [stdout] 
[INFO] [stderr]     Finished dev [unoptimized + debuginfo] target(s) in 0.29s
[INFO] running `Command { std: "docker" "inspect" "f176ad3f460d6c47349b88a9044b7d27592f8aa951fd2ac0da26eb9de9a0dc68", kill_on_drop: false }`
[INFO] running `Command { std: "docker" "rm" "-f" "f176ad3f460d6c47349b88a9044b7d27592f8aa951fd2ac0da26eb9de9a0dc68", kill_on_drop: false }`
[INFO] [stdout] f176ad3f460d6c47349b88a9044b7d27592f8aa951fd2ac0da26eb9de9a0dc68
[INFO] running `Command { std: "docker" "create" "-v" "/var/lib/crater-agent-workspace/builds/worker-6-tc2/target:/opt/rustwide/target:rw,Z" "-v" "/var/lib/crater-agent-workspace/builds/worker-6-tc2/source:/opt/rustwide/workdir:ro,Z" "-v" "/var/lib/crater-agent-workspace/cargo-home:/opt/rustwide/cargo-home:ro,Z" "-v" "/var/lib/crater-agent-workspace/rustup-home:/opt/rustwide/rustup-home:ro,Z" "-e" "SOURCE_DIR=/opt/rustwide/workdir" "-e" "CARGO_TARGET_DIR=/opt/rustwide/target" "-e" "CARGO_INCREMENTAL=0" "-e" "RUST_BACKTRACE=full" "-e" "RUSTFLAGS=--cap-lints=warn" "-e" "RUSTDOCFLAGS=--cap-lints=warn" "-e" "CARGO_HOME=/opt/rustwide/cargo-home" "-e" "RUSTUP_HOME=/opt/rustwide/rustup-home" "-w" "/opt/rustwide/workdir" "-m" "1610612736" "--user" "0:0" "--network" "none" "ghcr.io/rust-lang/crates-build-env/linux@sha256:2788e3201cd34a07e3172128adcd8b3090168a8e3bcc40d7c032b9dda1df7d1c" "/opt/rustwide/cargo-home/bin/cargo" "+beta-2023-12-22" "test" "--frozen" "--no-run" "--message-format=json", kill_on_drop: false }`
[INFO] [stdout] a4031556ea5a4871d2ba1085aa982af98488fce7844980cea4de69437a27d016
[INFO] running `Command { std: "docker" "start" "-a" "a4031556ea5a4871d2ba1085aa982af98488fce7844980cea4de69437a27d016", kill_on_drop: false }`
[INFO] [stderr]    Compiling tfidf v0.1.0 (/opt/rustwide/workdir)
[INFO] [stdout] warning: floating-point types cannot be used in patterns
[INFO] [stdout]   --> src/main.rs:62:13
[INFO] [stdout]    |
[INFO] [stdout] 62 |             0f32 => 0f32,
[INFO] [stdout]    |             ^^^^
[INFO] [stdout]    |
[INFO] [stdout]    = warning: this was previously accepted by the compiler but is being phased out; it will become a hard error in a future release!
[INFO] [stdout]    = note: for more information, see issue #41620 <https://github.com/rust-lang/rust/issues/41620>
[INFO] [stdout]    = note: `#[warn(illegal_floating_point_literal_pattern)]` on by default
[INFO] [stdout] 
[INFO] [stdout] 
[INFO] [stdout] warning: unused variable: `sorted_documents`
[INFO] [stdout]   --> src/main.rs:82:17
[INFO] [stdout]    |
[INFO] [stdout] 82 |         let mut sorted_documents: Vec<Vec<Term<'a>>> = vec![];
[INFO] [stdout]    |                 ^^^^^^^^^^^^^^^^ help: if this is intentional, prefix it with an underscore: `_sorted_documents`
[INFO] [stdout]    |
[INFO] [stdout]    = note: `#[warn(unused_variables)]` on by default
[INFO] [stdout] 
[INFO] [stdout] 
[INFO] [stdout] warning: unused variable: `similarities_vec`
[INFO] [stdout]   --> src/main.rs:83:13
[INFO] [stdout]    |
[INFO] [stdout] 83 |         let similarities_vec = self.similarities(term);
[INFO] [stdout]    |             ^^^^^^^^^^^^^^^^ help: if this is intentional, prefix it with an underscore: `_similarities_vec`
[INFO] [stdout] 
[INFO] [stdout] 
[INFO] [stdout] warning: variable does not need to be mutable
[INFO] [stdout]   --> src/main.rs:82:13
[INFO] [stdout]    |
[INFO] [stdout] 82 |         let mut sorted_documents: Vec<Vec<Term<'a>>> = vec![];
[INFO] [stdout]    |             ----^^^^^^^^^^^^^^^^
[INFO] [stdout]    |             |
[INFO] [stdout]    |             help: remove this `mut`
[INFO] [stdout]    |
[INFO] [stdout]    = note: `#[warn(unused_mut)]` on by default
[INFO] [stdout] 
[INFO] [stdout] 
[INFO] [stdout] warning: method `sort_by_similarities` is never used
[INFO] [stdout]   --> src/main.rs:81:8
[INFO] [stdout]    |
[INFO] [stdout] 13 | impl<'a> TfIdf<'a> {
[INFO] [stdout]    | ------------------ method in this implementation
[INFO] [stdout] ...
[INFO] [stdout] 81 |     fn sort_by_similarities(&self, term: &'a Term) {
[INFO] [stdout]    |        ^^^^^^^^^^^^^^^^^^^^
[INFO] [stdout]    |
[INFO] [stdout]    = note: `#[warn(dead_code)]` on by default
[INFO] [stdout] 
[INFO] [stdout] 
[INFO] [stdout] warning: 5 warnings emitted
[INFO] [stdout] 
[INFO] [stdout] 
[INFO] [stderr]     Finished test [unoptimized + debuginfo] target(s) in 0.30s
[INFO] running `Command { std: "docker" "inspect" "a4031556ea5a4871d2ba1085aa982af98488fce7844980cea4de69437a27d016", kill_on_drop: false }`
[INFO] running `Command { std: "docker" "rm" "-f" "a4031556ea5a4871d2ba1085aa982af98488fce7844980cea4de69437a27d016", kill_on_drop: false }`
[INFO] [stdout] a4031556ea5a4871d2ba1085aa982af98488fce7844980cea4de69437a27d016
[INFO] running `Command { std: "docker" "create" "-v" "/var/lib/crater-agent-workspace/builds/worker-6-tc2/target:/opt/rustwide/target:rw,Z" "-v" "/var/lib/crater-agent-workspace/builds/worker-6-tc2/source:/opt/rustwide/workdir:ro,Z" "-v" "/var/lib/crater-agent-workspace/cargo-home:/opt/rustwide/cargo-home:ro,Z" "-v" "/var/lib/crater-agent-workspace/rustup-home:/opt/rustwide/rustup-home:ro,Z" "-e" "SOURCE_DIR=/opt/rustwide/workdir" "-e" "CARGO_TARGET_DIR=/opt/rustwide/target" "-e" "CARGO_INCREMENTAL=0" "-e" "RUST_BACKTRACE=full" "-e" "RUSTFLAGS=--cap-lints=warn" "-e" "RUSTDOCFLAGS=--cap-lints=warn" "-e" "CARGO_HOME=/opt/rustwide/cargo-home" "-e" "RUSTUP_HOME=/opt/rustwide/rustup-home" "-w" "/opt/rustwide/workdir" "-m" "1610612736" "--user" "0:0" "--network" "none" "ghcr.io/rust-lang/crates-build-env/linux@sha256:2788e3201cd34a07e3172128adcd8b3090168a8e3bcc40d7c032b9dda1df7d1c" "/opt/rustwide/cargo-home/bin/cargo" "+beta-2023-12-22" "test" "--frozen", kill_on_drop: false }`
[INFO] [stdout] 53fe2e861e918a66f38a47b2ce2e6c4d7900751088871ebfd3ead3aee0c63a6d
[INFO] running `Command { std: "docker" "start" "-a" "53fe2e861e918a66f38a47b2ce2e6c4d7900751088871ebfd3ead3aee0c63a6d", kill_on_drop: false }`
[INFO] [stderr] warning: floating-point types cannot be used in patterns
[INFO] [stderr]   --> src/main.rs:62:13
[INFO] [stderr]    |
[INFO] [stderr] 62 |             0f32 => 0f32,
[INFO] [stderr]    |             ^^^^
[INFO] [stderr]    |
[INFO] [stderr]    = warning: this was previously accepted by the compiler but is being phased out; it will become a hard error in a future release!
[INFO] [stderr]    = note: for more information, see issue #41620 <https://github.com/rust-lang/rust/issues/41620>
[INFO] [stderr]    = note: `#[warn(illegal_floating_point_literal_pattern)]` on by default
[INFO] [stderr] 
[INFO] [stderr] warning: unused variable: `sorted_documents`
[INFO] [stderr]   --> src/main.rs:82:17
[INFO] [stderr]    |
[INFO] [stderr] 82 |         let mut sorted_documents: Vec<Vec<Term<'a>>> = vec![];
[INFO] [stderr]    |                 ^^^^^^^^^^^^^^^^ help: if this is intentional, prefix it with an underscore: `_sorted_documents`
[INFO] [stderr]    |
[INFO] [stderr]    = note: `#[warn(unused_variables)]` on by default
[INFO] [stderr] 
[INFO] [stderr] warning: unused variable: `similarities_vec`
[INFO] [stderr]   --> src/main.rs:83:13
[INFO] [stderr]    |
[INFO] [stderr] 83 |         let similarities_vec = self.similarities(term);
[INFO] [stderr]    |             ^^^^^^^^^^^^^^^^ help: if this is intentional, prefix it with an underscore: `_similarities_vec`
[INFO] [stderr] 
[INFO] [stderr] warning: variable does not need to be mutable
[INFO] [stderr]   --> src/main.rs:82:13
[INFO] [stderr]    |
[INFO] [stderr] 82 |         let mut sorted_documents: Vec<Vec<Term<'a>>> = vec![];
[INFO] [stderr]    |             ----^^^^^^^^^^^^^^^^
[INFO] [stderr]    |             |
[INFO] [stderr]    |             help: remove this `mut`
[INFO] [stderr]    |
[INFO] [stderr]    = note: `#[warn(unused_mut)]` on by default
[INFO] [stderr] 
[INFO] [stderr] warning: method `sort_by_similarities` is never used
[INFO] [stderr]   --> src/main.rs:81:8
[INFO] [stderr]    |
[INFO] [stderr] 13 | impl<'a> TfIdf<'a> {
[INFO] [stderr]    | ------------------ method in this implementation
[INFO] [stderr] ...
[INFO] [stderr] 81 |     fn sort_by_similarities(&self, term: &'a Term) {
[INFO] [stderr]    |        ^^^^^^^^^^^^^^^^^^^^
[INFO] [stderr]    |
[INFO] [stderr]    = note: `#[warn(dead_code)]` on by default
[INFO] [stderr] 
[INFO] [stderr] warning: `tfidf` (bin "tfidf" test) generated 5 warnings (run `cargo fix --bin "tfidf" --tests` to apply 3 suggestions)
[INFO] [stderr]     Finished test [unoptimized + debuginfo] target(s) in 0.00s
[INFO] [stderr]      Running unittests src/main.rs (/opt/rustwide/target/debug/deps/tfidf-633cfc8608266b2b)
[INFO] [stdout] 
[INFO] [stdout] running 0 tests
[INFO] [stdout] 
[INFO] [stdout] test result: ok. 0 passed; 0 failed; 0 ignored; 0 measured; 0 filtered out; finished in 0.00s
[INFO] [stdout] 
[INFO] running `Command { std: "docker" "inspect" "53fe2e861e918a66f38a47b2ce2e6c4d7900751088871ebfd3ead3aee0c63a6d", kill_on_drop: false }`
[INFO] running `Command { std: "docker" "rm" "-f" "53fe2e861e918a66f38a47b2ce2e6c4d7900751088871ebfd3ead3aee0c63a6d", kill_on_drop: false }`
[INFO] [stdout] 53fe2e861e918a66f38a47b2ce2e6c4d7900751088871ebfd3ead3aee0c63a6d
