[INFO] cloning repository https://github.com/serpent-os/usysconf-rs
[INFO] running `Command { std: "git" "-c" "credential.helper=" "-c" "credential.helper=/workspace/cargo-home/bin/git-credential-null" "clone" "--bare" "https://github.com/serpent-os/usysconf-rs" "/workspace/cache/git-repos/https%3A%2F%2Fgithub.com%2Fserpent-os%2Fusysconf-rs", kill_on_drop: false }`
[INFO] [stderr] Cloning into bare repository '/workspace/cache/git-repos/https%3A%2F%2Fgithub.com%2Fserpent-os%2Fusysconf-rs'...
[INFO] running `Command { std: "git" "rev-parse" "HEAD", kill_on_drop: false }`
[INFO] [stdout] 3047d89865bc44c77da754ac8107ff157cb98f62
[INFO] testing serpent-os/usysconf-rs against 1.75.0 for beta-1.76-1
[INFO] running `Command { std: "git" "clone" "/workspace/cache/git-repos/https%3A%2F%2Fgithub.com%2Fserpent-os%2Fusysconf-rs" "/workspace/builds/worker-1-tc1/source", kill_on_drop: false }`
[INFO] [stderr] Cloning into '/workspace/builds/worker-1-tc1/source'...
[INFO] [stderr] done.
[INFO] validating manifest of git repo https://github.com/serpent-os/usysconf-rs on toolchain 1.75.0
[INFO] running `Command { std: CARGO_HOME="/workspace/cargo-home" RUSTUP_HOME="/workspace/rustup-home" "/workspace/cargo-home/bin/cargo" "+1.75.0" "metadata" "--manifest-path" "Cargo.toml" "--no-deps", kill_on_drop: false }`
[INFO] started tweaking git repo https://github.com/serpent-os/usysconf-rs
[INFO] finished tweaking git repo https://github.com/serpent-os/usysconf-rs
[INFO] tweaked toml for git repo https://github.com/serpent-os/usysconf-rs written to /workspace/builds/worker-1-tc1/source/Cargo.toml
[INFO] crate git repo https://github.com/serpent-os/usysconf-rs already has a lockfile, it will not be regenerated
[INFO] running `Command { std: CARGO_HOME="/workspace/cargo-home" RUSTUP_HOME="/workspace/rustup-home" "/workspace/cargo-home/bin/cargo" "+1.75.0" "fetch" "--manifest-path" "Cargo.toml", kill_on_drop: false }`
[INFO] [stderr]     Blocking waiting for file lock on package cache
[INFO] [stderr]     Updating git repository `https://github.com/serpent-os/moss-rs.git`
[INFO] [stderr]     Updating git submodule `https://github.com/serpent-os/serpent-style.git`
[INFO] [stderr]     Blocking waiting for file lock on package cache
[ERROR] error running command: no output for 300 seconds
[ERROR] this task or one of its parent failed!
[ERROR] no output for 300 seconds
[ERROR] note: run with `RUST_BACKTRACE=1` to display a backtrace.
[INFO] testing serpent-os/usysconf-rs against beta-2023-12-22 for beta-1.76-1
[INFO] running `Command { std: "git" "clone" "/workspace/cache/git-repos/https%3A%2F%2Fgithub.com%2Fserpent-os%2Fusysconf-rs" "/workspace/builds/worker-1-tc2/source", kill_on_drop: false }`
[INFO] [stderr] Cloning into '/workspace/builds/worker-1-tc2/source'...
[INFO] [stderr] done.
[INFO] validating manifest of git repo https://github.com/serpent-os/usysconf-rs on toolchain beta-2023-12-22
[INFO] running `Command { std: CARGO_HOME="/workspace/cargo-home" RUSTUP_HOME="/workspace/rustup-home" "/workspace/cargo-home/bin/cargo" "+beta-2023-12-22" "metadata" "--manifest-path" "Cargo.toml" "--no-deps", kill_on_drop: false }`
[INFO] started tweaking git repo https://github.com/serpent-os/usysconf-rs
[INFO] finished tweaking git repo https://github.com/serpent-os/usysconf-rs
[INFO] tweaked toml for git repo https://github.com/serpent-os/usysconf-rs written to /workspace/builds/worker-1-tc2/source/Cargo.toml
[INFO] crate git repo https://github.com/serpent-os/usysconf-rs already has a lockfile, it will not be regenerated
[INFO] running `Command { std: CARGO_HOME="/workspace/cargo-home" RUSTUP_HOME="/workspace/rustup-home" "/workspace/cargo-home/bin/cargo" "+beta-2023-12-22" "fetch" "--manifest-path" "Cargo.toml", kill_on_drop: false }`
[INFO] [stderr]     Blocking waiting for file lock on package cache
[INFO] running `Command { std: "docker" "create" "-v" "/var/lib/crater-agent-workspace/builds/worker-1-tc2/target:/opt/rustwide/target:rw,Z" "-v" "/var/lib/crater-agent-workspace/builds/worker-1-tc2/source:/opt/rustwide/workdir:ro,Z" "-v" "/var/lib/crater-agent-workspace/cargo-home:/opt/rustwide/cargo-home:ro,Z" "-v" "/var/lib/crater-agent-workspace/rustup-home:/opt/rustwide/rustup-home:ro,Z" "-e" "SOURCE_DIR=/opt/rustwide/workdir" "-e" "CARGO_TARGET_DIR=/opt/rustwide/target" "-e" "CARGO_HOME=/opt/rustwide/cargo-home" "-e" "RUSTUP_HOME=/opt/rustwide/rustup-home" "-w" "/opt/rustwide/workdir" "-m" "1610612736" "--user" "0:0" "--network" "none" "ghcr.io/rust-lang/crates-build-env/linux@sha256:2788e3201cd34a07e3172128adcd8b3090168a8e3bcc40d7c032b9dda1df7d1c" "/opt/rustwide/cargo-home/bin/cargo" "+beta-2023-12-22" "metadata" "--no-deps" "--format-version=1", kill_on_drop: false }`
[INFO] [stdout] 191c1d7eeaccc9b54d1683ab05895e4b2dcc24bfe7226d5baca8f975836b5549
[INFO] running `Command { std: "docker" "start" "-a" "191c1d7eeaccc9b54d1683ab05895e4b2dcc24bfe7226d5baca8f975836b5549", kill_on_drop: false }`
[INFO] running `Command { std: "docker" "inspect" "191c1d7eeaccc9b54d1683ab05895e4b2dcc24bfe7226d5baca8f975836b5549", kill_on_drop: false }`
[INFO] running `Command { std: "docker" "rm" "-f" "191c1d7eeaccc9b54d1683ab05895e4b2dcc24bfe7226d5baca8f975836b5549", kill_on_drop: false }`
[INFO] [stdout] 191c1d7eeaccc9b54d1683ab05895e4b2dcc24bfe7226d5baca8f975836b5549
[INFO] running `Command { std: "docker" "create" "-v" "/var/lib/crater-agent-workspace/builds/worker-1-tc2/target:/opt/rustwide/target:rw,Z" "-v" "/var/lib/crater-agent-workspace/builds/worker-1-tc2/source:/opt/rustwide/workdir:ro,Z" "-v" "/var/lib/crater-agent-workspace/cargo-home:/opt/rustwide/cargo-home:ro,Z" "-v" "/var/lib/crater-agent-workspace/rustup-home:/opt/rustwide/rustup-home:ro,Z" "-e" "SOURCE_DIR=/opt/rustwide/workdir" "-e" "CARGO_TARGET_DIR=/opt/rustwide/target" "-e" "CARGO_INCREMENTAL=0" "-e" "RUST_BACKTRACE=full" "-e" "RUSTFLAGS=--cap-lints=warn" "-e" "RUSTDOCFLAGS=--cap-lints=warn" "-e" "CARGO_HOME=/opt/rustwide/cargo-home" "-e" "RUSTUP_HOME=/opt/rustwide/rustup-home" "-w" "/opt/rustwide/workdir" "-m" "1610612736" "--user" "0:0" "--network" "none" "ghcr.io/rust-lang/crates-build-env/linux@sha256:2788e3201cd34a07e3172128adcd8b3090168a8e3bcc40d7c032b9dda1df7d1c" "/opt/rustwide/cargo-home/bin/cargo" "+beta-2023-12-22" "build" "--frozen" "--message-format=json", kill_on_drop: false }`
[INFO] [stdout] 35ca5bb19881eebea32b6a7ca3751e3c102d46344676f8c9dcd1c0627eb4eb2e
[INFO] running `Command { std: "docker" "start" "-a" "35ca5bb19881eebea32b6a7ca3751e3c102d46344676f8c9dcd1c0627eb4eb2e", kill_on_drop: false }`
[INFO] [stderr]    Compiling autocfg v1.1.0
[INFO] [stderr]    Compiling pin-project-lite v0.2.13
[INFO] [stderr]    Compiling proc-macro2 v1.0.70
[INFO] [stderr]    Compiling unicode-ident v1.0.12
[INFO] [stderr]    Compiling futures-core v0.3.29
[INFO] [stderr]    Compiling cfg-if v1.0.0
[INFO] [stderr]    Compiling crossbeam-utils v0.8.16
[INFO] [stderr]    Compiling libc v0.2.150
[INFO] [stderr]    Compiling parking v2.2.0
[INFO] [stderr]    Compiling memchr v2.6.4
[INFO] [stderr]    Compiling futures-io v0.3.29
[INFO] [stderr]    Compiling rustix v0.38.27
[INFO] [stderr]    Compiling futures-task v0.3.29
[INFO] [stderr]    Compiling linux-raw-sys v0.4.12
[INFO] [stderr]    Compiling tracing-core v0.1.32
[INFO] [stderr]    Compiling futures-channel v0.3.29
[INFO] [stderr]    Compiling bitflags v2.4.1
[INFO] [stderr]    Compiling io-lifetimes v1.0.11
[INFO] [stderr]    Compiling hashbrown v0.14.3
[INFO] [stderr]    Compiling futures-util v0.3.29
[INFO] [stderr]    Compiling rustix v0.37.27
[INFO] [stderr]    Compiling serde v1.0.193
[INFO] [stderr]    Compiling slab v0.4.9
[INFO] [stderr]    Compiling polling v2.8.0
[INFO] [stderr]    Compiling futures-sink v0.3.29
[INFO] [stderr]    Compiling utf8parse v0.2.1
[INFO] [stderr]    Compiling equivalent v1.0.1
[INFO] [stderr]    Compiling tracing v0.1.40
[INFO] [stderr]    Compiling anstyle-parse v0.2.3
[INFO] [stderr]    Compiling concurrent-queue v2.4.0
[INFO] [stderr]    Compiling futures-lite v2.1.0
[INFO] [stderr]    Compiling async-io v1.13.0
[INFO] [stderr]    Compiling indexmap v2.1.0
[INFO] [stderr]    Compiling event-listener v4.0.0
[INFO] [stderr]    Compiling pin-utils v0.1.0
[INFO] [stderr]    Compiling fastrand v1.9.0
[INFO] [stderr]    Compiling linux-raw-sys v0.3.8
[INFO] [stderr]    Compiling bitflags v1.3.2
[INFO] [stderr]    Compiling anstyle v1.0.4
[INFO] [stderr]    Compiling colorchoice v1.0.0
[INFO] [stderr]    Compiling waker-fn v1.1.1
[INFO] [stderr]    Compiling event-listener v2.5.3
[INFO] [stderr]    Compiling log v0.4.20
[INFO] [stderr]    Compiling quote v1.0.33
[INFO] [stderr]    Compiling anstyle-query v1.0.2
[INFO] [stderr]    Compiling aho-corasick v1.1.2
[INFO] [stderr]    Compiling async-lock v2.8.0
[INFO] [stderr]    Compiling event-listener-strategy v0.4.0
[INFO] [stderr]    Compiling futures-lite v1.13.0
[INFO] [stderr]    Compiling anstream v0.6.5
[INFO] [stderr]    Compiling clap_lex v0.6.0
[INFO] [stderr]    Compiling async-lock v3.2.0
[INFO] [stderr]    Compiling thiserror v1.0.50
[INFO] [stderr]    Compiling strsim v0.10.0
[INFO] [stderr]    Compiling syn v2.0.39
[INFO] [stderr]    Compiling signal-hook-registry v1.4.1
[INFO] [stderr]    Compiling socket2 v0.4.10
[INFO] [stderr]    Compiling fixedbitset v0.4.2
[INFO] [stderr]    Compiling regex-syntax v0.8.2
[INFO] [stderr]    Compiling clap_builder v4.4.11
[INFO] [stderr]    Compiling event-listener v3.1.0
[INFO] [stderr]    Compiling petgraph v0.6.4
[INFO] [stderr]    Compiling unsafe-libyaml v0.2.9
[INFO] [stderr]    Compiling itoa v1.0.10
[INFO] [stderr]    Compiling ryu v1.0.15
[INFO] [stderr]    Compiling dag v0.1.0 (https://github.com/serpent-os/moss-rs.git#1072048c)
[INFO] [stderr]    Compiling regex-automata v0.4.3
[INFO] [stderr]    Compiling clap v4.4.11
[INFO] [stderr]    Compiling serde_derive v1.0.193
[INFO] [stderr]    Compiling futures-macro v0.3.29
[INFO] [stderr]    Compiling thiserror-impl v1.0.50
[INFO] [stderr]    Compiling polling v3.3.1
[INFO] [stderr]    Compiling async-io v2.2.1
[INFO] [stderr]    Compiling regex v1.10.2
[INFO] [stderr]    Compiling async-signal v0.2.5
[INFO] [stderr]    Compiling async-process v1.8.1
[INFO] [stderr]    Compiling futures-executor v0.3.29
[INFO] [stderr]    Compiling futures v0.3.29
[INFO] [stderr]    Compiling serde_yaml v0.9.27
[INFO] [stderr]    Compiling bincode v1.3.3
[INFO] [stderr]    Compiling usysconf v0.1.0 (/opt/rustwide/workdir)
[INFO] [stdout] warning: fields `force_envs` and `deps` are never read
[INFO] [stdout]   --> src/trigger.rs:56:5
[INFO] [stdout]    |
[INFO] [stdout] 50 | pub struct Trigger {
[INFO] [stdout]    |            ------- fields in this struct
[INFO] [stdout] ...
[INFO] [stdout] 56 |     force_envs: Vec<OsEnv>,
[INFO] [stdout]    |     ^^^^^^^^^^
[INFO] [stdout] ...
[INFO] [stdout] 59 |     deps: Vec<String>,
[INFO] [stdout]    |     ^^^^
[INFO] [stdout]    |
[INFO] [stdout]    = note: `Trigger` has a derived impl for the trait `Debug`, but this is intentionally ignored during dead code analysis
[INFO] [stdout]    = note: `#[warn(dead_code)]` on by default
[INFO] [stdout] 
[INFO] [stdout] 
[INFO] [stdout] warning: 1 warning emitted
[INFO] [stdout] 
[INFO] [stdout] 
[INFO] [stdout] warning: field `map` is never read
[INFO] [stdout]   --> src/bin/usysconf/pathtimes.rs:13:5
[INFO] [stdout]    |
[INFO] [stdout] 12 | pub struct PathTimes {
[INFO] [stdout]    |            --------- field in this struct
[INFO] [stdout] 13 |     map: HashMap<Path, Mtime>,
[INFO] [stdout]    |     ^^^
[INFO] [stdout]    |
[INFO] [stdout]    = note: `#[warn(dead_code)]` on by default
[INFO] [stdout] 
[INFO] [stdout] 
[INFO] [stdout] warning: associated items `new`, `update`, `get`, and `save` are never used
[INFO] [stdout]   --> src/bin/usysconf/pathtimes.rs:17:12
[INFO] [stdout]    |
[INFO] [stdout] 16 | impl PathTimes {
[INFO] [stdout]    | -------------- associated items in this implementation
[INFO] [stdout] 17 |     pub fn new(source: impl Read) -> Result<Self, bincode::Error> {
[INFO] [stdout]    |            ^^^
[INFO] [stdout] ...
[INFO] [stdout] 23 |     pub fn update(&mut self, path: Path, mtime: Mtime) {
[INFO] [stdout]    |            ^^^^^^
[INFO] [stdout] ...
[INFO] [stdout] 27 |     pub fn get(&self, path: &Path) -> Option<Mtime> {
[INFO] [stdout]    |            ^^^
[INFO] [stdout] ...
[INFO] [stdout] 31 |     pub fn save(&mut self, writer: impl Write) -> Result<(), bincode::Error> {
[INFO] [stdout]    |            ^^^^
[INFO] [stdout] 
[INFO] [stdout] 
[INFO] [stdout] warning: 2 warnings emitted
[INFO] [stdout] 
[INFO] [stdout] 
[INFO] [stderr]     Finished dev [unoptimized + debuginfo] target(s) in 13.97s
[INFO] running `Command { std: "docker" "inspect" "35ca5bb19881eebea32b6a7ca3751e3c102d46344676f8c9dcd1c0627eb4eb2e", kill_on_drop: false }`
[INFO] running `Command { std: "docker" "rm" "-f" "35ca5bb19881eebea32b6a7ca3751e3c102d46344676f8c9dcd1c0627eb4eb2e", kill_on_drop: false }`
[INFO] [stdout] 35ca5bb19881eebea32b6a7ca3751e3c102d46344676f8c9dcd1c0627eb4eb2e
[INFO] running `Command { std: "docker" "create" "-v" "/var/lib/crater-agent-workspace/builds/worker-1-tc2/target:/opt/rustwide/target:rw,Z" "-v" "/var/lib/crater-agent-workspace/builds/worker-1-tc2/source:/opt/rustwide/workdir:ro,Z" "-v" "/var/lib/crater-agent-workspace/cargo-home:/opt/rustwide/cargo-home:ro,Z" "-v" "/var/lib/crater-agent-workspace/rustup-home:/opt/rustwide/rustup-home:ro,Z" "-e" "SOURCE_DIR=/opt/rustwide/workdir" "-e" "CARGO_TARGET_DIR=/opt/rustwide/target" "-e" "CARGO_INCREMENTAL=0" "-e" "RUST_BACKTRACE=full" "-e" "RUSTFLAGS=--cap-lints=warn" "-e" "RUSTDOCFLAGS=--cap-lints=warn" "-e" "CARGO_HOME=/opt/rustwide/cargo-home" "-e" "RUSTUP_HOME=/opt/rustwide/rustup-home" "-w" "/opt/rustwide/workdir" "-m" "1610612736" "--user" "0:0" "--network" "none" "ghcr.io/rust-lang/crates-build-env/linux@sha256:2788e3201cd34a07e3172128adcd8b3090168a8e3bcc40d7c032b9dda1df7d1c" "/opt/rustwide/cargo-home/bin/cargo" "+beta-2023-12-22" "test" "--frozen" "--no-run" "--message-format=json", kill_on_drop: false }`
[INFO] [stdout] 82beee14accba6b2217952822ee865c98f7bd16b9c9a5f4f09f1def228fe2dbf
[INFO] running `Command { std: "docker" "start" "-a" "82beee14accba6b2217952822ee865c98f7bd16b9c9a5f4f09f1def228fe2dbf", kill_on_drop: false }`
[INFO] [stdout] warning: fields `force_envs` and `deps` are never read
[INFO] [stdout]   --> src/trigger.rs:56:5
[INFO] [stdout]    |
[INFO] [stdout] 50 | pub struct Trigger {
[INFO] [stdout]    |            ------- fields in this struct
[INFO] [stdout] ...
[INFO] [stdout] 56 |     force_envs: Vec<OsEnv>,
[INFO] [stdout]    |     ^^^^^^^^^^
[INFO] [stdout] ...
[INFO] [stdout] 59 |     deps: Vec<String>,
[INFO] [stdout]    |     ^^^^
[INFO] [stdout]    |
[INFO] [stdout]    = note: `Trigger` has a derived impl for the trait `Debug`, but this is intentionally ignored during dead code analysis
[INFO] [stdout]    = note: `#[warn(dead_code)]` on by default
[INFO] [stdout] 
[INFO] [stdout] 
[INFO] [stderr]    Compiling usysconf v0.1.0 (/opt/rustwide/workdir)
[INFO] [stdout] warning: 1 warning emitted
[INFO] [stdout] 
[INFO] [stdout] 
[INFO] [stdout] warning: field `map` is never read
[INFO] [stdout]   --> src/bin/usysconf/pathtimes.rs:13:5
[INFO] [stdout]    |
[INFO] [stdout] 12 | pub struct PathTimes {
[INFO] [stdout]    |            --------- field in this struct
[INFO] [stdout] 13 |     map: HashMap<Path, Mtime>,
[INFO] [stdout]    |     ^^^
[INFO] [stdout]    |
[INFO] [stdout]    = note: `#[warn(dead_code)]` on by default
[INFO] [stdout] 
[INFO] [stdout] 
[INFO] [stdout] warning: associated items `new`, `update`, `get`, and `save` are never used
[INFO] [stdout]   --> src/bin/usysconf/pathtimes.rs:17:12
[INFO] [stdout]    |
[INFO] [stdout] 16 | impl PathTimes {
[INFO] [stdout]    | -------------- associated items in this implementation
[INFO] [stdout] 17 |     pub fn new(source: impl Read) -> Result<Self, bincode::Error> {
[INFO] [stdout]    |            ^^^
[INFO] [stdout] ...
[INFO] [stdout] 23 |     pub fn update(&mut self, path: Path, mtime: Mtime) {
[INFO] [stdout]    |            ^^^^^^
[INFO] [stdout] ...
[INFO] [stdout] 27 |     pub fn get(&self, path: &Path) -> Option<Mtime> {
[INFO] [stdout]    |            ^^^
[INFO] [stdout] ...
[INFO] [stdout] 31 |     pub fn save(&mut self, writer: impl Write) -> Result<(), bincode::Error> {
[INFO] [stdout]    |            ^^^^
[INFO] [stdout] 
[INFO] [stdout] 
[INFO] [stdout] warning: fields `force_envs` and `deps` are never read
[INFO] [stdout]   --> src/trigger.rs:56:5
[INFO] [stdout]    |
[INFO] [stdout] 50 | pub struct Trigger {
[INFO] [stdout]    |            ------- fields in this struct
[INFO] [stdout] ...
[INFO] [stdout] 56 |     force_envs: Vec<OsEnv>,
[INFO] [stdout]    |     ^^^^^^^^^^
[INFO] [stdout] ...
[INFO] [stdout] 59 |     deps: Vec<String>,
[INFO] [stdout]    |     ^^^^
[INFO] [stdout]    |
[INFO] [stdout]    = note: `Trigger` has a derived impl for the trait `Debug`, but this is intentionally ignored during dead code analysis
[INFO] [stdout]    = note: `#[warn(dead_code)]` on by default
[INFO] [stdout] 
[INFO] [stdout] 
[INFO] [stdout] warning: 2 warnings emitted
[INFO] [stdout] 
[INFO] [stdout] 
[INFO] [stdout] warning: 1 warning emitted
[INFO] [stdout] 
[INFO] [stdout] 
[INFO] [stderr]     Finished test [unoptimized + debuginfo] target(s) in 1.14s
[INFO] running `Command { std: "docker" "inspect" "82beee14accba6b2217952822ee865c98f7bd16b9c9a5f4f09f1def228fe2dbf", kill_on_drop: false }`
[INFO] running `Command { std: "docker" "rm" "-f" "82beee14accba6b2217952822ee865c98f7bd16b9c9a5f4f09f1def228fe2dbf", kill_on_drop: false }`
[INFO] [stdout] 82beee14accba6b2217952822ee865c98f7bd16b9c9a5f4f09f1def228fe2dbf
[INFO] running `Command { std: "docker" "create" "-v" "/var/lib/crater-agent-workspace/builds/worker-1-tc2/target:/opt/rustwide/target:rw,Z" "-v" "/var/lib/crater-agent-workspace/builds/worker-1-tc2/source:/opt/rustwide/workdir:ro,Z" "-v" "/var/lib/crater-agent-workspace/cargo-home:/opt/rustwide/cargo-home:ro,Z" "-v" "/var/lib/crater-agent-workspace/rustup-home:/opt/rustwide/rustup-home:ro,Z" "-e" "SOURCE_DIR=/opt/rustwide/workdir" "-e" "CARGO_TARGET_DIR=/opt/rustwide/target" "-e" "CARGO_INCREMENTAL=0" "-e" "RUST_BACKTRACE=full" "-e" "RUSTFLAGS=--cap-lints=warn" "-e" "RUSTDOCFLAGS=--cap-lints=warn" "-e" "CARGO_HOME=/opt/rustwide/cargo-home" "-e" "RUSTUP_HOME=/opt/rustwide/rustup-home" "-w" "/opt/rustwide/workdir" "-m" "1610612736" "--user" "0:0" "--network" "none" "ghcr.io/rust-lang/crates-build-env/linux@sha256:2788e3201cd34a07e3172128adcd8b3090168a8e3bcc40d7c032b9dda1df7d1c" "/opt/rustwide/cargo-home/bin/cargo" "+beta-2023-12-22" "test" "--frozen", kill_on_drop: false }`
[INFO] [stdout] ee638770954e44e4170d99d23f15a6179373e7efafecc25cad0934a4efcda995
[INFO] running `Command { std: "docker" "start" "-a" "ee638770954e44e4170d99d23f15a6179373e7efafecc25cad0934a4efcda995", kill_on_drop: false }`
[INFO] [stderr] warning: fields `force_envs` and `deps` are never read
[INFO] [stderr]   --> src/trigger.rs:56:5
[INFO] [stderr]    |
[INFO] [stderr] 50 | pub struct Trigger {
[INFO] [stderr]    |            ------- fields in this struct
[INFO] [stderr] ...
[INFO] [stderr] 56 |     force_envs: Vec<OsEnv>,
[INFO] [stderr]    |     ^^^^^^^^^^
[INFO] [stderr] ...
[INFO] [stderr] 59 |     deps: Vec<String>,
[INFO] [stderr]    |     ^^^^
[INFO] [stderr]    |
[INFO] [stderr]    = note: `Trigger` has a derived impl for the trait `Debug`, but this is intentionally ignored during dead code analysis
[INFO] [stderr]    = note: `#[warn(dead_code)]` on by default
[INFO] [stderr] 
[INFO] [stderr] warning: `usysconf` (lib) generated 1 warning
[INFO] [stderr] warning: `usysconf` (lib test) generated 1 warning (1 duplicate)
[INFO] [stderr] warning: field `map` is never read
[INFO] [stderr]   --> src/bin/usysconf/pathtimes.rs:13:5
[INFO] [stderr]    |
[INFO] [stderr] 12 | pub struct PathTimes {
[INFO] [stderr]    |            --------- field in this struct
[INFO] [stderr] 13 |     map: HashMap<Path, Mtime>,
[INFO] [stderr]    |     ^^^
[INFO] [stderr]    |
[INFO] [stderr]    = note: `#[warn(dead_code)]` on by default
[INFO] [stderr] 
[INFO] [stderr] warning: associated items `new`, `update`, `get`, and `save` are never used
[INFO] [stderr]   --> src/bin/usysconf/pathtimes.rs:17:12
[INFO] [stderr]    |
[INFO] [stderr] 16 | impl PathTimes {
[INFO] [stderr]    | -------------- associated items in this implementation
[INFO] [stderr] 17 |     pub fn new(source: impl Read) -> Result<Self, bincode::Error> {
[INFO] [stderr]    |            ^^^
[INFO] [stderr] ...
[INFO] [stderr] 23 |     pub fn update(&mut self, path: Path, mtime: Mtime) {
[INFO] [stderr]    |            ^^^^^^
[INFO] [stderr] ...
[INFO] [stderr] 27 |     pub fn get(&self, path: &Path) -> Option<Mtime> {
[INFO] [stderr]    |            ^^^
[INFO] [stderr] ...
[INFO] [stderr] 31 |     pub fn save(&mut self, writer: impl Write) -> Result<(), bincode::Error> {
[INFO] [stderr]    |            ^^^^
[INFO] [stderr] 
[INFO] [stderr] warning: `usysconf` (bin "usysconf" test) generated 2 warnings
[INFO] [stderr]     Finished test [unoptimized + debuginfo] target(s) in 0.06s
[INFO] [stderr]      Running unittests src/lib.rs (/opt/rustwide/target/debug/deps/usysconf-65093ba6f5a0d7dc)
[INFO] [stdout] 
[INFO] [stdout] running 1 test
[INFO] [stdout] test fnmatch::path_tests::test_pattern ... ok
[INFO] [stdout] 
[INFO] [stdout] test result: ok. 1 passed; 0 failed; 0 ignored; 0 measured; 0 filtered out; finished in 0.00s
[INFO] [stdout] 
[INFO] [stderr]      Running unittests src/bin/usysconf/main.rs (/opt/rustwide/target/debug/deps/usysconf-316dca5ac3702b2b)
[INFO] [stdout] 
[INFO] [stdout] running 0 tests
[INFO] [stdout] 
[INFO] [stdout] test result: ok. 0 passed; 0 failed; 0 ignored; 0 measured; 0 filtered out; finished in 0.00s
[INFO] [stdout] 
[INFO] [stderr]    Doc-tests usysconf
[INFO] [stdout] 
[INFO] [stdout] running 0 tests
[INFO] [stdout] 
[INFO] [stdout] test result: ok. 0 passed; 0 failed; 0 ignored; 0 measured; 0 filtered out; finished in 0.00s
[INFO] [stdout] 
[INFO] running `Command { std: "docker" "inspect" "ee638770954e44e4170d99d23f15a6179373e7efafecc25cad0934a4efcda995", kill_on_drop: false }`
[INFO] running `Command { std: "docker" "rm" "-f" "ee638770954e44e4170d99d23f15a6179373e7efafecc25cad0934a4efcda995", kill_on_drop: false }`
[INFO] [stdout] ee638770954e44e4170d99d23f15a6179373e7efafecc25cad0934a4efcda995
