[INFO] cloning repository https://github.com/sepiropht/minesweeper-wasm
[INFO] running `Command { std: "git" "-c" "credential.helper=" "-c" "credential.helper=/workspace/cargo-home/bin/git-credential-null" "clone" "--bare" "https://github.com/sepiropht/minesweeper-wasm" "/workspace/cache/git-repos/https%3A%2F%2Fgithub.com%2Fsepiropht%2Fminesweeper-wasm", kill_on_drop: false }`
[INFO] [stderr] Cloning into bare repository '/workspace/cache/git-repos/https%3A%2F%2Fgithub.com%2Fsepiropht%2Fminesweeper-wasm'...
[INFO] running `Command { std: "git" "rev-parse" "HEAD", kill_on_drop: false }`
[INFO] [stdout] 987a823bc8a2d230b70b5c64c24e0ba136a65275
[INFO] testing sepiropht/minesweeper-wasm against 1.75.0 for beta-1.76-1
[INFO] running `Command { std: "git" "clone" "/workspace/cache/git-repos/https%3A%2F%2Fgithub.com%2Fsepiropht%2Fminesweeper-wasm" "/workspace/builds/worker-2-tc1/source", kill_on_drop: false }`
[INFO] [stderr] Cloning into '/workspace/builds/worker-2-tc1/source'...
[INFO] [stderr] done.
[INFO] validating manifest of git repo https://github.com/sepiropht/minesweeper-wasm on toolchain 1.75.0
[INFO] running `Command { std: CARGO_HOME="/workspace/cargo-home" RUSTUP_HOME="/workspace/rustup-home" "/workspace/cargo-home/bin/cargo" "+1.75.0" "metadata" "--manifest-path" "Cargo.toml" "--no-deps", kill_on_drop: false }`
[INFO] started tweaking git repo https://github.com/sepiropht/minesweeper-wasm
[INFO] finished tweaking git repo https://github.com/sepiropht/minesweeper-wasm
[INFO] tweaked toml for git repo https://github.com/sepiropht/minesweeper-wasm written to /workspace/builds/worker-2-tc1/source/Cargo.toml
[INFO] crate git repo https://github.com/sepiropht/minesweeper-wasm already has a lockfile, it will not be regenerated
[INFO] running `Command { std: CARGO_HOME="/workspace/cargo-home" RUSTUP_HOME="/workspace/rustup-home" "/workspace/cargo-home/bin/cargo" "+1.75.0" "fetch" "--manifest-path" "Cargo.toml", kill_on_drop: false }`
[INFO] [stderr] warning: Found `debug_assertions` in `target.'cfg(...)'.dependencies`. This value is not supported for selecting dependencies and will not work as expected. To learn more visit https://doc.rust-lang.org/cargo/reference/specifying-dependencies.html#platform-specific-dependencies
[INFO] [stderr]     Blocking waiting for file lock on package cache
[ERROR] error running command: no output for 300 seconds
[ERROR] this task or one of its parent failed!
[ERROR] no output for 300 seconds
[ERROR] note: run with `RUST_BACKTRACE=1` to display a backtrace.
[INFO] testing sepiropht/minesweeper-wasm against beta-2023-12-22 for beta-1.76-1
[INFO] running `Command { std: "git" "clone" "/workspace/cache/git-repos/https%3A%2F%2Fgithub.com%2Fsepiropht%2Fminesweeper-wasm" "/workspace/builds/worker-2-tc2/source", kill_on_drop: false }`
[INFO] [stderr] Cloning into '/workspace/builds/worker-2-tc2/source'...
[INFO] [stderr] done.
[INFO] validating manifest of git repo https://github.com/sepiropht/minesweeper-wasm on toolchain beta-2023-12-22
[INFO] running `Command { std: CARGO_HOME="/workspace/cargo-home" RUSTUP_HOME="/workspace/rustup-home" "/workspace/cargo-home/bin/cargo" "+beta-2023-12-22" "metadata" "--manifest-path" "Cargo.toml" "--no-deps", kill_on_drop: false }`
[INFO] started tweaking git repo https://github.com/sepiropht/minesweeper-wasm
[INFO] finished tweaking git repo https://github.com/sepiropht/minesweeper-wasm
[INFO] tweaked toml for git repo https://github.com/sepiropht/minesweeper-wasm written to /workspace/builds/worker-2-tc2/source/Cargo.toml
[INFO] crate git repo https://github.com/sepiropht/minesweeper-wasm already has a lockfile, it will not be regenerated
[INFO] running `Command { std: CARGO_HOME="/workspace/cargo-home" RUSTUP_HOME="/workspace/rustup-home" "/workspace/cargo-home/bin/cargo" "+beta-2023-12-22" "fetch" "--manifest-path" "Cargo.toml", kill_on_drop: false }`
[INFO] [stderr] warning: Found `debug_assertions` in `target.'cfg(...)'.dependencies`. This value is not supported for selecting dependencies and will not work as expected. To learn more visit https://doc.rust-lang.org/cargo/reference/specifying-dependencies.html#platform-specific-dependencies
[INFO] [stderr]     Blocking waiting for file lock on package cache
[INFO] [stderr]     Blocking waiting for file lock on package cache
[ERROR] error running command: no output for 300 seconds
[INFO] testing sepiropht/minesweeper-wasm against beta-2023-12-22 for beta-1.76-1
[INFO] running `Command { std: "git" "clone" "/workspace/cache/git-repos/https%3A%2F%2Fgithub.com%2Fsepiropht%2Fminesweeper-wasm" "/workspace/builds/worker-2-tc2/source", kill_on_drop: false }`
[INFO] [stderr] Cloning into '/workspace/builds/worker-2-tc2/source'...
[INFO] [stderr] done.
[INFO] validating manifest of git repo https://github.com/sepiropht/minesweeper-wasm on toolchain beta-2023-12-22
[INFO] running `Command { std: CARGO_HOME="/workspace/cargo-home" RUSTUP_HOME="/workspace/rustup-home" "/workspace/cargo-home/bin/cargo" "+beta-2023-12-22" "metadata" "--manifest-path" "Cargo.toml" "--no-deps", kill_on_drop: false }`
[INFO] started tweaking git repo https://github.com/sepiropht/minesweeper-wasm
[INFO] finished tweaking git repo https://github.com/sepiropht/minesweeper-wasm
[INFO] tweaked toml for git repo https://github.com/sepiropht/minesweeper-wasm written to /workspace/builds/worker-2-tc2/source/Cargo.toml
[INFO] crate git repo https://github.com/sepiropht/minesweeper-wasm already has a lockfile, it will not be regenerated
[INFO] running `Command { std: CARGO_HOME="/workspace/cargo-home" RUSTUP_HOME="/workspace/rustup-home" "/workspace/cargo-home/bin/cargo" "+beta-2023-12-22" "fetch" "--manifest-path" "Cargo.toml", kill_on_drop: false }`
[INFO] [stderr] warning: Found `debug_assertions` in `target.'cfg(...)'.dependencies`. This value is not supported for selecting dependencies and will not work as expected. To learn more visit https://doc.rust-lang.org/cargo/reference/specifying-dependencies.html#platform-specific-dependencies
[INFO] [stderr]     Blocking waiting for file lock on package cache
[INFO] [stderr]     Blocking waiting for file lock on package cache
[INFO] running `Command { std: "docker" "create" "-v" "/var/lib/crater-agent-workspace/builds/worker-2-tc2/target:/opt/rustwide/target:rw,Z" "-v" "/var/lib/crater-agent-workspace/builds/worker-2-tc2/source:/opt/rustwide/workdir:ro,Z" "-v" "/var/lib/crater-agent-workspace/cargo-home:/opt/rustwide/cargo-home:ro,Z" "-v" "/var/lib/crater-agent-workspace/rustup-home:/opt/rustwide/rustup-home:ro,Z" "-e" "SOURCE_DIR=/opt/rustwide/workdir" "-e" "CARGO_TARGET_DIR=/opt/rustwide/target" "-e" "CARGO_HOME=/opt/rustwide/cargo-home" "-e" "RUSTUP_HOME=/opt/rustwide/rustup-home" "-w" "/opt/rustwide/workdir" "-m" "1610612736" "--user" "0:0" "--network" "none" "ghcr.io/rust-lang/crates-build-env/linux@sha256:2788e3201cd34a07e3172128adcd8b3090168a8e3bcc40d7c032b9dda1df7d1c" "/opt/rustwide/cargo-home/bin/cargo" "+beta-2023-12-22" "metadata" "--no-deps" "--format-version=1", kill_on_drop: false }`
[INFO] [stdout] 76b6b3cea2e978d285655f05329163cd33061e2d05039352946625ab3a21307b
[INFO] running `Command { std: "docker" "start" "-a" "76b6b3cea2e978d285655f05329163cd33061e2d05039352946625ab3a21307b", kill_on_drop: false }`
[INFO] running `Command { std: "docker" "inspect" "76b6b3cea2e978d285655f05329163cd33061e2d05039352946625ab3a21307b", kill_on_drop: false }`
[INFO] running `Command { std: "docker" "rm" "-f" "76b6b3cea2e978d285655f05329163cd33061e2d05039352946625ab3a21307b", kill_on_drop: false }`
[INFO] [stdout] 76b6b3cea2e978d285655f05329163cd33061e2d05039352946625ab3a21307b
[INFO] running `Command { std: "docker" "create" "-v" "/var/lib/crater-agent-workspace/builds/worker-2-tc2/target:/opt/rustwide/target:rw,Z" "-v" "/var/lib/crater-agent-workspace/builds/worker-2-tc2/source:/opt/rustwide/workdir:ro,Z" "-v" "/var/lib/crater-agent-workspace/cargo-home:/opt/rustwide/cargo-home:ro,Z" "-v" "/var/lib/crater-agent-workspace/rustup-home:/opt/rustwide/rustup-home:ro,Z" "-e" "SOURCE_DIR=/opt/rustwide/workdir" "-e" "CARGO_TARGET_DIR=/opt/rustwide/target" "-e" "CARGO_INCREMENTAL=0" "-e" "RUST_BACKTRACE=full" "-e" "RUSTFLAGS=--cap-lints=warn" "-e" "RUSTDOCFLAGS=--cap-lints=warn" "-e" "CARGO_HOME=/opt/rustwide/cargo-home" "-e" "RUSTUP_HOME=/opt/rustwide/rustup-home" "-w" "/opt/rustwide/workdir" "-m" "1610612736" "--user" "0:0" "--network" "none" "ghcr.io/rust-lang/crates-build-env/linux@sha256:2788e3201cd34a07e3172128adcd8b3090168a8e3bcc40d7c032b9dda1df7d1c" "/opt/rustwide/cargo-home/bin/cargo" "+beta-2023-12-22" "build" "--frozen" "--message-format=json", kill_on_drop: false }`
[INFO] [stdout] 950d0aeb1515258ca474f3b005efdebccf93812ffc14d15bf5d9cf5b687b4ba5
[INFO] running `Command { std: "docker" "start" "-a" "950d0aeb1515258ca474f3b005efdebccf93812ffc14d15bf5d9cf5b687b4ba5", kill_on_drop: false }`
[INFO] [stderr] warning: Found `debug_assertions` in `target.'cfg(...)'.dependencies`. This value is not supported for selecting dependencies and will not work as expected. To learn more visit https://doc.rust-lang.org/cargo/reference/specifying-dependencies.html#platform-specific-dependencies
[INFO] [stderr]    Compiling proc-macro2 v1.0.4
[INFO] [stderr]    Compiling unicode-xid v0.2.0
[INFO] [stderr]    Compiling cfg-if v0.1.10
[INFO] [stderr]    Compiling wasm-bindgen-shared v0.2.51
[INFO] [stderr]    Compiling syn v1.0.5
[INFO] [stderr]    Compiling log v0.4.8
[INFO] [stderr]    Compiling proc-macro2 v0.4.30
[INFO] [stderr]    Compiling lazy_static v1.4.0
[INFO] [stderr]    Compiling unicode-xid v0.1.0
[INFO] [stderr]    Compiling bumpalo v2.6.0
[INFO] [stderr]    Compiling syn v0.15.44
[INFO] [stderr]    Compiling libc v0.2.62
[INFO] [stderr]    Compiling cc v1.0.45
[INFO] [stderr]    Compiling version_check v0.1.5
[INFO] [stderr]    Compiling memchr v2.2.1
[INFO] [stderr]    Compiling failure_derive v0.1.5
[INFO] [stderr]    Compiling rustc-demangle v0.1.16
[INFO] [stderr]    Compiling quote v0.6.13
[INFO] [stderr]    Compiling quote v1.0.2
[INFO] [stderr]    Compiling nom v4.2.3
[INFO] [stderr]    Compiling wasm-bindgen v0.2.51
[INFO] [stderr]    Compiling unicode-segmentation v1.3.0
[INFO] [stderr]    Compiling sourcefile v0.1.4
[INFO] [stderr]    Compiling heck v0.3.1
[INFO] [stderr]    Compiling backtrace-sys v0.1.31
[INFO] [stderr]    Compiling weedle v0.10.0
[INFO] [stderr]    Compiling backtrace v0.3.38
[INFO] [stderr]    Compiling synstructure v0.10.2
[INFO] [stderr]    Compiling wasm-bindgen-backend v0.2.51
[INFO] [stderr]    Compiling failure v0.1.5
[INFO] [stderr]    Compiling wasm-bindgen-macro-support v0.2.51
[INFO] [stderr]    Compiling wasm-bindgen-webidl v0.2.51
[INFO] [stderr]    Compiling wasm-bindgen-macro v0.2.51
[INFO] [stderr]    Compiling web-sys v0.3.28
[INFO] [stderr]    Compiling js-sys v0.3.28
[INFO] [stderr]    Compiling console_error_panic_hook v0.1.6
[INFO] [stderr]    Compiling rust-webpack-template v0.1.0 (/opt/rustwide/workdir)
[INFO] [stdout] warning: unused import: `wasm_bindgen::prelude::*`
[INFO] [stdout]  --> src/board.rs:3:5
[INFO] [stdout]   |
[INFO] [stdout] 3 | use wasm_bindgen::prelude::*;
[INFO] [stdout]   |     ^^^^^^^^^^^^^^^^^^^^^^^^
[INFO] [stdout]   |
[INFO] [stdout]   = note: `#[warn(unused_imports)]` on by default
[INFO] [stdout] 
[INFO] [stdout] 
[INFO] [stdout] warning: unused import: `wasm_bindgen::JsCast`
[INFO] [stdout]  --> src/board.rs:4:5
[INFO] [stdout]   |
[INFO] [stdout] 4 | use wasm_bindgen::JsCast;
[INFO] [stdout]   |     ^^^^^^^^^^^^^^^^^^^^
[INFO] [stdout] 
[INFO] [stdout] 
[INFO] [stdout] warning: unnecessary trailing semicolon
[INFO] [stdout]    --> src/board.rs:140:50
[INFO] [stdout]     |
[INFO] [stdout] 140 |             .expect("no global `window` exists");;
[INFO] [stdout]     |                                                  ^ help: remove this semicolon
[INFO] [stdout]     |
[INFO] [stdout]     = note: `#[warn(redundant_semicolons)]` on by default
[INFO] [stdout] 
[INFO] [stdout] 
[INFO] [stdout] warning: variable does not need to be mutable
[INFO] [stdout]   --> src/board.rs:59:9
[INFO] [stdout]    |
[INFO] [stdout] 59 |     let mut indices: Vec<usize> = (0..size * size).map(|indice| indice).collect();
[INFO] [stdout]    |         ----^^^^^^^
[INFO] [stdout]    |         |
[INFO] [stdout]    |         help: remove this `mut`
[INFO] [stdout]    |
[INFO] [stdout]    = note: `#[warn(unused_mut)]` on by default
[INFO] [stdout] 
[INFO] [stdout] 
[INFO] [stdout] warning: unused variable: `event`
[INFO] [stdout]   --> src/lib.rs:81:60
[INFO] [stdout]    |
[INFO] [stdout] 81 |                 let closure = Closure::wrap(Box::new(move |event: web_sys::MouseEvent| {
[INFO] [stdout]    |                                                            ^^^^^ help: if this is intentional, prefix it with an underscore: `_event`
[INFO] [stdout]    |
[INFO] [stdout]    = note: `#[warn(unused_variables)]` on by default
[INFO] [stdout] 
[INFO] [stdout] 
[INFO] [stdout] warning: variants `MEDIUM` and `HARD` are never constructed
[INFO] [stdout]   --> src/board.rs:47:5
[INFO] [stdout]    |
[INFO] [stdout] 45 | pub enum LEVEL {
[INFO] [stdout]    |          ----- variants in this enum
[INFO] [stdout] 46 |     EASY,
[INFO] [stdout] 47 |     MEDIUM,
[INFO] [stdout]    |     ^^^^^^
[INFO] [stdout] 48 |     HARD,
[INFO] [stdout]    |     ^^^^
[INFO] [stdout]    |
[INFO] [stdout]    = note: `#[warn(dead_code)]` on by default
[INFO] [stdout] 
[INFO] [stdout] 
[INFO] [stdout] warning: variable `boardDom` should have a snake case name
[INFO] [stdout]   --> src/lib.rs:49:13
[INFO] [stdout]    |
[INFO] [stdout] 49 |         let boardDom = document
[INFO] [stdout]    |             ^^^^^^^^ help: convert the identifier to snake case: `board_dom`
[INFO] [stdout]    |
[INFO] [stdout]    = note: `#[warn(non_snake_case)]` on by default
[INFO] [stdout] 
[INFO] [stdout] 
[INFO] [stdout] warning: unused `Result` that must be used
[INFO] [stdout]   --> src/lib.rs:94:29
[INFO] [stdout]    |
[INFO] [stdout] 94 | ...                   node.set_attribute("disabled", "false");
[INFO] [stdout]    |                       ^^^^^^^^^^^^^^^^^^^^^^^^^^^^^^^^^^^^^^^
[INFO] [stdout]    |
[INFO] [stdout]    = note: this `Result` may be an `Err` variant, which should be handled
[INFO] [stdout]    = note: `#[warn(unused_must_use)]` on by default
[INFO] [stdout] help: use `let _ = ...` to ignore the resulting value
[INFO] [stdout]    |
[INFO] [stdout] 94 |                             let _ = node.set_attribute("disabled", "false");
[INFO] [stdout]    |                             +++++++
[INFO] [stdout] 
[INFO] [stdout] 
[INFO] [stdout] warning: unused `Result` that must be used
[INFO] [stdout]    --> src/lib.rs:119:33
[INFO] [stdout]     |
[INFO] [stdout] 119 | ...                   node.set_attribute("disabled", "false");
[INFO] [stdout]     |                       ^^^^^^^^^^^^^^^^^^^^^^^^^^^^^^^^^^^^^^^
[INFO] [stdout]     |
[INFO] [stdout]     = note: this `Result` may be an `Err` variant, which should be handled
[INFO] [stdout] help: use `let _ = ...` to ignore the resulting value
[INFO] [stdout]     |
[INFO] [stdout] 119 |                                 let _ = node.set_attribute("disabled", "false");
[INFO] [stdout]     |                                 +++++++
[INFO] [stdout] 
[INFO] [stdout] 
[INFO] [stdout] warning: unused `Result` that must be used
[INFO] [stdout]    --> src/lib.rs:147:33
[INFO] [stdout]     |
[INFO] [stdout] 147 | ...                   node.set_attribute("disabled", "false");
[INFO] [stdout]     |                       ^^^^^^^^^^^^^^^^^^^^^^^^^^^^^^^^^^^^^^^
[INFO] [stdout]     |
[INFO] [stdout]     = note: this `Result` may be an `Err` variant, which should be handled
[INFO] [stdout] help: use `let _ = ...` to ignore the resulting value
[INFO] [stdout]     |
[INFO] [stdout] 147 |                                 let _ = node.set_attribute("disabled", "false");
[INFO] [stdout]     |                                 +++++++
[INFO] [stdout] 
[INFO] [stdout] 
[INFO] [stdout] warning: 10 warnings emitted
[INFO] [stdout] 
[INFO] [stdout] 
[INFO] [stderr]     Finished dev [unoptimized + debuginfo] target(s) in 8.90s
[INFO] [stderr] warning: the following packages contain code that will be rejected by a future version of Rust: nom v4.2.3
[INFO] [stderr] note: to see what the problems were, use the option `--future-incompat-report`, or run `cargo report future-incompatibilities --id 1`
[INFO] running `Command { std: "docker" "inspect" "950d0aeb1515258ca474f3b005efdebccf93812ffc14d15bf5d9cf5b687b4ba5", kill_on_drop: false }`
[INFO] running `Command { std: "docker" "rm" "-f" "950d0aeb1515258ca474f3b005efdebccf93812ffc14d15bf5d9cf5b687b4ba5", kill_on_drop: false }`
[INFO] [stdout] 950d0aeb1515258ca474f3b005efdebccf93812ffc14d15bf5d9cf5b687b4ba5
[INFO] running `Command { std: "docker" "create" "-v" "/var/lib/crater-agent-workspace/builds/worker-2-tc2/target:/opt/rustwide/target:rw,Z" "-v" "/var/lib/crater-agent-workspace/builds/worker-2-tc2/source:/opt/rustwide/workdir:ro,Z" "-v" "/var/lib/crater-agent-workspace/cargo-home:/opt/rustwide/cargo-home:ro,Z" "-v" "/var/lib/crater-agent-workspace/rustup-home:/opt/rustwide/rustup-home:ro,Z" "-e" "SOURCE_DIR=/opt/rustwide/workdir" "-e" "CARGO_TARGET_DIR=/opt/rustwide/target" "-e" "CARGO_INCREMENTAL=0" "-e" "RUST_BACKTRACE=full" "-e" "RUSTFLAGS=--cap-lints=warn" "-e" "RUSTDOCFLAGS=--cap-lints=warn" "-e" "CARGO_HOME=/opt/rustwide/cargo-home" "-e" "RUSTUP_HOME=/opt/rustwide/rustup-home" "-w" "/opt/rustwide/workdir" "-m" "1610612736" "--user" "0:0" "--network" "none" "ghcr.io/rust-lang/crates-build-env/linux@sha256:2788e3201cd34a07e3172128adcd8b3090168a8e3bcc40d7c032b9dda1df7d1c" "/opt/rustwide/cargo-home/bin/cargo" "+beta-2023-12-22" "test" "--frozen" "--no-run" "--message-format=json", kill_on_drop: false }`
[INFO] [stdout] 3e3af8e9c3128ad35efa515a0fbb42888ffec074fa99c510056bee3ff326124d
[INFO] running `Command { std: "docker" "start" "-a" "3e3af8e9c3128ad35efa515a0fbb42888ffec074fa99c510056bee3ff326124d", kill_on_drop: false }`
[INFO] [stderr] warning: Found `debug_assertions` in `target.'cfg(...)'.dependencies`. This value is not supported for selecting dependencies and will not work as expected. To learn more visit https://doc.rust-lang.org/cargo/reference/specifying-dependencies.html#platform-specific-dependencies
[INFO] [stderr]    Compiling futures v0.1.29
[INFO] [stderr]    Compiling wasm-bindgen-test-macro v0.2.50
[INFO] [stderr]    Compiling scoped-tls v1.0.0
[INFO] [stderr]    Compiling wasm-bindgen-futures v0.3.27
[INFO] [stderr]    Compiling wasm-bindgen-test v0.2.50
[INFO] [stderr]    Compiling rust-webpack-template v0.1.0 (/opt/rustwide/workdir)
[INFO] [stdout] warning: unused import: `wasm_bindgen::prelude::*`
[INFO] [stdout]  --> src/board.rs:3:5
[INFO] [stdout]   |
[INFO] [stdout] 3 | use wasm_bindgen::prelude::*;
[INFO] [stdout]   |     ^^^^^^^^^^^^^^^^^^^^^^^^
[INFO] [stdout]   |
[INFO] [stdout]   = note: `#[warn(unused_imports)]` on by default
[INFO] [stdout] 
[INFO] [stdout] 
[INFO] [stdout] warning: unused import: `wasm_bindgen::JsCast`
[INFO] [stdout]  --> src/board.rs:4:5
[INFO] [stdout]   |
[INFO] [stdout] 4 | use wasm_bindgen::JsCast;
[INFO] [stdout]   |     ^^^^^^^^^^^^^^^^^^^^
[INFO] [stdout] 
[INFO] [stdout] 
[INFO] [stdout] warning: unnecessary trailing semicolon
[INFO] [stdout]    --> src/board.rs:140:50
[INFO] [stdout]     |
[INFO] [stdout] 140 |             .expect("no global `window` exists");;
[INFO] [stdout]     |                                                  ^ help: remove this semicolon
[INFO] [stdout]     |
[INFO] [stdout]     = note: `#[warn(redundant_semicolons)]` on by default
[INFO] [stdout] 
[INFO] [stdout] 
[INFO] [stdout] warning: variable does not need to be mutable
[INFO] [stdout]   --> src/board.rs:59:9
[INFO] [stdout]    |
[INFO] [stdout] 59 |     let mut indices: Vec<usize> = (0..size * size).map(|indice| indice).collect();
[INFO] [stdout]    |         ----^^^^^^^
[INFO] [stdout]    |         |
[INFO] [stdout]    |         help: remove this `mut`
[INFO] [stdout]    |
[INFO] [stdout]    = note: `#[warn(unused_mut)]` on by default
[INFO] [stdout] 
[INFO] [stdout] 
[INFO] [stdout] warning: unused variable: `event`
[INFO] [stdout]   --> src/lib.rs:81:60
[INFO] [stdout]    |
[INFO] [stdout] 81 |                 let closure = Closure::wrap(Box::new(move |event: web_sys::MouseEvent| {
[INFO] [stdout]    |                                                            ^^^^^ help: if this is intentional, prefix it with an underscore: `_event`
[INFO] [stdout]    |
[INFO] [stdout]    = note: `#[warn(unused_variables)]` on by default
[INFO] [stdout] 
[INFO] [stdout] 
[INFO] [stdout] warning: variants `MEDIUM` and `HARD` are never constructed
[INFO] [stdout]   --> src/board.rs:47:5
[INFO] [stdout]    |
[INFO] [stdout] 45 | pub enum LEVEL {
[INFO] [stdout]    |          ----- variants in this enum
[INFO] [stdout] 46 |     EASY,
[INFO] [stdout] 47 |     MEDIUM,
[INFO] [stdout]    |     ^^^^^^
[INFO] [stdout] 48 |     HARD,
[INFO] [stdout]    |     ^^^^
[INFO] [stdout]    |
[INFO] [stdout]    = note: `#[warn(dead_code)]` on by default
[INFO] [stdout] 
[INFO] [stdout] 
[INFO] [stdout] warning: variable `boardDom` should have a snake case name
[INFO] [stdout]   --> src/lib.rs:49:13
[INFO] [stdout]    |
[INFO] [stdout] 49 |         let boardDom = document
[INFO] [stdout]    |             ^^^^^^^^ help: convert the identifier to snake case: `board_dom`
[INFO] [stdout]    |
[INFO] [stdout]    = note: `#[warn(non_snake_case)]` on by default
[INFO] [stdout] 
[INFO] [stdout] 
[INFO] [stdout] warning: unused `Result` that must be used
[INFO] [stdout]   --> src/lib.rs:94:29
[INFO] [stdout]    |
[INFO] [stdout] 94 | ...                   node.set_attribute("disabled", "false");
[INFO] [stdout]    |                       ^^^^^^^^^^^^^^^^^^^^^^^^^^^^^^^^^^^^^^^
[INFO] [stdout]    |
[INFO] [stdout]    = note: this `Result` may be an `Err` variant, which should be handled
[INFO] [stdout]    = note: `#[warn(unused_must_use)]` on by default
[INFO] [stdout] help: use `let _ = ...` to ignore the resulting value
[INFO] [stdout]    |
[INFO] [stdout] 94 |                             let _ = node.set_attribute("disabled", "false");
[INFO] [stdout]    |                             +++++++
[INFO] [stdout] 
[INFO] [stdout] 
[INFO] [stdout] warning: unused `Result` that must be used
[INFO] [stdout]    --> src/lib.rs:119:33
[INFO] [stdout]     |
[INFO] [stdout] 119 | ...                   node.set_attribute("disabled", "false");
[INFO] [stdout]     |                       ^^^^^^^^^^^^^^^^^^^^^^^^^^^^^^^^^^^^^^^
[INFO] [stdout]     |
[INFO] [stdout]     = note: this `Result` may be an `Err` variant, which should be handled
[INFO] [stdout] help: use `let _ = ...` to ignore the resulting value
[INFO] [stdout]     |
[INFO] [stdout] 119 |                                 let _ = node.set_attribute("disabled", "false");
[INFO] [stdout]     |                                 +++++++
[INFO] [stdout] 
[INFO] [stdout] 
[INFO] [stdout] warning: unused `Result` that must be used
[INFO] [stdout]    --> src/lib.rs:147:33
[INFO] [stdout]     |
[INFO] [stdout] 147 | ...                   node.set_attribute("disabled", "false");
[INFO] [stdout]     |                       ^^^^^^^^^^^^^^^^^^^^^^^^^^^^^^^^^^^^^^^
[INFO] [stdout]     |
[INFO] [stdout]     = note: this `Result` may be an `Err` variant, which should be handled
[INFO] [stdout] help: use `let _ = ...` to ignore the resulting value
[INFO] [stdout]     |
[INFO] [stdout] 147 |                                 let _ = node.set_attribute("disabled", "false");
[INFO] [stdout]     |                                 +++++++
[INFO] [stdout] 
[INFO] [stdout] 
[INFO] [stdout] warning: 10 warnings emitted
[INFO] [stdout] 
[INFO] [stdout] 
[INFO] [stderr]     Finished test [unoptimized + debuginfo] target(s) in 1.16s
[INFO] [stderr] warning: the following packages contain code that will be rejected by a future version of Rust: nom v4.2.3
[INFO] [stderr] note: to see what the problems were, use the option `--future-incompat-report`, or run `cargo report future-incompatibilities --id 1`
[INFO] running `Command { std: "docker" "inspect" "3e3af8e9c3128ad35efa515a0fbb42888ffec074fa99c510056bee3ff326124d", kill_on_drop: false }`
[INFO] running `Command { std: "docker" "rm" "-f" "3e3af8e9c3128ad35efa515a0fbb42888ffec074fa99c510056bee3ff326124d", kill_on_drop: false }`
[INFO] [stdout] 3e3af8e9c3128ad35efa515a0fbb42888ffec074fa99c510056bee3ff326124d
[INFO] running `Command { std: "docker" "create" "-v" "/var/lib/crater-agent-workspace/builds/worker-2-tc2/target:/opt/rustwide/target:rw,Z" "-v" "/var/lib/crater-agent-workspace/builds/worker-2-tc2/source:/opt/rustwide/workdir:ro,Z" "-v" "/var/lib/crater-agent-workspace/cargo-home:/opt/rustwide/cargo-home:ro,Z" "-v" "/var/lib/crater-agent-workspace/rustup-home:/opt/rustwide/rustup-home:ro,Z" "-e" "SOURCE_DIR=/opt/rustwide/workdir" "-e" "CARGO_TARGET_DIR=/opt/rustwide/target" "-e" "CARGO_INCREMENTAL=0" "-e" "RUST_BACKTRACE=full" "-e" "RUSTFLAGS=--cap-lints=warn" "-e" "RUSTDOCFLAGS=--cap-lints=warn" "-e" "CARGO_HOME=/opt/rustwide/cargo-home" "-e" "RUSTUP_HOME=/opt/rustwide/rustup-home" "-w" "/opt/rustwide/workdir" "-m" "1610612736" "--user" "0:0" "--network" "none" "ghcr.io/rust-lang/crates-build-env/linux@sha256:2788e3201cd34a07e3172128adcd8b3090168a8e3bcc40d7c032b9dda1df7d1c" "/opt/rustwide/cargo-home/bin/cargo" "+beta-2023-12-22" "test" "--frozen", kill_on_drop: false }`
[INFO] [stdout] a0c170168d96d9696057a2d97c20f891009717dc74187acafa32abfdd3aded61
[INFO] running `Command { std: "docker" "start" "-a" "a0c170168d96d9696057a2d97c20f891009717dc74187acafa32abfdd3aded61", kill_on_drop: false }`
[INFO] [stderr] warning: Found `debug_assertions` in `target.'cfg(...)'.dependencies`. This value is not supported for selecting dependencies and will not work as expected. To learn more visit https://doc.rust-lang.org/cargo/reference/specifying-dependencies.html#platform-specific-dependencies
[INFO] [stderr] warning: unused import: `wasm_bindgen::prelude::*`
[INFO] [stderr]  --> src/board.rs:3:5
[INFO] [stderr]   |
[INFO] [stderr] 3 | use wasm_bindgen::prelude::*;
[INFO] [stderr]   |     ^^^^^^^^^^^^^^^^^^^^^^^^
[INFO] [stderr]   |
[INFO] [stderr]   = note: `#[warn(unused_imports)]` on by default
[INFO] [stderr] 
[INFO] [stderr] warning: unused import: `wasm_bindgen::JsCast`
[INFO] [stderr]  --> src/board.rs:4:5
[INFO] [stderr]   |
[INFO] [stderr] 4 | use wasm_bindgen::JsCast;
[INFO] [stderr]   |     ^^^^^^^^^^^^^^^^^^^^
[INFO] [stderr] 
[INFO] [stderr] warning: unnecessary trailing semicolon
[INFO] [stderr]    --> src/board.rs:140:50
[INFO] [stderr]     |
[INFO] [stderr] 140 |             .expect("no global `window` exists");;
[INFO] [stderr]     |                                                  ^ help: remove this semicolon
[INFO] [stderr]     |
[INFO] [stderr]     = note: `#[warn(redundant_semicolons)]` on by default
[INFO] [stderr] 
[INFO] [stderr] warning: variable does not need to be mutable
[INFO] [stderr]   --> src/board.rs:59:9
[INFO] [stderr]    |
[INFO] [stderr] 59 |     let mut indices: Vec<usize> = (0..size * size).map(|indice| indice).collect();
[INFO] [stderr]    |         ----^^^^^^^
[INFO] [stderr]    |         |
[INFO] [stderr]    |         help: remove this `mut`
[INFO] [stderr]    |
[INFO] [stderr]    = note: `#[warn(unused_mut)]` on by default
[INFO] [stderr] 
[INFO] [stderr] warning: unused variable: `event`
[INFO] [stderr]   --> src/lib.rs:81:60
[INFO] [stderr]    |
[INFO] [stderr] 81 |                 let closure = Closure::wrap(Box::new(move |event: web_sys::MouseEvent| {
[INFO] [stderr]    |                                                            ^^^^^ help: if this is intentional, prefix it with an underscore: `_event`
[INFO] [stderr]    |
[INFO] [stderr]    = note: `#[warn(unused_variables)]` on by default
[INFO] [stderr] 
[INFO] [stderr] warning: variants `MEDIUM` and `HARD` are never constructed
[INFO] [stderr]   --> src/board.rs:47:5
[INFO] [stderr]    |
[INFO] [stderr] 45 | pub enum LEVEL {
[INFO] [stderr]    |          ----- variants in this enum
[INFO] [stderr] 46 |     EASY,
[INFO] [stderr] 47 |     MEDIUM,
[INFO] [stderr]    |     ^^^^^^
[INFO] [stderr] 48 |     HARD,
[INFO] [stderr]    |     ^^^^
[INFO] [stderr]    |
[INFO] [stderr]    = note: `#[warn(dead_code)]` on by default
[INFO] [stderr] 
[INFO] [stderr] warning: variable `boardDom` should have a snake case name
[INFO] [stderr]   --> src/lib.rs:49:13
[INFO] [stderr]    |
[INFO] [stderr] 49 |         let boardDom = document
[INFO] [stderr]    |             ^^^^^^^^ help: convert the identifier to snake case: `board_dom`
[INFO] [stderr]    |
[INFO] [stderr]    = note: `#[warn(non_snake_case)]` on by default
[INFO] [stderr] 
[INFO] [stderr] warning: unused `Result` that must be used
[INFO] [stderr]   --> src/lib.rs:94:29
[INFO] [stderr]    |
[INFO] [stderr] 94 | ...                   node.set_attribute("disabled", "false");
[INFO] [stderr]    |                       ^^^^^^^^^^^^^^^^^^^^^^^^^^^^^^^^^^^^^^^
[INFO] [stderr]    |
[INFO] [stderr]    = note: this `Result` may be an `Err` variant, which should be handled
[INFO] [stderr]    = note: `#[warn(unused_must_use)]` on by default
[INFO] [stderr] help: use `let _ = ...` to ignore the resulting value
[INFO] [stderr]    |
[INFO] [stderr] 94 |                             let _ = node.set_attribute("disabled", "false");
[INFO] [stderr]    |                             +++++++
[INFO] [stderr] 
[INFO] [stderr] warning: unused `Result` that must be used
[INFO] [stderr]    --> src/lib.rs:119:33
[INFO] [stderr]     |
[INFO] [stderr] 119 | ...                   node.set_attribute("disabled", "false");
[INFO] [stderr]     |                       ^^^^^^^^^^^^^^^^^^^^^^^^^^^^^^^^^^^^^^^
[INFO] [stderr]     |
[INFO] [stderr]     = note: this `Result` may be an `Err` variant, which should be handled
[INFO] [stderr] help: use `let _ = ...` to ignore the resulting value
[INFO] [stderr]     |
[INFO] [stderr] 119 |                                 let _ = node.set_attribute("disabled", "false");
[INFO] [stderr]     |                                 +++++++
[INFO] [stderr] 
[INFO] [stderr] warning: unused `Result` that must be used
[INFO] [stderr]    --> src/lib.rs:147:33
[INFO] [stderr]     |
[INFO] [stderr] 147 | ...                   node.set_attribute("disabled", "false");
[INFO] [stderr]     |                       ^^^^^^^^^^^^^^^^^^^^^^^^^^^^^^^^^^^^^^^
[INFO] [stderr]     |
[INFO] [stderr]     = note: this `Result` may be an `Err` variant, which should be handled
[INFO] [stderr] help: use `let _ = ...` to ignore the resulting value
[INFO] [stderr]     |
[INFO] [stderr] 147 |                                 let _ = node.set_attribute("disabled", "false");
[INFO] [stderr]     |                                 +++++++
[INFO] [stderr] 
[INFO] [stderr] warning: `rust-webpack-template` (lib test) generated 10 warnings (run `cargo fix --lib -p rust-webpack-template --tests` to apply 4 suggestions)
[INFO] [stderr]     Finished test [unoptimized + debuginfo] target(s) in 0.03s
[INFO] [stderr] warning: the following packages contain code that will be rejected by a future version of Rust: nom v4.2.3
[INFO] [stderr] note: to see what the problems were, use the option `--future-incompat-report`, or run `cargo report future-incompatibilities --id 1`
[INFO] [stderr]      Running unittests src/lib.rs (/opt/rustwide/target/debug/deps/rust_webpack_template-e2f932ade7d138bd)
[INFO] [stdout] 
[INFO] [stdout] running 0 tests
[INFO] [stdout] 
[INFO] [stdout] test result: ok. 0 passed; 0 failed; 0 ignored; 0 measured; 0 filtered out; finished in 0.00s
[INFO] [stdout] 
[INFO] [stderr]      Running tests/app.rs (/opt/rustwide/target/debug/deps/app-5c83926bd7651251)
[INFO] [stdout] 
[INFO] [stdout] running 1 test
[INFO] [stdout] test rust_test ... ok
[INFO] [stdout] 
[INFO] [stdout] test result: ok. 1 passed; 0 failed; 0 ignored; 0 measured; 0 filtered out; finished in 0.00s
[INFO] [stdout] 
[INFO] running `Command { std: "docker" "inspect" "a0c170168d96d9696057a2d97c20f891009717dc74187acafa32abfdd3aded61", kill_on_drop: false }`
[INFO] running `Command { std: "docker" "rm" "-f" "a0c170168d96d9696057a2d97c20f891009717dc74187acafa32abfdd3aded61", kill_on_drop: false }`
[INFO] [stdout] a0c170168d96d9696057a2d97c20f891009717dc74187acafa32abfdd3aded61
