[INFO] cloning repository https://github.com/sarvex/cpp-front-maelstrom
[INFO] running `Command { std: "git" "-c" "credential.helper=" "-c" "credential.helper=/workspace/cargo-home/bin/git-credential-null" "clone" "--bare" "https://github.com/sarvex/cpp-front-maelstrom" "/workspace/cache/git-repos/https%3A%2F%2Fgithub.com%2Fsarvex%2Fcpp-front-maelstrom", kill_on_drop: false }`
[INFO] [stderr] Cloning into bare repository '/workspace/cache/git-repos/https%3A%2F%2Fgithub.com%2Fsarvex%2Fcpp-front-maelstrom'...
[INFO] running `Command { std: "git" "rev-parse" "HEAD", kill_on_drop: false }`
[INFO] [stdout] 0038ebf7a8ec61d94602c175580c9a915dce87ff
[INFO] testing sarvex/cpp-front-maelstrom against 1.75.0 for beta-1.76-1
[INFO] running `Command { std: "git" "clone" "/workspace/cache/git-repos/https%3A%2F%2Fgithub.com%2Fsarvex%2Fcpp-front-maelstrom" "/workspace/builds/worker-2-tc1/source", kill_on_drop: false }`
[INFO] [stderr] Cloning into '/workspace/builds/worker-2-tc1/source'...
[INFO] [stderr] done.
[INFO] validating manifest of git repo https://github.com/sarvex/cpp-front-maelstrom on toolchain 1.75.0
[INFO] running `Command { std: CARGO_HOME="/workspace/cargo-home" RUSTUP_HOME="/workspace/rustup-home" "/workspace/cargo-home/bin/cargo" "+1.75.0" "metadata" "--manifest-path" "Cargo.toml" "--no-deps", kill_on_drop: false }`
[INFO] started tweaking git repo https://github.com/sarvex/cpp-front-maelstrom
[INFO] finished tweaking git repo https://github.com/sarvex/cpp-front-maelstrom
[INFO] tweaked toml for git repo https://github.com/sarvex/cpp-front-maelstrom written to /workspace/builds/worker-2-tc1/source/Cargo.toml
[INFO] crate git repo https://github.com/sarvex/cpp-front-maelstrom already has a lockfile, it will not be regenerated
[INFO] running `Command { std: CARGO_HOME="/workspace/cargo-home" RUSTUP_HOME="/workspace/rustup-home" "/workspace/cargo-home/bin/cargo" "+1.75.0" "fetch" "--manifest-path" "Cargo.toml", kill_on_drop: false }`
[INFO] [stderr]     Blocking waiting for file lock on package cache
[ERROR] error running command: no output for 300 seconds
[ERROR] this task or one of its parent failed!
[ERROR] no output for 300 seconds
[ERROR] note: run with `RUST_BACKTRACE=1` to display a backtrace.
[INFO] testing sarvex/cpp-front-maelstrom against beta-2023-12-22 for beta-1.76-1
[INFO] running `Command { std: "git" "clone" "/workspace/cache/git-repos/https%3A%2F%2Fgithub.com%2Fsarvex%2Fcpp-front-maelstrom" "/workspace/builds/worker-2-tc2/source", kill_on_drop: false }`
[INFO] [stderr] Cloning into '/workspace/builds/worker-2-tc2/source'...
[INFO] [stderr] done.
[INFO] validating manifest of git repo https://github.com/sarvex/cpp-front-maelstrom on toolchain beta-2023-12-22
[INFO] running `Command { std: CARGO_HOME="/workspace/cargo-home" RUSTUP_HOME="/workspace/rustup-home" "/workspace/cargo-home/bin/cargo" "+beta-2023-12-22" "metadata" "--manifest-path" "Cargo.toml" "--no-deps", kill_on_drop: false }`
[INFO] started tweaking git repo https://github.com/sarvex/cpp-front-maelstrom
[INFO] finished tweaking git repo https://github.com/sarvex/cpp-front-maelstrom
[INFO] tweaked toml for git repo https://github.com/sarvex/cpp-front-maelstrom written to /workspace/builds/worker-2-tc2/source/Cargo.toml
[INFO] crate git repo https://github.com/sarvex/cpp-front-maelstrom already has a lockfile, it will not be regenerated
[INFO] running `Command { std: CARGO_HOME="/workspace/cargo-home" RUSTUP_HOME="/workspace/rustup-home" "/workspace/cargo-home/bin/cargo" "+beta-2023-12-22" "fetch" "--manifest-path" "Cargo.toml", kill_on_drop: false }`
[INFO] [stderr]     Blocking waiting for file lock on package cache
[INFO] [stderr]     Blocking waiting for file lock on package cache
[INFO] running `Command { std: "docker" "create" "-v" "/var/lib/crater-agent-workspace/builds/worker-2-tc2/target:/opt/rustwide/target:rw,Z" "-v" "/var/lib/crater-agent-workspace/builds/worker-2-tc2/source:/opt/rustwide/workdir:ro,Z" "-v" "/var/lib/crater-agent-workspace/cargo-home:/opt/rustwide/cargo-home:ro,Z" "-v" "/var/lib/crater-agent-workspace/rustup-home:/opt/rustwide/rustup-home:ro,Z" "-e" "SOURCE_DIR=/opt/rustwide/workdir" "-e" "CARGO_TARGET_DIR=/opt/rustwide/target" "-e" "CARGO_HOME=/opt/rustwide/cargo-home" "-e" "RUSTUP_HOME=/opt/rustwide/rustup-home" "-w" "/opt/rustwide/workdir" "-m" "1610612736" "--user" "0:0" "--network" "none" "ghcr.io/rust-lang/crates-build-env/linux@sha256:2788e3201cd34a07e3172128adcd8b3090168a8e3bcc40d7c032b9dda1df7d1c" "/opt/rustwide/cargo-home/bin/cargo" "+beta-2023-12-22" "metadata" "--no-deps" "--format-version=1", kill_on_drop: false }`
[INFO] [stdout] 3017d98de9e64af88ef4ea40fe6ce40da9fbe1ad64e8595eea9f4585961e6d25
[INFO] running `Command { std: "docker" "start" "-a" "3017d98de9e64af88ef4ea40fe6ce40da9fbe1ad64e8595eea9f4585961e6d25", kill_on_drop: false }`
[INFO] running `Command { std: "docker" "inspect" "3017d98de9e64af88ef4ea40fe6ce40da9fbe1ad64e8595eea9f4585961e6d25", kill_on_drop: false }`
[INFO] running `Command { std: "docker" "rm" "-f" "3017d98de9e64af88ef4ea40fe6ce40da9fbe1ad64e8595eea9f4585961e6d25", kill_on_drop: false }`
[INFO] [stdout] 3017d98de9e64af88ef4ea40fe6ce40da9fbe1ad64e8595eea9f4585961e6d25
[INFO] running `Command { std: "docker" "create" "-v" "/var/lib/crater-agent-workspace/builds/worker-2-tc2/target:/opt/rustwide/target:rw,Z" "-v" "/var/lib/crater-agent-workspace/builds/worker-2-tc2/source:/opt/rustwide/workdir:ro,Z" "-v" "/var/lib/crater-agent-workspace/cargo-home:/opt/rustwide/cargo-home:ro,Z" "-v" "/var/lib/crater-agent-workspace/rustup-home:/opt/rustwide/rustup-home:ro,Z" "-e" "SOURCE_DIR=/opt/rustwide/workdir" "-e" "CARGO_TARGET_DIR=/opt/rustwide/target" "-e" "CARGO_INCREMENTAL=0" "-e" "RUST_BACKTRACE=full" "-e" "RUSTFLAGS=--cap-lints=warn" "-e" "RUSTDOCFLAGS=--cap-lints=warn" "-e" "CARGO_HOME=/opt/rustwide/cargo-home" "-e" "RUSTUP_HOME=/opt/rustwide/rustup-home" "-w" "/opt/rustwide/workdir" "-m" "1610612736" "--user" "0:0" "--network" "none" "ghcr.io/rust-lang/crates-build-env/linux@sha256:2788e3201cd34a07e3172128adcd8b3090168a8e3bcc40d7c032b9dda1df7d1c" "/opt/rustwide/cargo-home/bin/cargo" "+beta-2023-12-22" "build" "--frozen" "--message-format=json", kill_on_drop: false }`
[INFO] [stdout] 6021f4b1889fc2685df7806fb7451edb03476641a466d1e88d71b1d71949e44c
[INFO] running `Command { std: "docker" "start" "-a" "6021f4b1889fc2685df7806fb7451edb03476641a466d1e88d71b1d71949e44c", kill_on_drop: false }`
[INFO] [stderr]    Compiling proc-macro2 v1.0.75
[INFO] [stderr]    Compiling unicode-ident v1.0.8
[INFO] [stderr]    Compiling serde v1.0.195
[INFO] [stderr]    Compiling serde_json v1.0.111
[INFO] [stderr]    Compiling itoa v1.0.6
[INFO] [stderr]    Compiling ryu v1.0.13
[INFO] [stderr]    Compiling quote v1.0.35
[INFO] [stderr]    Compiling syn v2.0.47
[INFO] [stderr]    Compiling serde_derive v1.0.195
[INFO] [stderr]    Compiling maelstrom v0.1.0 (/opt/rustwide/workdir)
[INFO] [stdout] warning: method `send_all` is never used
[INFO] [stdout]   --> src/sender.rs:23:12
[INFO] [stdout]    |
[INFO] [stdout] 8  | impl Sender {
[INFO] [stdout]    | ----------- method in this implementation
[INFO] [stdout] ...
[INFO] [stdout] 23 |     pub fn send_all(&mut self) {
[INFO] [stdout]    |            ^^^^^^^^
[INFO] [stdout]    |
[INFO] [stdout]    = note: `#[warn(dead_code)]` on by default
[INFO] [stdout] 
[INFO] [stdout] 
[INFO] [stdout] warning: 1 warning emitted
[INFO] [stdout] 
[INFO] [stdout] 
[INFO] [stderr]     Finished dev [unoptimized + debuginfo] target(s) in 11.67s
[INFO] running `Command { std: "docker" "inspect" "6021f4b1889fc2685df7806fb7451edb03476641a466d1e88d71b1d71949e44c", kill_on_drop: false }`
[INFO] running `Command { std: "docker" "rm" "-f" "6021f4b1889fc2685df7806fb7451edb03476641a466d1e88d71b1d71949e44c", kill_on_drop: false }`
[INFO] [stdout] 6021f4b1889fc2685df7806fb7451edb03476641a466d1e88d71b1d71949e44c
[INFO] running `Command { std: "docker" "create" "-v" "/var/lib/crater-agent-workspace/builds/worker-2-tc2/target:/opt/rustwide/target:rw,Z" "-v" "/var/lib/crater-agent-workspace/builds/worker-2-tc2/source:/opt/rustwide/workdir:ro,Z" "-v" "/var/lib/crater-agent-workspace/cargo-home:/opt/rustwide/cargo-home:ro,Z" "-v" "/var/lib/crater-agent-workspace/rustup-home:/opt/rustwide/rustup-home:ro,Z" "-e" "SOURCE_DIR=/opt/rustwide/workdir" "-e" "CARGO_TARGET_DIR=/opt/rustwide/target" "-e" "CARGO_INCREMENTAL=0" "-e" "RUST_BACKTRACE=full" "-e" "RUSTFLAGS=--cap-lints=warn" "-e" "RUSTDOCFLAGS=--cap-lints=warn" "-e" "CARGO_HOME=/opt/rustwide/cargo-home" "-e" "RUSTUP_HOME=/opt/rustwide/rustup-home" "-w" "/opt/rustwide/workdir" "-m" "1610612736" "--user" "0:0" "--network" "none" "ghcr.io/rust-lang/crates-build-env/linux@sha256:2788e3201cd34a07e3172128adcd8b3090168a8e3bcc40d7c032b9dda1df7d1c" "/opt/rustwide/cargo-home/bin/cargo" "+beta-2023-12-22" "test" "--frozen" "--no-run" "--message-format=json", kill_on_drop: false }`
[INFO] [stdout] 4dbf188bd83a9ac5874c653a59038becd6c8047f4b4dc9082cab291f974a13e5
[INFO] running `Command { std: "docker" "start" "-a" "4dbf188bd83a9ac5874c653a59038becd6c8047f4b4dc9082cab291f974a13e5", kill_on_drop: false }`
[INFO] [stderr]    Compiling maelstrom v0.1.0 (/opt/rustwide/workdir)
[INFO] [stdout] warning: method `send_all` is never used
[INFO] [stdout]   --> src/sender.rs:23:12
[INFO] [stdout]    |
[INFO] [stdout] 8  | impl Sender {
[INFO] [stdout]    | ----------- method in this implementation
[INFO] [stdout] ...
[INFO] [stdout] 23 |     pub fn send_all(&mut self) {
[INFO] [stdout]    |            ^^^^^^^^
[INFO] [stdout]    |
[INFO] [stdout]    = note: `#[warn(dead_code)]` on by default
[INFO] [stdout] 
[INFO] [stdout] 
[INFO] [stdout] warning: 1 warning emitted
[INFO] [stdout] 
[INFO] [stdout] 
[INFO] [stderr]     Finished test [unoptimized + debuginfo] target(s) in 0.39s
[INFO] running `Command { std: "docker" "inspect" "4dbf188bd83a9ac5874c653a59038becd6c8047f4b4dc9082cab291f974a13e5", kill_on_drop: false }`
[INFO] running `Command { std: "docker" "rm" "-f" "4dbf188bd83a9ac5874c653a59038becd6c8047f4b4dc9082cab291f974a13e5", kill_on_drop: false }`
[INFO] [stdout] 4dbf188bd83a9ac5874c653a59038becd6c8047f4b4dc9082cab291f974a13e5
[INFO] running `Command { std: "docker" "create" "-v" "/var/lib/crater-agent-workspace/builds/worker-2-tc2/target:/opt/rustwide/target:rw,Z" "-v" "/var/lib/crater-agent-workspace/builds/worker-2-tc2/source:/opt/rustwide/workdir:ro,Z" "-v" "/var/lib/crater-agent-workspace/cargo-home:/opt/rustwide/cargo-home:ro,Z" "-v" "/var/lib/crater-agent-workspace/rustup-home:/opt/rustwide/rustup-home:ro,Z" "-e" "SOURCE_DIR=/opt/rustwide/workdir" "-e" "CARGO_TARGET_DIR=/opt/rustwide/target" "-e" "CARGO_INCREMENTAL=0" "-e" "RUST_BACKTRACE=full" "-e" "RUSTFLAGS=--cap-lints=warn" "-e" "RUSTDOCFLAGS=--cap-lints=warn" "-e" "CARGO_HOME=/opt/rustwide/cargo-home" "-e" "RUSTUP_HOME=/opt/rustwide/rustup-home" "-w" "/opt/rustwide/workdir" "-m" "1610612736" "--user" "0:0" "--network" "none" "ghcr.io/rust-lang/crates-build-env/linux@sha256:2788e3201cd34a07e3172128adcd8b3090168a8e3bcc40d7c032b9dda1df7d1c" "/opt/rustwide/cargo-home/bin/cargo" "+beta-2023-12-22" "test" "--frozen", kill_on_drop: false }`
[INFO] [stdout] 3c8e54c2df8d792d84cc26d91bf7e68556446e8ec9211d010a36f580a8c24ab9
[INFO] running `Command { std: "docker" "start" "-a" "3c8e54c2df8d792d84cc26d91bf7e68556446e8ec9211d010a36f580a8c24ab9", kill_on_drop: false }`
[INFO] [stderr] warning: method `send_all` is never used
[INFO] [stderr]   --> src/sender.rs:23:12
[INFO] [stderr]    |
[INFO] [stderr] 8  | impl Sender {
[INFO] [stderr]    | ----------- method in this implementation
[INFO] [stderr] ...
[INFO] [stderr] 23 |     pub fn send_all(&mut self) {
[INFO] [stderr]    |            ^^^^^^^^
[INFO] [stderr]    |
[INFO] [stderr]    = note: `#[warn(dead_code)]` on by default
[INFO] [stderr] 
[INFO] [stderr] warning: `maelstrom` (bin "maelstrom" test) generated 1 warning
[INFO] [stderr]     Finished test [unoptimized + debuginfo] target(s) in 0.02s
[INFO] [stderr]      Running unittests src/main.rs (/opt/rustwide/target/debug/deps/maelstrom-4e5fdeb7d39f180a)
[INFO] [stdout] 
[INFO] [stdout] running 0 tests
[INFO] [stdout] 
[INFO] [stdout] test result: ok. 0 passed; 0 failed; 0 ignored; 0 measured; 0 filtered out; finished in 0.00s
[INFO] [stdout] 
[INFO] running `Command { std: "docker" "inspect" "3c8e54c2df8d792d84cc26d91bf7e68556446e8ec9211d010a36f580a8c24ab9", kill_on_drop: false }`
[INFO] running `Command { std: "docker" "rm" "-f" "3c8e54c2df8d792d84cc26d91bf7e68556446e8ec9211d010a36f580a8c24ab9", kill_on_drop: false }`
[INFO] [stdout] 3c8e54c2df8d792d84cc26d91bf7e68556446e8ec9211d010a36f580a8c24ab9
