[INFO] cloning repository https://github.com/rzru/pokerust-tui
[INFO] running `Command { std: "git" "-c" "credential.helper=" "-c" "credential.helper=/workspace/cargo-home/bin/git-credential-null" "clone" "--bare" "https://github.com/rzru/pokerust-tui" "/workspace/cache/git-repos/https%3A%2F%2Fgithub.com%2Frzru%2Fpokerust-tui", kill_on_drop: false }`
[INFO] [stderr] Cloning into bare repository '/workspace/cache/git-repos/https%3A%2F%2Fgithub.com%2Frzru%2Fpokerust-tui'...
[INFO] running `Command { std: "git" "rev-parse" "HEAD", kill_on_drop: false }`
[INFO] [stdout] db3a654409ffbfc432b3c2272a41a49756d03b5b
[INFO] testing rzru/pokerust-tui against 1.75.0 for beta-1.76-1
[INFO] running `Command { std: "git" "clone" "/workspace/cache/git-repos/https%3A%2F%2Fgithub.com%2Frzru%2Fpokerust-tui" "/workspace/builds/worker-2-tc1/source", kill_on_drop: false }`
[INFO] [stderr] Cloning into '/workspace/builds/worker-2-tc1/source'...
[INFO] [stderr] done.
[INFO] validating manifest of git repo https://github.com/rzru/pokerust-tui on toolchain 1.75.0
[INFO] running `Command { std: CARGO_HOME="/workspace/cargo-home" RUSTUP_HOME="/workspace/rustup-home" "/workspace/cargo-home/bin/cargo" "+1.75.0" "metadata" "--manifest-path" "Cargo.toml" "--no-deps", kill_on_drop: false }`
[INFO] started tweaking git repo https://github.com/rzru/pokerust-tui
[INFO] finished tweaking git repo https://github.com/rzru/pokerust-tui
[INFO] tweaked toml for git repo https://github.com/rzru/pokerust-tui written to /workspace/builds/worker-2-tc1/source/Cargo.toml
[INFO] crate git repo https://github.com/rzru/pokerust-tui already has a lockfile, it will not be regenerated
[INFO] running `Command { std: CARGO_HOME="/workspace/cargo-home" RUSTUP_HOME="/workspace/rustup-home" "/workspace/cargo-home/bin/cargo" "+1.75.0" "fetch" "--manifest-path" "Cargo.toml", kill_on_drop: false }`
[INFO] [stderr]     Blocking waiting for file lock on package cache
[INFO] [stderr]     Blocking waiting for file lock on package cache
[ERROR] error running command: no output for 300 seconds
[ERROR] this task or one of its parent failed!
[ERROR] no output for 300 seconds
[ERROR] note: run with `RUST_BACKTRACE=1` to display a backtrace.
[INFO] testing rzru/pokerust-tui against beta-2023-12-22 for beta-1.76-1
[INFO] running `Command { std: "git" "clone" "/workspace/cache/git-repos/https%3A%2F%2Fgithub.com%2Frzru%2Fpokerust-tui" "/workspace/builds/worker-2-tc2/source", kill_on_drop: false }`
[INFO] [stderr] Cloning into '/workspace/builds/worker-2-tc2/source'...
[INFO] [stderr] done.
[INFO] validating manifest of git repo https://github.com/rzru/pokerust-tui on toolchain beta-2023-12-22
[INFO] running `Command { std: CARGO_HOME="/workspace/cargo-home" RUSTUP_HOME="/workspace/rustup-home" "/workspace/cargo-home/bin/cargo" "+beta-2023-12-22" "metadata" "--manifest-path" "Cargo.toml" "--no-deps", kill_on_drop: false }`
[INFO] started tweaking git repo https://github.com/rzru/pokerust-tui
[INFO] finished tweaking git repo https://github.com/rzru/pokerust-tui
[INFO] tweaked toml for git repo https://github.com/rzru/pokerust-tui written to /workspace/builds/worker-2-tc2/source/Cargo.toml
[INFO] crate git repo https://github.com/rzru/pokerust-tui already has a lockfile, it will not be regenerated
[INFO] running `Command { std: CARGO_HOME="/workspace/cargo-home" RUSTUP_HOME="/workspace/rustup-home" "/workspace/cargo-home/bin/cargo" "+beta-2023-12-22" "fetch" "--manifest-path" "Cargo.toml", kill_on_drop: false }`
[INFO] [stderr]     Blocking waiting for file lock on package cache
[INFO] [stderr]     Blocking waiting for file lock on package cache
[ERROR] error running command: no output for 300 seconds
[INFO] testing rzru/pokerust-tui against beta-2023-12-22 for beta-1.76-1
[INFO] running `Command { std: "git" "clone" "/workspace/cache/git-repos/https%3A%2F%2Fgithub.com%2Frzru%2Fpokerust-tui" "/workspace/builds/worker-2-tc2/source", kill_on_drop: false }`
[INFO] [stderr] Cloning into '/workspace/builds/worker-2-tc2/source'...
[INFO] [stderr] done.
[INFO] validating manifest of git repo https://github.com/rzru/pokerust-tui on toolchain beta-2023-12-22
[INFO] running `Command { std: CARGO_HOME="/workspace/cargo-home" RUSTUP_HOME="/workspace/rustup-home" "/workspace/cargo-home/bin/cargo" "+beta-2023-12-22" "metadata" "--manifest-path" "Cargo.toml" "--no-deps", kill_on_drop: false }`
[INFO] started tweaking git repo https://github.com/rzru/pokerust-tui
[INFO] finished tweaking git repo https://github.com/rzru/pokerust-tui
[INFO] tweaked toml for git repo https://github.com/rzru/pokerust-tui written to /workspace/builds/worker-2-tc2/source/Cargo.toml
[INFO] crate git repo https://github.com/rzru/pokerust-tui already has a lockfile, it will not be regenerated
[INFO] running `Command { std: CARGO_HOME="/workspace/cargo-home" RUSTUP_HOME="/workspace/rustup-home" "/workspace/cargo-home/bin/cargo" "+beta-2023-12-22" "fetch" "--manifest-path" "Cargo.toml", kill_on_drop: false }`
[INFO] [stderr]     Blocking waiting for file lock on package cache
[INFO] [stderr]     Blocking waiting for file lock on package cache
[INFO] running `Command { std: "docker" "create" "-v" "/var/lib/crater-agent-workspace/builds/worker-2-tc2/target:/opt/rustwide/target:rw,Z" "-v" "/var/lib/crater-agent-workspace/builds/worker-2-tc2/source:/opt/rustwide/workdir:ro,Z" "-v" "/var/lib/crater-agent-workspace/cargo-home:/opt/rustwide/cargo-home:ro,Z" "-v" "/var/lib/crater-agent-workspace/rustup-home:/opt/rustwide/rustup-home:ro,Z" "-e" "SOURCE_DIR=/opt/rustwide/workdir" "-e" "CARGO_TARGET_DIR=/opt/rustwide/target" "-e" "CARGO_HOME=/opt/rustwide/cargo-home" "-e" "RUSTUP_HOME=/opt/rustwide/rustup-home" "-w" "/opt/rustwide/workdir" "-m" "1610612736" "--user" "0:0" "--network" "none" "ghcr.io/rust-lang/crates-build-env/linux@sha256:2788e3201cd34a07e3172128adcd8b3090168a8e3bcc40d7c032b9dda1df7d1c" "/opt/rustwide/cargo-home/bin/cargo" "+beta-2023-12-22" "metadata" "--no-deps" "--format-version=1", kill_on_drop: false }`
[INFO] [stdout] 7c6ca1865ceed417e042e8993cd4e5fe3b08e57eb462d190855159d6f82578a7
[INFO] running `Command { std: "docker" "start" "-a" "7c6ca1865ceed417e042e8993cd4e5fe3b08e57eb462d190855159d6f82578a7", kill_on_drop: false }`
[INFO] running `Command { std: "docker" "inspect" "7c6ca1865ceed417e042e8993cd4e5fe3b08e57eb462d190855159d6f82578a7", kill_on_drop: false }`
[INFO] running `Command { std: "docker" "rm" "-f" "7c6ca1865ceed417e042e8993cd4e5fe3b08e57eb462d190855159d6f82578a7", kill_on_drop: false }`
[INFO] [stdout] 7c6ca1865ceed417e042e8993cd4e5fe3b08e57eb462d190855159d6f82578a7
[INFO] running `Command { std: "docker" "create" "-v" "/var/lib/crater-agent-workspace/builds/worker-2-tc2/target:/opt/rustwide/target:rw,Z" "-v" "/var/lib/crater-agent-workspace/builds/worker-2-tc2/source:/opt/rustwide/workdir:ro,Z" "-v" "/var/lib/crater-agent-workspace/cargo-home:/opt/rustwide/cargo-home:ro,Z" "-v" "/var/lib/crater-agent-workspace/rustup-home:/opt/rustwide/rustup-home:ro,Z" "-e" "SOURCE_DIR=/opt/rustwide/workdir" "-e" "CARGO_TARGET_DIR=/opt/rustwide/target" "-e" "CARGO_INCREMENTAL=0" "-e" "RUST_BACKTRACE=full" "-e" "RUSTFLAGS=--cap-lints=warn" "-e" "RUSTDOCFLAGS=--cap-lints=warn" "-e" "CARGO_HOME=/opt/rustwide/cargo-home" "-e" "RUSTUP_HOME=/opt/rustwide/rustup-home" "-w" "/opt/rustwide/workdir" "-m" "1610612736" "--user" "0:0" "--network" "none" "ghcr.io/rust-lang/crates-build-env/linux@sha256:2788e3201cd34a07e3172128adcd8b3090168a8e3bcc40d7c032b9dda1df7d1c" "/opt/rustwide/cargo-home/bin/cargo" "+beta-2023-12-22" "build" "--frozen" "--message-format=json", kill_on_drop: false }`
[INFO] [stdout] 0a16437cb56f01e91fbcccf3b6bfea277e66e42c76b0c74970a8927525d07670
[INFO] running `Command { std: "docker" "start" "-a" "0a16437cb56f01e91fbcccf3b6bfea277e66e42c76b0c74970a8927525d07670", kill_on_drop: false }`
[INFO] [stderr]    Compiling autocfg v1.1.0
[INFO] [stderr]    Compiling cfg-if v1.0.0
[INFO] [stderr]    Compiling libc v0.2.125
[INFO] [stderr]    Compiling proc-macro2 v1.0.38
[INFO] [stderr]    Compiling unicode-xid v0.2.3
[INFO] [stderr]    Compiling syn v1.0.93
[INFO] [stderr]    Compiling scopeguard v1.1.0
[INFO] [stderr]    Compiling log v0.4.17
[INFO] [stderr]    Compiling lazy_static v1.4.0
[INFO] [stderr]    Compiling parking_lot_core v0.9.3
[INFO] [stderr]    Compiling smallvec v1.8.0
[INFO] [stderr]    Compiling pkg-config v0.3.25
[INFO] [stderr]    Compiling cc v1.0.73
[INFO] [stderr]    Compiling pin-project-lite v0.2.9
[INFO] [stderr]    Compiling once_cell v1.10.0
[INFO] [stderr]    Compiling futures-core v0.3.21
[INFO] [stderr]    Compiling memchr v2.5.0
[INFO] [stderr]    Compiling bytes v1.1.0
[INFO] [stderr]    Compiling crossbeam-utils v0.8.8
[INFO] [stderr]    Compiling futures-task v0.3.21
[INFO] [stderr]    Compiling bitflags v1.3.2
[INFO] [stderr]    Compiling itoa v1.0.1
[INFO] [stderr]    Compiling tracing-core v0.1.26
[INFO] [stderr]    Compiling foreign-types-shared v0.1.1
[INFO] [stderr]    Compiling fnv v1.0.7
[INFO] [stderr]    Compiling futures-util v0.3.21
[INFO] [stderr]    Compiling openssl v0.10.40
[INFO] [stderr]    Compiling signal-hook v0.3.13
[INFO] [stderr]    Compiling lock_api v0.4.7
[INFO] [stderr]    Compiling memoffset v0.6.5
[INFO] [stderr]    Compiling crossbeam-epoch v0.9.8
[INFO] [stderr]    Compiling indexmap v1.8.1
[INFO] [stderr]    Compiling http v0.2.7
[INFO] [stderr]    Compiling foreign-types v0.3.2
[INFO] [stderr]    Compiling hashbrown v0.11.2
[INFO] [stderr]    Compiling native-tls v0.2.10
[INFO] [stderr]    Compiling futures-sink v0.3.21
[INFO] [stderr]    Compiling rayon-core v1.9.3
[INFO] [stderr]    Compiling pin-utils v0.1.0
[INFO] [stderr]    Compiling quote v1.0.18
[INFO] [stderr]    Compiling serde_derive v1.0.137
[INFO] [stderr]    Compiling httparse v1.7.1
[INFO] [stderr]    Compiling futures-channel v0.3.21
[INFO] [stderr]    Compiling signal-hook-registry v1.4.0
[INFO] [stderr]    Compiling mio v0.8.3
[INFO] [stderr]    Compiling num_cpus v1.13.1
[INFO] [stderr]    Compiling socket2 v0.4.4
[INFO] [stderr]    Compiling slab v0.4.6
[INFO] [stderr]    Compiling openssl-probe v0.1.5
[INFO] [stderr]    Compiling parking_lot v0.12.0
[INFO] [stderr]    Compiling openssl-sys v0.9.73
[INFO] [stderr]    Compiling try-lock v0.2.3
[INFO] [stderr]    Compiling serde v1.0.137
[INFO] [stderr]    Compiling want v0.3.0
[INFO] [stderr]    Compiling crossbeam-deque v0.8.1
[INFO] [stderr]    Compiling signal-hook-mio v0.2.3
[INFO] [stderr]    Compiling http-body v0.4.4
[INFO] [stderr]    Compiling crossbeam-channel v0.5.4
[INFO] [stderr]    Compiling rayon v1.5.3
[INFO] [stderr]    Compiling tower-service v0.3.1
[INFO] [stderr]    Compiling serde_json v1.0.81
[INFO] [stderr]    Compiling httpdate v1.0.2
[INFO] [stderr]    Compiling crossterm v0.23.2
[INFO] [stderr]    Compiling ryu v1.0.9
[INFO] [stderr]    Compiling unicode-width v0.1.9
[INFO] [stderr]    Compiling cassowary v0.3.0
[INFO] [stderr]    Compiling either v1.6.1
[INFO] [stderr]    Compiling unicode-segmentation v1.9.0
[INFO] [stderr]    Compiling tui v0.18.0
[INFO] [stderr]    Compiling tokio-macros v1.7.0
[INFO] [stderr]    Compiling tracing-attributes v0.1.21
[INFO] [stderr]    Compiling openssl-macros v0.1.0
[INFO] [stderr]    Compiling tokio v1.18.2
[INFO] [stderr]    Compiling tracing v0.1.34
[INFO] [stderr]    Compiling tokio-util v0.7.1
[INFO] [stderr]    Compiling tokio-native-tls v0.3.0
[INFO] [stderr]    Compiling h2 v0.3.13
[INFO] [stderr]    Compiling hyper v0.14.18
[INFO] [stderr]    Compiling hyper-tls v0.5.0
[INFO] [stderr]    Compiling pokerust-tui v0.1.0 (/opt/rustwide/workdir)
[INFO] [stdout] warning: unused import: `PokemonHeldItemVersion`
[INFO] [stdout]   --> src/models/mod.rs:26:46
[INFO] [stdout]    |
[INFO] [stdout] 26 | pub use pokemon_held_item::{PokemonHeldItem, PokemonHeldItemVersion};
[INFO] [stdout]    |                                              ^^^^^^^^^^^^^^^^^^^^^^
[INFO] [stdout]    |
[INFO] [stdout]    = note: `#[warn(unused_imports)]` on by default
[INFO] [stdout] 
[INFO] [stdout] 
[INFO] [stdout] warning: unused import: `PokemonMoveVersion`
[INFO] [stdout]   --> src/models/mod.rs:27:53
[INFO] [stdout]    |
[INFO] [stdout] 27 | pub use pokemon_move::{PokemonMove, PokemonMoveExt, PokemonMoveVersion};
[INFO] [stdout]    |                                                     ^^^^^^^^^^^^^^^^^^
[INFO] [stdout] 
[INFO] [stdout] 
[INFO] [stdout] warning: unused import: `PokedexNumber`
[INFO] [stdout]   --> src/models/mod.rs:28:27
[INFO] [stdout]    |
[INFO] [stdout] 28 | pub use pokemon_species::{PokedexNumber, PokemonSpecies};
[INFO] [stdout]    |                           ^^^^^^^^^^^^^
[INFO] [stdout] 
[INFO] [stdout] 
[INFO] [stdout] warning: 3 warnings emitted
[INFO] [stdout] 
[INFO] [stdout] 
[INFO] [stderr]     Finished dev [unoptimized + debuginfo] target(s) in 26.21s
[INFO] running `Command { std: "docker" "inspect" "0a16437cb56f01e91fbcccf3b6bfea277e66e42c76b0c74970a8927525d07670", kill_on_drop: false }`
[INFO] running `Command { std: "docker" "rm" "-f" "0a16437cb56f01e91fbcccf3b6bfea277e66e42c76b0c74970a8927525d07670", kill_on_drop: false }`
[INFO] [stdout] 0a16437cb56f01e91fbcccf3b6bfea277e66e42c76b0c74970a8927525d07670
[INFO] running `Command { std: "docker" "create" "-v" "/var/lib/crater-agent-workspace/builds/worker-2-tc2/target:/opt/rustwide/target:rw,Z" "-v" "/var/lib/crater-agent-workspace/builds/worker-2-tc2/source:/opt/rustwide/workdir:ro,Z" "-v" "/var/lib/crater-agent-workspace/cargo-home:/opt/rustwide/cargo-home:ro,Z" "-v" "/var/lib/crater-agent-workspace/rustup-home:/opt/rustwide/rustup-home:ro,Z" "-e" "SOURCE_DIR=/opt/rustwide/workdir" "-e" "CARGO_TARGET_DIR=/opt/rustwide/target" "-e" "CARGO_INCREMENTAL=0" "-e" "RUST_BACKTRACE=full" "-e" "RUSTFLAGS=--cap-lints=warn" "-e" "RUSTDOCFLAGS=--cap-lints=warn" "-e" "CARGO_HOME=/opt/rustwide/cargo-home" "-e" "RUSTUP_HOME=/opt/rustwide/rustup-home" "-w" "/opt/rustwide/workdir" "-m" "1610612736" "--user" "0:0" "--network" "none" "ghcr.io/rust-lang/crates-build-env/linux@sha256:2788e3201cd34a07e3172128adcd8b3090168a8e3bcc40d7c032b9dda1df7d1c" "/opt/rustwide/cargo-home/bin/cargo" "+beta-2023-12-22" "test" "--frozen" "--no-run" "--message-format=json", kill_on_drop: false }`
[INFO] [stdout] 150fa85385b3ab5be5dc77d7db52f1dfa7d18a9db1a4702e9f91fc8fbf24f38e
[INFO] running `Command { std: "docker" "start" "-a" "150fa85385b3ab5be5dc77d7db52f1dfa7d18a9db1a4702e9f91fc8fbf24f38e", kill_on_drop: false }`
[INFO] [stderr]    Compiling pokerust-tui v0.1.0 (/opt/rustwide/workdir)
[INFO] [stdout] warning: unused import: `PokedexNumber`
[INFO] [stdout]   --> src/models/mod.rs:28:27
[INFO] [stdout]    |
[INFO] [stdout] 28 | pub use pokemon_species::{PokedexNumber, PokemonSpecies};
[INFO] [stdout]    |                           ^^^^^^^^^^^^^
[INFO] [stdout]    |
[INFO] [stdout]    = note: `#[warn(unused_imports)]` on by default
[INFO] [stdout] 
[INFO] [stdout] 
[INFO] [stdout] warning: 1 warning emitted
[INFO] [stdout] 
[INFO] [stdout] 
[INFO] [stderr]     Finished test [unoptimized + debuginfo] target(s) in 4.31s
[INFO] running `Command { std: "docker" "inspect" "150fa85385b3ab5be5dc77d7db52f1dfa7d18a9db1a4702e9f91fc8fbf24f38e", kill_on_drop: false }`
[INFO] running `Command { std: "docker" "rm" "-f" "150fa85385b3ab5be5dc77d7db52f1dfa7d18a9db1a4702e9f91fc8fbf24f38e", kill_on_drop: false }`
[INFO] [stdout] 150fa85385b3ab5be5dc77d7db52f1dfa7d18a9db1a4702e9f91fc8fbf24f38e
[INFO] running `Command { std: "docker" "create" "-v" "/var/lib/crater-agent-workspace/builds/worker-2-tc2/target:/opt/rustwide/target:rw,Z" "-v" "/var/lib/crater-agent-workspace/builds/worker-2-tc2/source:/opt/rustwide/workdir:ro,Z" "-v" "/var/lib/crater-agent-workspace/cargo-home:/opt/rustwide/cargo-home:ro,Z" "-v" "/var/lib/crater-agent-workspace/rustup-home:/opt/rustwide/rustup-home:ro,Z" "-e" "SOURCE_DIR=/opt/rustwide/workdir" "-e" "CARGO_TARGET_DIR=/opt/rustwide/target" "-e" "CARGO_INCREMENTAL=0" "-e" "RUST_BACKTRACE=full" "-e" "RUSTFLAGS=--cap-lints=warn" "-e" "RUSTDOCFLAGS=--cap-lints=warn" "-e" "CARGO_HOME=/opt/rustwide/cargo-home" "-e" "RUSTUP_HOME=/opt/rustwide/rustup-home" "-w" "/opt/rustwide/workdir" "-m" "1610612736" "--user" "0:0" "--network" "none" "ghcr.io/rust-lang/crates-build-env/linux@sha256:2788e3201cd34a07e3172128adcd8b3090168a8e3bcc40d7c032b9dda1df7d1c" "/opt/rustwide/cargo-home/bin/cargo" "+beta-2023-12-22" "test" "--frozen", kill_on_drop: false }`
[INFO] [stdout] bf4e6bc612f4608d3ffbed6f7875b52a21e409059d438248ee9a4917e21aa624
[INFO] running `Command { std: "docker" "start" "-a" "bf4e6bc612f4608d3ffbed6f7875b52a21e409059d438248ee9a4917e21aa624", kill_on_drop: false }`
[INFO] [stderr] warning: unused import: `PokedexNumber`
[INFO] [stderr]   --> src/models/mod.rs:28:27
[INFO] [stderr]    |
[INFO] [stderr] 28 | pub use pokemon_species::{PokedexNumber, PokemonSpecies};
[INFO] [stderr]    |                           ^^^^^^^^^^^^^
[INFO] [stderr]    |
[INFO] [stderr]    = note: `#[warn(unused_imports)]` on by default
[INFO] [stderr] 
[INFO] [stderr] warning: `pokerust-tui` (bin "pokerust-tui" test) generated 1 warning (run `cargo fix --bin "pokerust-tui" --tests` to apply 1 suggestion)
[INFO] [stderr]     Finished test [unoptimized + debuginfo] target(s) in 0.08s
[INFO] [stderr]      Running unittests src/main.rs (/opt/rustwide/target/debug/deps/pokerust_tui-ff984507cf09a5c2)
[INFO] [stdout] 
[INFO] [stdout] running 51 tests
[INFO] [stdout] test models::named_api_resource::tests::named_api_resource_get_name_or_stub_with_name ... ok
[INFO] [stdout] test models::pokemon::tests::pokemon_get_renderable_base_experience ... ok
[INFO] [stdout] test models::pokemon::tests::pokemon_get_renderable_order ... ok
[INFO] [stdout] test models::pokemon::tests::pokemon_get_renderable_weight ... ok
[INFO] [stdout] test models::pokemon::tests::pokemon_get_renderable_height ... ok
[INFO] [stdout] test models::pokemon::tests::pokemon_get_renderable_id ... ok
[INFO] [stdout] test models::named_api_resource::tests::named_api_resource_get_name_or_stub_without_name ... ok
[INFO] [stdout] test models::pokemon_ability::tests::pokemon_ability_get_renderable_is_hidden_work_with_hidden ... ok
[INFO] [stdout] test models::pokemon_ability::tests::pokemon_ability_get_renderable_is_hidden_work_with_not_hidden ... ok
[INFO] [stdout] test models::pokemon_encounter::tests::pokemon_encounter_version_detail_get_renderable_max_chance ... ok
[INFO] [stdout] test models::pokemon_ability::tests::pokemon_ability_ext_get_renderable_name ... ok
[INFO] [stdout] test models::extended_pokemon_info::tests::extended_pokemon_info_get_renderable_basic_info_items ... ok
[INFO] [stdout] test models::extended_pokemon_info::tests::extended_pokemon_info_get_renderable_moves ... ok
[INFO] [stdout] test models::pokemon_ability::tests::pokemon_ability_ext_get_renderable_effect_entry ... ok
[INFO] [stdout] test models::pokemon::tests::pokemon_get_renderable_types ... ok
[INFO] [stdout] test models::pokemon_encounter::tests::pokemon_encounter_version_detail_get_renderable_levels ... ok
[INFO] [stdout] test models::pokemon_held_item::tests::pokemon_held_item_version_get_renderable_rarity ... ok
[INFO] [stdout] test models::pokemon_move::tests::pokemon_move_ext_get_renderable_accuracy ... ok
[INFO] [stdout] test models::pokemon_held_item::tests::pokemon_held_item_version_get_renderable_version ... ok
[INFO] [stdout] test models::pokemon_move::tests::pokemon_move_ext_get_renderable_effect_entry ... ok
[INFO] [stdout] test models::pokemon_encounter::tests::pokemon_encounter_version_detail_get_renderable_version ... ok
[INFO] [stdout] test models::pokemon_ability::tests::pokemon_ability_get_renderable_as_row ... ok
[INFO] [stdout] test models::extended_pokemon_info::tests::extended_pokemon_info_get_renderable_abilities ... ok
[INFO] [stdout] test models::pokemon::tests::pokemon_get_renderable_stats ... ok
[INFO] [stdout] test models::pokemon_encounter::tests::pokemon_encounter_version_detail_get_renderable_methods ... ok
[INFO] [stdout] test models::pokemon_held_item::tests::pokemon_held_item_get_renderable_as_rows ... ok
[INFO] [stdout] test models::pokemon::tests::pokemon_get_renderable_name ... ok
[INFO] [stdout] test models::pokemon::tests::pokemon_get_renderable_held_items ... ok
[INFO] [stdout] test models::pokemon_move::tests::pokemon_move_ext_get_renderable_damage_class ... ok
[INFO] [stdout] test models::pokemon_encounter::tests::pokemon_encounter_get_renderable_rows ... ok
[INFO] [stdout] test models::pokemon_move::tests::pokemon_move_ext_get_renderable_type ... ok
[INFO] [stdout] test models::pokemon_move::tests::pokemon_move_ext_get_renderable_pp ... ok
[INFO] [stdout] test models::pokemon_move::tests::pokemon_move_version_get_renderable_level ... ok
[INFO] [stdout] test models::pokemon_species::tests::pokemon_species_get_renderable_base_happiness ... ok
[INFO] [stdout] test models::pokemon_move::tests::pokemon_move_ext_get_renderable_power ... ok
[INFO] [stdout] test models::pokemon_type::tests::pokemon_type_get_renderable ... ok
[INFO] [stdout] test models::pokemon_species::tests::pokemon_species_get_renderable_color ... ok
[INFO] [stdout] test models::pokemon_type::tests::pokemon_type_get_renderable_wrong_type ... ok
[INFO] [stdout] test models::verbose_effect::tests::verbose_effect_get_effect ... ok
[INFO] [stdout] test models::pokemon_move::tests::pokemon_move_ext_get_renderable_name ... ok
[INFO] [stdout] test models::pokemon_stat::tests::pokemon_stat_get_renderable_as_row ... ok
[INFO] [stdout] test models::pokemon_species::tests::pokedex_number_get_renderable_entry_number ... ok
[INFO] [stdout] test models::pokemon_move::tests::pokemon_move_version_get_renderable_learn_method ... ok
[INFO] [stdout] test models::pokemon_species::tests::pokedex_number_get_renderable_pokedex_name ... ok
[INFO] [stdout] test models::pokemon_move::tests::pokemon_move_get_renderable_as_row ... ok
[INFO] [stdout] test models::pokemon_species::tests::pokemon_species_get_renderable_is_legendary ... ok
[INFO] [stdout] test models::pokemon_species::tests::pokemon_species_get_renderable_capture_rate ... ok
[INFO] [stdout] test models::extended_pokemon_info::tests::extended_pokemon_info_get_renderable_encounters ... ok
[INFO] [stdout] test models::pokemon_species::tests::pokemon_species_get_renderable_pokedex_numbers ... ok
[INFO] [stdout] test models::pokemon_move::tests::pokemon_move_get_renderable_version_group_details ... ok
[INFO] [stdout] test models::verbose_effect::tests::verbose_effect_get_language ... ok
[INFO] [stdout] 
[INFO] [stdout] test result: ok. 51 passed; 0 failed; 0 ignored; 0 measured; 0 filtered out; finished in 0.04s
[INFO] [stdout] 
[INFO] running `Command { std: "docker" "inspect" "bf4e6bc612f4608d3ffbed6f7875b52a21e409059d438248ee9a4917e21aa624", kill_on_drop: false }`
[INFO] running `Command { std: "docker" "rm" "-f" "bf4e6bc612f4608d3ffbed6f7875b52a21e409059d438248ee9a4917e21aa624", kill_on_drop: false }`
[INFO] [stdout] bf4e6bc612f4608d3ffbed6f7875b52a21e409059d438248ee9a4917e21aa624
